
{"id":18459,"date":"2023-02-01T10:36:04","date_gmt":"2023-02-01T08:36:04","guid":{"rendered":"https:\/\/ticsalutsocial.atoom.space\/app\/sanvello\/"},"modified":"2024-02-28T17:57:16","modified_gmt":"2024-02-28T15:57:16","slug":"sanvello","status":"publish","type":"app","link":"https:\/\/ticsalutsocial.atoom.space\/es\/app\/sanvello\/","title":{"rendered":"Sanvello"},"content":{"rendered":"","protected":false},"template":"","categoria_app":[847],"especialitat":[871],"especialitat_social":[],"public":[878],"class_list":["post-18459","app","type-app","status-publish","hentry","ambit-salud","categoria_app-altres-apps-es","especialitat-salud-mental","public-pacient-es"],"acf":{"icona":"https:\/\/ticsalutsocial.atoom.space\/wp-content\/uploads\/2023\/02\/unnamed-1-130.webp","descripcio":"Sanvello es una soluci\u00f3n m\u00f3vil que utiliza t\u00e9cnicas tales como la Terapia Cognitiva Conductual (TCC) y la meditaci\u00f3n para ayudar en casos de estr\u00e9s, ansiedad y depresi\u00f3n.","public":"<p>Paciente<\/p>\n","contenido":{"definicio":"<p>Sanvello es una soluci\u00f3n m\u00f3vil que utiliza t\u00e9cnicas tales como la Terapia Cognitiva Conductual (TCC) y la meditaci\u00f3n para ayudar en casos de estr\u00e9s, ansiedad y depresi\u00f3n.<\/p>\n","captures":["https:\/\/ticsalutsocial.atoom.space\/wp-content\/uploads\/2023\/02\/300x0w-130.webp","https:\/\/ticsalutsocial.atoom.space\/wp-content\/uploads\/2023\/02\/300x0w-131.webp","https:\/\/ticsalutsocial.atoom.space\/wp-content\/uploads\/2023\/02\/300x0w-132.webp","https:\/\/ticsalutsocial.atoom.space\/wp-content\/uploads\/2023\/02\/300x0w-133.webp","https:\/\/ticsalutsocial.atoom.space\/wp-content\/uploads\/2023\/02\/300x0w-134.webp"],"informacio":"","informacio_list":{"desenvolupador":"Sanvello Health Inc.","cost":"Gratuita, ofrece compras dentro de la app  Versi\u00f3n revisada: 8.54.0","versio_revisada":"15\/06\/2022","data_revisio":"Fundaci\u00f3n iSYS","narc_referencia":"Fundaci\u00f3 iSYS","especialitat":"\u00a0Salud mental","adrecat_a":"Paciente"},"links_descarrega":{"googleplay":"https:\/\/play.google.com\/store\/apps\/details?id=com.pacificalabs.pacifica&hl=es_sp","appstore":"https:\/\/apps.apple.com\/es\/app\/pacifica-for-stress-anxiety\/id922968861"},"etiqueta_short":false,"etiqueta_long":false,"prospecte":""}},"yoast_head":"<!-- This site is optimized with the Yoast SEO plugin v27.1.1 - https:\/\/yoast.com\/product\/yoast-seo-wordpress\/ -->\n<title>Sanvello - Fundaci\u00f3 TIC Salut i Social<\/title>\n<meta name=\"robots\" content=\"index, follow, max-snippet:-1, max-image-preview:large, max-video-preview:-1\" \/>\n<link rel=\"canonical\" href=\"https:\/\/ticsalutsocial.atoom.space\/es\/app\/sanvello\/\" \/>\n<meta property=\"og:locale\" content=\"es_ES\" \/>\n<meta property=\"og:type\" content=\"article\" \/>\n<meta property=\"og:title\" content=\"Sanvello - Fundaci\u00f3 TIC Salut i Social\" \/>\n<meta property=\"og:url\" content=\"https:\/\/ticsalutsocial.atoom.space\/es\/app\/sanvello\/\" \/>\n<meta property=\"og:site_name\" content=\"Fundaci\u00f3 TIC Salut i Social\" \/>\n<meta property=\"article:modified_time\" content=\"2024-02-28T15:57:16+00:00\" \/>\n<meta name=\"twitter:card\" content=\"summary_large_image\" \/>\n<script type=\"application\/ld+json\" class=\"yoast-schema-graph\">{\"@context\":\"https:\/\/schema.org\",\"@graph\":[{\"@type\":\"WebPage\",\"@id\":\"https:\/\/ticsalutsocial.atoom.space\/es\/app\/sanvello\/\",\"url\":\"https:\/\/ticsalutsocial.atoom.space\/es\/app\/sanvello\/\",\"name\":\"Sanvello - Fundaci\u00f3 TIC Salut i Social\",\"isPartOf\":{\"@id\":\"https:\/\/ticsalutsocial.atoom.space\/es\/#website\"},\"datePublished\":\"2023-02-01T08:36:04+00:00\",\"dateModified\":\"2024-02-28T15:57:16+00:00\",\"breadcrumb\":{\"@id\":\"https:\/\/ticsalutsocial.atoom.space\/es\/app\/sanvello\/#breadcrumb\"},\"inLanguage\":\"es\",\"potentialAction\":[{\"@type\":\"ReadAction\",\"target\":[\"https:\/\/ticsalutsocial.atoom.space\/es\/app\/sanvello\/\"]}]},{\"@type\":\"BreadcrumbList\",\"@id\":\"https:\/\/ticsalutsocial.atoom.space\/es\/app\/sanvello\/#breadcrumb\",\"itemListElement\":[{\"@type\":\"ListItem\",\"position\":1,\"name\":\"Inici\",\"item\":\"https:\/\/ticsalutsocial.atoom.space\/es\/\"},{\"@type\":\"ListItem\",\"position\":2,\"name\":\"Sanvello\"}]},{\"@type\":\"WebSite\",\"@id\":\"https:\/\/ticsalutsocial.atoom.space\/es\/#website\",\"url\":\"https:\/\/ticsalutsocial.atoom.space\/es\/\",\"name\":\"Fundaci\u00f3 TIC Salut i Social\",\"description\":\"\",\"potentialAction\":[{\"@type\":\"SearchAction\",\"target\":{\"@type\":\"EntryPoint\",\"urlTemplate\":\"https:\/\/ticsalutsocial.atoom.space\/es\/?s={search_term_string}\"},\"query-input\":{\"@type\":\"PropertyValueSpecification\",\"valueRequired\":true,\"valueName\":\"search_term_string\"}}],\"inLanguage\":\"es\"}]}<\/script>\n<!-- \/ Yoast SEO plugin. -->","yoast_head_json":{"title":"Sanvello - Fundaci\u00f3 TIC Salut i Social","robots":{"index":"index","follow":"follow","max-snippet":"max-snippet:-1","max-image-preview":"max-image-preview:large","max-video-preview":"max-video-preview:-1"},"canonical":"https:\/\/ticsalutsocial.atoom.space\/es\/app\/sanvello\/","og_locale":"es_ES","og_type":"article","og_title":"Sanvello - Fundaci\u00f3 TIC Salut i Social","og_url":"https:\/\/ticsalutsocial.atoom.space\/es\/app\/sanvello\/","og_site_name":"Fundaci\u00f3 TIC Salut i Social","article_modified_time":"2024-02-28T15:57:16+00:00","twitter_card":"summary_large_image","schema":{"@context":"https:\/\/schema.org","@graph":[{"@type":"WebPage","@id":"https:\/\/ticsalutsocial.atoom.space\/es\/app\/sanvello\/","url":"https:\/\/ticsalutsocial.atoom.space\/es\/app\/sanvello\/","name":"Sanvello - Fundaci\u00f3 TIC Salut i Social","isPartOf":{"@id":"https:\/\/ticsalutsocial.atoom.space\/es\/#website"},"datePublished":"2023-02-01T08:36:04+00:00","dateModified":"2024-02-28T15:57:16+00:00","breadcrumb":{"@id":"https:\/\/ticsalutsocial.atoom.space\/es\/app\/sanvello\/#breadcrumb"},"inLanguage":"es","potentialAction":[{"@type":"ReadAction","target":["https:\/\/ticsalutsocial.atoom.space\/es\/app\/sanvello\/"]}]},{"@type":"BreadcrumbList","@id":"https:\/\/ticsalutsocial.atoom.space\/es\/app\/sanvello\/#breadcrumb","itemListElement":[{"@type":"ListItem","position":1,"name":"Inici","item":"https:\/\/ticsalutsocial.atoom.space\/es\/"},{"@type":"ListItem","position":2,"name":"Sanvello"}]},{"@type":"WebSite","@id":"https:\/\/ticsalutsocial.atoom.space\/es\/#website","url":"https:\/\/ticsalutsocial.atoom.space\/es\/","name":"Fundaci\u00f3 TIC Salut i Social","description":"","potentialAction":[{"@type":"SearchAction","target":{"@type":"EntryPoint","urlTemplate":"https:\/\/ticsalutsocial.atoom.space\/es\/?s={search_term_string}"},"query-input":{"@type":"PropertyValueSpecification","valueRequired":true,"valueName":"search_term_string"}}],"inLanguage":"es"}]}},"_links":{"self":[{"href":"https:\/\/ticsalutsocial.atoom.space\/es\/wp-json\/wp\/v2\/app\/18459","targetHints":{"allow":["GET"]}}],"collection":[{"href":"https:\/\/ticsalutsocial.atoom.space\/es\/wp-json\/wp\/v2\/app"}],"about":[{"href":"https:\/\/ticsalutsocial.atoom.space\/es\/wp-json\/wp\/v2\/types\/app"}],"wp:attachment":[{"href":"https:\/\/ticsalutsocial.atoom.space\/es\/wp-json\/wp\/v2\/media?parent=18459"}],"wp:term":[{"taxonomy":"categoria_app","embeddable":true,"href":"https:\/\/ticsalutsocial.atoom.space\/es\/wp-json\/wp\/v2\/categoria_app?post=18459"},{"taxonomy":"especialitat","embeddable":true,"href":"https:\/\/ticsalutsocial.atoom.space\/es\/wp-json\/wp\/v2\/especialitat?post=18459"},{"taxonomy":"especialitat_social","embeddable":true,"href":"https:\/\/ticsalutsocial.atoom.space\/es\/wp-json\/wp\/v2\/especialitat_social?post=18459"},{"taxonomy":"public","embeddable":true,"href":"https:\/\/ticsalutsocial.atoom.space\/es\/wp-json\/wp\/v2\/public?post=18459"}],"curies":[{"name":"wp","href":"https:\/\/api.w.org\/{rel}","templated":true}]}}

Sanvello es una solución móvil que utiliza técnicas tales como la Terapia Cognitiva Conductual (TCC) y la meditación para ayudar en casos de estrés, ansiedad y depresión.

<p>Sanvello es una solución móvil que utiliza técnicas tales como la Terapia Cognitiva Conductual (TCC) y la meditación para ayudar en casos de estrés, ansiedad y depresión.</p>

Gratuita, ofrece compras dentro de la app  Versión revisada: 8.54.0

Fundación iSYS

Fundació iSYS

<!-- This site is optimized with the Yoast SEO plugin v27.1.1 - https://yoast.com/product/yoast-seo-wordpress/ -->
<title>Sanvello - Fundació TIC Salut i Social</title>
<meta name="robots" content="index, follow, max-snippet:-1, max-image-preview:large, max-video-preview:-1" />
<link rel="canonical" href="https://ticsalutsocial.atoom.space/es/app/sanvello/" />
<meta property="og:locale" content="es_ES" />
<meta property="og:type" content="article" />
<meta property="og:title" content="Sanvello - Fundació TIC Salut i Social" />
<meta property="og:url" content="https://ticsalutsocial.atoom.space/es/app/sanvello/" />
<meta property="og:site_name" content="Fundació TIC Salut i Social" />
<meta property="article:modified_time" content="2024-02-28T15:57:16+00:00" />
<meta name="twitter:card" content="summary_large_image" />
<script type="application/ld+json" class="yoast-schema-graph">{"@context":"https://schema.org","@graph":[{"@type":"WebPage","@id":"https://ticsalutsocial.atoom.space/es/app/sanvello/","url":"https://ticsalutsocial.atoom.space/es/app/sanvello/","name":"Sanvello - Fundació TIC Salut i Social","isPartOf":{"@id":"https://ticsalutsocial.atoom.space/es/#website"},"datePublished":"2023-02-01T08:36:04+00:00","dateModified":"2024-02-28T15:57:16+00:00","breadcrumb":{"@id":"https://ticsalutsocial.atoom.space/es/app/sanvello/#breadcrumb"},"inLanguage":"es","potentialAction":[{"@type":"ReadAction","target":["https://ticsalutsocial.atoom.space/es/app/sanvello/"]}]},{"@type":"BreadcrumbList","@id":"https://ticsalutsocial.atoom.space/es/app/sanvello/#breadcrumb","itemListElement":[{"@type":"ListItem","position":1,"name":"Inici","item":"https://ticsalutsocial.atoom.space/es/"},{"@type":"ListItem","position":2,"name":"Sanvello"}]},{"@type":"WebSite","@id":"https://ticsalutsocial.atoom.space/es/#website","url":"https://ticsalutsocial.atoom.space/es/","name":"Fundació TIC Salut i Social","description":"","potentialAction":[{"@type":"SearchAction","target":{"@type":"EntryPoint","urlTemplate":"https://ticsalutsocial.atoom.space/es/?s={search_term_string}"},"query-input":{"@type":"PropertyValueSpecification","valueRequired":true,"valueName":"search_term_string"}}],"inLanguage":"es"}]}</script>
<!-- / Yoast SEO plugin. -->

Sanvello - Fundació TIC Salut i Social

Fundació TIC Salut i Social
