
{"id":18475,"date":"2023-02-02T12:04:16","date_gmt":"2023-02-02T10:04:16","guid":{"rendered":"https:\/\/ticsalutsocial.atoom.space\/?post_type=app&#038;p=18475"},"modified":"2024-02-28T15:46:50","modified_gmt":"2024-02-28T13:46:50","slug":"guia-experta-sobre-la-demencia","status":"publish","type":"app","link":"https:\/\/ticsalutsocial.atoom.space\/es\/app\/guia-experta-sobre-la-demencia\/","title":{"rendered":"Guia Experta sobre la Demencia"},"content":{"rendered":"","protected":false},"template":"","categoria_app":[847],"especialitat":[942],"especialitat_social":[],"public":[875,878],"class_list":["post-18475","app","type-app","status-publish","hentry","ambit-salud","categoria_app-altres-apps-es","especialitat-neurologia-es","public-personal-cuidador","public-pacient-es"],"acf":{"contenido":{"definicio":"<p>La gu\u00eda de demencia ofrece consejos y soporte \u00fatiles para las diferentes etapas de la demencia. Nuestro enfoque es la demencia positiva y nuestro objetivo es mejorar la calidad de vida de las personas con demencia, familias y cuidadores. Ofrece sugerencias de gesti\u00f3n y proporciona acceso (enlaces) a informaci\u00f3n y recursos.<\/p>\n","captures":["https:\/\/ticsalutsocial.atoom.space\/wp-content\/uploads\/2023\/02\/unnamed-1-21.webp","https:\/\/ticsalutsocial.atoom.space\/wp-content\/uploads\/2023\/02\/unnamed-2-21.webp","https:\/\/ticsalutsocial.atoom.space\/wp-content\/uploads\/2023\/02\/unnamed-3-19.webp","https:\/\/ticsalutsocial.atoom.space\/wp-content\/uploads\/2023\/02\/unnamed-4-18.webp","https:\/\/ticsalutsocial.atoom.space\/wp-content\/uploads\/2023\/02\/unnamed-5-14.webp","https:\/\/ticsalutsocial.atoom.space\/wp-content\/uploads\/2023\/02\/unnamed-6-9.webp","https:\/\/ticsalutsocial.atoom.space\/wp-content\/uploads\/2023\/02\/unnamed-7-7.webp"],"informacio":"","informacio_list":{"desenvolupador":"University of Illinois","cost":"Gratuita","versio_revisada":"2.0.0 (Android), 2.0.0 (iOS)","data_revisio":"21\/12\/2022 (Google Play), 16\/11\/2022 (App Store)","narc_referencia":"Fundaci\u00f3n iSYS","especialitat":"Neurolog\u00eda","adrecat_a":"Pacientes, Cuidadores"},"links_descarrega":{"googleplay":"https:\/\/play.google.com\/store\/apps\/details?id=edu.uic.nursing.dg&hl=es&gl=US","appstore":"https:\/\/apps.apple.com\/es\/app\/guia-experta-sobre-la-demencia\/id1066913159"},"etiqueta_short":false,"etiqueta_long":false,"prospecte":""},"icona":"https:\/\/ticsalutsocial.atoom.space\/wp-content\/uploads\/2023\/02\/unnamed-27.webp","descripcio":"Expertos en demencia han creado esta aplicaci\u00f3n como recurso y gu\u00eda para personas con demencia, familias y cuidadores. La gu\u00eda de la demencia ofrece consejos \u00fatiles y soporte para las diferentes etapas de la demencia.","public":"<p>Pacientes, Cuidadores<\/p>\n"},"yoast_head":"<!-- This site is optimized with the Yoast SEO plugin v27.1.1 - https:\/\/yoast.com\/product\/yoast-seo-wordpress\/ -->\n<title>Guia Experta sobre la Demencia - Fundaci\u00f3 TIC Salut i Social<\/title>\n<meta name=\"robots\" content=\"index, follow, max-snippet:-1, max-image-preview:large, max-video-preview:-1\" \/>\n<link rel=\"canonical\" href=\"https:\/\/ticsalutsocial.atoom.space\/es\/app\/guia-experta-sobre-la-demencia\/\" \/>\n<meta property=\"og:locale\" content=\"es_ES\" \/>\n<meta property=\"og:type\" content=\"article\" \/>\n<meta property=\"og:title\" content=\"Guia Experta sobre la Demencia - Fundaci\u00f3 TIC Salut i Social\" \/>\n<meta property=\"og:url\" content=\"https:\/\/ticsalutsocial.atoom.space\/es\/app\/guia-experta-sobre-la-demencia\/\" \/>\n<meta property=\"og:site_name\" content=\"Fundaci\u00f3 TIC Salut i Social\" \/>\n<meta property=\"article:modified_time\" content=\"2024-02-28T13:46:50+00:00\" \/>\n<meta name=\"twitter:card\" content=\"summary_large_image\" \/>\n<script type=\"application\/ld+json\" class=\"yoast-schema-graph\">{\"@context\":\"https:\/\/schema.org\",\"@graph\":[{\"@type\":\"WebPage\",\"@id\":\"https:\/\/ticsalutsocial.atoom.space\/es\/app\/guia-experta-sobre-la-demencia\/\",\"url\":\"https:\/\/ticsalutsocial.atoom.space\/es\/app\/guia-experta-sobre-la-demencia\/\",\"name\":\"Guia Experta sobre la Demencia - Fundaci\u00f3 TIC Salut i Social\",\"isPartOf\":{\"@id\":\"https:\/\/ticsalutsocial.atoom.space\/es\/#website\"},\"datePublished\":\"2023-02-02T10:04:16+00:00\",\"dateModified\":\"2024-02-28T13:46:50+00:00\",\"breadcrumb\":{\"@id\":\"https:\/\/ticsalutsocial.atoom.space\/es\/app\/guia-experta-sobre-la-demencia\/#breadcrumb\"},\"inLanguage\":\"es\",\"potentialAction\":[{\"@type\":\"ReadAction\",\"target\":[\"https:\/\/ticsalutsocial.atoom.space\/es\/app\/guia-experta-sobre-la-demencia\/\"]}]},{\"@type\":\"BreadcrumbList\",\"@id\":\"https:\/\/ticsalutsocial.atoom.space\/es\/app\/guia-experta-sobre-la-demencia\/#breadcrumb\",\"itemListElement\":[{\"@type\":\"ListItem\",\"position\":1,\"name\":\"Inici\",\"item\":\"https:\/\/ticsalutsocial.atoom.space\/es\/\"},{\"@type\":\"ListItem\",\"position\":2,\"name\":\"Guia Experta sobre la Demencia\"}]},{\"@type\":\"WebSite\",\"@id\":\"https:\/\/ticsalutsocial.atoom.space\/es\/#website\",\"url\":\"https:\/\/ticsalutsocial.atoom.space\/es\/\",\"name\":\"Fundaci\u00f3 TIC Salut i Social\",\"description\":\"\",\"potentialAction\":[{\"@type\":\"SearchAction\",\"target\":{\"@type\":\"EntryPoint\",\"urlTemplate\":\"https:\/\/ticsalutsocial.atoom.space\/es\/?s={search_term_string}\"},\"query-input\":{\"@type\":\"PropertyValueSpecification\",\"valueRequired\":true,\"valueName\":\"search_term_string\"}}],\"inLanguage\":\"es\"}]}<\/script>\n<!-- \/ Yoast SEO plugin. -->","yoast_head_json":{"title":"Guia Experta sobre la Demencia - Fundaci\u00f3 TIC Salut i Social","robots":{"index":"index","follow":"follow","max-snippet":"max-snippet:-1","max-image-preview":"max-image-preview:large","max-video-preview":"max-video-preview:-1"},"canonical":"https:\/\/ticsalutsocial.atoom.space\/es\/app\/guia-experta-sobre-la-demencia\/","og_locale":"es_ES","og_type":"article","og_title":"Guia Experta sobre la Demencia - Fundaci\u00f3 TIC Salut i Social","og_url":"https:\/\/ticsalutsocial.atoom.space\/es\/app\/guia-experta-sobre-la-demencia\/","og_site_name":"Fundaci\u00f3 TIC Salut i Social","article_modified_time":"2024-02-28T13:46:50+00:00","twitter_card":"summary_large_image","schema":{"@context":"https:\/\/schema.org","@graph":[{"@type":"WebPage","@id":"https:\/\/ticsalutsocial.atoom.space\/es\/app\/guia-experta-sobre-la-demencia\/","url":"https:\/\/ticsalutsocial.atoom.space\/es\/app\/guia-experta-sobre-la-demencia\/","name":"Guia Experta sobre la Demencia - Fundaci\u00f3 TIC Salut i Social","isPartOf":{"@id":"https:\/\/ticsalutsocial.atoom.space\/es\/#website"},"datePublished":"2023-02-02T10:04:16+00:00","dateModified":"2024-02-28T13:46:50+00:00","breadcrumb":{"@id":"https:\/\/ticsalutsocial.atoom.space\/es\/app\/guia-experta-sobre-la-demencia\/#breadcrumb"},"inLanguage":"es","potentialAction":[{"@type":"ReadAction","target":["https:\/\/ticsalutsocial.atoom.space\/es\/app\/guia-experta-sobre-la-demencia\/"]}]},{"@type":"BreadcrumbList","@id":"https:\/\/ticsalutsocial.atoom.space\/es\/app\/guia-experta-sobre-la-demencia\/#breadcrumb","itemListElement":[{"@type":"ListItem","position":1,"name":"Inici","item":"https:\/\/ticsalutsocial.atoom.space\/es\/"},{"@type":"ListItem","position":2,"name":"Guia Experta sobre la Demencia"}]},{"@type":"WebSite","@id":"https:\/\/ticsalutsocial.atoom.space\/es\/#website","url":"https:\/\/ticsalutsocial.atoom.space\/es\/","name":"Fundaci\u00f3 TIC Salut i Social","description":"","potentialAction":[{"@type":"SearchAction","target":{"@type":"EntryPoint","urlTemplate":"https:\/\/ticsalutsocial.atoom.space\/es\/?s={search_term_string}"},"query-input":{"@type":"PropertyValueSpecification","valueRequired":true,"valueName":"search_term_string"}}],"inLanguage":"es"}]}},"_links":{"self":[{"href":"https:\/\/ticsalutsocial.atoom.space\/es\/wp-json\/wp\/v2\/app\/18475","targetHints":{"allow":["GET"]}}],"collection":[{"href":"https:\/\/ticsalutsocial.atoom.space\/es\/wp-json\/wp\/v2\/app"}],"about":[{"href":"https:\/\/ticsalutsocial.atoom.space\/es\/wp-json\/wp\/v2\/types\/app"}],"wp:attachment":[{"href":"https:\/\/ticsalutsocial.atoom.space\/es\/wp-json\/wp\/v2\/media?parent=18475"}],"wp:term":[{"taxonomy":"categoria_app","embeddable":true,"href":"https:\/\/ticsalutsocial.atoom.space\/es\/wp-json\/wp\/v2\/categoria_app?post=18475"},{"taxonomy":"especialitat","embeddable":true,"href":"https:\/\/ticsalutsocial.atoom.space\/es\/wp-json\/wp\/v2\/especialitat?post=18475"},{"taxonomy":"especialitat_social","embeddable":true,"href":"https:\/\/ticsalutsocial.atoom.space\/es\/wp-json\/wp\/v2\/especialitat_social?post=18475"},{"taxonomy":"public","embeddable":true,"href":"https:\/\/ticsalutsocial.atoom.space\/es\/wp-json\/wp\/v2\/public?post=18475"}],"curies":[{"name":"wp","href":"https:\/\/api.w.org\/{rel}","templated":true}]}}

<p>La guía de demencia ofrece consejos y soporte útiles para las diferentes etapas de la demencia. Nuestro enfoque es la demencia positiva y nuestro objetivo es mejorar la calidad de vida de las personas con demencia, familias y cuidadores. Ofrece sugerencias de gestión y proporciona acceso (enlaces) a información y recursos.</p>

Fundación iSYS

Neurología

Expertos en demencia han creado esta aplicación como recurso y guía para personas con demencia, familias y cuidadores. La guía de la demencia ofrece consejos útiles y soporte para las diferentes etapas de la demencia.

<!-- This site is optimized with the Yoast SEO plugin v27.1.1 - https://yoast.com/product/yoast-seo-wordpress/ -->
<title>Guia Experta sobre la Demencia - Fundació TIC Salut i Social</title>
<meta name="robots" content="index, follow, max-snippet:-1, max-image-preview:large, max-video-preview:-1" />
<link rel="canonical" href="https://ticsalutsocial.atoom.space/es/app/guia-experta-sobre-la-demencia/" />
<meta property="og:locale" content="es_ES" />
<meta property="og:type" content="article" />
<meta property="og:title" content="Guia Experta sobre la Demencia - Fundació TIC Salut i Social" />
<meta property="og:url" content="https://ticsalutsocial.atoom.space/es/app/guia-experta-sobre-la-demencia/" />
<meta property="og:site_name" content="Fundació TIC Salut i Social" />
<meta property="article:modified_time" content="2024-02-28T13:46:50+00:00" />
<meta name="twitter:card" content="summary_large_image" />
<script type="application/ld+json" class="yoast-schema-graph">{"@context":"https://schema.org","@graph":[{"@type":"WebPage","@id":"https://ticsalutsocial.atoom.space/es/app/guia-experta-sobre-la-demencia/","url":"https://ticsalutsocial.atoom.space/es/app/guia-experta-sobre-la-demencia/","name":"Guia Experta sobre la Demencia - Fundació TIC Salut i Social","isPartOf":{"@id":"https://ticsalutsocial.atoom.space/es/#website"},"datePublished":"2023-02-02T10:04:16+00:00","dateModified":"2024-02-28T13:46:50+00:00","breadcrumb":{"@id":"https://ticsalutsocial.atoom.space/es/app/guia-experta-sobre-la-demencia/#breadcrumb"},"inLanguage":"es","potentialAction":[{"@type":"ReadAction","target":["https://ticsalutsocial.atoom.space/es/app/guia-experta-sobre-la-demencia/"]}]},{"@type":"BreadcrumbList","@id":"https://ticsalutsocial.atoom.space/es/app/guia-experta-sobre-la-demencia/#breadcrumb","itemListElement":[{"@type":"ListItem","position":1,"name":"Inici","item":"https://ticsalutsocial.atoom.space/es/"},{"@type":"ListItem","position":2,"name":"Guia Experta sobre la Demencia"}]},{"@type":"WebSite","@id":"https://ticsalutsocial.atoom.space/es/#website","url":"https://ticsalutsocial.atoom.space/es/","name":"Fundació TIC Salut i Social","description":"","potentialAction":[{"@type":"SearchAction","target":{"@type":"EntryPoint","urlTemplate":"https://ticsalutsocial.atoom.space/es/?s={search_term_string}"},"query-input":{"@type":"PropertyValueSpecification","valueRequired":true,"valueName":"search_term_string"}}],"inLanguage":"es"}]}</script>
<!-- / Yoast SEO plugin. -->

Guia Experta sobre la Demencia - Fundació TIC Salut i Social

Fundació TIC Salut i Social
