
{"id":18480,"date":"2023-02-02T11:54:51","date_gmt":"2023-02-02T09:54:51","guid":{"rendered":"https:\/\/ticsalutsocial.atoom.space\/?post_type=app&#038;p=18480"},"modified":"2024-02-28T15:47:10","modified_gmt":"2024-02-28T13:47:10","slug":"bebe-sigue-su-crecimiento","status":"publish","type":"app","link":"https:\/\/ticsalutsocial.atoom.space\/es\/app\/bebe-sigue-su-crecimiento\/","title":{"rendered":"Beb\u00e9 + | Sigue su crecimiento"},"content":{"rendered":"","protected":false},"template":"","categoria_app":[847],"especialitat":[868],"especialitat_social":[],"public":[874],"class_list":["post-18480","app","type-app","status-publish","hentry","ambit-salud","categoria_app-altres-apps-es","especialitat-pediatria-es","public-ciudadania"],"acf":{"contenido":{"definicio":"<p>Baje la aplicaci\u00f3n de seguimiento Baby+ para ayudarle a realizar un seguimiento del crecimiento, desarrollo y metas cercanas de su beb\u00e9. Adem\u00e1s, lea muchos art\u00edculos de apoyo y mire gu\u00edas de v\u00eddeo sobre la lactancia materna gratuitamente!<\/p>\n","captures":["https:\/\/ticsalutsocial.atoom.space\/wp-content\/uploads\/2023\/02\/300x0w45.webp","https:\/\/ticsalutsocial.atoom.space\/wp-content\/uploads\/2023\/02\/300x0w46.webp","https:\/\/ticsalutsocial.atoom.space\/wp-content\/uploads\/2023\/02\/300x0w47.webp","https:\/\/ticsalutsocial.atoom.space\/wp-content\/uploads\/2023\/02\/300x0w48.webp","https:\/\/ticsalutsocial.atoom.space\/wp-content\/uploads\/2023\/02\/300x0w49.webp"],"informacio":"","informacio_list":{"desenvolupador":"Philips Digital UK Limited","cost":"Gratuita","versio_revisada":"2.10.2\u00a0(Android), 2.10 (iOS)","data_revisio":"05\/04\/2022 (Google Play), 28\/03\/2022 (App Store)","narc_referencia":"Forbes Health","especialitat":"Pediatr\u00eda","adrecat_a":"Ciudadano"},"links_descarrega":{"googleplay":"https:\/\/play.google.com\/store\/apps\/details?id=com.hp.babyapp","appstore":"https:\/\/apps.apple.com\/es\/app\/beb%C3%A9-sigue-su-crecimiento\/id1093774002?l=ca"},"etiqueta_short":false,"etiqueta_long":false,"prospecte":""},"icona":"https:\/\/ticsalutsocial.atoom.space\/wp-content\/uploads\/2023\/02\/unnamed-145.webp","descripcio":"Baje la aplicaci\u00f3n de seguimiento Baby+ para ayudarle a realizar un seguimiento del crecimiento, desarrollo y metas cercanas de su beb\u00e9.","public":"<p>Ciudadano<\/p>\n"},"yoast_head":"<!-- This site is optimized with the Yoast SEO plugin v27.1.1 - https:\/\/yoast.com\/product\/yoast-seo-wordpress\/ -->\n<title>Beb\u00e9 + | Sigue su crecimiento - Fundaci\u00f3 TIC Salut i Social<\/title>\n<meta name=\"robots\" content=\"index, follow, max-snippet:-1, max-image-preview:large, max-video-preview:-1\" \/>\n<link rel=\"canonical\" href=\"https:\/\/ticsalutsocial.atoom.space\/es\/app\/bebe-sigue-su-crecimiento\/\" \/>\n<meta property=\"og:locale\" content=\"es_ES\" \/>\n<meta property=\"og:type\" content=\"article\" \/>\n<meta property=\"og:title\" content=\"Beb\u00e9 + | Sigue su crecimiento - Fundaci\u00f3 TIC Salut i Social\" \/>\n<meta property=\"og:url\" content=\"https:\/\/ticsalutsocial.atoom.space\/es\/app\/bebe-sigue-su-crecimiento\/\" \/>\n<meta property=\"og:site_name\" content=\"Fundaci\u00f3 TIC Salut i Social\" \/>\n<meta property=\"article:modified_time\" content=\"2024-02-28T13:47:10+00:00\" \/>\n<meta name=\"twitter:card\" content=\"summary_large_image\" \/>\n<script type=\"application\/ld+json\" class=\"yoast-schema-graph\">{\"@context\":\"https:\/\/schema.org\",\"@graph\":[{\"@type\":\"WebPage\",\"@id\":\"https:\/\/ticsalutsocial.atoom.space\/es\/app\/bebe-sigue-su-crecimiento\/\",\"url\":\"https:\/\/ticsalutsocial.atoom.space\/es\/app\/bebe-sigue-su-crecimiento\/\",\"name\":\"Beb\u00e9 + | Sigue su crecimiento - Fundaci\u00f3 TIC Salut i Social\",\"isPartOf\":{\"@id\":\"https:\/\/ticsalutsocial.atoom.space\/es\/#website\"},\"datePublished\":\"2023-02-02T09:54:51+00:00\",\"dateModified\":\"2024-02-28T13:47:10+00:00\",\"breadcrumb\":{\"@id\":\"https:\/\/ticsalutsocial.atoom.space\/es\/app\/bebe-sigue-su-crecimiento\/#breadcrumb\"},\"inLanguage\":\"es\",\"potentialAction\":[{\"@type\":\"ReadAction\",\"target\":[\"https:\/\/ticsalutsocial.atoom.space\/es\/app\/bebe-sigue-su-crecimiento\/\"]}]},{\"@type\":\"BreadcrumbList\",\"@id\":\"https:\/\/ticsalutsocial.atoom.space\/es\/app\/bebe-sigue-su-crecimiento\/#breadcrumb\",\"itemListElement\":[{\"@type\":\"ListItem\",\"position\":1,\"name\":\"Inici\",\"item\":\"https:\/\/ticsalutsocial.atoom.space\/es\/\"},{\"@type\":\"ListItem\",\"position\":2,\"name\":\"Beb\u00e9 + | Sigue su crecimiento\"}]},{\"@type\":\"WebSite\",\"@id\":\"https:\/\/ticsalutsocial.atoom.space\/es\/#website\",\"url\":\"https:\/\/ticsalutsocial.atoom.space\/es\/\",\"name\":\"Fundaci\u00f3 TIC Salut i Social\",\"description\":\"\",\"potentialAction\":[{\"@type\":\"SearchAction\",\"target\":{\"@type\":\"EntryPoint\",\"urlTemplate\":\"https:\/\/ticsalutsocial.atoom.space\/es\/?s={search_term_string}\"},\"query-input\":{\"@type\":\"PropertyValueSpecification\",\"valueRequired\":true,\"valueName\":\"search_term_string\"}}],\"inLanguage\":\"es\"}]}<\/script>\n<!-- \/ Yoast SEO plugin. -->","yoast_head_json":{"title":"Beb\u00e9 + | Sigue su crecimiento - Fundaci\u00f3 TIC Salut i Social","robots":{"index":"index","follow":"follow","max-snippet":"max-snippet:-1","max-image-preview":"max-image-preview:large","max-video-preview":"max-video-preview:-1"},"canonical":"https:\/\/ticsalutsocial.atoom.space\/es\/app\/bebe-sigue-su-crecimiento\/","og_locale":"es_ES","og_type":"article","og_title":"Beb\u00e9 + | Sigue su crecimiento - Fundaci\u00f3 TIC Salut i Social","og_url":"https:\/\/ticsalutsocial.atoom.space\/es\/app\/bebe-sigue-su-crecimiento\/","og_site_name":"Fundaci\u00f3 TIC Salut i Social","article_modified_time":"2024-02-28T13:47:10+00:00","twitter_card":"summary_large_image","schema":{"@context":"https:\/\/schema.org","@graph":[{"@type":"WebPage","@id":"https:\/\/ticsalutsocial.atoom.space\/es\/app\/bebe-sigue-su-crecimiento\/","url":"https:\/\/ticsalutsocial.atoom.space\/es\/app\/bebe-sigue-su-crecimiento\/","name":"Beb\u00e9 + | Sigue su crecimiento - Fundaci\u00f3 TIC Salut i Social","isPartOf":{"@id":"https:\/\/ticsalutsocial.atoom.space\/es\/#website"},"datePublished":"2023-02-02T09:54:51+00:00","dateModified":"2024-02-28T13:47:10+00:00","breadcrumb":{"@id":"https:\/\/ticsalutsocial.atoom.space\/es\/app\/bebe-sigue-su-crecimiento\/#breadcrumb"},"inLanguage":"es","potentialAction":[{"@type":"ReadAction","target":["https:\/\/ticsalutsocial.atoom.space\/es\/app\/bebe-sigue-su-crecimiento\/"]}]},{"@type":"BreadcrumbList","@id":"https:\/\/ticsalutsocial.atoom.space\/es\/app\/bebe-sigue-su-crecimiento\/#breadcrumb","itemListElement":[{"@type":"ListItem","position":1,"name":"Inici","item":"https:\/\/ticsalutsocial.atoom.space\/es\/"},{"@type":"ListItem","position":2,"name":"Beb\u00e9 + | Sigue su crecimiento"}]},{"@type":"WebSite","@id":"https:\/\/ticsalutsocial.atoom.space\/es\/#website","url":"https:\/\/ticsalutsocial.atoom.space\/es\/","name":"Fundaci\u00f3 TIC Salut i Social","description":"","potentialAction":[{"@type":"SearchAction","target":{"@type":"EntryPoint","urlTemplate":"https:\/\/ticsalutsocial.atoom.space\/es\/?s={search_term_string}"},"query-input":{"@type":"PropertyValueSpecification","valueRequired":true,"valueName":"search_term_string"}}],"inLanguage":"es"}]}},"_links":{"self":[{"href":"https:\/\/ticsalutsocial.atoom.space\/es\/wp-json\/wp\/v2\/app\/18480","targetHints":{"allow":["GET"]}}],"collection":[{"href":"https:\/\/ticsalutsocial.atoom.space\/es\/wp-json\/wp\/v2\/app"}],"about":[{"href":"https:\/\/ticsalutsocial.atoom.space\/es\/wp-json\/wp\/v2\/types\/app"}],"wp:attachment":[{"href":"https:\/\/ticsalutsocial.atoom.space\/es\/wp-json\/wp\/v2\/media?parent=18480"}],"wp:term":[{"taxonomy":"categoria_app","embeddable":true,"href":"https:\/\/ticsalutsocial.atoom.space\/es\/wp-json\/wp\/v2\/categoria_app?post=18480"},{"taxonomy":"especialitat","embeddable":true,"href":"https:\/\/ticsalutsocial.atoom.space\/es\/wp-json\/wp\/v2\/especialitat?post=18480"},{"taxonomy":"especialitat_social","embeddable":true,"href":"https:\/\/ticsalutsocial.atoom.space\/es\/wp-json\/wp\/v2\/especialitat_social?post=18480"},{"taxonomy":"public","embeddable":true,"href":"https:\/\/ticsalutsocial.atoom.space\/es\/wp-json\/wp\/v2\/public?post=18480"}],"curies":[{"name":"wp","href":"https:\/\/api.w.org\/{rel}","templated":true}]}}

Bebé + | Sigue su crecimiento

<p>Baje la aplicación de seguimiento Baby+ para ayudarle a realizar un seguimiento del crecimiento, desarrollo y metas cercanas de su bebé. Además, lea muchos artículos de apoyo y mire guías de vídeo sobre la lactancia materna gratuitamente!</p>

Pediatría

Baje la aplicación de seguimiento Baby+ para ayudarle a realizar un seguimiento del crecimiento, desarrollo y metas cercanas de su bebé.

<!-- This site is optimized with the Yoast SEO plugin v27.1.1 - https://yoast.com/product/yoast-seo-wordpress/ -->
<title>Bebé + | Sigue su crecimiento - Fundació TIC Salut i Social</title>
<meta name="robots" content="index, follow, max-snippet:-1, max-image-preview:large, max-video-preview:-1" />
<link rel="canonical" href="https://ticsalutsocial.atoom.space/es/app/bebe-sigue-su-crecimiento/" />
<meta property="og:locale" content="es_ES" />
<meta property="og:type" content="article" />
<meta property="og:title" content="Bebé + | Sigue su crecimiento - Fundació TIC Salut i Social" />
<meta property="og:url" content="https://ticsalutsocial.atoom.space/es/app/bebe-sigue-su-crecimiento/" />
<meta property="og:site_name" content="Fundació TIC Salut i Social" />
<meta property="article:modified_time" content="2024-02-28T13:47:10+00:00" />
<meta name="twitter:card" content="summary_large_image" />
<script type="application/ld+json" class="yoast-schema-graph">{"@context":"https://schema.org","@graph":[{"@type":"WebPage","@id":"https://ticsalutsocial.atoom.space/es/app/bebe-sigue-su-crecimiento/","url":"https://ticsalutsocial.atoom.space/es/app/bebe-sigue-su-crecimiento/","name":"Bebé + | Sigue su crecimiento - Fundació TIC Salut i Social","isPartOf":{"@id":"https://ticsalutsocial.atoom.space/es/#website"},"datePublished":"2023-02-02T09:54:51+00:00","dateModified":"2024-02-28T13:47:10+00:00","breadcrumb":{"@id":"https://ticsalutsocial.atoom.space/es/app/bebe-sigue-su-crecimiento/#breadcrumb"},"inLanguage":"es","potentialAction":[{"@type":"ReadAction","target":["https://ticsalutsocial.atoom.space/es/app/bebe-sigue-su-crecimiento/"]}]},{"@type":"BreadcrumbList","@id":"https://ticsalutsocial.atoom.space/es/app/bebe-sigue-su-crecimiento/#breadcrumb","itemListElement":[{"@type":"ListItem","position":1,"name":"Inici","item":"https://ticsalutsocial.atoom.space/es/"},{"@type":"ListItem","position":2,"name":"Bebé + | Sigue su crecimiento"}]},{"@type":"WebSite","@id":"https://ticsalutsocial.atoom.space/es/#website","url":"https://ticsalutsocial.atoom.space/es/","name":"Fundació TIC Salut i Social","description":"","potentialAction":[{"@type":"SearchAction","target":{"@type":"EntryPoint","urlTemplate":"https://ticsalutsocial.atoom.space/es/?s={search_term_string}"},"query-input":{"@type":"PropertyValueSpecification","valueRequired":true,"valueName":"search_term_string"}}],"inLanguage":"es"}]}</script>
<!-- / Yoast SEO plugin. -->

Bebé + | Sigue su crecimiento - Fundació TIC Salut i Social

Fundació TIC Salut i Social
