
{"id":18482,"date":"2023-02-02T11:47:12","date_gmt":"2023-02-02T09:47:12","guid":{"rendered":"https:\/\/ticsalutsocial.atoom.space\/?post_type=app&#038;p=18482"},"modified":"2024-02-28T15:47:57","modified_gmt":"2024-02-28T13:47:57","slug":"my-calendar-period-tracker","status":"publish","type":"app","link":"https:\/\/ticsalutsocial.atoom.space\/es\/app\/my-calendar-period-tracker\/","title":{"rendered":"My Calendar &#8211; Period Tracker"},"content":{"rendered":"","protected":false},"template":"","categoria_app":[847],"especialitat":[866],"especialitat_social":[],"public":[874],"class_list":["post-18482","app","type-app","status-publish","hentry","ambit-salud","categoria_app-altres-apps-es","especialitat-ginecologia-y-obstetricia","public-ciudadania"],"acf":{"contenido":{"definicio":"<p>My Calendar &#8211; Period Tracker es una aplicaci\u00f3n elegante y f\u00e1cil de utilizar que ayuda a las mujeres a realizar un seguimiento de los per\u00edodos, el ciclo, la ovulaci\u00f3n y los d\u00edas f\u00e9rtiles. Tanto si le preocupa la concesi\u00f3n, el control de la natalidad, la anticoncepci\u00f3n o la regularidad de los ciclos menstruales, esta app le puede ayudar.<\/p>\n","captures":["https:\/\/ticsalutsocial.atoom.space\/wp-content\/uploads\/2023\/02\/300x0w40.webp","https:\/\/ticsalutsocial.atoom.space\/wp-content\/uploads\/2023\/02\/300x0w41.webp","https:\/\/ticsalutsocial.atoom.space\/wp-content\/uploads\/2023\/02\/300x0w42.webp","https:\/\/ticsalutsocial.atoom.space\/wp-content\/uploads\/2023\/02\/300x0w43.webp"],"informacio":"","informacio_list":{"desenvolupador":"SimpleInnovation","cost":"Gratuita, ofrece compras dentro de la app","versio_revisada":"8.3.1\u00a0(Android), 8.4.0 (iOS)","data_revisio":"07\/07\/2022 (Google Play), 24\/07\/2022 (App Store)","narc_referencia":"","especialitat":"Ginecolog\u00eda i Obstetricia","adrecat_a":"Ciudadano"},"links_descarrega":{"googleplay":"https:\/\/play.google.com\/store\/apps\/details?id=com.lbrc.PeriodCalendar","appstore":"https:\/\/apps.apple.com\/es\/app\/my-calendar-period-tracker\/id1032267351?l=ca"},"etiqueta_short":false,"etiqueta_long":false,"prospecte":""},"icona":"https:\/\/ticsalutsocial.atoom.space\/wp-content\/uploads\/2023\/02\/unnamed-140.webp","descripcio":"My Calendar - Period Tracker es una aplicaci\u00f3n elegante y f\u00e1cil de utilizar que ayuda a las mujeres a realizar un seguimiento de los per\u00edodos, el ciclo, la ovulaci\u00f3n y los d\u00edas f\u00e9rtiles.","public":"<p>Ciudadano<\/p>\n"},"yoast_head":"<!-- This site is optimized with the Yoast SEO plugin v27.1.1 - https:\/\/yoast.com\/product\/yoast-seo-wordpress\/ -->\n<title>My Calendar - Period Tracker - Fundaci\u00f3 TIC Salut i Social<\/title>\n<meta name=\"robots\" content=\"index, follow, max-snippet:-1, max-image-preview:large, max-video-preview:-1\" \/>\n<link rel=\"canonical\" href=\"https:\/\/ticsalutsocial.atoom.space\/es\/app\/my-calendar-period-tracker\/\" \/>\n<meta property=\"og:locale\" content=\"es_ES\" \/>\n<meta property=\"og:type\" content=\"article\" \/>\n<meta property=\"og:title\" content=\"My Calendar - Period Tracker - Fundaci\u00f3 TIC Salut i Social\" \/>\n<meta property=\"og:url\" content=\"https:\/\/ticsalutsocial.atoom.space\/es\/app\/my-calendar-period-tracker\/\" \/>\n<meta property=\"og:site_name\" content=\"Fundaci\u00f3 TIC Salut i Social\" \/>\n<meta property=\"article:modified_time\" content=\"2024-02-28T13:47:57+00:00\" \/>\n<meta name=\"twitter:card\" content=\"summary_large_image\" \/>\n<script type=\"application\/ld+json\" class=\"yoast-schema-graph\">{\"@context\":\"https:\/\/schema.org\",\"@graph\":[{\"@type\":\"WebPage\",\"@id\":\"https:\/\/ticsalutsocial.atoom.space\/es\/app\/my-calendar-period-tracker\/\",\"url\":\"https:\/\/ticsalutsocial.atoom.space\/es\/app\/my-calendar-period-tracker\/\",\"name\":\"My Calendar - Period Tracker - Fundaci\u00f3 TIC Salut i Social\",\"isPartOf\":{\"@id\":\"https:\/\/ticsalutsocial.atoom.space\/es\/#website\"},\"datePublished\":\"2023-02-02T09:47:12+00:00\",\"dateModified\":\"2024-02-28T13:47:57+00:00\",\"breadcrumb\":{\"@id\":\"https:\/\/ticsalutsocial.atoom.space\/es\/app\/my-calendar-period-tracker\/#breadcrumb\"},\"inLanguage\":\"es\",\"potentialAction\":[{\"@type\":\"ReadAction\",\"target\":[\"https:\/\/ticsalutsocial.atoom.space\/es\/app\/my-calendar-period-tracker\/\"]}]},{\"@type\":\"BreadcrumbList\",\"@id\":\"https:\/\/ticsalutsocial.atoom.space\/es\/app\/my-calendar-period-tracker\/#breadcrumb\",\"itemListElement\":[{\"@type\":\"ListItem\",\"position\":1,\"name\":\"Inici\",\"item\":\"https:\/\/ticsalutsocial.atoom.space\/es\/\"},{\"@type\":\"ListItem\",\"position\":2,\"name\":\"My Calendar &#8211; Period Tracker\"}]},{\"@type\":\"WebSite\",\"@id\":\"https:\/\/ticsalutsocial.atoom.space\/es\/#website\",\"url\":\"https:\/\/ticsalutsocial.atoom.space\/es\/\",\"name\":\"Fundaci\u00f3 TIC Salut i Social\",\"description\":\"\",\"potentialAction\":[{\"@type\":\"SearchAction\",\"target\":{\"@type\":\"EntryPoint\",\"urlTemplate\":\"https:\/\/ticsalutsocial.atoom.space\/es\/?s={search_term_string}\"},\"query-input\":{\"@type\":\"PropertyValueSpecification\",\"valueRequired\":true,\"valueName\":\"search_term_string\"}}],\"inLanguage\":\"es\"}]}<\/script>\n<!-- \/ Yoast SEO plugin. -->","yoast_head_json":{"title":"My Calendar - Period Tracker - Fundaci\u00f3 TIC Salut i Social","robots":{"index":"index","follow":"follow","max-snippet":"max-snippet:-1","max-image-preview":"max-image-preview:large","max-video-preview":"max-video-preview:-1"},"canonical":"https:\/\/ticsalutsocial.atoom.space\/es\/app\/my-calendar-period-tracker\/","og_locale":"es_ES","og_type":"article","og_title":"My Calendar - Period Tracker - Fundaci\u00f3 TIC Salut i Social","og_url":"https:\/\/ticsalutsocial.atoom.space\/es\/app\/my-calendar-period-tracker\/","og_site_name":"Fundaci\u00f3 TIC Salut i Social","article_modified_time":"2024-02-28T13:47:57+00:00","twitter_card":"summary_large_image","schema":{"@context":"https:\/\/schema.org","@graph":[{"@type":"WebPage","@id":"https:\/\/ticsalutsocial.atoom.space\/es\/app\/my-calendar-period-tracker\/","url":"https:\/\/ticsalutsocial.atoom.space\/es\/app\/my-calendar-period-tracker\/","name":"My Calendar - Period Tracker - Fundaci\u00f3 TIC Salut i Social","isPartOf":{"@id":"https:\/\/ticsalutsocial.atoom.space\/es\/#website"},"datePublished":"2023-02-02T09:47:12+00:00","dateModified":"2024-02-28T13:47:57+00:00","breadcrumb":{"@id":"https:\/\/ticsalutsocial.atoom.space\/es\/app\/my-calendar-period-tracker\/#breadcrumb"},"inLanguage":"es","potentialAction":[{"@type":"ReadAction","target":["https:\/\/ticsalutsocial.atoom.space\/es\/app\/my-calendar-period-tracker\/"]}]},{"@type":"BreadcrumbList","@id":"https:\/\/ticsalutsocial.atoom.space\/es\/app\/my-calendar-period-tracker\/#breadcrumb","itemListElement":[{"@type":"ListItem","position":1,"name":"Inici","item":"https:\/\/ticsalutsocial.atoom.space\/es\/"},{"@type":"ListItem","position":2,"name":"My Calendar &#8211; Period Tracker"}]},{"@type":"WebSite","@id":"https:\/\/ticsalutsocial.atoom.space\/es\/#website","url":"https:\/\/ticsalutsocial.atoom.space\/es\/","name":"Fundaci\u00f3 TIC Salut i Social","description":"","potentialAction":[{"@type":"SearchAction","target":{"@type":"EntryPoint","urlTemplate":"https:\/\/ticsalutsocial.atoom.space\/es\/?s={search_term_string}"},"query-input":{"@type":"PropertyValueSpecification","valueRequired":true,"valueName":"search_term_string"}}],"inLanguage":"es"}]}},"_links":{"self":[{"href":"https:\/\/ticsalutsocial.atoom.space\/es\/wp-json\/wp\/v2\/app\/18482","targetHints":{"allow":["GET"]}}],"collection":[{"href":"https:\/\/ticsalutsocial.atoom.space\/es\/wp-json\/wp\/v2\/app"}],"about":[{"href":"https:\/\/ticsalutsocial.atoom.space\/es\/wp-json\/wp\/v2\/types\/app"}],"wp:attachment":[{"href":"https:\/\/ticsalutsocial.atoom.space\/es\/wp-json\/wp\/v2\/media?parent=18482"}],"wp:term":[{"taxonomy":"categoria_app","embeddable":true,"href":"https:\/\/ticsalutsocial.atoom.space\/es\/wp-json\/wp\/v2\/categoria_app?post=18482"},{"taxonomy":"especialitat","embeddable":true,"href":"https:\/\/ticsalutsocial.atoom.space\/es\/wp-json\/wp\/v2\/especialitat?post=18482"},{"taxonomy":"especialitat_social","embeddable":true,"href":"https:\/\/ticsalutsocial.atoom.space\/es\/wp-json\/wp\/v2\/especialitat_social?post=18482"},{"taxonomy":"public","embeddable":true,"href":"https:\/\/ticsalutsocial.atoom.space\/es\/wp-json\/wp\/v2\/public?post=18482"}],"curies":[{"name":"wp","href":"https:\/\/api.w.org\/{rel}","templated":true}]}}

<p>My Calendar &#8211; Period Tracker es una aplicación elegante y fácil de utilizar que ayuda a las mujeres a realizar un seguimiento de los períodos, el ciclo, la ovulación y los días fértiles. Tanto si le preocupa la concesión, el control de la natalidad, la anticoncepción o la regularidad de los ciclos menstruales, esta app le puede ayudar.</p>

Ginecología i Obstetricia

My Calendar - Period Tracker es una aplicación elegante y fácil de utilizar que ayuda a las mujeres a realizar un seguimiento de los períodos, el ciclo, la ovulación y los días fértiles.

<!-- This site is optimized with the Yoast SEO plugin v27.1.1 - https://yoast.com/product/yoast-seo-wordpress/ -->
<title>My Calendar - Period Tracker - Fundació TIC Salut i Social</title>
<meta name="robots" content="index, follow, max-snippet:-1, max-image-preview:large, max-video-preview:-1" />
<link rel="canonical" href="https://ticsalutsocial.atoom.space/es/app/my-calendar-period-tracker/" />
<meta property="og:locale" content="es_ES" />
<meta property="og:type" content="article" />
<meta property="og:title" content="My Calendar - Period Tracker - Fundació TIC Salut i Social" />
<meta property="og:url" content="https://ticsalutsocial.atoom.space/es/app/my-calendar-period-tracker/" />
<meta property="og:site_name" content="Fundació TIC Salut i Social" />
<meta property="article:modified_time" content="2024-02-28T13:47:57+00:00" />
<meta name="twitter:card" content="summary_large_image" />
<script type="application/ld+json" class="yoast-schema-graph">{"@context":"https://schema.org","@graph":[{"@type":"WebPage","@id":"https://ticsalutsocial.atoom.space/es/app/my-calendar-period-tracker/","url":"https://ticsalutsocial.atoom.space/es/app/my-calendar-period-tracker/","name":"My Calendar - Period Tracker - Fundació TIC Salut i Social","isPartOf":{"@id":"https://ticsalutsocial.atoom.space/es/#website"},"datePublished":"2023-02-02T09:47:12+00:00","dateModified":"2024-02-28T13:47:57+00:00","breadcrumb":{"@id":"https://ticsalutsocial.atoom.space/es/app/my-calendar-period-tracker/#breadcrumb"},"inLanguage":"es","potentialAction":[{"@type":"ReadAction","target":["https://ticsalutsocial.atoom.space/es/app/my-calendar-period-tracker/"]}]},{"@type":"BreadcrumbList","@id":"https://ticsalutsocial.atoom.space/es/app/my-calendar-period-tracker/#breadcrumb","itemListElement":[{"@type":"ListItem","position":1,"name":"Inici","item":"https://ticsalutsocial.atoom.space/es/"},{"@type":"ListItem","position":2,"name":"My Calendar &#8211; Period Tracker"}]},{"@type":"WebSite","@id":"https://ticsalutsocial.atoom.space/es/#website","url":"https://ticsalutsocial.atoom.space/es/","name":"Fundació TIC Salut i Social","description":"","potentialAction":[{"@type":"SearchAction","target":{"@type":"EntryPoint","urlTemplate":"https://ticsalutsocial.atoom.space/es/?s={search_term_string}"},"query-input":{"@type":"PropertyValueSpecification","valueRequired":true,"valueName":"search_term_string"}}],"inLanguage":"es"}]}</script>
<!-- / Yoast SEO plugin. -->

My Calendar - Period Tracker - Fundació TIC Salut i Social

Fundació TIC Salut i Social
