
{"id":18494,"date":"2023-01-31T14:27:21","date_gmt":"2023-01-31T12:27:21","guid":{"rendered":"https:\/\/ticsalutsocial.atoom.space\/app\/en-calma-en-el-quirofano\/"},"modified":"2024-02-28T18:09:52","modified_gmt":"2024-02-28T16:09:52","slug":"en-calma-en-el-quirofano","status":"publish","type":"app","link":"https:\/\/ticsalutsocial.atoom.space\/es\/app\/en-calma-en-el-quirofano\/","title":{"rendered":"En calma en el quir\u00f3fano"},"content":{"rendered":"","protected":false},"template":"","categoria_app":[847],"especialitat":[871],"especialitat_social":[],"public":[878],"class_list":["post-18494","app","type-app","status-publish","hentry","ambit-salud","categoria_app-altres-apps-es","especialitat-salud-mental","public-pacient-es"],"acf":{"icona":"https:\/\/ticsalutsocial.atoom.space\/wp-content\/uploads\/2023\/01\/unnamed-25.webp","descripcio":"Programa de entrenamiento para reducir el estr\u00e9s ante la entrada en el quir\u00f3fano o cuando afrontamos una exploraci\u00f3n diagn\u00f3stica o una prueba exploratoria que causa ansiedad.","public":"<p>Paciente<\/p>\n","contenido":{"definicio":"<p>Es un programa de entrenamiento para reducir el estr\u00e9s frente a la entrada en quir\u00f3fano o cuando afrontamos una exploraci\u00f3n diagn\u00f3stica o una prueba exploratoria que causa ansiedad.<\/p>\n<p>El programa ofrece ejercicios para fortalecer la confianza y disminuir la ansiedad frente al quir\u00f3fano, a lo largo de tres pantallas:<\/p>\n<p>1. Una pantalla de introducci\u00f3n en la que se describe el programa y se puede visualizar un v\u00eddeo de pocos minutos en el que se visualiza un recorrido t\u00edpico antes de entrar en un quir\u00f3fano.<br \/>\n2. Una segunda pantalla en la que se proponen una serie de ejercicios sencillos o pr\u00e1cticas fortalecedoras dise\u00f1ados para generar energ\u00eda, valor y capacidad para fortalecer tus recursos y reducir el estr\u00e9s ante la prueba a afrontar.<\/p>\n<p>Se proponen dos opciones<\/p>\n<p>i. Un programa largo, cuando la prueba o intervenci\u00f3n quir\u00fargica est\u00e1 programada por dentro de un tiempo y al menos cuentas con alrededor de un mes para prepararte.<br \/>\nii. Un corto programa, cuando la prueba o intervenci\u00f3n quir\u00fargica surge de forma inesperada y cuentas con horas o d\u00edas para prepararte. En esta opci\u00f3n, se ofrecen ejercicios seleccionados para poder practicarlo en el tiempo del quedispongas.<\/p>\n<p>3. Una tercera pantalla en la que te invitamos a visualizarte despu\u00e9s de que haya pasado la prueba o intervenci\u00f3n y valorar la utilidad que esta APP ha tenido para afrontar la situaci\u00f3n.<\/p>\n<p>El programa est\u00e1 desarrollado por un equipo en el que han colaborado psiquiatras, psic\u00f3logos cl\u00ednicos, cirujanos y enfermer\u00eda de salud mental y de quir\u00f3fano que trabajan dentro del Sistema Nacional de Salud espa\u00f1ol, en el Hospital Universitario La Paz y en la Universidad Aut\u00f3noma de Madrid.<\/p>\n<p>El programa ha sido dise\u00f1ado en base a otras intervenciones para reducir la ansiedad y est\u00e1 basado en la actitud y pr\u00e1ctica de Mindfulness, en datos de la literatura cient\u00edfica internacional, y en la experiencia cl\u00ednica.<\/p>\n<p>El programa te ofrece tambi\u00e9n la oportunidad de realizar una evaluaci\u00f3n de tu estado emocional antes de realizar los ejercicios y volver a realizarla despu\u00e9s de realizarlos. Esta evaluaci\u00f3n es importante y es una forma de hacer consciente y visualizar el beneficio inmediato que pueden tener los ejercicios.<\/p>\n<p>Adem\u00e1s de confiar en el equipo m\u00e9dico que te va a atender puedes participar en tu propio cuidado, a trav\u00e9s de la pr\u00e1ctica amable de estos ejercicios, adapt\u00e1ndolos a tu propia necesidad para poner en marcha tus fortalezas o recursos internos.<\/p>\n","captures":["https:\/\/ticsalutsocial.atoom.space\/wp-content\/uploads\/2023\/01\/unnamed-1-21.webp","https:\/\/ticsalutsocial.atoom.space\/wp-content\/uploads\/2023\/01\/unnamed-5-9.webp","https:\/\/ticsalutsocial.atoom.space\/wp-content\/uploads\/2023\/01\/unnamed-2-20.webp","https:\/\/ticsalutsocial.atoom.space\/wp-content\/uploads\/2023\/01\/unnamed-4-14.webp","https:\/\/ticsalutsocial.atoom.space\/wp-content\/uploads\/2023\/01\/unnamed-3-18.webp"],"informacio":"","informacio_list":{"desenvolupador":"Softwhisper","cost":"Gratuita","versio_revisada":"1.0\u00a0(iOS), 1.0.4 (Android)","data_revisio":"02\/10\/2018 (Google Play),\u00a0 14\/02\/2018 (App Store)","narc_referencia":"Hospital Universitario La Paz Madrid","especialitat":"Salud Mental","adrecat_a":"Paciente"},"links_descarrega":{"googleplay":"https:\/\/play.google.com\/store\/apps\/details?id=es.sw.mindfulness&hl=ca&gl=US","appstore":"https:\/\/apps.apple.com\/es\/app\/en-calma-en-el-quir%C3%B3fano\/id1244782979?l=ca"},"etiqueta_short":false,"etiqueta_long":false,"prospecte":""}},"yoast_head":"<!-- This site is optimized with the Yoast SEO plugin v27.1.1 - https:\/\/yoast.com\/product\/yoast-seo-wordpress\/ -->\n<title>En calma en el quir\u00f3fano - Fundaci\u00f3 TIC Salut i Social<\/title>\n<meta name=\"robots\" content=\"index, follow, max-snippet:-1, max-image-preview:large, max-video-preview:-1\" \/>\n<link rel=\"canonical\" href=\"https:\/\/ticsalutsocial.atoom.space\/es\/app\/en-calma-en-el-quirofano\/\" \/>\n<meta property=\"og:locale\" content=\"es_ES\" \/>\n<meta property=\"og:type\" content=\"article\" \/>\n<meta property=\"og:title\" content=\"En calma en el quir\u00f3fano - Fundaci\u00f3 TIC Salut i Social\" \/>\n<meta property=\"og:url\" content=\"https:\/\/ticsalutsocial.atoom.space\/es\/app\/en-calma-en-el-quirofano\/\" \/>\n<meta property=\"og:site_name\" content=\"Fundaci\u00f3 TIC Salut i Social\" \/>\n<meta property=\"article:modified_time\" content=\"2024-02-28T16:09:52+00:00\" \/>\n<meta name=\"twitter:card\" content=\"summary_large_image\" \/>\n<script type=\"application\/ld+json\" class=\"yoast-schema-graph\">{\"@context\":\"https:\/\/schema.org\",\"@graph\":[{\"@type\":\"WebPage\",\"@id\":\"https:\/\/ticsalutsocial.atoom.space\/es\/app\/en-calma-en-el-quirofano\/\",\"url\":\"https:\/\/ticsalutsocial.atoom.space\/es\/app\/en-calma-en-el-quirofano\/\",\"name\":\"En calma en el quir\u00f3fano - Fundaci\u00f3 TIC Salut i Social\",\"isPartOf\":{\"@id\":\"https:\/\/ticsalutsocial.atoom.space\/es\/#website\"},\"datePublished\":\"2023-01-31T12:27:21+00:00\",\"dateModified\":\"2024-02-28T16:09:52+00:00\",\"breadcrumb\":{\"@id\":\"https:\/\/ticsalutsocial.atoom.space\/es\/app\/en-calma-en-el-quirofano\/#breadcrumb\"},\"inLanguage\":\"es\",\"potentialAction\":[{\"@type\":\"ReadAction\",\"target\":[\"https:\/\/ticsalutsocial.atoom.space\/es\/app\/en-calma-en-el-quirofano\/\"]}]},{\"@type\":\"BreadcrumbList\",\"@id\":\"https:\/\/ticsalutsocial.atoom.space\/es\/app\/en-calma-en-el-quirofano\/#breadcrumb\",\"itemListElement\":[{\"@type\":\"ListItem\",\"position\":1,\"name\":\"Inici\",\"item\":\"https:\/\/ticsalutsocial.atoom.space\/es\/\"},{\"@type\":\"ListItem\",\"position\":2,\"name\":\"En calma en el quir\u00f3fano\"}]},{\"@type\":\"WebSite\",\"@id\":\"https:\/\/ticsalutsocial.atoom.space\/es\/#website\",\"url\":\"https:\/\/ticsalutsocial.atoom.space\/es\/\",\"name\":\"Fundaci\u00f3 TIC Salut i Social\",\"description\":\"\",\"potentialAction\":[{\"@type\":\"SearchAction\",\"target\":{\"@type\":\"EntryPoint\",\"urlTemplate\":\"https:\/\/ticsalutsocial.atoom.space\/es\/?s={search_term_string}\"},\"query-input\":{\"@type\":\"PropertyValueSpecification\",\"valueRequired\":true,\"valueName\":\"search_term_string\"}}],\"inLanguage\":\"es\"}]}<\/script>\n<!-- \/ Yoast SEO plugin. -->","yoast_head_json":{"title":"En calma en el quir\u00f3fano - Fundaci\u00f3 TIC Salut i Social","robots":{"index":"index","follow":"follow","max-snippet":"max-snippet:-1","max-image-preview":"max-image-preview:large","max-video-preview":"max-video-preview:-1"},"canonical":"https:\/\/ticsalutsocial.atoom.space\/es\/app\/en-calma-en-el-quirofano\/","og_locale":"es_ES","og_type":"article","og_title":"En calma en el quir\u00f3fano - Fundaci\u00f3 TIC Salut i Social","og_url":"https:\/\/ticsalutsocial.atoom.space\/es\/app\/en-calma-en-el-quirofano\/","og_site_name":"Fundaci\u00f3 TIC Salut i Social","article_modified_time":"2024-02-28T16:09:52+00:00","twitter_card":"summary_large_image","schema":{"@context":"https:\/\/schema.org","@graph":[{"@type":"WebPage","@id":"https:\/\/ticsalutsocial.atoom.space\/es\/app\/en-calma-en-el-quirofano\/","url":"https:\/\/ticsalutsocial.atoom.space\/es\/app\/en-calma-en-el-quirofano\/","name":"En calma en el quir\u00f3fano - Fundaci\u00f3 TIC Salut i Social","isPartOf":{"@id":"https:\/\/ticsalutsocial.atoom.space\/es\/#website"},"datePublished":"2023-01-31T12:27:21+00:00","dateModified":"2024-02-28T16:09:52+00:00","breadcrumb":{"@id":"https:\/\/ticsalutsocial.atoom.space\/es\/app\/en-calma-en-el-quirofano\/#breadcrumb"},"inLanguage":"es","potentialAction":[{"@type":"ReadAction","target":["https:\/\/ticsalutsocial.atoom.space\/es\/app\/en-calma-en-el-quirofano\/"]}]},{"@type":"BreadcrumbList","@id":"https:\/\/ticsalutsocial.atoom.space\/es\/app\/en-calma-en-el-quirofano\/#breadcrumb","itemListElement":[{"@type":"ListItem","position":1,"name":"Inici","item":"https:\/\/ticsalutsocial.atoom.space\/es\/"},{"@type":"ListItem","position":2,"name":"En calma en el quir\u00f3fano"}]},{"@type":"WebSite","@id":"https:\/\/ticsalutsocial.atoom.space\/es\/#website","url":"https:\/\/ticsalutsocial.atoom.space\/es\/","name":"Fundaci\u00f3 TIC Salut i Social","description":"","potentialAction":[{"@type":"SearchAction","target":{"@type":"EntryPoint","urlTemplate":"https:\/\/ticsalutsocial.atoom.space\/es\/?s={search_term_string}"},"query-input":{"@type":"PropertyValueSpecification","valueRequired":true,"valueName":"search_term_string"}}],"inLanguage":"es"}]}},"_links":{"self":[{"href":"https:\/\/ticsalutsocial.atoom.space\/es\/wp-json\/wp\/v2\/app\/18494","targetHints":{"allow":["GET"]}}],"collection":[{"href":"https:\/\/ticsalutsocial.atoom.space\/es\/wp-json\/wp\/v2\/app"}],"about":[{"href":"https:\/\/ticsalutsocial.atoom.space\/es\/wp-json\/wp\/v2\/types\/app"}],"wp:attachment":[{"href":"https:\/\/ticsalutsocial.atoom.space\/es\/wp-json\/wp\/v2\/media?parent=18494"}],"wp:term":[{"taxonomy":"categoria_app","embeddable":true,"href":"https:\/\/ticsalutsocial.atoom.space\/es\/wp-json\/wp\/v2\/categoria_app?post=18494"},{"taxonomy":"especialitat","embeddable":true,"href":"https:\/\/ticsalutsocial.atoom.space\/es\/wp-json\/wp\/v2\/especialitat?post=18494"},{"taxonomy":"especialitat_social","embeddable":true,"href":"https:\/\/ticsalutsocial.atoom.space\/es\/wp-json\/wp\/v2\/especialitat_social?post=18494"},{"taxonomy":"public","embeddable":true,"href":"https:\/\/ticsalutsocial.atoom.space\/es\/wp-json\/wp\/v2\/public?post=18494"}],"curies":[{"name":"wp","href":"https:\/\/api.w.org\/{rel}","templated":true}]}}

En calma en el quirófano

Programa de entrenamiento para reducir el estrés ante la entrada en el quirófano o cuando afrontamos una exploración diagnóstica o una prueba exploratoria que causa ansiedad.

<p>Es un programa de entrenamiento para reducir el estrés frente a la entrada en quirófano o cuando afrontamos una exploración diagnóstica o una prueba exploratoria que causa ansiedad.</p>
<p>El programa ofrece ejercicios para fortalecer la confianza y disminuir la ansiedad frente al quirófano, a lo largo de tres pantallas:</p>
<p>1. Una pantalla de introducción en la que se describe el programa y se puede visualizar un vídeo de pocos minutos en el que se visualiza un recorrido típico antes de entrar en un quirófano.<br />
2. Una segunda pantalla en la que se proponen una serie de ejercicios sencillos o prácticas fortalecedoras diseñados para generar energía, valor y capacidad para fortalecer tus recursos y reducir el estrés ante la prueba a afrontar.</p>
<p>Se proponen dos opciones</p>
<p>i. Un programa largo, cuando la prueba o intervención quirúrgica está programada por dentro de un tiempo y al menos cuentas con alrededor de un mes para prepararte.<br />
ii. Un corto programa, cuando la prueba o intervención quirúrgica surge de forma inesperada y cuentas con horas o días para prepararte. En esta opción, se ofrecen ejercicios seleccionados para poder practicarlo en el tiempo del quedispongas.</p>
<p>3. Una tercera pantalla en la que te invitamos a visualizarte después de que haya pasado la prueba o intervención y valorar la utilidad que esta APP ha tenido para afrontar la situación.</p>
<p>El programa está desarrollado por un equipo en el que han colaborado psiquiatras, psicólogos clínicos, cirujanos y enfermería de salud mental y de quirófano que trabajan dentro del Sistema Nacional de Salud español, en el Hospital Universitario La Paz y en la Universidad Autónoma de Madrid.</p>
<p>El programa ha sido diseñado en base a otras intervenciones para reducir la ansiedad y está basado en la actitud y práctica de Mindfulness, en datos de la literatura científica internacional, y en la experiencia clínica.</p>
<p>El programa te ofrece también la oportunidad de realizar una evaluación de tu estado emocional antes de realizar los ejercicios y volver a realizarla después de realizarlos. Esta evaluación es importante y es una forma de hacer consciente y visualizar el beneficio inmediato que pueden tener los ejercicios.</p>
<p>Además de confiar en el equipo médico que te va a atender puedes participar en tu propio cuidado, a través de la práctica amable de estos ejercicios, adaptándolos a tu propia necesidad para poner en marcha tus fortalezas o recursos internos.</p>

<!-- This site is optimized with the Yoast SEO plugin v27.1.1 - https://yoast.com/product/yoast-seo-wordpress/ -->
<title>En calma en el quirófano - Fundació TIC Salut i Social</title>
<meta name="robots" content="index, follow, max-snippet:-1, max-image-preview:large, max-video-preview:-1" />
<link rel="canonical" href="https://ticsalutsocial.atoom.space/es/app/en-calma-en-el-quirofano/" />
<meta property="og:locale" content="es_ES" />
<meta property="og:type" content="article" />
<meta property="og:title" content="En calma en el quirófano - Fundació TIC Salut i Social" />
<meta property="og:url" content="https://ticsalutsocial.atoom.space/es/app/en-calma-en-el-quirofano/" />
<meta property="og:site_name" content="Fundació TIC Salut i Social" />
<meta property="article:modified_time" content="2024-02-28T16:09:52+00:00" />
<meta name="twitter:card" content="summary_large_image" />
<script type="application/ld+json" class="yoast-schema-graph">{"@context":"https://schema.org","@graph":[{"@type":"WebPage","@id":"https://ticsalutsocial.atoom.space/es/app/en-calma-en-el-quirofano/","url":"https://ticsalutsocial.atoom.space/es/app/en-calma-en-el-quirofano/","name":"En calma en el quirófano - Fundació TIC Salut i Social","isPartOf":{"@id":"https://ticsalutsocial.atoom.space/es/#website"},"datePublished":"2023-01-31T12:27:21+00:00","dateModified":"2024-02-28T16:09:52+00:00","breadcrumb":{"@id":"https://ticsalutsocial.atoom.space/es/app/en-calma-en-el-quirofano/#breadcrumb"},"inLanguage":"es","potentialAction":[{"@type":"ReadAction","target":["https://ticsalutsocial.atoom.space/es/app/en-calma-en-el-quirofano/"]}]},{"@type":"BreadcrumbList","@id":"https://ticsalutsocial.atoom.space/es/app/en-calma-en-el-quirofano/#breadcrumb","itemListElement":[{"@type":"ListItem","position":1,"name":"Inici","item":"https://ticsalutsocial.atoom.space/es/"},{"@type":"ListItem","position":2,"name":"En calma en el quirófano"}]},{"@type":"WebSite","@id":"https://ticsalutsocial.atoom.space/es/#website","url":"https://ticsalutsocial.atoom.space/es/","name":"Fundació TIC Salut i Social","description":"","potentialAction":[{"@type":"SearchAction","target":{"@type":"EntryPoint","urlTemplate":"https://ticsalutsocial.atoom.space/es/?s={search_term_string}"},"query-input":{"@type":"PropertyValueSpecification","valueRequired":true,"valueName":"search_term_string"}}],"inLanguage":"es"}]}</script>
<!-- / Yoast SEO plugin. -->

En calma en el quirófano - Fundació TIC Salut i Social

Fundació TIC Salut i Social
