
{"id":20486,"date":"2023-04-05T09:47:26","date_gmt":"2023-04-05T07:47:26","guid":{"rendered":"https:\/\/ticsalutsocial.atoom.space\/app\/vik-dermatitis-atopica\/"},"modified":"2024-02-28T14:30:46","modified_gmt":"2024-02-28T12:30:46","slug":"vik-dermatitis-atopica","status":"publish","type":"app","link":"https:\/\/ticsalutsocial.atoom.space\/es\/app\/vik-dermatitis-atopica\/","title":{"rendered":"Vik Dermatitis at\u00f3pica"},"content":{"rendered":"","protected":false},"template":"","categoria_app":[847],"especialitat":[862],"especialitat_social":[],"public":[875,878],"class_list":["post-20486","app","type-app","status-publish","hentry","ambit-salud","categoria_app-altres-apps-es","especialitat-dermatologia-es","public-personal-cuidador","public-pacient-es"],"acf":{"icona":"https:\/\/ticsalutsocial.atoom.space\/wp-content\/uploads\/2023\/04\/unnamed-10.webp","descripcio":"Vik Dermatitis At\u00f3pica es una aplicaci\u00f3n de salud creada en colaboraci\u00f3n con expertos m\u00e9dicos y pacientes para ayudarte a comprender la enfermedad y convivir con ella mejor. No importa si tienes dermatitis at\u00f3pica leve, moderada o grave, Vik est\u00e1 creada para responder dudas de salud y para apoyar no s\u00f3lo a pacientes sino que tambi\u00e9n a sus familiares y conocidos.","public":"<p>Pacientes, cuidadores<\/p>\n","contenido":{"definicio":"<p>Vik Dermatitis At\u00f3pica es una aplicaci\u00f3n de salud creada en colaboraci\u00f3n con expertos m\u00e9dicos y pacientes para ayudarte a comprender la enfermedad y convivir con ella mejor. No importa si tienes dermatitis at\u00f3pica leve, moderada o grave, Vik est\u00e1 creada para responder dudas de salud y para apoyar no s\u00f3lo a pacientes sino que tambi\u00e9n a sus familiares y conocidos.<\/p>\n<p><strong>Seguimiento diario de la dermatitis at\u00f3pica:<\/strong> Vik Dermatitis At\u00f3pica es el compa\u00f1ero virtual que te ayuda y responde a tus preguntas sobre la enfermedad y tambi\u00e9n las de tus seres queridos en todo momento (s\u00edntomas, brotes, tratamiento, etc.). Gracias a \u00e9l, conocer\u00e1s mejor la patolog\u00eda, el tratamiento y sus cuidados. Mediante la inteligencia artificial y cuestionarios sobre distintos temas como el control, la gravedad o el seguimiento m\u00e9dico, Vik proporciona un asesoramiento personalizado. Todos los contenidos est\u00e1n adaptados a la situaci\u00f3n nacional y est\u00e1n desarrollados por profesionales de la salud en colaboraci\u00f3n con pacientes y asociaciones, adem\u00e1s de ser revisados por un comit\u00e9 de expertos en salud.<\/p>\n<p><strong>El calendario:<\/strong> Esta secci\u00f3n le ayuda con el manejo diario de la dermatitis. Puedes crear recordatorios del tratamiento y de tus citas m\u00e9dicas. Adem\u00e1s, te ayuda a llevar un registro de tus s\u00edntomas y brotes para un mejor seguimiento: momento, intensidad, duraci\u00f3n, etc. \u00a1Controlar la dermatitis at\u00f3pica nunca hab\u00eda sido tan f\u00e1cil!<\/p>\n<p><strong>La comunidad Vik:<\/strong> La aplicaci\u00f3n le permite escribir y leer testimonios an\u00f3nimos de pacientes que est\u00e1n pasando por lo mismo que t\u00fa. Descubre las experiencias de otros pacientes con dermatitis at\u00f3pica que pueden informarte e inspirarte para ser m\u00e1s fuerte ante la enfermedad.<\/p>\n<p><strong>Art\u00edculos:<\/strong> Dirigidos a pacientes ya su entorno, nuestros art\u00edculos est\u00e1n escritos por profesionales de la salud o por pacientes. Podr\u00e1s, por ejemplo, leer consejos sobre c\u00f3mo compaginar la enfermedad y tu carrera profesional, testimonios de personas que viven con dermatitis at\u00f3pica severa o saber m\u00e1s sobre las ideas preconcebidas de la enfermedad.<\/p>\n<p><strong>M\u00e1s contenido:<\/strong> Por \u00faltimo, si quieres, puedes realizar cuestionarios para poner a prueba tus conocimientos, cuestionarios para tratar diferentes aspectos de la enfermedad o participar en estudios para contribuir al avance de la investigaci\u00f3n. Los datos personales est\u00e1n totalmente protegidos y son an\u00f3nimos.<\/p>\n","captures":["https:\/\/ticsalutsocial.atoom.space\/wp-content\/uploads\/2023\/04\/unnamed-1-4.webp","https:\/\/ticsalutsocial.atoom.space\/wp-content\/uploads\/2023\/04\/unnamed-2-4.webp","https:\/\/ticsalutsocial.atoom.space\/wp-content\/uploads\/2023\/04\/unnamed-3-4.webp","https:\/\/ticsalutsocial.atoom.space\/wp-content\/uploads\/2023\/04\/unnamed-4-4.webp","https:\/\/ticsalutsocial.atoom.space\/wp-content\/uploads\/2023\/04\/unnamed-5-4.webp","https:\/\/ticsalutsocial.atoom.space\/wp-content\/uploads\/2023\/04\/unnamed-6-2.webp"],"informacio":"","informacio_list":{"desenvolupador":"Wefight","cost":"Gratuita","versio_revisada":"4.22.0 (Android), 4.22.0 (iOS)","data_revisio":"21\/03\/2023 (Google Play),\u00a0 27\/03\/2023(App Store)","narc_referencia":"Fundaci\u00f3n iSYS","especialitat":"Dermatolog\u00eda","adrecat_a":"Pacientes, cuidadores"},"links_descarrega":{"googleplay":"https:\/\/play.google.com\/store\/apps\/details?id=ai.vik.dermatite&hl=es&gl=es","appstore":"https:\/\/apps.apple.com\/es\/app\/vik-dermatitis-at%C3%B3pica\/id1533250833"},"etiqueta_short":false,"etiqueta_long":false,"prospecte":""}},"yoast_head":"<!-- This site is optimized with the Yoast SEO plugin v27.1.1 - https:\/\/yoast.com\/product\/yoast-seo-wordpress\/ -->\n<title>Vik Dermatitis at\u00f3pica - Fundaci\u00f3 TIC Salut i Social<\/title>\n<meta name=\"robots\" content=\"index, follow, max-snippet:-1, max-image-preview:large, max-video-preview:-1\" \/>\n<link rel=\"canonical\" href=\"https:\/\/ticsalutsocial.atoom.space\/es\/app\/vik-dermatitis-atopica\/\" \/>\n<meta property=\"og:locale\" content=\"es_ES\" \/>\n<meta property=\"og:type\" content=\"article\" \/>\n<meta property=\"og:title\" content=\"Vik Dermatitis at\u00f3pica - Fundaci\u00f3 TIC Salut i Social\" \/>\n<meta property=\"og:url\" content=\"https:\/\/ticsalutsocial.atoom.space\/es\/app\/vik-dermatitis-atopica\/\" \/>\n<meta property=\"og:site_name\" content=\"Fundaci\u00f3 TIC Salut i Social\" \/>\n<meta property=\"article:modified_time\" content=\"2024-02-28T12:30:46+00:00\" \/>\n<meta name=\"twitter:card\" content=\"summary_large_image\" \/>\n<script type=\"application\/ld+json\" class=\"yoast-schema-graph\">{\"@context\":\"https:\/\/schema.org\",\"@graph\":[{\"@type\":\"WebPage\",\"@id\":\"https:\/\/ticsalutsocial.atoom.space\/es\/app\/vik-dermatitis-atopica\/\",\"url\":\"https:\/\/ticsalutsocial.atoom.space\/es\/app\/vik-dermatitis-atopica\/\",\"name\":\"Vik Dermatitis at\u00f3pica - Fundaci\u00f3 TIC Salut i Social\",\"isPartOf\":{\"@id\":\"https:\/\/ticsalutsocial.atoom.space\/es\/#website\"},\"datePublished\":\"2023-04-05T07:47:26+00:00\",\"dateModified\":\"2024-02-28T12:30:46+00:00\",\"breadcrumb\":{\"@id\":\"https:\/\/ticsalutsocial.atoom.space\/es\/app\/vik-dermatitis-atopica\/#breadcrumb\"},\"inLanguage\":\"es\",\"potentialAction\":[{\"@type\":\"ReadAction\",\"target\":[\"https:\/\/ticsalutsocial.atoom.space\/es\/app\/vik-dermatitis-atopica\/\"]}]},{\"@type\":\"BreadcrumbList\",\"@id\":\"https:\/\/ticsalutsocial.atoom.space\/es\/app\/vik-dermatitis-atopica\/#breadcrumb\",\"itemListElement\":[{\"@type\":\"ListItem\",\"position\":1,\"name\":\"Inici\",\"item\":\"https:\/\/ticsalutsocial.atoom.space\/es\/\"},{\"@type\":\"ListItem\",\"position\":2,\"name\":\"Vik Dermatitis at\u00f3pica\"}]},{\"@type\":\"WebSite\",\"@id\":\"https:\/\/ticsalutsocial.atoom.space\/es\/#website\",\"url\":\"https:\/\/ticsalutsocial.atoom.space\/es\/\",\"name\":\"Fundaci\u00f3 TIC Salut i Social\",\"description\":\"\",\"potentialAction\":[{\"@type\":\"SearchAction\",\"target\":{\"@type\":\"EntryPoint\",\"urlTemplate\":\"https:\/\/ticsalutsocial.atoom.space\/es\/?s={search_term_string}\"},\"query-input\":{\"@type\":\"PropertyValueSpecification\",\"valueRequired\":true,\"valueName\":\"search_term_string\"}}],\"inLanguage\":\"es\"}]}<\/script>\n<!-- \/ Yoast SEO plugin. -->","yoast_head_json":{"title":"Vik Dermatitis at\u00f3pica - Fundaci\u00f3 TIC Salut i Social","robots":{"index":"index","follow":"follow","max-snippet":"max-snippet:-1","max-image-preview":"max-image-preview:large","max-video-preview":"max-video-preview:-1"},"canonical":"https:\/\/ticsalutsocial.atoom.space\/es\/app\/vik-dermatitis-atopica\/","og_locale":"es_ES","og_type":"article","og_title":"Vik Dermatitis at\u00f3pica - Fundaci\u00f3 TIC Salut i Social","og_url":"https:\/\/ticsalutsocial.atoom.space\/es\/app\/vik-dermatitis-atopica\/","og_site_name":"Fundaci\u00f3 TIC Salut i Social","article_modified_time":"2024-02-28T12:30:46+00:00","twitter_card":"summary_large_image","schema":{"@context":"https:\/\/schema.org","@graph":[{"@type":"WebPage","@id":"https:\/\/ticsalutsocial.atoom.space\/es\/app\/vik-dermatitis-atopica\/","url":"https:\/\/ticsalutsocial.atoom.space\/es\/app\/vik-dermatitis-atopica\/","name":"Vik Dermatitis at\u00f3pica - Fundaci\u00f3 TIC Salut i Social","isPartOf":{"@id":"https:\/\/ticsalutsocial.atoom.space\/es\/#website"},"datePublished":"2023-04-05T07:47:26+00:00","dateModified":"2024-02-28T12:30:46+00:00","breadcrumb":{"@id":"https:\/\/ticsalutsocial.atoom.space\/es\/app\/vik-dermatitis-atopica\/#breadcrumb"},"inLanguage":"es","potentialAction":[{"@type":"ReadAction","target":["https:\/\/ticsalutsocial.atoom.space\/es\/app\/vik-dermatitis-atopica\/"]}]},{"@type":"BreadcrumbList","@id":"https:\/\/ticsalutsocial.atoom.space\/es\/app\/vik-dermatitis-atopica\/#breadcrumb","itemListElement":[{"@type":"ListItem","position":1,"name":"Inici","item":"https:\/\/ticsalutsocial.atoom.space\/es\/"},{"@type":"ListItem","position":2,"name":"Vik Dermatitis at\u00f3pica"}]},{"@type":"WebSite","@id":"https:\/\/ticsalutsocial.atoom.space\/es\/#website","url":"https:\/\/ticsalutsocial.atoom.space\/es\/","name":"Fundaci\u00f3 TIC Salut i Social","description":"","potentialAction":[{"@type":"SearchAction","target":{"@type":"EntryPoint","urlTemplate":"https:\/\/ticsalutsocial.atoom.space\/es\/?s={search_term_string}"},"query-input":{"@type":"PropertyValueSpecification","valueRequired":true,"valueName":"search_term_string"}}],"inLanguage":"es"}]}},"_links":{"self":[{"href":"https:\/\/ticsalutsocial.atoom.space\/es\/wp-json\/wp\/v2\/app\/20486","targetHints":{"allow":["GET"]}}],"collection":[{"href":"https:\/\/ticsalutsocial.atoom.space\/es\/wp-json\/wp\/v2\/app"}],"about":[{"href":"https:\/\/ticsalutsocial.atoom.space\/es\/wp-json\/wp\/v2\/types\/app"}],"wp:attachment":[{"href":"https:\/\/ticsalutsocial.atoom.space\/es\/wp-json\/wp\/v2\/media?parent=20486"}],"wp:term":[{"taxonomy":"categoria_app","embeddable":true,"href":"https:\/\/ticsalutsocial.atoom.space\/es\/wp-json\/wp\/v2\/categoria_app?post=20486"},{"taxonomy":"especialitat","embeddable":true,"href":"https:\/\/ticsalutsocial.atoom.space\/es\/wp-json\/wp\/v2\/especialitat?post=20486"},{"taxonomy":"especialitat_social","embeddable":true,"href":"https:\/\/ticsalutsocial.atoom.space\/es\/wp-json\/wp\/v2\/especialitat_social?post=20486"},{"taxonomy":"public","embeddable":true,"href":"https:\/\/ticsalutsocial.atoom.space\/es\/wp-json\/wp\/v2\/public?post=20486"}],"curies":[{"name":"wp","href":"https:\/\/api.w.org\/{rel}","templated":true}]}}

Vik Dermatitis atópica

Vik Dermatitis Atópica es una aplicación de salud creada en colaboración con expertos médicos y pacientes para ayudarte a comprender la enfermedad y convivir con ella mejor. No importa si tienes dermatitis atópica leve, moderada o grave, Vik está creada para responder dudas de salud y para apoyar no sólo a pacientes sino que también a sus familiares y conocidos.

<p>Vik Dermatitis Atópica es una aplicación de salud creada en colaboración con expertos médicos y pacientes para ayudarte a comprender la enfermedad y convivir con ella mejor. No importa si tienes dermatitis atópica leve, moderada o grave, Vik está creada para responder dudas de salud y para apoyar no sólo a pacientes sino que también a sus familiares y conocidos.</p>
<p><strong>Seguimiento diario de la dermatitis atópica:</strong> Vik Dermatitis Atópica es el compañero virtual que te ayuda y responde a tus preguntas sobre la enfermedad y también las de tus seres queridos en todo momento (síntomas, brotes, tratamiento, etc.). Gracias a él, conocerás mejor la patología, el tratamiento y sus cuidados. Mediante la inteligencia artificial y cuestionarios sobre distintos temas como el control, la gravedad o el seguimiento médico, Vik proporciona un asesoramiento personalizado. Todos los contenidos están adaptados a la situación nacional y están desarrollados por profesionales de la salud en colaboración con pacientes y asociaciones, además de ser revisados por un comité de expertos en salud.</p>
<p><strong>El calendario:</strong> Esta sección le ayuda con el manejo diario de la dermatitis. Puedes crear recordatorios del tratamiento y de tus citas médicas. Además, te ayuda a llevar un registro de tus síntomas y brotes para un mejor seguimiento: momento, intensidad, duración, etc. ¡Controlar la dermatitis atópica nunca había sido tan fácil!</p>
<p><strong>La comunidad Vik:</strong> La aplicación le permite escribir y leer testimonios anónimos de pacientes que están pasando por lo mismo que tú. Descubre las experiencias de otros pacientes con dermatitis atópica que pueden informarte e inspirarte para ser más fuerte ante la enfermedad.</p>
<p><strong>Artículos:</strong> Dirigidos a pacientes ya su entorno, nuestros artículos están escritos por profesionales de la salud o por pacientes. Podrás, por ejemplo, leer consejos sobre cómo compaginar la enfermedad y tu carrera profesional, testimonios de personas que viven con dermatitis atópica severa o saber más sobre las ideas preconcebidas de la enfermedad.</p>
<p><strong>Más contenido:</strong> Por último, si quieres, puedes realizar cuestionarios para poner a prueba tus conocimientos, cuestionarios para tratar diferentes aspectos de la enfermedad o participar en estudios para contribuir al avance de la investigación. Los datos personales están totalmente protegidos y son anónimos.</p>

Fundación iSYS

Dermatología

<!-- This site is optimized with the Yoast SEO plugin v27.1.1 - https://yoast.com/product/yoast-seo-wordpress/ -->
<title>Vik Dermatitis atópica - Fundació TIC Salut i Social</title>
<meta name="robots" content="index, follow, max-snippet:-1, max-image-preview:large, max-video-preview:-1" />
<link rel="canonical" href="https://ticsalutsocial.atoom.space/es/app/vik-dermatitis-atopica/" />
<meta property="og:locale" content="es_ES" />
<meta property="og:type" content="article" />
<meta property="og:title" content="Vik Dermatitis atópica - Fundació TIC Salut i Social" />
<meta property="og:url" content="https://ticsalutsocial.atoom.space/es/app/vik-dermatitis-atopica/" />
<meta property="og:site_name" content="Fundació TIC Salut i Social" />
<meta property="article:modified_time" content="2024-02-28T12:30:46+00:00" />
<meta name="twitter:card" content="summary_large_image" />
<script type="application/ld+json" class="yoast-schema-graph">{"@context":"https://schema.org","@graph":[{"@type":"WebPage","@id":"https://ticsalutsocial.atoom.space/es/app/vik-dermatitis-atopica/","url":"https://ticsalutsocial.atoom.space/es/app/vik-dermatitis-atopica/","name":"Vik Dermatitis atópica - Fundació TIC Salut i Social","isPartOf":{"@id":"https://ticsalutsocial.atoom.space/es/#website"},"datePublished":"2023-04-05T07:47:26+00:00","dateModified":"2024-02-28T12:30:46+00:00","breadcrumb":{"@id":"https://ticsalutsocial.atoom.space/es/app/vik-dermatitis-atopica/#breadcrumb"},"inLanguage":"es","potentialAction":[{"@type":"ReadAction","target":["https://ticsalutsocial.atoom.space/es/app/vik-dermatitis-atopica/"]}]},{"@type":"BreadcrumbList","@id":"https://ticsalutsocial.atoom.space/es/app/vik-dermatitis-atopica/#breadcrumb","itemListElement":[{"@type":"ListItem","position":1,"name":"Inici","item":"https://ticsalutsocial.atoom.space/es/"},{"@type":"ListItem","position":2,"name":"Vik Dermatitis atópica"}]},{"@type":"WebSite","@id":"https://ticsalutsocial.atoom.space/es/#website","url":"https://ticsalutsocial.atoom.space/es/","name":"Fundació TIC Salut i Social","description":"","potentialAction":[{"@type":"SearchAction","target":{"@type":"EntryPoint","urlTemplate":"https://ticsalutsocial.atoom.space/es/?s={search_term_string}"},"query-input":{"@type":"PropertyValueSpecification","valueRequired":true,"valueName":"search_term_string"}}],"inLanguage":"es"}]}</script>
<!-- / Yoast SEO plugin. -->

Vik Dermatitis atópica - Fundació TIC Salut i Social

Fundació TIC Salut i Social
