
{"id":20503,"date":"2023-04-05T10:34:15","date_gmt":"2023-04-05T08:34:15","guid":{"rendered":"https:\/\/ticsalutsocial.atoom.space\/app\/hablalo\/"},"modified":"2024-02-28T13:58:35","modified_gmt":"2024-02-28T11:58:35","slug":"hablalo","status":"publish","type":"app","link":"https:\/\/ticsalutsocial.atoom.space\/es\/app\/hablalo\/","title":{"rendered":"\u00a1H\u00e1blalo!"},"content":{"rendered":"","protected":false},"template":"","categoria_app":[847],"especialitat":[942],"especialitat_social":[1056],"public":[874,878],"class_list":["post-20503","app","type-app","status-publish","hentry","ambit-salud","ambit-social-es","categoria_app-altres-apps-es","especialitat-neurologia-es","especialitat_social-diversidad-funcional","public-ciudadania","public-pacient-es"],"acf":{"icona":"https:\/\/ticsalutsocial.atoom.space\/wp-content\/uploads\/2023\/04\/230x0w-11.webp","descripcio":"Es una app dise\u00f1ada para asistir a personas con problemas auditivos y dificultades para comunicarse verbalmente: sordera, par\u00e1lisis cerebral, esclerosis lateral amiotr\u00f3fica, entre otras muchas. Con esta herramienta podr\u00e1s romper las barreras de la comunicaci\u00f3n.","public":"<p>Pacientes<\/p>\n","contenido":{"definicio":"<p>Aplicaci\u00f3n desarrollada por Asteroid para ayudar a aquellas personas con dificultades para comunicarse: Sordera, par\u00e1lisis cerebral, esclerosis lateral amiotr\u00f3fica, entre otras muchas. Si tienes alguna de estas dificultades, descargando esta aplicaci\u00f3n gratuita podr\u00e1s comunicarte con todos a tu alrededor, \u00a1al instante!<\/p>\n<p>Es una app dise\u00f1ada para asistir a personas con problemas auditivos y dificultades para comunicarse verbalmente. Con esta herramienta podr\u00e1s romper las barreras de la comunicaci\u00f3n.<\/p>\n","captures":["https:\/\/ticsalutsocial.atoom.space\/wp-content\/uploads\/2023\/04\/unnamed-18.webp","https:\/\/ticsalutsocial.atoom.space\/wp-content\/uploads\/2023\/04\/unnamed-1-11.webp","https:\/\/ticsalutsocial.atoom.space\/wp-content\/uploads\/2023\/04\/unnamed-2-11.webp","https:\/\/ticsalutsocial.atoom.space\/wp-content\/uploads\/2023\/04\/unnamed-3-10.webp","https:\/\/ticsalutsocial.atoom.space\/wp-content\/uploads\/2023\/04\/unnamed-4-10.webp"],"informacio":"","informacio_list":{"desenvolupador":"Asteroid Technologies","cost":"Gratuita","versio_revisada":"3.4.6\u00a0(Android), 3.4.6 (iOS)","data_revisio":"11\/01\/2023 (Google Play), 01\/12\/2021 (App Store)","narc_referencia":"Fundaci\u00f3n iSYS","especialitat":"Disfuncionalidad sensorial","adrecat_a":"Paciente"},"links_descarrega":{"googleplay":"https:\/\/play.google.com\/store\/apps\/details?id=appinventor.ai_mateo_nicolas_salvatto.Sordos&hl=es_419","appstore":"https:\/\/apps.apple.com\/ar\/app\/h%C3%A1blalo\/id1386834397"},"etiqueta_short":false,"etiqueta_long":false,"prospecte":""}},"yoast_head":"<!-- This site is optimized with the Yoast SEO plugin v27.1.1 - https:\/\/yoast.com\/product\/yoast-seo-wordpress\/ -->\n<title>\u00a1H\u00e1blalo! - Fundaci\u00f3 TIC Salut i Social<\/title>\n<meta name=\"robots\" content=\"index, follow, max-snippet:-1, max-image-preview:large, max-video-preview:-1\" \/>\n<link rel=\"canonical\" href=\"https:\/\/ticsalutsocial.atoom.space\/es\/app\/hablalo\/\" \/>\n<meta property=\"og:locale\" content=\"es_ES\" \/>\n<meta property=\"og:type\" content=\"article\" \/>\n<meta property=\"og:title\" content=\"\u00a1H\u00e1blalo! - Fundaci\u00f3 TIC Salut i Social\" \/>\n<meta property=\"og:url\" content=\"https:\/\/ticsalutsocial.atoom.space\/es\/app\/hablalo\/\" \/>\n<meta property=\"og:site_name\" content=\"Fundaci\u00f3 TIC Salut i Social\" \/>\n<meta property=\"article:modified_time\" content=\"2024-02-28T11:58:35+00:00\" \/>\n<meta name=\"twitter:card\" content=\"summary_large_image\" \/>\n<script type=\"application\/ld+json\" class=\"yoast-schema-graph\">{\"@context\":\"https:\/\/schema.org\",\"@graph\":[{\"@type\":\"WebPage\",\"@id\":\"https:\/\/ticsalutsocial.atoom.space\/es\/app\/hablalo\/\",\"url\":\"https:\/\/ticsalutsocial.atoom.space\/es\/app\/hablalo\/\",\"name\":\"\u00a1H\u00e1blalo! - Fundaci\u00f3 TIC Salut i Social\",\"isPartOf\":{\"@id\":\"https:\/\/ticsalutsocial.atoom.space\/es\/#website\"},\"datePublished\":\"2023-04-05T08:34:15+00:00\",\"dateModified\":\"2024-02-28T11:58:35+00:00\",\"breadcrumb\":{\"@id\":\"https:\/\/ticsalutsocial.atoom.space\/es\/app\/hablalo\/#breadcrumb\"},\"inLanguage\":\"es\",\"potentialAction\":[{\"@type\":\"ReadAction\",\"target\":[\"https:\/\/ticsalutsocial.atoom.space\/es\/app\/hablalo\/\"]}]},{\"@type\":\"BreadcrumbList\",\"@id\":\"https:\/\/ticsalutsocial.atoom.space\/es\/app\/hablalo\/#breadcrumb\",\"itemListElement\":[{\"@type\":\"ListItem\",\"position\":1,\"name\":\"Inici\",\"item\":\"https:\/\/ticsalutsocial.atoom.space\/es\/\"},{\"@type\":\"ListItem\",\"position\":2,\"name\":\"\u00a1H\u00e1blalo!\"}]},{\"@type\":\"WebSite\",\"@id\":\"https:\/\/ticsalutsocial.atoom.space\/es\/#website\",\"url\":\"https:\/\/ticsalutsocial.atoom.space\/es\/\",\"name\":\"Fundaci\u00f3 TIC Salut i Social\",\"description\":\"\",\"potentialAction\":[{\"@type\":\"SearchAction\",\"target\":{\"@type\":\"EntryPoint\",\"urlTemplate\":\"https:\/\/ticsalutsocial.atoom.space\/es\/?s={search_term_string}\"},\"query-input\":{\"@type\":\"PropertyValueSpecification\",\"valueRequired\":true,\"valueName\":\"search_term_string\"}}],\"inLanguage\":\"es\"}]}<\/script>\n<!-- \/ Yoast SEO plugin. -->","yoast_head_json":{"title":"\u00a1H\u00e1blalo! - Fundaci\u00f3 TIC Salut i Social","robots":{"index":"index","follow":"follow","max-snippet":"max-snippet:-1","max-image-preview":"max-image-preview:large","max-video-preview":"max-video-preview:-1"},"canonical":"https:\/\/ticsalutsocial.atoom.space\/es\/app\/hablalo\/","og_locale":"es_ES","og_type":"article","og_title":"\u00a1H\u00e1blalo! - Fundaci\u00f3 TIC Salut i Social","og_url":"https:\/\/ticsalutsocial.atoom.space\/es\/app\/hablalo\/","og_site_name":"Fundaci\u00f3 TIC Salut i Social","article_modified_time":"2024-02-28T11:58:35+00:00","twitter_card":"summary_large_image","schema":{"@context":"https:\/\/schema.org","@graph":[{"@type":"WebPage","@id":"https:\/\/ticsalutsocial.atoom.space\/es\/app\/hablalo\/","url":"https:\/\/ticsalutsocial.atoom.space\/es\/app\/hablalo\/","name":"\u00a1H\u00e1blalo! - Fundaci\u00f3 TIC Salut i Social","isPartOf":{"@id":"https:\/\/ticsalutsocial.atoom.space\/es\/#website"},"datePublished":"2023-04-05T08:34:15+00:00","dateModified":"2024-02-28T11:58:35+00:00","breadcrumb":{"@id":"https:\/\/ticsalutsocial.atoom.space\/es\/app\/hablalo\/#breadcrumb"},"inLanguage":"es","potentialAction":[{"@type":"ReadAction","target":["https:\/\/ticsalutsocial.atoom.space\/es\/app\/hablalo\/"]}]},{"@type":"BreadcrumbList","@id":"https:\/\/ticsalutsocial.atoom.space\/es\/app\/hablalo\/#breadcrumb","itemListElement":[{"@type":"ListItem","position":1,"name":"Inici","item":"https:\/\/ticsalutsocial.atoom.space\/es\/"},{"@type":"ListItem","position":2,"name":"\u00a1H\u00e1blalo!"}]},{"@type":"WebSite","@id":"https:\/\/ticsalutsocial.atoom.space\/es\/#website","url":"https:\/\/ticsalutsocial.atoom.space\/es\/","name":"Fundaci\u00f3 TIC Salut i Social","description":"","potentialAction":[{"@type":"SearchAction","target":{"@type":"EntryPoint","urlTemplate":"https:\/\/ticsalutsocial.atoom.space\/es\/?s={search_term_string}"},"query-input":{"@type":"PropertyValueSpecification","valueRequired":true,"valueName":"search_term_string"}}],"inLanguage":"es"}]}},"_links":{"self":[{"href":"https:\/\/ticsalutsocial.atoom.space\/es\/wp-json\/wp\/v2\/app\/20503","targetHints":{"allow":["GET"]}}],"collection":[{"href":"https:\/\/ticsalutsocial.atoom.space\/es\/wp-json\/wp\/v2\/app"}],"about":[{"href":"https:\/\/ticsalutsocial.atoom.space\/es\/wp-json\/wp\/v2\/types\/app"}],"wp:attachment":[{"href":"https:\/\/ticsalutsocial.atoom.space\/es\/wp-json\/wp\/v2\/media?parent=20503"}],"wp:term":[{"taxonomy":"categoria_app","embeddable":true,"href":"https:\/\/ticsalutsocial.atoom.space\/es\/wp-json\/wp\/v2\/categoria_app?post=20503"},{"taxonomy":"especialitat","embeddable":true,"href":"https:\/\/ticsalutsocial.atoom.space\/es\/wp-json\/wp\/v2\/especialitat?post=20503"},{"taxonomy":"especialitat_social","embeddable":true,"href":"https:\/\/ticsalutsocial.atoom.space\/es\/wp-json\/wp\/v2\/especialitat_social?post=20503"},{"taxonomy":"public","embeddable":true,"href":"https:\/\/ticsalutsocial.atoom.space\/es\/wp-json\/wp\/v2\/public?post=20503"}],"curies":[{"name":"wp","href":"https:\/\/api.w.org\/{rel}","templated":true}]}}

¡Háblalo!

Es una app diseñada para asistir a personas con problemas auditivos y dificultades para comunicarse verbalmente: sordera, parálisis cerebral, esclerosis lateral amiotrófica, entre otras muchas. Con esta herramienta podrás romper las barreras de la comunicación.

<p>Aplicación desarrollada por Asteroid para ayudar a aquellas personas con dificultades para comunicarse: Sordera, parálisis cerebral, esclerosis lateral amiotrófica, entre otras muchas. Si tienes alguna de estas dificultades, descargando esta aplicación gratuita podrás comunicarte con todos a tu alrededor, ¡al instante!</p>
<p>Es una app diseñada para asistir a personas con problemas auditivos y dificultades para comunicarse verbalmente. Con esta herramienta podrás romper las barreras de la comunicación.</p>

Fundación iSYS

<!-- This site is optimized with the Yoast SEO plugin v27.1.1 - https://yoast.com/product/yoast-seo-wordpress/ -->
<title>¡Háblalo! - Fundació TIC Salut i Social</title>
<meta name="robots" content="index, follow, max-snippet:-1, max-image-preview:large, max-video-preview:-1" />
<link rel="canonical" href="https://ticsalutsocial.atoom.space/es/app/hablalo/" />
<meta property="og:locale" content="es_ES" />
<meta property="og:type" content="article" />
<meta property="og:title" content="¡Háblalo! - Fundació TIC Salut i Social" />
<meta property="og:url" content="https://ticsalutsocial.atoom.space/es/app/hablalo/" />
<meta property="og:site_name" content="Fundació TIC Salut i Social" />
<meta property="article:modified_time" content="2024-02-28T11:58:35+00:00" />
<meta name="twitter:card" content="summary_large_image" />
<script type="application/ld+json" class="yoast-schema-graph">{"@context":"https://schema.org","@graph":[{"@type":"WebPage","@id":"https://ticsalutsocial.atoom.space/es/app/hablalo/","url":"https://ticsalutsocial.atoom.space/es/app/hablalo/","name":"¡Háblalo! - Fundació TIC Salut i Social","isPartOf":{"@id":"https://ticsalutsocial.atoom.space/es/#website"},"datePublished":"2023-04-05T08:34:15+00:00","dateModified":"2024-02-28T11:58:35+00:00","breadcrumb":{"@id":"https://ticsalutsocial.atoom.space/es/app/hablalo/#breadcrumb"},"inLanguage":"es","potentialAction":[{"@type":"ReadAction","target":["https://ticsalutsocial.atoom.space/es/app/hablalo/"]}]},{"@type":"BreadcrumbList","@id":"https://ticsalutsocial.atoom.space/es/app/hablalo/#breadcrumb","itemListElement":[{"@type":"ListItem","position":1,"name":"Inici","item":"https://ticsalutsocial.atoom.space/es/"},{"@type":"ListItem","position":2,"name":"¡Háblalo!"}]},{"@type":"WebSite","@id":"https://ticsalutsocial.atoom.space/es/#website","url":"https://ticsalutsocial.atoom.space/es/","name":"Fundació TIC Salut i Social","description":"","potentialAction":[{"@type":"SearchAction","target":{"@type":"EntryPoint","urlTemplate":"https://ticsalutsocial.atoom.space/es/?s={search_term_string}"},"query-input":{"@type":"PropertyValueSpecification","valueRequired":true,"valueName":"search_term_string"}}],"inLanguage":"es"}]}</script>
<!-- / Yoast SEO plugin. -->

¡Háblalo! - Fundació TIC Salut i Social

Fundació TIC Salut i Social
