
{"id":21023,"date":"2023-05-08T11:16:15","date_gmt":"2023-05-08T09:16:15","guid":{"rendered":"https:\/\/ticsalutsocial.atoom.space\/?post_type=app&#038;p=21023"},"modified":"2024-02-28T13:37:37","modified_gmt":"2024-02-28T11:37:37","slug":"voiceitt","status":"publish","type":"app","link":"https:\/\/ticsalutsocial.atoom.space\/es\/app\/voiceitt\/","title":{"rendered":"Voiceitt"},"content":{"rendered":"","protected":false},"template":"","categoria_app":[847],"especialitat":[942],"especialitat_social":[1056],"public":[874,878],"class_list":["post-21023","app","type-app","status-publish","hentry","ambit-salud","ambit-social-es","categoria_app-altres-apps-es","especialitat-neurologia-es","especialitat_social-diversidad-funcional","public-ciudadania","public-pacient-es"],"acf":{"icona":"https:\/\/ticsalutsocial.atoom.space\/wp-content\/uploads\/2023\/05\/im1.webp","descripcio":"Voiceitt es una aplicaci\u00f3n de reconocimiento de voz dise\u00f1ada espec\u00edficamente para personas con problemas de habla. Puede ense\u00f1ar a la aplicaci\u00f3n Voiceitt a reconocer su voz y, entonces, le puede ayudar a ser entendido por los dem\u00e1s.","public":"<p>Ciudadano y paciente<\/p>\n","contenido":{"definicio":"<p>Voiceitt es una aplicaci\u00f3n de reconocimiento de voz dise\u00f1ada espec\u00edficamente para personas con problemas de habla causados por condiciones tales como: par\u00e1lisis cerebral, ictus, ELA, enfermedad de Parkinson, s\u00edndrome de Down, lesiones cerebrales y mucho m\u00e1s.<\/p>\n<p>Puede ense\u00f1ar a la aplicaci\u00f3n Voiceitt a reconocer su voz \u00fanica y, entonces, puede ayudarle a ser entendido por los dem\u00e1s y por las tecnolog\u00edas activadas por voz, como Alexa.<\/p>\n<p>Disponible en castellano, ingl\u00e9s, portugu\u00e9s, italiano y hebreo.<\/p>\n","captures":["https:\/\/ticsalutsocial.atoom.space\/wp-content\/uploads\/2023\/05\/im2.webp","https:\/\/ticsalutsocial.atoom.space\/wp-content\/uploads\/2023\/05\/im3.webp","https:\/\/ticsalutsocial.atoom.space\/wp-content\/uploads\/2023\/05\/im4.webp","https:\/\/ticsalutsocial.atoom.space\/wp-content\/uploads\/2023\/05\/im5.webp"],"informacio":"","informacio_list":{"desenvolupador":"voiceitt","cost":"Gratu\u00efta\u00a0","versio_revisada":"2.2.2 (iOS)\u00a0","data_revisio":"02\/03\/2023 (App Store)\u00a0","narc_referencia":"Organitzacions nacionals de discapacitat d'Israel, Estats Units i Europa. \/ Fundaci\u00f3 TIC Salut Social","especialitat":"Neurologia, diversitat funcional","adrecat_a":"Ciutadania, pacients"},"links_descarrega":{"googleplay":"","appstore":"https:\/\/apps.apple.com\/es\/app\/voiceitt\/id1212106553?l=ca"},"etiqueta_short":false,"etiqueta_long":false,"prospecte":""}},"yoast_head":"<!-- This site is optimized with the Yoast SEO plugin v27.1.1 - https:\/\/yoast.com\/product\/yoast-seo-wordpress\/ -->\n<title>Voiceitt - Fundaci\u00f3 TIC Salut i Social<\/title>\n<meta name=\"robots\" content=\"index, follow, max-snippet:-1, max-image-preview:large, max-video-preview:-1\" \/>\n<link rel=\"canonical\" href=\"https:\/\/ticsalutsocial.atoom.space\/es\/app\/voiceitt\/\" \/>\n<meta property=\"og:locale\" content=\"es_ES\" \/>\n<meta property=\"og:type\" content=\"article\" \/>\n<meta property=\"og:title\" content=\"Voiceitt - Fundaci\u00f3 TIC Salut i Social\" \/>\n<meta property=\"og:url\" content=\"https:\/\/ticsalutsocial.atoom.space\/es\/app\/voiceitt\/\" \/>\n<meta property=\"og:site_name\" content=\"Fundaci\u00f3 TIC Salut i Social\" \/>\n<meta property=\"article:modified_time\" content=\"2024-02-28T11:37:37+00:00\" \/>\n<meta name=\"twitter:card\" content=\"summary_large_image\" \/>\n<script type=\"application\/ld+json\" class=\"yoast-schema-graph\">{\"@context\":\"https:\/\/schema.org\",\"@graph\":[{\"@type\":\"WebPage\",\"@id\":\"https:\/\/ticsalutsocial.atoom.space\/es\/app\/voiceitt\/\",\"url\":\"https:\/\/ticsalutsocial.atoom.space\/es\/app\/voiceitt\/\",\"name\":\"Voiceitt - Fundaci\u00f3 TIC Salut i Social\",\"isPartOf\":{\"@id\":\"https:\/\/ticsalutsocial.atoom.space\/es\/#website\"},\"datePublished\":\"2023-05-08T09:16:15+00:00\",\"dateModified\":\"2024-02-28T11:37:37+00:00\",\"breadcrumb\":{\"@id\":\"https:\/\/ticsalutsocial.atoom.space\/es\/app\/voiceitt\/#breadcrumb\"},\"inLanguage\":\"es\",\"potentialAction\":[{\"@type\":\"ReadAction\",\"target\":[\"https:\/\/ticsalutsocial.atoom.space\/es\/app\/voiceitt\/\"]}]},{\"@type\":\"BreadcrumbList\",\"@id\":\"https:\/\/ticsalutsocial.atoom.space\/es\/app\/voiceitt\/#breadcrumb\",\"itemListElement\":[{\"@type\":\"ListItem\",\"position\":1,\"name\":\"Inici\",\"item\":\"https:\/\/ticsalutsocial.atoom.space\/es\/\"},{\"@type\":\"ListItem\",\"position\":2,\"name\":\"Voiceitt\"}]},{\"@type\":\"WebSite\",\"@id\":\"https:\/\/ticsalutsocial.atoom.space\/es\/#website\",\"url\":\"https:\/\/ticsalutsocial.atoom.space\/es\/\",\"name\":\"Fundaci\u00f3 TIC Salut i Social\",\"description\":\"\",\"potentialAction\":[{\"@type\":\"SearchAction\",\"target\":{\"@type\":\"EntryPoint\",\"urlTemplate\":\"https:\/\/ticsalutsocial.atoom.space\/es\/?s={search_term_string}\"},\"query-input\":{\"@type\":\"PropertyValueSpecification\",\"valueRequired\":true,\"valueName\":\"search_term_string\"}}],\"inLanguage\":\"es\"}]}<\/script>\n<!-- \/ Yoast SEO plugin. -->","yoast_head_json":{"title":"Voiceitt - Fundaci\u00f3 TIC Salut i Social","robots":{"index":"index","follow":"follow","max-snippet":"max-snippet:-1","max-image-preview":"max-image-preview:large","max-video-preview":"max-video-preview:-1"},"canonical":"https:\/\/ticsalutsocial.atoom.space\/es\/app\/voiceitt\/","og_locale":"es_ES","og_type":"article","og_title":"Voiceitt - Fundaci\u00f3 TIC Salut i Social","og_url":"https:\/\/ticsalutsocial.atoom.space\/es\/app\/voiceitt\/","og_site_name":"Fundaci\u00f3 TIC Salut i Social","article_modified_time":"2024-02-28T11:37:37+00:00","twitter_card":"summary_large_image","schema":{"@context":"https:\/\/schema.org","@graph":[{"@type":"WebPage","@id":"https:\/\/ticsalutsocial.atoom.space\/es\/app\/voiceitt\/","url":"https:\/\/ticsalutsocial.atoom.space\/es\/app\/voiceitt\/","name":"Voiceitt - Fundaci\u00f3 TIC Salut i Social","isPartOf":{"@id":"https:\/\/ticsalutsocial.atoom.space\/es\/#website"},"datePublished":"2023-05-08T09:16:15+00:00","dateModified":"2024-02-28T11:37:37+00:00","breadcrumb":{"@id":"https:\/\/ticsalutsocial.atoom.space\/es\/app\/voiceitt\/#breadcrumb"},"inLanguage":"es","potentialAction":[{"@type":"ReadAction","target":["https:\/\/ticsalutsocial.atoom.space\/es\/app\/voiceitt\/"]}]},{"@type":"BreadcrumbList","@id":"https:\/\/ticsalutsocial.atoom.space\/es\/app\/voiceitt\/#breadcrumb","itemListElement":[{"@type":"ListItem","position":1,"name":"Inici","item":"https:\/\/ticsalutsocial.atoom.space\/es\/"},{"@type":"ListItem","position":2,"name":"Voiceitt"}]},{"@type":"WebSite","@id":"https:\/\/ticsalutsocial.atoom.space\/es\/#website","url":"https:\/\/ticsalutsocial.atoom.space\/es\/","name":"Fundaci\u00f3 TIC Salut i Social","description":"","potentialAction":[{"@type":"SearchAction","target":{"@type":"EntryPoint","urlTemplate":"https:\/\/ticsalutsocial.atoom.space\/es\/?s={search_term_string}"},"query-input":{"@type":"PropertyValueSpecification","valueRequired":true,"valueName":"search_term_string"}}],"inLanguage":"es"}]}},"_links":{"self":[{"href":"https:\/\/ticsalutsocial.atoom.space\/es\/wp-json\/wp\/v2\/app\/21023","targetHints":{"allow":["GET"]}}],"collection":[{"href":"https:\/\/ticsalutsocial.atoom.space\/es\/wp-json\/wp\/v2\/app"}],"about":[{"href":"https:\/\/ticsalutsocial.atoom.space\/es\/wp-json\/wp\/v2\/types\/app"}],"wp:attachment":[{"href":"https:\/\/ticsalutsocial.atoom.space\/es\/wp-json\/wp\/v2\/media?parent=21023"}],"wp:term":[{"taxonomy":"categoria_app","embeddable":true,"href":"https:\/\/ticsalutsocial.atoom.space\/es\/wp-json\/wp\/v2\/categoria_app?post=21023"},{"taxonomy":"especialitat","embeddable":true,"href":"https:\/\/ticsalutsocial.atoom.space\/es\/wp-json\/wp\/v2\/especialitat?post=21023"},{"taxonomy":"especialitat_social","embeddable":true,"href":"https:\/\/ticsalutsocial.atoom.space\/es\/wp-json\/wp\/v2\/especialitat_social?post=21023"},{"taxonomy":"public","embeddable":true,"href":"https:\/\/ticsalutsocial.atoom.space\/es\/wp-json\/wp\/v2\/public?post=21023"}],"curies":[{"name":"wp","href":"https:\/\/api.w.org\/{rel}","templated":true}]}}

Voiceitt es una aplicación de reconocimiento de voz diseñada específicamente para personas con problemas de habla. Puede enseñar a la aplicación Voiceitt a reconocer su voz y, entonces, le puede ayudar a ser entendido por los demás.

<p>Voiceitt es una aplicación de reconocimiento de voz diseñada específicamente para personas con problemas de habla causados por condiciones tales como: parálisis cerebral, ictus, ELA, enfermedad de Parkinson, síndrome de Down, lesiones cerebrales y mucho más.</p>
<p>Puede enseñar a la aplicación Voiceitt a reconocer su voz única y, entonces, puede ayudarle a ser entendido por los demás y por las tecnologías activadas por voz, como Alexa.</p>
<p>Disponible en castellano, inglés, portugués, italiano y hebreo.</p>

Gratuïta

Organitzacions nacionals de discapacitat d'Israel, Estats Units i Europa. / Fundació TIC Salut Social

<!-- This site is optimized with the Yoast SEO plugin v27.1.1 - https://yoast.com/product/yoast-seo-wordpress/ -->
<title>Voiceitt - Fundació TIC Salut i Social</title>
<meta name="robots" content="index, follow, max-snippet:-1, max-image-preview:large, max-video-preview:-1" />
<link rel="canonical" href="https://ticsalutsocial.atoom.space/es/app/voiceitt/" />
<meta property="og:locale" content="es_ES" />
<meta property="og:type" content="article" />
<meta property="og:title" content="Voiceitt - Fundació TIC Salut i Social" />
<meta property="og:url" content="https://ticsalutsocial.atoom.space/es/app/voiceitt/" />
<meta property="og:site_name" content="Fundació TIC Salut i Social" />
<meta property="article:modified_time" content="2024-02-28T11:37:37+00:00" />
<meta name="twitter:card" content="summary_large_image" />
<script type="application/ld+json" class="yoast-schema-graph">{"@context":"https://schema.org","@graph":[{"@type":"WebPage","@id":"https://ticsalutsocial.atoom.space/es/app/voiceitt/","url":"https://ticsalutsocial.atoom.space/es/app/voiceitt/","name":"Voiceitt - Fundació TIC Salut i Social","isPartOf":{"@id":"https://ticsalutsocial.atoom.space/es/#website"},"datePublished":"2023-05-08T09:16:15+00:00","dateModified":"2024-02-28T11:37:37+00:00","breadcrumb":{"@id":"https://ticsalutsocial.atoom.space/es/app/voiceitt/#breadcrumb"},"inLanguage":"es","potentialAction":[{"@type":"ReadAction","target":["https://ticsalutsocial.atoom.space/es/app/voiceitt/"]}]},{"@type":"BreadcrumbList","@id":"https://ticsalutsocial.atoom.space/es/app/voiceitt/#breadcrumb","itemListElement":[{"@type":"ListItem","position":1,"name":"Inici","item":"https://ticsalutsocial.atoom.space/es/"},{"@type":"ListItem","position":2,"name":"Voiceitt"}]},{"@type":"WebSite","@id":"https://ticsalutsocial.atoom.space/es/#website","url":"https://ticsalutsocial.atoom.space/es/","name":"Fundació TIC Salut i Social","description":"","potentialAction":[{"@type":"SearchAction","target":{"@type":"EntryPoint","urlTemplate":"https://ticsalutsocial.atoom.space/es/?s={search_term_string}"},"query-input":{"@type":"PropertyValueSpecification","valueRequired":true,"valueName":"search_term_string"}}],"inLanguage":"es"}]}</script>
<!-- / Yoast SEO plugin. -->

Voiceitt - Fundació TIC Salut i Social

Fundació TIC Salut i Social
