
{"id":25652,"date":"2024-02-06T10:59:24","date_gmt":"2024-02-06T08:59:24","guid":{"rendered":"https:\/\/ticsalutsocial.atoom.space\/app\/childcare-on-escola-bressol\/"},"modified":"2024-02-28T10:17:36","modified_gmt":"2024-02-28T08:17:36","slug":"childcare-on-escola-bressol","status":"publish","type":"app","link":"https:\/\/ticsalutsocial.atoom.space\/es\/app\/childcare-on-escola-bressol\/","title":{"rendered":"Childcare On &#8211; Escola Bressol"},"content":{"rendered":"","protected":false},"template":"","categoria_app":[847],"especialitat":[],"especialitat_social":[1061],"public":[1110,1115],"class_list":["post-25652","app","type-app","status-publish","hentry","ambit-social-es","categoria_app-altres-apps-es","especialitat_social-familias","public-professionals-de-lambit-social-es","public-adults-es"],"acf":{"descripcio":"Childcare On es la App Agenda Digital creada espec\u00edficamente para Escuelas de Educaci\u00f3n Infantil. Su misi\u00f3n es la de potenciar la comunicaci\u00f3n hacia las familias, de forma individual o grupal, haci\u00e9ndolas part\u00edcipes del d\u00eda a d\u00eda de su peque\u00f1o.","public":"<p>Adultos y profesionales<\/p>\n","contenido":{"definicio":"<p>Childcare On es la App Agenda Digital creada espec\u00edficamente para Escuelas de Educaci\u00f3n Infantil. Su misi\u00f3n es la de potenciar la comunicaci\u00f3n hacia las familias, de forma individual o grupal, haci\u00e9ndolas part\u00edcipes del d\u00eda a d\u00eda de su peque\u00f1o. Con su sistema de comunicaci\u00f3n f\u00e1cil y seguro, personaliza a la vez que mejoras la comunicaci\u00f3n desde tu m\u00f3vil o tableta.<\/p>\n<p><img loading=\"lazy\" decoding=\"async\" class=\"alignnone wp-image-25358\" src=\"https:\/\/ticsalutsocial.atoom.space\/wp-content\/uploads\/2024\/01\/1-17-169x300.webp\" alt=\"\" width=\"277\" height=\"492\" srcset=\"https:\/\/ticsalutsocial.atoom.space\/wp-content\/uploads\/2024\/01\/1-17-169x300.webp 169w, https:\/\/ticsalutsocial.atoom.space\/wp-content\/uploads\/2024\/01\/1-17.webp 333w\" sizes=\"auto, (max-width: 277px) 100vw, 277px\" \/> <img loading=\"lazy\" decoding=\"async\" class=\"alignnone wp-image-25361\" src=\"https:\/\/ticsalutsocial.atoom.space\/wp-content\/uploads\/2024\/01\/2-16-169x300.webp\" alt=\"\" width=\"277\" height=\"492\" srcset=\"https:\/\/ticsalutsocial.atoom.space\/wp-content\/uploads\/2024\/01\/2-16-169x300.webp 169w, https:\/\/ticsalutsocial.atoom.space\/wp-content\/uploads\/2024\/01\/2-16.webp 333w\" sizes=\"auto, (max-width: 277px) 100vw, 277px\" \/> <img loading=\"lazy\" decoding=\"async\" class=\"alignnone wp-image-25364\" src=\"https:\/\/ticsalutsocial.atoom.space\/wp-content\/uploads\/2024\/01\/3-16-169x300.webp\" alt=\"\" width=\"277\" height=\"492\" srcset=\"https:\/\/ticsalutsocial.atoom.space\/wp-content\/uploads\/2024\/01\/3-16-169x300.webp 169w, https:\/\/ticsalutsocial.atoom.space\/wp-content\/uploads\/2024\/01\/3-16.webp 333w\" sizes=\"auto, (max-width: 277px) 100vw, 277px\" \/><\/p>\n","captures":false,"informacio":"","informacio_list":{"desenvolupador":"","cost":"Gratuita, ofrece compras dentro de la app","versio_revisada":"3.0.60 (Android)","data_revisio":"30\/08\/2023 (Google Play)","narc_referencia":"FEPCCAT","especialitat":"Familias","adrecat_a":"Adultos y profesionales"},"links_descarrega":{"googleplay":"https:\/\/play.google.com\/store\/apps\/details?id=com.childcareon.childcareon&hl=ca&gl=ES","appstore":""},"etiqueta_short":false,"etiqueta_long":false,"prospecte":""},"icona":"https:\/\/ticsalutsocial.atoom.space\/wp-content\/uploads\/2024\/01\/unnamed-4.webp"},"yoast_head":"<!-- This site is optimized with the Yoast SEO plugin v27.1.1 - https:\/\/yoast.com\/product\/yoast-seo-wordpress\/ -->\n<title>Childcare On - Escola Bressol - Fundaci\u00f3 TIC Salut i Social<\/title>\n<meta name=\"robots\" content=\"index, follow, max-snippet:-1, max-image-preview:large, max-video-preview:-1\" \/>\n<link rel=\"canonical\" href=\"https:\/\/ticsalutsocial.atoom.space\/es\/app\/childcare-on-escola-bressol\/\" \/>\n<meta property=\"og:locale\" content=\"es_ES\" \/>\n<meta property=\"og:type\" content=\"article\" \/>\n<meta property=\"og:title\" content=\"Childcare On - Escola Bressol - Fundaci\u00f3 TIC Salut i Social\" \/>\n<meta property=\"og:url\" content=\"https:\/\/ticsalutsocial.atoom.space\/es\/app\/childcare-on-escola-bressol\/\" \/>\n<meta property=\"og:site_name\" content=\"Fundaci\u00f3 TIC Salut i Social\" \/>\n<meta property=\"article:modified_time\" content=\"2024-02-28T08:17:36+00:00\" \/>\n<meta name=\"twitter:card\" content=\"summary_large_image\" \/>\n<script type=\"application\/ld+json\" class=\"yoast-schema-graph\">{\"@context\":\"https:\/\/schema.org\",\"@graph\":[{\"@type\":\"WebPage\",\"@id\":\"https:\/\/ticsalutsocial.atoom.space\/es\/app\/childcare-on-escola-bressol\/\",\"url\":\"https:\/\/ticsalutsocial.atoom.space\/es\/app\/childcare-on-escola-bressol\/\",\"name\":\"Childcare On - Escola Bressol - Fundaci\u00f3 TIC Salut i Social\",\"isPartOf\":{\"@id\":\"https:\/\/ticsalutsocial.atoom.space\/es\/#website\"},\"datePublished\":\"2024-02-06T08:59:24+00:00\",\"dateModified\":\"2024-02-28T08:17:36+00:00\",\"breadcrumb\":{\"@id\":\"https:\/\/ticsalutsocial.atoom.space\/es\/app\/childcare-on-escola-bressol\/#breadcrumb\"},\"inLanguage\":\"es\",\"potentialAction\":[{\"@type\":\"ReadAction\",\"target\":[\"https:\/\/ticsalutsocial.atoom.space\/es\/app\/childcare-on-escola-bressol\/\"]}]},{\"@type\":\"BreadcrumbList\",\"@id\":\"https:\/\/ticsalutsocial.atoom.space\/es\/app\/childcare-on-escola-bressol\/#breadcrumb\",\"itemListElement\":[{\"@type\":\"ListItem\",\"position\":1,\"name\":\"Inici\",\"item\":\"https:\/\/ticsalutsocial.atoom.space\/es\/\"},{\"@type\":\"ListItem\",\"position\":2,\"name\":\"Childcare On &#8211; Escola Bressol\"}]},{\"@type\":\"WebSite\",\"@id\":\"https:\/\/ticsalutsocial.atoom.space\/es\/#website\",\"url\":\"https:\/\/ticsalutsocial.atoom.space\/es\/\",\"name\":\"Fundaci\u00f3 TIC Salut i Social\",\"description\":\"\",\"potentialAction\":[{\"@type\":\"SearchAction\",\"target\":{\"@type\":\"EntryPoint\",\"urlTemplate\":\"https:\/\/ticsalutsocial.atoom.space\/es\/?s={search_term_string}\"},\"query-input\":{\"@type\":\"PropertyValueSpecification\",\"valueRequired\":true,\"valueName\":\"search_term_string\"}}],\"inLanguage\":\"es\"}]}<\/script>\n<!-- \/ Yoast SEO plugin. -->","yoast_head_json":{"title":"Childcare On - Escola Bressol - Fundaci\u00f3 TIC Salut i Social","robots":{"index":"index","follow":"follow","max-snippet":"max-snippet:-1","max-image-preview":"max-image-preview:large","max-video-preview":"max-video-preview:-1"},"canonical":"https:\/\/ticsalutsocial.atoom.space\/es\/app\/childcare-on-escola-bressol\/","og_locale":"es_ES","og_type":"article","og_title":"Childcare On - Escola Bressol - Fundaci\u00f3 TIC Salut i Social","og_url":"https:\/\/ticsalutsocial.atoom.space\/es\/app\/childcare-on-escola-bressol\/","og_site_name":"Fundaci\u00f3 TIC Salut i Social","article_modified_time":"2024-02-28T08:17:36+00:00","twitter_card":"summary_large_image","schema":{"@context":"https:\/\/schema.org","@graph":[{"@type":"WebPage","@id":"https:\/\/ticsalutsocial.atoom.space\/es\/app\/childcare-on-escola-bressol\/","url":"https:\/\/ticsalutsocial.atoom.space\/es\/app\/childcare-on-escola-bressol\/","name":"Childcare On - Escola Bressol - Fundaci\u00f3 TIC Salut i Social","isPartOf":{"@id":"https:\/\/ticsalutsocial.atoom.space\/es\/#website"},"datePublished":"2024-02-06T08:59:24+00:00","dateModified":"2024-02-28T08:17:36+00:00","breadcrumb":{"@id":"https:\/\/ticsalutsocial.atoom.space\/es\/app\/childcare-on-escola-bressol\/#breadcrumb"},"inLanguage":"es","potentialAction":[{"@type":"ReadAction","target":["https:\/\/ticsalutsocial.atoom.space\/es\/app\/childcare-on-escola-bressol\/"]}]},{"@type":"BreadcrumbList","@id":"https:\/\/ticsalutsocial.atoom.space\/es\/app\/childcare-on-escola-bressol\/#breadcrumb","itemListElement":[{"@type":"ListItem","position":1,"name":"Inici","item":"https:\/\/ticsalutsocial.atoom.space\/es\/"},{"@type":"ListItem","position":2,"name":"Childcare On &#8211; Escola Bressol"}]},{"@type":"WebSite","@id":"https:\/\/ticsalutsocial.atoom.space\/es\/#website","url":"https:\/\/ticsalutsocial.atoom.space\/es\/","name":"Fundaci\u00f3 TIC Salut i Social","description":"","potentialAction":[{"@type":"SearchAction","target":{"@type":"EntryPoint","urlTemplate":"https:\/\/ticsalutsocial.atoom.space\/es\/?s={search_term_string}"},"query-input":{"@type":"PropertyValueSpecification","valueRequired":true,"valueName":"search_term_string"}}],"inLanguage":"es"}]}},"_links":{"self":[{"href":"https:\/\/ticsalutsocial.atoom.space\/es\/wp-json\/wp\/v2\/app\/25652","targetHints":{"allow":["GET"]}}],"collection":[{"href":"https:\/\/ticsalutsocial.atoom.space\/es\/wp-json\/wp\/v2\/app"}],"about":[{"href":"https:\/\/ticsalutsocial.atoom.space\/es\/wp-json\/wp\/v2\/types\/app"}],"wp:attachment":[{"href":"https:\/\/ticsalutsocial.atoom.space\/es\/wp-json\/wp\/v2\/media?parent=25652"}],"wp:term":[{"taxonomy":"categoria_app","embeddable":true,"href":"https:\/\/ticsalutsocial.atoom.space\/es\/wp-json\/wp\/v2\/categoria_app?post=25652"},{"taxonomy":"especialitat","embeddable":true,"href":"https:\/\/ticsalutsocial.atoom.space\/es\/wp-json\/wp\/v2\/especialitat?post=25652"},{"taxonomy":"especialitat_social","embeddable":true,"href":"https:\/\/ticsalutsocial.atoom.space\/es\/wp-json\/wp\/v2\/especialitat_social?post=25652"},{"taxonomy":"public","embeddable":true,"href":"https:\/\/ticsalutsocial.atoom.space\/es\/wp-json\/wp\/v2\/public?post=25652"}],"curies":[{"name":"wp","href":"https:\/\/api.w.org\/{rel}","templated":true}]}}

Childcare On es la App Agenda Digital creada específicamente para Escuelas de Educación Infantil. Su misión es la de potenciar la comunicación hacia las familias, de forma individual o grupal, haciéndolas partícipes del día a día de su pequeño.

<p>Childcare On es la App Agenda Digital creada específicamente para Escuelas de Educación Infantil. Su misión es la de potenciar la comunicación hacia las familias, de forma individual o grupal, haciéndolas partícipes del día a día de su pequeño. Con su sistema de comunicación fácil y seguro, personaliza a la vez que mejoras la comunicación desde tu móvil o tableta.</p>
<p><img loading="lazy" decoding="async" class="alignnone wp-image-25358" src="https://ticsalutsocial.atoom.space/wp-content/uploads/2024/01/1-17-169x300.webp" alt="" width="277" height="492" srcset="https://ticsalutsocial.atoom.space/wp-content/uploads/2024/01/1-17-169x300.webp 169w, https://ticsalutsocial.atoom.space/wp-content/uploads/2024/01/1-17.webp 333w" sizes="auto, (max-width: 277px) 100vw, 277px" /> <img loading="lazy" decoding="async" class="alignnone wp-image-25361" src="https://ticsalutsocial.atoom.space/wp-content/uploads/2024/01/2-16-169x300.webp" alt="" width="277" height="492" srcset="https://ticsalutsocial.atoom.space/wp-content/uploads/2024/01/2-16-169x300.webp 169w, https://ticsalutsocial.atoom.space/wp-content/uploads/2024/01/2-16.webp 333w" sizes="auto, (max-width: 277px) 100vw, 277px" /> <img loading="lazy" decoding="async" class="alignnone wp-image-25364" src="https://ticsalutsocial.atoom.space/wp-content/uploads/2024/01/3-16-169x300.webp" alt="" width="277" height="492" srcset="https://ticsalutsocial.atoom.space/wp-content/uploads/2024/01/3-16-169x300.webp 169w, https://ticsalutsocial.atoom.space/wp-content/uploads/2024/01/3-16.webp 333w" sizes="auto, (max-width: 277px) 100vw, 277px" /></p>

<!-- This site is optimized with the Yoast SEO plugin v27.1.1 - https://yoast.com/product/yoast-seo-wordpress/ -->
<title>Childcare On - Escola Bressol - Fundació TIC Salut i Social</title>
<meta name="robots" content="index, follow, max-snippet:-1, max-image-preview:large, max-video-preview:-1" />
<link rel="canonical" href="https://ticsalutsocial.atoom.space/es/app/childcare-on-escola-bressol/" />
<meta property="og:locale" content="es_ES" />
<meta property="og:type" content="article" />
<meta property="og:title" content="Childcare On - Escola Bressol - Fundació TIC Salut i Social" />
<meta property="og:url" content="https://ticsalutsocial.atoom.space/es/app/childcare-on-escola-bressol/" />
<meta property="og:site_name" content="Fundació TIC Salut i Social" />
<meta property="article:modified_time" content="2024-02-28T08:17:36+00:00" />
<meta name="twitter:card" content="summary_large_image" />
<script type="application/ld+json" class="yoast-schema-graph">{"@context":"https://schema.org","@graph":[{"@type":"WebPage","@id":"https://ticsalutsocial.atoom.space/es/app/childcare-on-escola-bressol/","url":"https://ticsalutsocial.atoom.space/es/app/childcare-on-escola-bressol/","name":"Childcare On - Escola Bressol - Fundació TIC Salut i Social","isPartOf":{"@id":"https://ticsalutsocial.atoom.space/es/#website"},"datePublished":"2024-02-06T08:59:24+00:00","dateModified":"2024-02-28T08:17:36+00:00","breadcrumb":{"@id":"https://ticsalutsocial.atoom.space/es/app/childcare-on-escola-bressol/#breadcrumb"},"inLanguage":"es","potentialAction":[{"@type":"ReadAction","target":["https://ticsalutsocial.atoom.space/es/app/childcare-on-escola-bressol/"]}]},{"@type":"BreadcrumbList","@id":"https://ticsalutsocial.atoom.space/es/app/childcare-on-escola-bressol/#breadcrumb","itemListElement":[{"@type":"ListItem","position":1,"name":"Inici","item":"https://ticsalutsocial.atoom.space/es/"},{"@type":"ListItem","position":2,"name":"Childcare On &#8211; Escola Bressol"}]},{"@type":"WebSite","@id":"https://ticsalutsocial.atoom.space/es/#website","url":"https://ticsalutsocial.atoom.space/es/","name":"Fundació TIC Salut i Social","description":"","potentialAction":[{"@type":"SearchAction","target":{"@type":"EntryPoint","urlTemplate":"https://ticsalutsocial.atoom.space/es/?s={search_term_string}"},"query-input":{"@type":"PropertyValueSpecification","valueRequired":true,"valueName":"search_term_string"}}],"inLanguage":"es"}]}</script>
<!-- / Yoast SEO plugin. -->

Childcare On - Escola Bressol - Fundació TIC Salut i Social

Fundació TIC Salut i Social
