
{"id":25661,"date":"2024-02-01T10:37:03","date_gmt":"2024-02-01T08:37:03","guid":{"rendered":"https:\/\/ticsalutsocial.atoom.space\/app\/moviliza-t\/"},"modified":"2024-02-28T10:25:12","modified_gmt":"2024-02-28T08:25:12","slug":"moviliza-t","status":"publish","type":"app","link":"https:\/\/ticsalutsocial.atoom.space\/es\/app\/moviliza-t\/","title":{"rendered":"Moviliza-T"},"content":{"rendered":"","protected":false},"template":"","categoria_app":[847],"especialitat":[],"especialitat_social":[1052],"public":[874,1110],"class_list":["post-25661","app","type-app","status-publish","hentry","ambit-social-es","categoria_app-altres-apps-es","especialitat_social-accion-comunitaria-y-voluntariado","public-ciudadania","public-professionals-de-lambit-social-es"],"acf":{"icona":"https:\/\/ticsalutsocial.atoom.space\/wp-content\/uploads\/2024\/02\/434x0w.webp","descripcio":"Gracias a la APP Mobiliza-T, las entidades sociales podr\u00e1n dar a conocer su oferta de voluntariado consiguiendo as\u00ed una mayor difusi\u00f3n y demanda de las acciones y, de la misma forma, permitir al voluntario desarrollar la acci\u00f3n m\u00e1s deseada consiguiendo el conjunto de aprendizajes no formales derivados de esta actividad y siendo acreditada esta adquisici\u00f3n a trav\u00e9s de un certificado oficial.","contenido":{"definicio":"<p>Gracias a la APP Mobiliza-T, las entidades sociales podr\u00e1n dar a conocer su oferta de voluntariado consiguiendo as\u00ed una mayor difusi\u00f3n y demanda de las acciones y, de la misma forma, permitir al voluntario desarrollar la acci\u00f3n m\u00e1s deseada consiguiendo el conjunto de aprendizajes no formales derivados de esta actividad y siendo acreditada esta adquisici\u00f3n a trav\u00e9s de un certificado oficial. El objetivo de esta herramienta es fomentar la promoci\u00f3n y participaci\u00f3n de voluntariado creando un recurso que facilite el contacto y la informaci\u00f3n entre la entidad de voluntariado (oferta de voluntariado) y el voluntario (demanda de voluntariado).<\/p>\n","captures":["https:\/\/ticsalutsocial.atoom.space\/wp-content\/uploads\/2024\/02\/1.webp","https:\/\/ticsalutsocial.atoom.space\/wp-content\/uploads\/2024\/02\/2.webp","https:\/\/ticsalutsocial.atoom.space\/wp-content\/uploads\/2024\/02\/3.webp"],"informacio":"","informacio_list":{"desenvolupador":"","cost":"Gratuita","versio_revisada":"1.0.010 (Android), 1.0.015 (IOS)","data_revisio":"7\/08\/2023 (Android), 23\/08\/2023 (IOS)","narc_referencia":"Xarxanet","especialitat":"Acci\u00f3n comunitaria y voluntariado","adrecat_a":"Ciudadan\u00eda y profesionales"},"links_descarrega":{"googleplay":"https:\/\/play.google.com\/store\/apps\/details?id=com.im3dia.movilizat","appstore":"https:\/\/apps.apple.com\/es\/app\/moviliza-t\/id1274983254?l=ca"},"etiqueta_short":false,"etiqueta_long":false,"prospecte":""}},"yoast_head":"<!-- This site is optimized with the Yoast SEO plugin v27.1.1 - https:\/\/yoast.com\/product\/yoast-seo-wordpress\/ -->\n<title>Moviliza-T - Fundaci\u00f3 TIC Salut i Social<\/title>\n<meta name=\"robots\" content=\"index, follow, max-snippet:-1, max-image-preview:large, max-video-preview:-1\" \/>\n<link rel=\"canonical\" href=\"https:\/\/ticsalutsocial.atoom.space\/es\/app\/moviliza-t\/\" \/>\n<meta property=\"og:locale\" content=\"es_ES\" \/>\n<meta property=\"og:type\" content=\"article\" \/>\n<meta property=\"og:title\" content=\"Moviliza-T - Fundaci\u00f3 TIC Salut i Social\" \/>\n<meta property=\"og:url\" content=\"https:\/\/ticsalutsocial.atoom.space\/es\/app\/moviliza-t\/\" \/>\n<meta property=\"og:site_name\" content=\"Fundaci\u00f3 TIC Salut i Social\" \/>\n<meta property=\"article:modified_time\" content=\"2024-02-28T08:25:12+00:00\" \/>\n<meta name=\"twitter:card\" content=\"summary_large_image\" \/>\n<script type=\"application\/ld+json\" class=\"yoast-schema-graph\">{\"@context\":\"https:\/\/schema.org\",\"@graph\":[{\"@type\":\"WebPage\",\"@id\":\"https:\/\/ticsalutsocial.atoom.space\/es\/app\/moviliza-t\/\",\"url\":\"https:\/\/ticsalutsocial.atoom.space\/es\/app\/moviliza-t\/\",\"name\":\"Moviliza-T - Fundaci\u00f3 TIC Salut i Social\",\"isPartOf\":{\"@id\":\"https:\/\/ticsalutsocial.atoom.space\/es\/#website\"},\"datePublished\":\"2024-02-01T08:37:03+00:00\",\"dateModified\":\"2024-02-28T08:25:12+00:00\",\"breadcrumb\":{\"@id\":\"https:\/\/ticsalutsocial.atoom.space\/es\/app\/moviliza-t\/#breadcrumb\"},\"inLanguage\":\"es\",\"potentialAction\":[{\"@type\":\"ReadAction\",\"target\":[\"https:\/\/ticsalutsocial.atoom.space\/es\/app\/moviliza-t\/\"]}]},{\"@type\":\"BreadcrumbList\",\"@id\":\"https:\/\/ticsalutsocial.atoom.space\/es\/app\/moviliza-t\/#breadcrumb\",\"itemListElement\":[{\"@type\":\"ListItem\",\"position\":1,\"name\":\"Inici\",\"item\":\"https:\/\/ticsalutsocial.atoom.space\/es\/\"},{\"@type\":\"ListItem\",\"position\":2,\"name\":\"Moviliza-T\"}]},{\"@type\":\"WebSite\",\"@id\":\"https:\/\/ticsalutsocial.atoom.space\/es\/#website\",\"url\":\"https:\/\/ticsalutsocial.atoom.space\/es\/\",\"name\":\"Fundaci\u00f3 TIC Salut i Social\",\"description\":\"\",\"potentialAction\":[{\"@type\":\"SearchAction\",\"target\":{\"@type\":\"EntryPoint\",\"urlTemplate\":\"https:\/\/ticsalutsocial.atoom.space\/es\/?s={search_term_string}\"},\"query-input\":{\"@type\":\"PropertyValueSpecification\",\"valueRequired\":true,\"valueName\":\"search_term_string\"}}],\"inLanguage\":\"es\"}]}<\/script>\n<!-- \/ Yoast SEO plugin. -->","yoast_head_json":{"title":"Moviliza-T - Fundaci\u00f3 TIC Salut i Social","robots":{"index":"index","follow":"follow","max-snippet":"max-snippet:-1","max-image-preview":"max-image-preview:large","max-video-preview":"max-video-preview:-1"},"canonical":"https:\/\/ticsalutsocial.atoom.space\/es\/app\/moviliza-t\/","og_locale":"es_ES","og_type":"article","og_title":"Moviliza-T - Fundaci\u00f3 TIC Salut i Social","og_url":"https:\/\/ticsalutsocial.atoom.space\/es\/app\/moviliza-t\/","og_site_name":"Fundaci\u00f3 TIC Salut i Social","article_modified_time":"2024-02-28T08:25:12+00:00","twitter_card":"summary_large_image","schema":{"@context":"https:\/\/schema.org","@graph":[{"@type":"WebPage","@id":"https:\/\/ticsalutsocial.atoom.space\/es\/app\/moviliza-t\/","url":"https:\/\/ticsalutsocial.atoom.space\/es\/app\/moviliza-t\/","name":"Moviliza-T - Fundaci\u00f3 TIC Salut i Social","isPartOf":{"@id":"https:\/\/ticsalutsocial.atoom.space\/es\/#website"},"datePublished":"2024-02-01T08:37:03+00:00","dateModified":"2024-02-28T08:25:12+00:00","breadcrumb":{"@id":"https:\/\/ticsalutsocial.atoom.space\/es\/app\/moviliza-t\/#breadcrumb"},"inLanguage":"es","potentialAction":[{"@type":"ReadAction","target":["https:\/\/ticsalutsocial.atoom.space\/es\/app\/moviliza-t\/"]}]},{"@type":"BreadcrumbList","@id":"https:\/\/ticsalutsocial.atoom.space\/es\/app\/moviliza-t\/#breadcrumb","itemListElement":[{"@type":"ListItem","position":1,"name":"Inici","item":"https:\/\/ticsalutsocial.atoom.space\/es\/"},{"@type":"ListItem","position":2,"name":"Moviliza-T"}]},{"@type":"WebSite","@id":"https:\/\/ticsalutsocial.atoom.space\/es\/#website","url":"https:\/\/ticsalutsocial.atoom.space\/es\/","name":"Fundaci\u00f3 TIC Salut i Social","description":"","potentialAction":[{"@type":"SearchAction","target":{"@type":"EntryPoint","urlTemplate":"https:\/\/ticsalutsocial.atoom.space\/es\/?s={search_term_string}"},"query-input":{"@type":"PropertyValueSpecification","valueRequired":true,"valueName":"search_term_string"}}],"inLanguage":"es"}]}},"_links":{"self":[{"href":"https:\/\/ticsalutsocial.atoom.space\/es\/wp-json\/wp\/v2\/app\/25661","targetHints":{"allow":["GET"]}}],"collection":[{"href":"https:\/\/ticsalutsocial.atoom.space\/es\/wp-json\/wp\/v2\/app"}],"about":[{"href":"https:\/\/ticsalutsocial.atoom.space\/es\/wp-json\/wp\/v2\/types\/app"}],"wp:attachment":[{"href":"https:\/\/ticsalutsocial.atoom.space\/es\/wp-json\/wp\/v2\/media?parent=25661"}],"wp:term":[{"taxonomy":"categoria_app","embeddable":true,"href":"https:\/\/ticsalutsocial.atoom.space\/es\/wp-json\/wp\/v2\/categoria_app?post=25661"},{"taxonomy":"especialitat","embeddable":true,"href":"https:\/\/ticsalutsocial.atoom.space\/es\/wp-json\/wp\/v2\/especialitat?post=25661"},{"taxonomy":"especialitat_social","embeddable":true,"href":"https:\/\/ticsalutsocial.atoom.space\/es\/wp-json\/wp\/v2\/especialitat_social?post=25661"},{"taxonomy":"public","embeddable":true,"href":"https:\/\/ticsalutsocial.atoom.space\/es\/wp-json\/wp\/v2\/public?post=25661"}],"curies":[{"name":"wp","href":"https:\/\/api.w.org\/{rel}","templated":true}]}}

Gracias a la APP Mobiliza-T, las entidades sociales podrán dar a conocer su oferta de voluntariado consiguiendo así una mayor difusión y demanda de las acciones y, de la misma forma, permitir al voluntario desarrollar la acción más deseada consiguiendo el conjunto de aprendizajes no formales derivados de esta actividad y siendo acreditada esta adquisición a través de un certificado oficial.

<p>Gracias a la APP Mobiliza-T, las entidades sociales podrán dar a conocer su oferta de voluntariado consiguiendo así una mayor difusión y demanda de las acciones y, de la misma forma, permitir al voluntario desarrollar la acción más deseada consiguiendo el conjunto de aprendizajes no formales derivados de esta actividad y siendo acreditada esta adquisición a través de un certificado oficial. El objetivo de esta herramienta es fomentar la promoción y participación de voluntariado creando un recurso que facilite el contacto y la información entre la entidad de voluntariado (oferta de voluntariado) y el voluntario (demanda de voluntariado).</p>

Acción comunitaria y voluntariado

Ciudadanía y profesionales

<!-- This site is optimized with the Yoast SEO plugin v27.1.1 - https://yoast.com/product/yoast-seo-wordpress/ -->
<title>Moviliza-T - Fundació TIC Salut i Social</title>
<meta name="robots" content="index, follow, max-snippet:-1, max-image-preview:large, max-video-preview:-1" />
<link rel="canonical" href="https://ticsalutsocial.atoom.space/es/app/moviliza-t/" />
<meta property="og:locale" content="es_ES" />
<meta property="og:type" content="article" />
<meta property="og:title" content="Moviliza-T - Fundació TIC Salut i Social" />
<meta property="og:url" content="https://ticsalutsocial.atoom.space/es/app/moviliza-t/" />
<meta property="og:site_name" content="Fundació TIC Salut i Social" />
<meta property="article:modified_time" content="2024-02-28T08:25:12+00:00" />
<meta name="twitter:card" content="summary_large_image" />
<script type="application/ld+json" class="yoast-schema-graph">{"@context":"https://schema.org","@graph":[{"@type":"WebPage","@id":"https://ticsalutsocial.atoom.space/es/app/moviliza-t/","url":"https://ticsalutsocial.atoom.space/es/app/moviliza-t/","name":"Moviliza-T - Fundació TIC Salut i Social","isPartOf":{"@id":"https://ticsalutsocial.atoom.space/es/#website"},"datePublished":"2024-02-01T08:37:03+00:00","dateModified":"2024-02-28T08:25:12+00:00","breadcrumb":{"@id":"https://ticsalutsocial.atoom.space/es/app/moviliza-t/#breadcrumb"},"inLanguage":"es","potentialAction":[{"@type":"ReadAction","target":["https://ticsalutsocial.atoom.space/es/app/moviliza-t/"]}]},{"@type":"BreadcrumbList","@id":"https://ticsalutsocial.atoom.space/es/app/moviliza-t/#breadcrumb","itemListElement":[{"@type":"ListItem","position":1,"name":"Inici","item":"https://ticsalutsocial.atoom.space/es/"},{"@type":"ListItem","position":2,"name":"Moviliza-T"}]},{"@type":"WebSite","@id":"https://ticsalutsocial.atoom.space/es/#website","url":"https://ticsalutsocial.atoom.space/es/","name":"Fundació TIC Salut i Social","description":"","potentialAction":[{"@type":"SearchAction","target":{"@type":"EntryPoint","urlTemplate":"https://ticsalutsocial.atoom.space/es/?s={search_term_string}"},"query-input":{"@type":"PropertyValueSpecification","valueRequired":true,"valueName":"search_term_string"}}],"inLanguage":"es"}]}</script>
<!-- / Yoast SEO plugin. -->

Moviliza-T - Fundació TIC Salut i Social

Fundació TIC Salut i Social
