
{"id":25673,"date":"2024-01-16T11:28:06","date_gmt":"2024-01-16T09:28:06","guid":{"rendered":"https:\/\/ticsalutsocial.atoom.space\/app\/fundacio-f-habitatge-social\/"},"modified":"2024-02-28T10:53:21","modified_gmt":"2024-02-28T08:53:21","slug":"fundacio-f-habitatge-social","status":"publish","type":"app","link":"https:\/\/ticsalutsocial.atoom.space\/es\/app\/fundacio-f-habitatge-social\/","title":{"rendered":"Fundaci\u00f3 F. Habitatge Social"},"content":{"rendered":"","protected":false},"template":"","categoria_app":[847],"especialitat":[],"especialitat_social":[1062,1067],"public":[1115],"class_list":["post-25673","app","type-app","status-publish","hentry","ambit-social-es","categoria_app-altres-apps-es","especialitat_social-vivienda","especialitat_social-pobreza-e-inclusion-social","public-adults-es"],"acf":{"icona":"https:\/\/ticsalutsocial.atoom.space\/wp-content\/uploads\/2024\/01\/434x0w-7.webp","descripcio":"Aplicaci\u00f3n m\u00f3vil que la Fundaci\u00f3n Fomento de la Vivienda Social pone a disposici\u00f3n de sus usuarios de alquiler social para que puedan acceder en tiempo real a los datos de sus contratos de alquiler y suministros, facturaci\u00f3n, vencimientos y otros, y comunicar con la entidad necesitados e incidencias en las viviendas.","public":"<p>Adultos<\/p>\n","contenido":{"definicio":"<p>Aplicaci\u00f3n m\u00f3vil que la Fundaci\u00f3n Fomento de la Vivienda Social pone a disposici\u00f3n de sus usuarios de alquiler social para que puedan acceder en tiempo real a los datos de sus contratos de alquiler y suministros, facturaci\u00f3n, vencimientos y otros, y comunicar con la entidad necesitados e incidencias en las viviendas.<\/p>\n","captures":["https:\/\/ticsalutsocial.atoom.space\/wp-content\/uploads\/2024\/01\/1-9.webp","https:\/\/ticsalutsocial.atoom.space\/wp-content\/uploads\/2024\/01\/2-8.webp","https:\/\/ticsalutsocial.atoom.space\/wp-content\/uploads\/2024\/01\/3-8.webp"],"informacio":"","informacio_list":{"desenvolupador":"","cost":"Gratuita","versio_revisada":"2.1.1 (Android), 2.1.1 (iOS)","data_revisio":"16\/10\/2023 (Google Play), 17\/10\/2023 (App Store)","narc_referencia":"Fundaci\u00f3n Fomento Vivienda Social","especialitat":"Vivienda, Pobreza e inclusi\u00f3n social","adrecat_a":"Adultos"},"links_descarrega":{"googleplay":"https:\/\/play.google.com\/store\/apps\/details?id=com.prinex.sic1028&hl=ca&gl=ES","appstore":"https:\/\/apps.apple.com\/es\/app\/fundaci%C3%B3-f-habitatge-social\/id1478615750?l=ca"},"etiqueta_short":false,"etiqueta_long":false,"prospecte":""}},"yoast_head":"<!-- This site is optimized with the Yoast SEO plugin v27.1.1 - https:\/\/yoast.com\/product\/yoast-seo-wordpress\/ -->\n<title>Fundaci\u00f3 F. Habitatge Social - Fundaci\u00f3 TIC Salut i Social<\/title>\n<meta name=\"robots\" content=\"index, follow, max-snippet:-1, max-image-preview:large, max-video-preview:-1\" \/>\n<link rel=\"canonical\" href=\"https:\/\/ticsalutsocial.atoom.space\/es\/app\/fundacio-f-habitatge-social\/\" \/>\n<meta property=\"og:locale\" content=\"es_ES\" \/>\n<meta property=\"og:type\" content=\"article\" \/>\n<meta property=\"og:title\" content=\"Fundaci\u00f3 F. Habitatge Social - Fundaci\u00f3 TIC Salut i Social\" \/>\n<meta property=\"og:url\" content=\"https:\/\/ticsalutsocial.atoom.space\/es\/app\/fundacio-f-habitatge-social\/\" \/>\n<meta property=\"og:site_name\" content=\"Fundaci\u00f3 TIC Salut i Social\" \/>\n<meta property=\"article:modified_time\" content=\"2024-02-28T08:53:21+00:00\" \/>\n<meta name=\"twitter:card\" content=\"summary_large_image\" \/>\n<script type=\"application\/ld+json\" class=\"yoast-schema-graph\">{\"@context\":\"https:\/\/schema.org\",\"@graph\":[{\"@type\":\"WebPage\",\"@id\":\"https:\/\/ticsalutsocial.atoom.space\/es\/app\/fundacio-f-habitatge-social\/\",\"url\":\"https:\/\/ticsalutsocial.atoom.space\/es\/app\/fundacio-f-habitatge-social\/\",\"name\":\"Fundaci\u00f3 F. Habitatge Social - Fundaci\u00f3 TIC Salut i Social\",\"isPartOf\":{\"@id\":\"https:\/\/ticsalutsocial.atoom.space\/es\/#website\"},\"datePublished\":\"2024-01-16T09:28:06+00:00\",\"dateModified\":\"2024-02-28T08:53:21+00:00\",\"breadcrumb\":{\"@id\":\"https:\/\/ticsalutsocial.atoom.space\/es\/app\/fundacio-f-habitatge-social\/#breadcrumb\"},\"inLanguage\":\"es\",\"potentialAction\":[{\"@type\":\"ReadAction\",\"target\":[\"https:\/\/ticsalutsocial.atoom.space\/es\/app\/fundacio-f-habitatge-social\/\"]}]},{\"@type\":\"BreadcrumbList\",\"@id\":\"https:\/\/ticsalutsocial.atoom.space\/es\/app\/fundacio-f-habitatge-social\/#breadcrumb\",\"itemListElement\":[{\"@type\":\"ListItem\",\"position\":1,\"name\":\"Inici\",\"item\":\"https:\/\/ticsalutsocial.atoom.space\/es\/\"},{\"@type\":\"ListItem\",\"position\":2,\"name\":\"Fundaci\u00f3 F. Habitatge Social\"}]},{\"@type\":\"WebSite\",\"@id\":\"https:\/\/ticsalutsocial.atoom.space\/es\/#website\",\"url\":\"https:\/\/ticsalutsocial.atoom.space\/es\/\",\"name\":\"Fundaci\u00f3 TIC Salut i Social\",\"description\":\"\",\"potentialAction\":[{\"@type\":\"SearchAction\",\"target\":{\"@type\":\"EntryPoint\",\"urlTemplate\":\"https:\/\/ticsalutsocial.atoom.space\/es\/?s={search_term_string}\"},\"query-input\":{\"@type\":\"PropertyValueSpecification\",\"valueRequired\":true,\"valueName\":\"search_term_string\"}}],\"inLanguage\":\"es\"}]}<\/script>\n<!-- \/ Yoast SEO plugin. -->","yoast_head_json":{"title":"Fundaci\u00f3 F. Habitatge Social - Fundaci\u00f3 TIC Salut i Social","robots":{"index":"index","follow":"follow","max-snippet":"max-snippet:-1","max-image-preview":"max-image-preview:large","max-video-preview":"max-video-preview:-1"},"canonical":"https:\/\/ticsalutsocial.atoom.space\/es\/app\/fundacio-f-habitatge-social\/","og_locale":"es_ES","og_type":"article","og_title":"Fundaci\u00f3 F. Habitatge Social - Fundaci\u00f3 TIC Salut i Social","og_url":"https:\/\/ticsalutsocial.atoom.space\/es\/app\/fundacio-f-habitatge-social\/","og_site_name":"Fundaci\u00f3 TIC Salut i Social","article_modified_time":"2024-02-28T08:53:21+00:00","twitter_card":"summary_large_image","schema":{"@context":"https:\/\/schema.org","@graph":[{"@type":"WebPage","@id":"https:\/\/ticsalutsocial.atoom.space\/es\/app\/fundacio-f-habitatge-social\/","url":"https:\/\/ticsalutsocial.atoom.space\/es\/app\/fundacio-f-habitatge-social\/","name":"Fundaci\u00f3 F. Habitatge Social - Fundaci\u00f3 TIC Salut i Social","isPartOf":{"@id":"https:\/\/ticsalutsocial.atoom.space\/es\/#website"},"datePublished":"2024-01-16T09:28:06+00:00","dateModified":"2024-02-28T08:53:21+00:00","breadcrumb":{"@id":"https:\/\/ticsalutsocial.atoom.space\/es\/app\/fundacio-f-habitatge-social\/#breadcrumb"},"inLanguage":"es","potentialAction":[{"@type":"ReadAction","target":["https:\/\/ticsalutsocial.atoom.space\/es\/app\/fundacio-f-habitatge-social\/"]}]},{"@type":"BreadcrumbList","@id":"https:\/\/ticsalutsocial.atoom.space\/es\/app\/fundacio-f-habitatge-social\/#breadcrumb","itemListElement":[{"@type":"ListItem","position":1,"name":"Inici","item":"https:\/\/ticsalutsocial.atoom.space\/es\/"},{"@type":"ListItem","position":2,"name":"Fundaci\u00f3 F. Habitatge Social"}]},{"@type":"WebSite","@id":"https:\/\/ticsalutsocial.atoom.space\/es\/#website","url":"https:\/\/ticsalutsocial.atoom.space\/es\/","name":"Fundaci\u00f3 TIC Salut i Social","description":"","potentialAction":[{"@type":"SearchAction","target":{"@type":"EntryPoint","urlTemplate":"https:\/\/ticsalutsocial.atoom.space\/es\/?s={search_term_string}"},"query-input":{"@type":"PropertyValueSpecification","valueRequired":true,"valueName":"search_term_string"}}],"inLanguage":"es"}]}},"_links":{"self":[{"href":"https:\/\/ticsalutsocial.atoom.space\/es\/wp-json\/wp\/v2\/app\/25673","targetHints":{"allow":["GET"]}}],"collection":[{"href":"https:\/\/ticsalutsocial.atoom.space\/es\/wp-json\/wp\/v2\/app"}],"about":[{"href":"https:\/\/ticsalutsocial.atoom.space\/es\/wp-json\/wp\/v2\/types\/app"}],"wp:attachment":[{"href":"https:\/\/ticsalutsocial.atoom.space\/es\/wp-json\/wp\/v2\/media?parent=25673"}],"wp:term":[{"taxonomy":"categoria_app","embeddable":true,"href":"https:\/\/ticsalutsocial.atoom.space\/es\/wp-json\/wp\/v2\/categoria_app?post=25673"},{"taxonomy":"especialitat","embeddable":true,"href":"https:\/\/ticsalutsocial.atoom.space\/es\/wp-json\/wp\/v2\/especialitat?post=25673"},{"taxonomy":"especialitat_social","embeddable":true,"href":"https:\/\/ticsalutsocial.atoom.space\/es\/wp-json\/wp\/v2\/especialitat_social?post=25673"},{"taxonomy":"public","embeddable":true,"href":"https:\/\/ticsalutsocial.atoom.space\/es\/wp-json\/wp\/v2\/public?post=25673"}],"curies":[{"name":"wp","href":"https:\/\/api.w.org\/{rel}","templated":true}]}}

Fundació F. Habitatge Social

Aplicación móvil que la Fundación Fomento de la Vivienda Social pone a disposición de sus usuarios de alquiler social para que puedan acceder en tiempo real a los datos de sus contratos de alquiler y suministros, facturación, vencimientos y otros, y comunicar con la entidad necesitados e incidencias en las viviendas.

<p>Aplicación móvil que la Fundación Fomento de la Vivienda Social pone a disposición de sus usuarios de alquiler social para que puedan acceder en tiempo real a los datos de sus contratos de alquiler y suministros, facturación, vencimientos y otros, y comunicar con la entidad necesitados e incidencias en las viviendas.</p>

Fundación Fomento Vivienda Social

Vivienda, Pobreza e inclusión social

<!-- This site is optimized with the Yoast SEO plugin v27.1.1 - https://yoast.com/product/yoast-seo-wordpress/ -->
<title>Fundació F. Habitatge Social - Fundació TIC Salut i Social</title>
<meta name="robots" content="index, follow, max-snippet:-1, max-image-preview:large, max-video-preview:-1" />
<link rel="canonical" href="https://ticsalutsocial.atoom.space/es/app/fundacio-f-habitatge-social/" />
<meta property="og:locale" content="es_ES" />
<meta property="og:type" content="article" />
<meta property="og:title" content="Fundació F. Habitatge Social - Fundació TIC Salut i Social" />
<meta property="og:url" content="https://ticsalutsocial.atoom.space/es/app/fundacio-f-habitatge-social/" />
<meta property="og:site_name" content="Fundació TIC Salut i Social" />
<meta property="article:modified_time" content="2024-02-28T08:53:21+00:00" />
<meta name="twitter:card" content="summary_large_image" />
<script type="application/ld+json" class="yoast-schema-graph">{"@context":"https://schema.org","@graph":[{"@type":"WebPage","@id":"https://ticsalutsocial.atoom.space/es/app/fundacio-f-habitatge-social/","url":"https://ticsalutsocial.atoom.space/es/app/fundacio-f-habitatge-social/","name":"Fundació F. Habitatge Social - Fundació TIC Salut i Social","isPartOf":{"@id":"https://ticsalutsocial.atoom.space/es/#website"},"datePublished":"2024-01-16T09:28:06+00:00","dateModified":"2024-02-28T08:53:21+00:00","breadcrumb":{"@id":"https://ticsalutsocial.atoom.space/es/app/fundacio-f-habitatge-social/#breadcrumb"},"inLanguage":"es","potentialAction":[{"@type":"ReadAction","target":["https://ticsalutsocial.atoom.space/es/app/fundacio-f-habitatge-social/"]}]},{"@type":"BreadcrumbList","@id":"https://ticsalutsocial.atoom.space/es/app/fundacio-f-habitatge-social/#breadcrumb","itemListElement":[{"@type":"ListItem","position":1,"name":"Inici","item":"https://ticsalutsocial.atoom.space/es/"},{"@type":"ListItem","position":2,"name":"Fundació F. Habitatge Social"}]},{"@type":"WebSite","@id":"https://ticsalutsocial.atoom.space/es/#website","url":"https://ticsalutsocial.atoom.space/es/","name":"Fundació TIC Salut i Social","description":"","potentialAction":[{"@type":"SearchAction","target":{"@type":"EntryPoint","urlTemplate":"https://ticsalutsocial.atoom.space/es/?s={search_term_string}"},"query-input":{"@type":"PropertyValueSpecification","valueRequired":true,"valueName":"search_term_string"}}],"inLanguage":"es"}]}</script>
<!-- / Yoast SEO plugin. -->

Fundació F. Habitatge Social - Fundació TIC Salut i Social

Fundació TIC Salut i Social
