
{"id":35695,"date":"2026-02-11T12:22:34","date_gmt":"2026-02-11T10:22:34","guid":{"rendered":"https:\/\/ticsalutsocial.atoom.space\/?post_type=app&#038;p=35695"},"modified":"2026-02-11T12:26:52","modified_gmt":"2026-02-11T10:26:52","slug":"prevecan","status":"publish","type":"app","link":"https:\/\/ticsalutsocial.atoom.space\/es\/app\/prevecan\/","title":{"rendered":"PreveCan"},"content":{"rendered":"","protected":false},"template":"","categoria_app":[1183],"especialitat":[864],"especialitat_social":[],"public":[875,878],"class_list":["post-35695","app","type-app","status-publish","hentry","categoria_app-certificacion-2025","especialitat-oncologia","public-personal-cuidador","public-pacient-es"],"acf":{"icona":"https:\/\/ticsalutsocial.atoom.space\/wp-content\/uploads\/2026\/02\/Logo_PreveCan.png","descripcio":"Eval\u00faa los h\u00e1bitos de vida y ofrece recomendaciones personalizadas para ayudar a reducir el riesgo de c\u00e1ncer.","contenido":{"definicio":"<p data-start=\"846\" data-end=\"1059\"><strong data-start=\"846\" data-end=\"858\">PreveCan<\/strong> es una aplicaci\u00f3n m\u00f3vil gratuita desarrollada por personal investigador del ISCIII (CIBERESP) que eval\u00faa los estilos de vida y ofrece recomendaciones personalizadas para reducir el riesgo de c\u00e1ncer.<\/p>\n<p data-start=\"1061\" data-end=\"1320\">Mediante un cuestionario sencillo sobre alimentaci\u00f3n, actividad f\u00edsica, consumo de alcohol y tabaco, exposici\u00f3n solar y otros factores, la app analiza el grado de cumplimiento de las recomendaciones internacionales para la prevenci\u00f3n del c\u00e1ncer (WCRF\/AICR).<\/p>\n<p data-start=\"1322\" data-end=\"1611\">Proporciona un resumen de resultados, consejos personalizados y la opci\u00f3n de descargar un informe detallado. No realiza diagn\u00f3sticos cl\u00ednicos ni calcula el riesgo individual de c\u00e1ncer. Es gratuita, sin publicidad y los datos se almacenan \u00fanicamente en el dispositivo de la persona usuaria.<\/p>\n","captures":["https:\/\/ticsalutsocial.atoom.space\/wp-content\/uploads\/2026\/02\/c1.png","https:\/\/ticsalutsocial.atoom.space\/wp-content\/uploads\/2026\/02\/c2.png","https:\/\/ticsalutsocial.atoom.space\/wp-content\/uploads\/2026\/02\/c3.png","https:\/\/ticsalutsocial.atoom.space\/wp-content\/uploads\/2026\/02\/c4.png"],"informacio":"","informacio_list":{"desenvolupador":"Instituto de Salud Carlos III","cost":"Gratis","versio_revisada":"3.8 (Android), 3.9 (iOS)","data_revisio":"11\/09\/2025 (Android), 25\/11\/2025 (iOS)","narc_referencia":"","especialitat":"Oncolog\u00eda","adrecat_a":"Pacientes"},"links_descarrega":{"googleplay":"http:\/\/play.google.com\/store\/apps\/details?id=com.uah.wcrf&hl=es_419","appstore":"https:\/\/apps.apple.com\/es\/app\/prevecan\/id1577549021"},"etiqueta_short":{"ID":35699,"id":35699,"title":"Etiqueta App Espa\u00f1ol B","filename":"Etiqueta-App-Espanol-B.png","filesize":58185,"url":"https:\/\/ticsalutsocial.atoom.space\/wp-content\/uploads\/2026\/02\/Etiqueta-App-Espanol-B.png","link":"https:\/\/ticsalutsocial.atoom.space\/es\/app\/prevecan\/etiqueta-app-espanol-b-4\/","alt":"","author":"20","description":"","caption":"","name":"etiqueta-app-espanol-b-4","status":"inherit","uploaded_to":35695,"date":"2026-02-11 10:26:00","modified":"2026-02-11 10:26:00","menu_order":0,"mime_type":"image\/png","type":"image","subtype":"png","icon":"https:\/\/ticsalutsocial.atoom.space\/wp-includes\/images\/media\/default.png","width":600,"height":850,"sizes":{"thumbnail":"https:\/\/ticsalutsocial.atoom.space\/wp-content\/uploads\/2026\/02\/Etiqueta-App-Espanol-B-150x150.png","thumbnail-width":150,"thumbnail-height":150,"medium":"https:\/\/ticsalutsocial.atoom.space\/wp-content\/uploads\/2026\/02\/Etiqueta-App-Espanol-B-212x300.png","medium-width":212,"medium-height":300,"medium_large":"https:\/\/ticsalutsocial.atoom.space\/wp-content\/uploads\/2026\/02\/Etiqueta-App-Espanol-B.png","medium_large-width":600,"medium_large-height":850,"large":"https:\/\/ticsalutsocial.atoom.space\/wp-content\/uploads\/2026\/02\/Etiqueta-App-Espanol-B.png","large-width":600,"large-height":850,"1536x1536":"https:\/\/ticsalutsocial.atoom.space\/wp-content\/uploads\/2026\/02\/Etiqueta-App-Espanol-B.png","1536x1536-width":600,"1536x1536-height":850,"2048x2048":"https:\/\/ticsalutsocial.atoom.space\/wp-content\/uploads\/2026\/02\/Etiqueta-App-Espanol-B.png","2048x2048-width":600,"2048x2048-height":850}},"etiqueta_long":{"ID":35702,"id":35702,"title":"Etiqueta App Espa\u00f1ol A","filename":"Etiqueta-App-Espanol-A-1.png","filesize":111580,"url":"https:\/\/ticsalutsocial.atoom.space\/wp-content\/uploads\/2026\/02\/Etiqueta-App-Espanol-A-1.png","link":"https:\/\/ticsalutsocial.atoom.space\/es\/app\/prevecan\/etiqueta-app-espanol-a-5\/","alt":"","author":"20","description":"","caption":"","name":"etiqueta-app-espanol-a-5","status":"inherit","uploaded_to":35695,"date":"2026-02-11 10:26:13","modified":"2026-02-11 10:26:13","menu_order":0,"mime_type":"image\/png","type":"image","subtype":"png","icon":"https:\/\/ticsalutsocial.atoom.space\/wp-includes\/images\/media\/default.png","width":600,"height":850,"sizes":{"thumbnail":"https:\/\/ticsalutsocial.atoom.space\/wp-content\/uploads\/2026\/02\/Etiqueta-App-Espanol-A-1-150x150.png","thumbnail-width":150,"thumbnail-height":150,"medium":"https:\/\/ticsalutsocial.atoom.space\/wp-content\/uploads\/2026\/02\/Etiqueta-App-Espanol-A-1-212x300.png","medium-width":212,"medium-height":300,"medium_large":"https:\/\/ticsalutsocial.atoom.space\/wp-content\/uploads\/2026\/02\/Etiqueta-App-Espanol-A-1.png","medium_large-width":600,"medium_large-height":850,"large":"https:\/\/ticsalutsocial.atoom.space\/wp-content\/uploads\/2026\/02\/Etiqueta-App-Espanol-A-1.png","large-width":600,"large-height":850,"1536x1536":"https:\/\/ticsalutsocial.atoom.space\/wp-content\/uploads\/2026\/02\/Etiqueta-App-Espanol-A-1.png","1536x1536-width":600,"1536x1536-height":850,"2048x2048":"https:\/\/ticsalutsocial.atoom.space\/wp-content\/uploads\/2026\/02\/Etiqueta-App-Espanol-A-1.png","2048x2048-width":600,"2048x2048-height":850}},"prospecte":""},"grau_certificacio":{"grau_general":"B","contingut_fiable":"B","disseny_accessible":"C","dades_segures":"B","tecnologia_robusta":"B"}},"yoast_head":"<!-- This site is optimized with the Yoast SEO plugin v27.1.1 - https:\/\/yoast.com\/product\/yoast-seo-wordpress\/ -->\n<title>PreveCan - Fundaci\u00f3 TIC Salut i Social<\/title>\n<meta name=\"robots\" content=\"index, follow, max-snippet:-1, max-image-preview:large, max-video-preview:-1\" \/>\n<link rel=\"canonical\" href=\"https:\/\/ticsalutsocial.atoom.space\/es\/app\/prevecan\/\" \/>\n<meta property=\"og:locale\" content=\"es_ES\" \/>\n<meta property=\"og:type\" content=\"article\" \/>\n<meta property=\"og:title\" content=\"PreveCan - Fundaci\u00f3 TIC Salut i Social\" \/>\n<meta property=\"og:url\" content=\"https:\/\/ticsalutsocial.atoom.space\/es\/app\/prevecan\/\" \/>\n<meta property=\"og:site_name\" content=\"Fundaci\u00f3 TIC Salut i Social\" \/>\n<meta property=\"article:modified_time\" content=\"2026-02-11T10:26:52+00:00\" \/>\n<meta name=\"twitter:card\" content=\"summary_large_image\" \/>\n<script type=\"application\/ld+json\" class=\"yoast-schema-graph\">{\"@context\":\"https:\/\/schema.org\",\"@graph\":[{\"@type\":\"WebPage\",\"@id\":\"https:\/\/ticsalutsocial.atoom.space\/es\/app\/prevecan\/\",\"url\":\"https:\/\/ticsalutsocial.atoom.space\/es\/app\/prevecan\/\",\"name\":\"PreveCan - Fundaci\u00f3 TIC Salut i Social\",\"isPartOf\":{\"@id\":\"https:\/\/ticsalutsocial.atoom.space\/es\/#website\"},\"datePublished\":\"2026-02-11T10:22:34+00:00\",\"dateModified\":\"2026-02-11T10:26:52+00:00\",\"breadcrumb\":{\"@id\":\"https:\/\/ticsalutsocial.atoom.space\/es\/app\/prevecan\/#breadcrumb\"},\"inLanguage\":\"es\",\"potentialAction\":[{\"@type\":\"ReadAction\",\"target\":[\"https:\/\/ticsalutsocial.atoom.space\/es\/app\/prevecan\/\"]}]},{\"@type\":\"BreadcrumbList\",\"@id\":\"https:\/\/ticsalutsocial.atoom.space\/es\/app\/prevecan\/#breadcrumb\",\"itemListElement\":[{\"@type\":\"ListItem\",\"position\":1,\"name\":\"Inici\",\"item\":\"https:\/\/ticsalutsocial.atoom.space\/es\/\"},{\"@type\":\"ListItem\",\"position\":2,\"name\":\"PreveCan\"}]},{\"@type\":\"WebSite\",\"@id\":\"https:\/\/ticsalutsocial.atoom.space\/es\/#website\",\"url\":\"https:\/\/ticsalutsocial.atoom.space\/es\/\",\"name\":\"Fundaci\u00f3 TIC Salut i Social\",\"description\":\"\",\"potentialAction\":[{\"@type\":\"SearchAction\",\"target\":{\"@type\":\"EntryPoint\",\"urlTemplate\":\"https:\/\/ticsalutsocial.atoom.space\/es\/?s={search_term_string}\"},\"query-input\":{\"@type\":\"PropertyValueSpecification\",\"valueRequired\":true,\"valueName\":\"search_term_string\"}}],\"inLanguage\":\"es\"}]}<\/script>\n<!-- \/ Yoast SEO plugin. -->","yoast_head_json":{"title":"PreveCan - Fundaci\u00f3 TIC Salut i Social","robots":{"index":"index","follow":"follow","max-snippet":"max-snippet:-1","max-image-preview":"max-image-preview:large","max-video-preview":"max-video-preview:-1"},"canonical":"https:\/\/ticsalutsocial.atoom.space\/es\/app\/prevecan\/","og_locale":"es_ES","og_type":"article","og_title":"PreveCan - Fundaci\u00f3 TIC Salut i Social","og_url":"https:\/\/ticsalutsocial.atoom.space\/es\/app\/prevecan\/","og_site_name":"Fundaci\u00f3 TIC Salut i Social","article_modified_time":"2026-02-11T10:26:52+00:00","twitter_card":"summary_large_image","schema":{"@context":"https:\/\/schema.org","@graph":[{"@type":"WebPage","@id":"https:\/\/ticsalutsocial.atoom.space\/es\/app\/prevecan\/","url":"https:\/\/ticsalutsocial.atoom.space\/es\/app\/prevecan\/","name":"PreveCan - Fundaci\u00f3 TIC Salut i Social","isPartOf":{"@id":"https:\/\/ticsalutsocial.atoom.space\/es\/#website"},"datePublished":"2026-02-11T10:22:34+00:00","dateModified":"2026-02-11T10:26:52+00:00","breadcrumb":{"@id":"https:\/\/ticsalutsocial.atoom.space\/es\/app\/prevecan\/#breadcrumb"},"inLanguage":"es","potentialAction":[{"@type":"ReadAction","target":["https:\/\/ticsalutsocial.atoom.space\/es\/app\/prevecan\/"]}]},{"@type":"BreadcrumbList","@id":"https:\/\/ticsalutsocial.atoom.space\/es\/app\/prevecan\/#breadcrumb","itemListElement":[{"@type":"ListItem","position":1,"name":"Inici","item":"https:\/\/ticsalutsocial.atoom.space\/es\/"},{"@type":"ListItem","position":2,"name":"PreveCan"}]},{"@type":"WebSite","@id":"https:\/\/ticsalutsocial.atoom.space\/es\/#website","url":"https:\/\/ticsalutsocial.atoom.space\/es\/","name":"Fundaci\u00f3 TIC Salut i Social","description":"","potentialAction":[{"@type":"SearchAction","target":{"@type":"EntryPoint","urlTemplate":"https:\/\/ticsalutsocial.atoom.space\/es\/?s={search_term_string}"},"query-input":{"@type":"PropertyValueSpecification","valueRequired":true,"valueName":"search_term_string"}}],"inLanguage":"es"}]}},"_links":{"self":[{"href":"https:\/\/ticsalutsocial.atoom.space\/es\/wp-json\/wp\/v2\/app\/35695","targetHints":{"allow":["GET"]}}],"collection":[{"href":"https:\/\/ticsalutsocial.atoom.space\/es\/wp-json\/wp\/v2\/app"}],"about":[{"href":"https:\/\/ticsalutsocial.atoom.space\/es\/wp-json\/wp\/v2\/types\/app"}],"wp:attachment":[{"href":"https:\/\/ticsalutsocial.atoom.space\/es\/wp-json\/wp\/v2\/media?parent=35695"}],"wp:term":[{"taxonomy":"categoria_app","embeddable":true,"href":"https:\/\/ticsalutsocial.atoom.space\/es\/wp-json\/wp\/v2\/categoria_app?post=35695"},{"taxonomy":"especialitat","embeddable":true,"href":"https:\/\/ticsalutsocial.atoom.space\/es\/wp-json\/wp\/v2\/especialitat?post=35695"},{"taxonomy":"especialitat_social","embeddable":true,"href":"https:\/\/ticsalutsocial.atoom.space\/es\/wp-json\/wp\/v2\/especialitat_social?post=35695"},{"taxonomy":"public","embeddable":true,"href":"https:\/\/ticsalutsocial.atoom.space\/es\/wp-json\/wp\/v2\/public?post=35695"}],"curies":[{"name":"wp","href":"https:\/\/api.w.org\/{rel}","templated":true}]}}

Evalúa los hábitos de vida y ofrece recomendaciones personalizadas para ayudar a reducir el riesgo de cáncer.

<p data-start="846" data-end="1059"><strong data-start="846" data-end="858">PreveCan</strong> es una aplicación móvil gratuita desarrollada por personal investigador del ISCIII (CIBERESP) que evalúa los estilos de vida y ofrece recomendaciones personalizadas para reducir el riesgo de cáncer.</p>
<p data-start="1061" data-end="1320">Mediante un cuestionario sencillo sobre alimentación, actividad física, consumo de alcohol y tabaco, exposición solar y otros factores, la app analiza el grado de cumplimiento de las recomendaciones internacionales para la prevención del cáncer (WCRF/AICR).</p>
<p data-start="1322" data-end="1611">Proporciona un resumen de resultados, consejos personalizados y la opción de descargar un informe detallado. No realiza diagnósticos clínicos ni calcula el riesgo individual de cáncer. Es gratuita, sin publicidad y los datos se almacenan únicamente en el dispositivo de la persona usuaria.</p>

Oncología

Etiqueta App Español B

Etiqueta App Español A

<!-- This site is optimized with the Yoast SEO plugin v27.1.1 - https://yoast.com/product/yoast-seo-wordpress/ -->
<title>PreveCan - Fundació TIC Salut i Social</title>
<meta name="robots" content="index, follow, max-snippet:-1, max-image-preview:large, max-video-preview:-1" />
<link rel="canonical" href="https://ticsalutsocial.atoom.space/es/app/prevecan/" />
<meta property="og:locale" content="es_ES" />
<meta property="og:type" content="article" />
<meta property="og:title" content="PreveCan - Fundació TIC Salut i Social" />
<meta property="og:url" content="https://ticsalutsocial.atoom.space/es/app/prevecan/" />
<meta property="og:site_name" content="Fundació TIC Salut i Social" />
<meta property="article:modified_time" content="2026-02-11T10:26:52+00:00" />
<meta name="twitter:card" content="summary_large_image" />
<script type="application/ld+json" class="yoast-schema-graph">{"@context":"https://schema.org","@graph":[{"@type":"WebPage","@id":"https://ticsalutsocial.atoom.space/es/app/prevecan/","url":"https://ticsalutsocial.atoom.space/es/app/prevecan/","name":"PreveCan - Fundació TIC Salut i Social","isPartOf":{"@id":"https://ticsalutsocial.atoom.space/es/#website"},"datePublished":"2026-02-11T10:22:34+00:00","dateModified":"2026-02-11T10:26:52+00:00","breadcrumb":{"@id":"https://ticsalutsocial.atoom.space/es/app/prevecan/#breadcrumb"},"inLanguage":"es","potentialAction":[{"@type":"ReadAction","target":["https://ticsalutsocial.atoom.space/es/app/prevecan/"]}]},{"@type":"BreadcrumbList","@id":"https://ticsalutsocial.atoom.space/es/app/prevecan/#breadcrumb","itemListElement":[{"@type":"ListItem","position":1,"name":"Inici","item":"https://ticsalutsocial.atoom.space/es/"},{"@type":"ListItem","position":2,"name":"PreveCan"}]},{"@type":"WebSite","@id":"https://ticsalutsocial.atoom.space/es/#website","url":"https://ticsalutsocial.atoom.space/es/","name":"Fundació TIC Salut i Social","description":"","potentialAction":[{"@type":"SearchAction","target":{"@type":"EntryPoint","urlTemplate":"https://ticsalutsocial.atoom.space/es/?s={search_term_string}"},"query-input":{"@type":"PropertyValueSpecification","valueRequired":true,"valueName":"search_term_string"}}],"inLanguage":"es"}]}</script>
<!-- / Yoast SEO plugin. -->

PreveCan - Fundació TIC Salut i Social

Fundació TIC Salut i Social
