
{"id":13772,"date":"2022-07-20T09:04:03","date_gmt":"2022-07-20T07:04:03","guid":{"rendered":"https:\/\/ticsalutsocial.atoom.space\/event\/vi-immersio-estrategica-cluster-de-salut-mental-de-catalunya\/"},"modified":"2022-07-20T09:04:03","modified_gmt":"2022-07-20T07:04:03","slug":"vi-immersio-estrategica-cluster-de-salut-mental-de-catalunya","status":"publish","type":"event","link":"https:\/\/ticsalutsocial.atoom.space\/es\/event\/vi-immersio-estrategica-cluster-de-salut-mental-de-catalunya\/","title":{"rendered":"VI Immersi\u00f3 Estrat\u00e8gica Cl\u00faster de Salut Mental de Catalunya"},"content":{"rendered":"\n<p>Jornada anual amb objectiu de reunir als membres associats del CSMC i poder reflexionar en clau estrat\u00e8gica sobre els reptes de futur. Per promoure la innovaci\u00f3 i noves oportunitats de negoci entre tots els professionals dels sectors de la salut mental, les neuroci\u00e8ncies, l\u2019envelliment i l\u2019autonomia. La primera part de la jornada inclour\u00e0 una activitat ludicofestiva de&nbsp;<em>team building<\/em>.<\/p>\n","protected":false},"featured_media":0,"menu_order":0,"template":"","meta":{"_acf_changed":false,"inline_featured_image":false},"tipus":[],"topic":[14],"class_list":["post-13772","event","type-event","status-publish","hentry","topic-jornades"],"acf":{"informacio":{"ubicacio":" Estany de Banyoles","data":"20\/09\/2022","hora":"10:00","preu":"","inscripcions":"https:\/\/www.clustersalutmental.com\/js_events\/vi-jornada-immersio-estrategica-csmc-save-the-date\/"},"programa":{"titol":"","items":false}},"yoast_head":"<!-- This site is optimized with the Yoast SEO plugin v27.1.1 - https:\/\/yoast.com\/product\/yoast-seo-wordpress\/ -->\n<title>VI Immersi\u00f3 Estrat\u00e8gica Cl\u00faster de Salut Mental de Catalunya - Fundaci\u00f3 TIC Salut i Social<\/title>\n<meta name=\"robots\" content=\"index, follow, max-snippet:-1, max-image-preview:large, max-video-preview:-1\" \/>\n<link rel=\"canonical\" href=\"https:\/\/ticsalutsocial.atoom.space\/es\/event\/vi-immersio-estrategica-cluster-de-salut-mental-de-catalunya\/\" \/>\n<meta property=\"og:locale\" content=\"es_ES\" \/>\n<meta property=\"og:type\" content=\"article\" \/>\n<meta property=\"og:title\" content=\"VI Immersi\u00f3 Estrat\u00e8gica Cl\u00faster de Salut Mental de Catalunya - Fundaci\u00f3 TIC Salut i Social\" \/>\n<meta property=\"og:description\" content=\"Jornada anual amb objectiu de reunir als membres associats del CSMC i poder reflexionar en clau estrat\u00e8gica sobre els reptes de futur. Per promoure la innovaci\u00f3 i noves oportunitats de negoci entre tots els professionals dels sectors de la salut mental, les neuroci\u00e8ncies, l\u2019envelliment i l\u2019autonomia. La primera part de la jornada inclour\u00e0 una activitat [&hellip;]\" \/>\n<meta property=\"og:url\" content=\"https:\/\/ticsalutsocial.atoom.space\/es\/event\/vi-immersio-estrategica-cluster-de-salut-mental-de-catalunya\/\" \/>\n<meta property=\"og:site_name\" content=\"Fundaci\u00f3 TIC Salut i Social\" \/>\n<meta name=\"twitter:card\" content=\"summary_large_image\" \/>\n<script type=\"application\/ld+json\" class=\"yoast-schema-graph\">{\"@context\":\"https:\/\/schema.org\",\"@graph\":[{\"@type\":\"WebPage\",\"@id\":\"https:\/\/ticsalutsocial.atoom.space\/es\/event\/vi-immersio-estrategica-cluster-de-salut-mental-de-catalunya\/\",\"url\":\"https:\/\/ticsalutsocial.atoom.space\/es\/event\/vi-immersio-estrategica-cluster-de-salut-mental-de-catalunya\/\",\"name\":\"VI Immersi\u00f3 Estrat\u00e8gica Cl\u00faster de Salut Mental de Catalunya - Fundaci\u00f3 TIC Salut i Social\",\"isPartOf\":{\"@id\":\"https:\/\/ticsalutsocial.atoom.space\/es\/#website\"},\"datePublished\":\"2022-07-20T07:04:03+00:00\",\"breadcrumb\":{\"@id\":\"https:\/\/ticsalutsocial.atoom.space\/es\/event\/vi-immersio-estrategica-cluster-de-salut-mental-de-catalunya\/#breadcrumb\"},\"inLanguage\":\"es\",\"potentialAction\":[{\"@type\":\"ReadAction\",\"target\":[\"https:\/\/ticsalutsocial.atoom.space\/es\/event\/vi-immersio-estrategica-cluster-de-salut-mental-de-catalunya\/\"]}]},{\"@type\":\"BreadcrumbList\",\"@id\":\"https:\/\/ticsalutsocial.atoom.space\/es\/event\/vi-immersio-estrategica-cluster-de-salut-mental-de-catalunya\/#breadcrumb\",\"itemListElement\":[{\"@type\":\"ListItem\",\"position\":1,\"name\":\"Inici\",\"item\":\"https:\/\/ticsalutsocial.atoom.space\/es\/\"},{\"@type\":\"ListItem\",\"position\":2,\"name\":\"VI Immersi\u00f3 Estrat\u00e8gica Cl\u00faster de Salut Mental de Catalunya\"}]},{\"@type\":\"WebSite\",\"@id\":\"https:\/\/ticsalutsocial.atoom.space\/es\/#website\",\"url\":\"https:\/\/ticsalutsocial.atoom.space\/es\/\",\"name\":\"Fundaci\u00f3 TIC Salut i Social\",\"description\":\"\",\"potentialAction\":[{\"@type\":\"SearchAction\",\"target\":{\"@type\":\"EntryPoint\",\"urlTemplate\":\"https:\/\/ticsalutsocial.atoom.space\/es\/?s={search_term_string}\"},\"query-input\":{\"@type\":\"PropertyValueSpecification\",\"valueRequired\":true,\"valueName\":\"search_term_string\"}}],\"inLanguage\":\"es\"}]}<\/script>\n<!-- \/ Yoast SEO plugin. -->","yoast_head_json":{"title":"VI Immersi\u00f3 Estrat\u00e8gica Cl\u00faster de Salut Mental de Catalunya - Fundaci\u00f3 TIC Salut i Social","robots":{"index":"index","follow":"follow","max-snippet":"max-snippet:-1","max-image-preview":"max-image-preview:large","max-video-preview":"max-video-preview:-1"},"canonical":"https:\/\/ticsalutsocial.atoom.space\/es\/event\/vi-immersio-estrategica-cluster-de-salut-mental-de-catalunya\/","og_locale":"es_ES","og_type":"article","og_title":"VI Immersi\u00f3 Estrat\u00e8gica Cl\u00faster de Salut Mental de Catalunya - Fundaci\u00f3 TIC Salut i Social","og_description":"Jornada anual amb objectiu de reunir als membres associats del CSMC i poder reflexionar en clau estrat\u00e8gica sobre els reptes de futur. Per promoure la innovaci\u00f3 i noves oportunitats de negoci entre tots els professionals dels sectors de la salut mental, les neuroci\u00e8ncies, l\u2019envelliment i l\u2019autonomia. La primera part de la jornada inclour\u00e0 una activitat [&hellip;]","og_url":"https:\/\/ticsalutsocial.atoom.space\/es\/event\/vi-immersio-estrategica-cluster-de-salut-mental-de-catalunya\/","og_site_name":"Fundaci\u00f3 TIC Salut i Social","twitter_card":"summary_large_image","schema":{"@context":"https:\/\/schema.org","@graph":[{"@type":"WebPage","@id":"https:\/\/ticsalutsocial.atoom.space\/es\/event\/vi-immersio-estrategica-cluster-de-salut-mental-de-catalunya\/","url":"https:\/\/ticsalutsocial.atoom.space\/es\/event\/vi-immersio-estrategica-cluster-de-salut-mental-de-catalunya\/","name":"VI Immersi\u00f3 Estrat\u00e8gica Cl\u00faster de Salut Mental de Catalunya - Fundaci\u00f3 TIC Salut i Social","isPartOf":{"@id":"https:\/\/ticsalutsocial.atoom.space\/es\/#website"},"datePublished":"2022-07-20T07:04:03+00:00","breadcrumb":{"@id":"https:\/\/ticsalutsocial.atoom.space\/es\/event\/vi-immersio-estrategica-cluster-de-salut-mental-de-catalunya\/#breadcrumb"},"inLanguage":"es","potentialAction":[{"@type":"ReadAction","target":["https:\/\/ticsalutsocial.atoom.space\/es\/event\/vi-immersio-estrategica-cluster-de-salut-mental-de-catalunya\/"]}]},{"@type":"BreadcrumbList","@id":"https:\/\/ticsalutsocial.atoom.space\/es\/event\/vi-immersio-estrategica-cluster-de-salut-mental-de-catalunya\/#breadcrumb","itemListElement":[{"@type":"ListItem","position":1,"name":"Inici","item":"https:\/\/ticsalutsocial.atoom.space\/es\/"},{"@type":"ListItem","position":2,"name":"VI Immersi\u00f3 Estrat\u00e8gica Cl\u00faster de Salut Mental de Catalunya"}]},{"@type":"WebSite","@id":"https:\/\/ticsalutsocial.atoom.space\/es\/#website","url":"https:\/\/ticsalutsocial.atoom.space\/es\/","name":"Fundaci\u00f3 TIC Salut i Social","description":"","potentialAction":[{"@type":"SearchAction","target":{"@type":"EntryPoint","urlTemplate":"https:\/\/ticsalutsocial.atoom.space\/es\/?s={search_term_string}"},"query-input":{"@type":"PropertyValueSpecification","valueRequired":true,"valueName":"search_term_string"}}],"inLanguage":"es"}]}},"_links":{"self":[{"href":"https:\/\/ticsalutsocial.atoom.space\/es\/wp-json\/wp\/v2\/event\/13772","targetHints":{"allow":["GET"]}}],"collection":[{"href":"https:\/\/ticsalutsocial.atoom.space\/es\/wp-json\/wp\/v2\/event"}],"about":[{"href":"https:\/\/ticsalutsocial.atoom.space\/es\/wp-json\/wp\/v2\/types\/event"}],"wp:attachment":[{"href":"https:\/\/ticsalutsocial.atoom.space\/es\/wp-json\/wp\/v2\/media?parent=13772"}],"wp:term":[{"taxonomy":"tipus","embeddable":true,"href":"https:\/\/ticsalutsocial.atoom.space\/es\/wp-json\/wp\/v2\/tipus?post=13772"},{"taxonomy":"topic","embeddable":true,"href":"https:\/\/ticsalutsocial.atoom.space\/es\/wp-json\/wp\/v2\/topic?post=13772"}],"curies":[{"name":"wp","href":"https:\/\/api.w.org\/{rel}","templated":true}]}}

VI Immersió Estratègica Clúster de Salut Mental de Catalunya

<p>Jornada anual amb objectiu de reunir als membres associats del CSMC i poder reflexionar en clau estratègica sobre els reptes de futur. Per promoure la innovació i noves oportunitats de negoci entre tots els professionals dels sectors de la salut mental, les neurociències, l’envelliment i l’autonomia. La primera part de la jornada inclourà una activitat ludicofestiva de&nbsp;<em>team building</em>.</p>

<!-- This site is optimized with the Yoast SEO plugin v27.1.1 - https://yoast.com/product/yoast-seo-wordpress/ -->
<title>VI Immersió Estratègica Clúster de Salut Mental de Catalunya - Fundació TIC Salut i Social</title>
<meta name="robots" content="index, follow, max-snippet:-1, max-image-preview:large, max-video-preview:-1" />
<link rel="canonical" href="https://ticsalutsocial.atoom.space/es/event/vi-immersio-estrategica-cluster-de-salut-mental-de-catalunya/" />
<meta property="og:locale" content="es_ES" />
<meta property="og:type" content="article" />
<meta property="og:title" content="VI Immersió Estratègica Clúster de Salut Mental de Catalunya - Fundació TIC Salut i Social" />
<meta property="og:description" content="Jornada anual amb objectiu de reunir als membres associats del CSMC i poder reflexionar en clau estratègica sobre els reptes de futur. Per promoure la innovació i noves oportunitats de negoci entre tots els professionals dels sectors de la salut mental, les neurociències, l’envelliment i l’autonomia. La primera part de la jornada inclourà una activitat [&hellip;]" />
<meta property="og:url" content="https://ticsalutsocial.atoom.space/es/event/vi-immersio-estrategica-cluster-de-salut-mental-de-catalunya/" />
<meta property="og:site_name" content="Fundació TIC Salut i Social" />
<meta name="twitter:card" content="summary_large_image" />
<script type="application/ld+json" class="yoast-schema-graph">{"@context":"https://schema.org","@graph":[{"@type":"WebPage","@id":"https://ticsalutsocial.atoom.space/es/event/vi-immersio-estrategica-cluster-de-salut-mental-de-catalunya/","url":"https://ticsalutsocial.atoom.space/es/event/vi-immersio-estrategica-cluster-de-salut-mental-de-catalunya/","name":"VI Immersió Estratègica Clúster de Salut Mental de Catalunya - Fundació TIC Salut i Social","isPartOf":{"@id":"https://ticsalutsocial.atoom.space/es/#website"},"datePublished":"2022-07-20T07:04:03+00:00","breadcrumb":{"@id":"https://ticsalutsocial.atoom.space/es/event/vi-immersio-estrategica-cluster-de-salut-mental-de-catalunya/#breadcrumb"},"inLanguage":"es","potentialAction":[{"@type":"ReadAction","target":["https://ticsalutsocial.atoom.space/es/event/vi-immersio-estrategica-cluster-de-salut-mental-de-catalunya/"]}]},{"@type":"BreadcrumbList","@id":"https://ticsalutsocial.atoom.space/es/event/vi-immersio-estrategica-cluster-de-salut-mental-de-catalunya/#breadcrumb","itemListElement":[{"@type":"ListItem","position":1,"name":"Inici","item":"https://ticsalutsocial.atoom.space/es/"},{"@type":"ListItem","position":2,"name":"VI Immersió Estratègica Clúster de Salut Mental de Catalunya"}]},{"@type":"WebSite","@id":"https://ticsalutsocial.atoom.space/es/#website","url":"https://ticsalutsocial.atoom.space/es/","name":"Fundació TIC Salut i Social","description":"","potentialAction":[{"@type":"SearchAction","target":{"@type":"EntryPoint","urlTemplate":"https://ticsalutsocial.atoom.space/es/?s={search_term_string}"},"query-input":{"@type":"PropertyValueSpecification","valueRequired":true,"valueName":"search_term_string"}}],"inLanguage":"es"}]}</script>
<!-- / Yoast SEO plugin. -->

VI Immersió Estratègica Clúster de Salut Mental de Catalunya - Fundació TIC Salut i Social

Jornada anual amb objectiu de reunir als membres associats del CSMC i poder reflexionar en clau estratègica sobre els reptes de futur. Per promoure la innovació i noves oportunitats de negoci entre tots els professionals dels sectors de la salut mental, les neurociències, l’envelliment i l’autonomia. La primera part de la jornada inclourà una activitat [&hellip;]

Fundació TIC Salut i Social
