
{"id":13782,"date":"2022-06-08T13:39:37","date_gmt":"2022-06-08T11:39:37","guid":{"rendered":"https:\/\/ticsalutsocial.atoom.space\/event\/7e-congres-del-sector-social-de-catalunya-el-repte-de-la-reconstruccio-social\/"},"modified":"2022-06-08T13:39:37","modified_gmt":"2022-06-08T11:39:37","slug":"7e-congres-del-sector-social-de-catalunya-el-repte-de-la-reconstruccio-social","status":"publish","type":"event","link":"https:\/\/ticsalutsocial.atoom.space\/es\/event\/7e-congres-del-sector-social-de-catalunya-el-repte-de-la-reconstruccio-social\/","title":{"rendered":"7e Congr\u00e8s del sector social de Catalunya &#8211; El repte de la reconstrucci\u00f3 social"},"content":{"rendered":"\n<p>El 7\u00e8 Congr\u00e9s del Tercer Sector Social t\u00e9 lloc el dimecres 15 i el dijous 16 de juny de 2022 al&nbsp;<strong>Petit Palau&nbsp;<\/strong>del&nbsp;<strong>Palau de la M\u00fasica Catalana&nbsp;<\/strong>a Barcelona.<\/p>\n","protected":false},"featured_media":11411,"menu_order":0,"template":"","meta":{"_acf_changed":false,"inline_featured_image":false},"tipus":[],"topic":[14],"class_list":["post-13782","event","type-event","status-publish","has-post-thumbnail","hentry","topic-jornades"],"acf":{"informacio":{"ubicacio":"Petit Palau del Palau de la M\u00fasica","data":"15\/06\/2022","hora":"de 9:15","preu":"60 \u20ac","inscripcions":"https:\/\/congrestercersector.cat\/entitats-taula\/"}},"yoast_head":"<!-- This site is optimized with the Yoast SEO plugin v27.1.1 - https:\/\/yoast.com\/product\/yoast-seo-wordpress\/ -->\n<title>7e Congr\u00e8s del sector social de Catalunya - El repte de la reconstrucci\u00f3 social - Fundaci\u00f3 TIC Salut i Social<\/title>\n<meta name=\"robots\" content=\"index, follow, max-snippet:-1, max-image-preview:large, max-video-preview:-1\" \/>\n<link rel=\"canonical\" href=\"https:\/\/ticsalutsocial.atoom.space\/es\/event\/7e-congres-del-sector-social-de-catalunya-el-repte-de-la-reconstruccio-social\/\" \/>\n<meta property=\"og:locale\" content=\"es_ES\" \/>\n<meta property=\"og:type\" content=\"article\" \/>\n<meta property=\"og:title\" content=\"7e Congr\u00e8s del sector social de Catalunya - El repte de la reconstrucci\u00f3 social - Fundaci\u00f3 TIC Salut i Social\" \/>\n<meta property=\"og:description\" content=\"El 7\u00e8 Congr\u00e9s del Tercer Sector Social t\u00e9 lloc el dimecres 15 i el dijous 16 de juny de 2022 al&nbsp;Petit Palau&nbsp;del&nbsp;Palau de la M\u00fasica Catalana&nbsp;a Barcelona.\" \/>\n<meta property=\"og:url\" content=\"https:\/\/ticsalutsocial.atoom.space\/es\/event\/7e-congres-del-sector-social-de-catalunya-el-repte-de-la-reconstruccio-social\/\" \/>\n<meta property=\"og:site_name\" content=\"Fundaci\u00f3 TIC Salut i Social\" \/>\n<meta property=\"og:image\" content=\"https:\/\/ticsalutsocial.atoom.space\/wp-content\/uploads\/2022\/06\/congres-taula-tercer-sector.png\" \/>\n\t<meta property=\"og:image:width\" content=\"697\" \/>\n\t<meta property=\"og:image:height\" content=\"420\" \/>\n\t<meta property=\"og:image:type\" content=\"image\/png\" \/>\n<meta name=\"twitter:card\" content=\"summary_large_image\" \/>\n<script type=\"application\/ld+json\" class=\"yoast-schema-graph\">{\"@context\":\"https:\/\/schema.org\",\"@graph\":[{\"@type\":\"WebPage\",\"@id\":\"https:\/\/ticsalutsocial.atoom.space\/es\/event\/7e-congres-del-sector-social-de-catalunya-el-repte-de-la-reconstruccio-social\/\",\"url\":\"https:\/\/ticsalutsocial.atoom.space\/es\/event\/7e-congres-del-sector-social-de-catalunya-el-repte-de-la-reconstruccio-social\/\",\"name\":\"7e Congr\u00e8s del sector social de Catalunya - El repte de la reconstrucci\u00f3 social - Fundaci\u00f3 TIC Salut i Social\",\"isPartOf\":{\"@id\":\"https:\/\/ticsalutsocial.atoom.space\/es\/#website\"},\"primaryImageOfPage\":{\"@id\":\"https:\/\/ticsalutsocial.atoom.space\/es\/event\/7e-congres-del-sector-social-de-catalunya-el-repte-de-la-reconstruccio-social\/#primaryimage\"},\"image\":{\"@id\":\"https:\/\/ticsalutsocial.atoom.space\/es\/event\/7e-congres-del-sector-social-de-catalunya-el-repte-de-la-reconstruccio-social\/#primaryimage\"},\"thumbnailUrl\":\"https:\/\/ticsalutsocial.atoom.space\/wp-content\/uploads\/2022\/06\/congres-taula-tercer-sector.png\",\"datePublished\":\"2022-06-08T11:39:37+00:00\",\"breadcrumb\":{\"@id\":\"https:\/\/ticsalutsocial.atoom.space\/es\/event\/7e-congres-del-sector-social-de-catalunya-el-repte-de-la-reconstruccio-social\/#breadcrumb\"},\"inLanguage\":\"es\",\"potentialAction\":[{\"@type\":\"ReadAction\",\"target\":[\"https:\/\/ticsalutsocial.atoom.space\/es\/event\/7e-congres-del-sector-social-de-catalunya-el-repte-de-la-reconstruccio-social\/\"]}]},{\"@type\":\"ImageObject\",\"inLanguage\":\"es\",\"@id\":\"https:\/\/ticsalutsocial.atoom.space\/es\/event\/7e-congres-del-sector-social-de-catalunya-el-repte-de-la-reconstruccio-social\/#primaryimage\",\"url\":\"https:\/\/ticsalutsocial.atoom.space\/wp-content\/uploads\/2022\/06\/congres-taula-tercer-sector.png\",\"contentUrl\":\"https:\/\/ticsalutsocial.atoom.space\/wp-content\/uploads\/2022\/06\/congres-taula-tercer-sector.png\",\"width\":697,\"height\":420},{\"@type\":\"BreadcrumbList\",\"@id\":\"https:\/\/ticsalutsocial.atoom.space\/es\/event\/7e-congres-del-sector-social-de-catalunya-el-repte-de-la-reconstruccio-social\/#breadcrumb\",\"itemListElement\":[{\"@type\":\"ListItem\",\"position\":1,\"name\":\"Inici\",\"item\":\"https:\/\/ticsalutsocial.atoom.space\/es\/\"},{\"@type\":\"ListItem\",\"position\":2,\"name\":\"7e Congr\u00e8s del sector social de Catalunya &#8211; El repte de la reconstrucci\u00f3 social\"}]},{\"@type\":\"WebSite\",\"@id\":\"https:\/\/ticsalutsocial.atoom.space\/es\/#website\",\"url\":\"https:\/\/ticsalutsocial.atoom.space\/es\/\",\"name\":\"Fundaci\u00f3 TIC Salut i Social\",\"description\":\"\",\"potentialAction\":[{\"@type\":\"SearchAction\",\"target\":{\"@type\":\"EntryPoint\",\"urlTemplate\":\"https:\/\/ticsalutsocial.atoom.space\/es\/?s={search_term_string}\"},\"query-input\":{\"@type\":\"PropertyValueSpecification\",\"valueRequired\":true,\"valueName\":\"search_term_string\"}}],\"inLanguage\":\"es\"}]}<\/script>\n<!-- \/ Yoast SEO plugin. -->","yoast_head_json":{"title":"7e Congr\u00e8s del sector social de Catalunya - El repte de la reconstrucci\u00f3 social - Fundaci\u00f3 TIC Salut i Social","robots":{"index":"index","follow":"follow","max-snippet":"max-snippet:-1","max-image-preview":"max-image-preview:large","max-video-preview":"max-video-preview:-1"},"canonical":"https:\/\/ticsalutsocial.atoom.space\/es\/event\/7e-congres-del-sector-social-de-catalunya-el-repte-de-la-reconstruccio-social\/","og_locale":"es_ES","og_type":"article","og_title":"7e Congr\u00e8s del sector social de Catalunya - El repte de la reconstrucci\u00f3 social - Fundaci\u00f3 TIC Salut i Social","og_description":"El 7\u00e8 Congr\u00e9s del Tercer Sector Social t\u00e9 lloc el dimecres 15 i el dijous 16 de juny de 2022 al&nbsp;Petit Palau&nbsp;del&nbsp;Palau de la M\u00fasica Catalana&nbsp;a Barcelona.","og_url":"https:\/\/ticsalutsocial.atoom.space\/es\/event\/7e-congres-del-sector-social-de-catalunya-el-repte-de-la-reconstruccio-social\/","og_site_name":"Fundaci\u00f3 TIC Salut i Social","og_image":[{"width":697,"height":420,"url":"https:\/\/ticsalutsocial.atoom.space\/wp-content\/uploads\/2022\/06\/congres-taula-tercer-sector.png","type":"image\/png"}],"twitter_card":"summary_large_image","schema":{"@context":"https:\/\/schema.org","@graph":[{"@type":"WebPage","@id":"https:\/\/ticsalutsocial.atoom.space\/es\/event\/7e-congres-del-sector-social-de-catalunya-el-repte-de-la-reconstruccio-social\/","url":"https:\/\/ticsalutsocial.atoom.space\/es\/event\/7e-congres-del-sector-social-de-catalunya-el-repte-de-la-reconstruccio-social\/","name":"7e Congr\u00e8s del sector social de Catalunya - El repte de la reconstrucci\u00f3 social - Fundaci\u00f3 TIC Salut i Social","isPartOf":{"@id":"https:\/\/ticsalutsocial.atoom.space\/es\/#website"},"primaryImageOfPage":{"@id":"https:\/\/ticsalutsocial.atoom.space\/es\/event\/7e-congres-del-sector-social-de-catalunya-el-repte-de-la-reconstruccio-social\/#primaryimage"},"image":{"@id":"https:\/\/ticsalutsocial.atoom.space\/es\/event\/7e-congres-del-sector-social-de-catalunya-el-repte-de-la-reconstruccio-social\/#primaryimage"},"thumbnailUrl":"https:\/\/ticsalutsocial.atoom.space\/wp-content\/uploads\/2022\/06\/congres-taula-tercer-sector.png","datePublished":"2022-06-08T11:39:37+00:00","breadcrumb":{"@id":"https:\/\/ticsalutsocial.atoom.space\/es\/event\/7e-congres-del-sector-social-de-catalunya-el-repte-de-la-reconstruccio-social\/#breadcrumb"},"inLanguage":"es","potentialAction":[{"@type":"ReadAction","target":["https:\/\/ticsalutsocial.atoom.space\/es\/event\/7e-congres-del-sector-social-de-catalunya-el-repte-de-la-reconstruccio-social\/"]}]},{"@type":"ImageObject","inLanguage":"es","@id":"https:\/\/ticsalutsocial.atoom.space\/es\/event\/7e-congres-del-sector-social-de-catalunya-el-repte-de-la-reconstruccio-social\/#primaryimage","url":"https:\/\/ticsalutsocial.atoom.space\/wp-content\/uploads\/2022\/06\/congres-taula-tercer-sector.png","contentUrl":"https:\/\/ticsalutsocial.atoom.space\/wp-content\/uploads\/2022\/06\/congres-taula-tercer-sector.png","width":697,"height":420},{"@type":"BreadcrumbList","@id":"https:\/\/ticsalutsocial.atoom.space\/es\/event\/7e-congres-del-sector-social-de-catalunya-el-repte-de-la-reconstruccio-social\/#breadcrumb","itemListElement":[{"@type":"ListItem","position":1,"name":"Inici","item":"https:\/\/ticsalutsocial.atoom.space\/es\/"},{"@type":"ListItem","position":2,"name":"7e Congr\u00e8s del sector social de Catalunya &#8211; El repte de la reconstrucci\u00f3 social"}]},{"@type":"WebSite","@id":"https:\/\/ticsalutsocial.atoom.space\/es\/#website","url":"https:\/\/ticsalutsocial.atoom.space\/es\/","name":"Fundaci\u00f3 TIC Salut i Social","description":"","potentialAction":[{"@type":"SearchAction","target":{"@type":"EntryPoint","urlTemplate":"https:\/\/ticsalutsocial.atoom.space\/es\/?s={search_term_string}"},"query-input":{"@type":"PropertyValueSpecification","valueRequired":true,"valueName":"search_term_string"}}],"inLanguage":"es"}]}},"_links":{"self":[{"href":"https:\/\/ticsalutsocial.atoom.space\/es\/wp-json\/wp\/v2\/event\/13782","targetHints":{"allow":["GET"]}}],"collection":[{"href":"https:\/\/ticsalutsocial.atoom.space\/es\/wp-json\/wp\/v2\/event"}],"about":[{"href":"https:\/\/ticsalutsocial.atoom.space\/es\/wp-json\/wp\/v2\/types\/event"}],"wp:featuredmedia":[{"embeddable":true,"href":"https:\/\/ticsalutsocial.atoom.space\/es\/wp-json\/wp\/v2\/media\/11411"}],"wp:attachment":[{"href":"https:\/\/ticsalutsocial.atoom.space\/es\/wp-json\/wp\/v2\/media?parent=13782"}],"wp:term":[{"taxonomy":"tipus","embeddable":true,"href":"https:\/\/ticsalutsocial.atoom.space\/es\/wp-json\/wp\/v2\/tipus?post=13782"},{"taxonomy":"topic","embeddable":true,"href":"https:\/\/ticsalutsocial.atoom.space\/es\/wp-json\/wp\/v2\/topic?post=13782"}],"curies":[{"name":"wp","href":"https:\/\/api.w.org\/{rel}","templated":true}]}}

7e Congrès del sector social de Catalunya &#8211; El repte de la reconstrucció social

<p>El 7è Congrés del Tercer Sector Social té lloc el dimecres 15 i el dijous 16 de juny de 2022 al&nbsp;<strong>Petit Palau&nbsp;</strong>del&nbsp;<strong>Palau de la Música Catalana&nbsp;</strong>a Barcelona.</p>

Petit Palau del Palau de la Música

<!-- This site is optimized with the Yoast SEO plugin v27.1.1 - https://yoast.com/product/yoast-seo-wordpress/ -->
<title>7e Congrès del sector social de Catalunya - El repte de la reconstrucció social - Fundació TIC Salut i Social</title>
<meta name="robots" content="index, follow, max-snippet:-1, max-image-preview:large, max-video-preview:-1" />
<link rel="canonical" href="https://ticsalutsocial.atoom.space/es/event/7e-congres-del-sector-social-de-catalunya-el-repte-de-la-reconstruccio-social/" />
<meta property="og:locale" content="es_ES" />
<meta property="og:type" content="article" />
<meta property="og:title" content="7e Congrès del sector social de Catalunya - El repte de la reconstrucció social - Fundació TIC Salut i Social" />
<meta property="og:description" content="El 7è Congrés del Tercer Sector Social té lloc el dimecres 15 i el dijous 16 de juny de 2022 al&nbsp;Petit Palau&nbsp;del&nbsp;Palau de la Música Catalana&nbsp;a Barcelona." />
<meta property="og:url" content="https://ticsalutsocial.atoom.space/es/event/7e-congres-del-sector-social-de-catalunya-el-repte-de-la-reconstruccio-social/" />
<meta property="og:site_name" content="Fundació TIC Salut i Social" />
<meta property="og:image" content="https://ticsalutsocial.atoom.space/wp-content/uploads/2022/06/congres-taula-tercer-sector.png" />
	<meta property="og:image:width" content="697" />
	<meta property="og:image:height" content="420" />
	<meta property="og:image:type" content="image/png" />
<meta name="twitter:card" content="summary_large_image" />
<script type="application/ld+json" class="yoast-schema-graph">{"@context":"https://schema.org","@graph":[{"@type":"WebPage","@id":"https://ticsalutsocial.atoom.space/es/event/7e-congres-del-sector-social-de-catalunya-el-repte-de-la-reconstruccio-social/","url":"https://ticsalutsocial.atoom.space/es/event/7e-congres-del-sector-social-de-catalunya-el-repte-de-la-reconstruccio-social/","name":"7e Congrès del sector social de Catalunya - El repte de la reconstrucció social - Fundació TIC Salut i Social","isPartOf":{"@id":"https://ticsalutsocial.atoom.space/es/#website"},"primaryImageOfPage":{"@id":"https://ticsalutsocial.atoom.space/es/event/7e-congres-del-sector-social-de-catalunya-el-repte-de-la-reconstruccio-social/#primaryimage"},"image":{"@id":"https://ticsalutsocial.atoom.space/es/event/7e-congres-del-sector-social-de-catalunya-el-repte-de-la-reconstruccio-social/#primaryimage"},"thumbnailUrl":"https://ticsalutsocial.atoom.space/wp-content/uploads/2022/06/congres-taula-tercer-sector.png","datePublished":"2022-06-08T11:39:37+00:00","breadcrumb":{"@id":"https://ticsalutsocial.atoom.space/es/event/7e-congres-del-sector-social-de-catalunya-el-repte-de-la-reconstruccio-social/#breadcrumb"},"inLanguage":"es","potentialAction":[{"@type":"ReadAction","target":["https://ticsalutsocial.atoom.space/es/event/7e-congres-del-sector-social-de-catalunya-el-repte-de-la-reconstruccio-social/"]}]},{"@type":"ImageObject","inLanguage":"es","@id":"https://ticsalutsocial.atoom.space/es/event/7e-congres-del-sector-social-de-catalunya-el-repte-de-la-reconstruccio-social/#primaryimage","url":"https://ticsalutsocial.atoom.space/wp-content/uploads/2022/06/congres-taula-tercer-sector.png","contentUrl":"https://ticsalutsocial.atoom.space/wp-content/uploads/2022/06/congres-taula-tercer-sector.png","width":697,"height":420},{"@type":"BreadcrumbList","@id":"https://ticsalutsocial.atoom.space/es/event/7e-congres-del-sector-social-de-catalunya-el-repte-de-la-reconstruccio-social/#breadcrumb","itemListElement":[{"@type":"ListItem","position":1,"name":"Inici","item":"https://ticsalutsocial.atoom.space/es/"},{"@type":"ListItem","position":2,"name":"7e Congrès del sector social de Catalunya &#8211; El repte de la reconstrucció social"}]},{"@type":"WebSite","@id":"https://ticsalutsocial.atoom.space/es/#website","url":"https://ticsalutsocial.atoom.space/es/","name":"Fundació TIC Salut i Social","description":"","potentialAction":[{"@type":"SearchAction","target":{"@type":"EntryPoint","urlTemplate":"https://ticsalutsocial.atoom.space/es/?s={search_term_string}"},"query-input":{"@type":"PropertyValueSpecification","valueRequired":true,"valueName":"search_term_string"}}],"inLanguage":"es"}]}</script>
<!-- / Yoast SEO plugin. -->

7e Congrès del sector social de Catalunya - El repte de la reconstrucció social - Fundació TIC Salut i Social

El 7è Congrés del Tercer Sector Social té lloc el dimecres 15 i el dijous 16 de juny de 2022 al&nbsp;Petit Palau&nbsp;del&nbsp;Palau de la Música Catalana&nbsp;a Barcelona.

Fundació TIC Salut i Social
