
{"id":13785,"date":"2022-05-26T08:22:31","date_gmt":"2022-05-26T06:22:31","guid":{"rendered":"https:\/\/ticsalutsocial.atoom.space\/event\/xpatient-barcelona-congress-2\/"},"modified":"2022-05-26T08:22:31","modified_gmt":"2022-05-26T06:22:31","slug":"xpatient-barcelona-congress-2","status":"publish","type":"event","link":"https:\/\/ticsalutsocial.atoom.space\/es\/event\/xpatient-barcelona-congress-2\/","title":{"rendered":"XPatient Barcelona Congress"},"content":{"rendered":"\n<p>L\u2019XPatient Barcelona Congress \u00e9s una de les accions principals impulsada per l\u2019XPA Barcelona (Experi\u00e8ncia del Pacient) -una comunitat de pr\u00e0ctica que aglutina institucions de l\u2019\u00e0mbit hospitalari, tecnol\u00f2gic, de la recerca i l\u2019administraci\u00f3- per tal de transformar el model assistencial i que aquest situ\u00ef el pacient com a l\u2019element clau i prioritari.<\/p>\n\n\n\n<p>En el congr\u00e9s es donaran a con\u00e8ixer les conclusions extretes dels tallers i activitats pr\u00f2pies de l\u2019XPA Barcelona i es convidar\u00e0 a la comunitat m\u00e8dica a participar dels resultats extrets, per tal de fer aflorar les iniciatives i bones pr\u00e0ctiques i ajudar a implementar-les en el sistema de salut.<\/p>\n\n\n\n<p>El comit\u00e8 organitzador de l\u2019XPatient Barcelona apunta que l\u2019experi\u00e8ncia del pacient conforma el tercer pilar de la qualitat en l\u2019assist\u00e8ncia m\u00e8dica, conjuntament amb la seguretat i l\u2019efectivitat del tractament.<\/p>\n\n\n\n<h3 class=\"has-text-align-left wp-block-heading\">&nbsp;OBJECTIUS PRINCIPALS<\/h3>\n\n\n\n<ul class=\"wp-block-list\"><li>Donar a con\u00e8ixer la tasca i les conclusions dels tallers realitzats per la Comunidad de Pr\u00e0ctica<\/li><\/ul>\n\n\n\n<ul class=\"wp-block-list\"><li>Detectar les bones pr\u00e0ctiques i promoure la seva implantaci\u00f3 en el sistema de salut<\/li><\/ul>\n\n\n\n<ul class=\"wp-block-list\"><li>Fer aflorar la recerca que s\u2019est\u00e0 duent a terme en el camp de la millora de la qualitat assistencial<\/li><\/ul>\n\n\n\n<ul class=\"wp-block-list\"><li>Esdevenir el punt de trobada anual dels professionals que treballen en la millora de la qualitat assistencial i les empreses de serveis amb solucions per aquest sector<\/li><\/ul>\n","protected":false},"featured_media":11334,"menu_order":0,"template":"","meta":{"_acf_changed":false,"inline_featured_image":false},"tipus":[],"topic":[14],"class_list":["post-13785","event","type-event","status-publish","has-post-thumbnail","hentry","topic-jornades"],"acf":{"informacio":{"ubicacio":"Barcelona","data":"28\/09\/2022","hora":"","preu":"","inscripcions":"https:\/\/xpatientbcncongress.com\/congres\/"},"programa":{"titol":"","items":false}},"yoast_head":"<!-- This site is optimized with the Yoast SEO plugin v27.1.1 - https:\/\/yoast.com\/product\/yoast-seo-wordpress\/ -->\n<title>XPatient Barcelona Congress - Fundaci\u00f3 TIC Salut i Social<\/title>\n<meta name=\"robots\" content=\"index, follow, max-snippet:-1, max-image-preview:large, max-video-preview:-1\" \/>\n<link rel=\"canonical\" href=\"https:\/\/ticsalutsocial.atoom.space\/es\/event\/xpatient-barcelona-congress-2\/\" \/>\n<meta property=\"og:locale\" content=\"es_ES\" \/>\n<meta property=\"og:type\" content=\"article\" \/>\n<meta property=\"og:title\" content=\"XPatient Barcelona Congress - Fundaci\u00f3 TIC Salut i Social\" \/>\n<meta property=\"og:description\" content=\"L\u2019XPatient Barcelona Congress \u00e9s una de les accions principals impulsada per l\u2019XPA Barcelona (Experi\u00e8ncia del Pacient) -una comunitat de pr\u00e0ctica que aglutina institucions de l\u2019\u00e0mbit hospitalari, tecnol\u00f2gic, de la recerca i l\u2019administraci\u00f3- per tal de transformar el model assistencial i que aquest situ\u00ef el pacient com a l\u2019element clau i prioritari. En el congr\u00e9s es [&hellip;]\" \/>\n<meta property=\"og:url\" content=\"https:\/\/ticsalutsocial.atoom.space\/es\/event\/xpatient-barcelona-congress-2\/\" \/>\n<meta property=\"og:site_name\" content=\"Fundaci\u00f3 TIC Salut i Social\" \/>\n<meta property=\"og:image\" content=\"https:\/\/ticsalutsocial.atoom.space\/wp-content\/uploads\/2022\/05\/Screenshot_30.jpg\" \/>\n\t<meta property=\"og:image:width\" content=\"1447\" \/>\n\t<meta property=\"og:image:height\" content=\"717\" \/>\n\t<meta property=\"og:image:type\" content=\"image\/jpeg\" \/>\n<meta name=\"twitter:card\" content=\"summary_large_image\" \/>\n<meta name=\"twitter:label1\" content=\"Tiempo de lectura\" \/>\n\t<meta name=\"twitter:data1\" content=\"1 minuto\" \/>\n<script type=\"application\/ld+json\" class=\"yoast-schema-graph\">{\"@context\":\"https:\/\/schema.org\",\"@graph\":[{\"@type\":\"WebPage\",\"@id\":\"https:\/\/ticsalutsocial.atoom.space\/es\/event\/xpatient-barcelona-congress-2\/\",\"url\":\"https:\/\/ticsalutsocial.atoom.space\/es\/event\/xpatient-barcelona-congress-2\/\",\"name\":\"XPatient Barcelona Congress - Fundaci\u00f3 TIC Salut i Social\",\"isPartOf\":{\"@id\":\"https:\/\/ticsalutsocial.atoom.space\/es\/#website\"},\"primaryImageOfPage\":{\"@id\":\"https:\/\/ticsalutsocial.atoom.space\/es\/event\/xpatient-barcelona-congress-2\/#primaryimage\"},\"image\":{\"@id\":\"https:\/\/ticsalutsocial.atoom.space\/es\/event\/xpatient-barcelona-congress-2\/#primaryimage\"},\"thumbnailUrl\":\"https:\/\/ticsalutsocial.atoom.space\/wp-content\/uploads\/2022\/05\/Screenshot_30.jpg\",\"datePublished\":\"2022-05-26T06:22:31+00:00\",\"breadcrumb\":{\"@id\":\"https:\/\/ticsalutsocial.atoom.space\/es\/event\/xpatient-barcelona-congress-2\/#breadcrumb\"},\"inLanguage\":\"es\",\"potentialAction\":[{\"@type\":\"ReadAction\",\"target\":[\"https:\/\/ticsalutsocial.atoom.space\/es\/event\/xpatient-barcelona-congress-2\/\"]}]},{\"@type\":\"ImageObject\",\"inLanguage\":\"es\",\"@id\":\"https:\/\/ticsalutsocial.atoom.space\/es\/event\/xpatient-barcelona-congress-2\/#primaryimage\",\"url\":\"https:\/\/ticsalutsocial.atoom.space\/wp-content\/uploads\/2022\/05\/Screenshot_30.jpg\",\"contentUrl\":\"https:\/\/ticsalutsocial.atoom.space\/wp-content\/uploads\/2022\/05\/Screenshot_30.jpg\",\"width\":1447,\"height\":717,\"caption\":\"XPatient 2022\"},{\"@type\":\"BreadcrumbList\",\"@id\":\"https:\/\/ticsalutsocial.atoom.space\/es\/event\/xpatient-barcelona-congress-2\/#breadcrumb\",\"itemListElement\":[{\"@type\":\"ListItem\",\"position\":1,\"name\":\"Inici\",\"item\":\"https:\/\/ticsalutsocial.atoom.space\/es\/\"},{\"@type\":\"ListItem\",\"position\":2,\"name\":\"XPatient Barcelona Congress\"}]},{\"@type\":\"WebSite\",\"@id\":\"https:\/\/ticsalutsocial.atoom.space\/es\/#website\",\"url\":\"https:\/\/ticsalutsocial.atoom.space\/es\/\",\"name\":\"Fundaci\u00f3 TIC Salut i Social\",\"description\":\"\",\"potentialAction\":[{\"@type\":\"SearchAction\",\"target\":{\"@type\":\"EntryPoint\",\"urlTemplate\":\"https:\/\/ticsalutsocial.atoom.space\/es\/?s={search_term_string}\"},\"query-input\":{\"@type\":\"PropertyValueSpecification\",\"valueRequired\":true,\"valueName\":\"search_term_string\"}}],\"inLanguage\":\"es\"}]}<\/script>\n<!-- \/ Yoast SEO plugin. -->","yoast_head_json":{"title":"XPatient Barcelona Congress - Fundaci\u00f3 TIC Salut i Social","robots":{"index":"index","follow":"follow","max-snippet":"max-snippet:-1","max-image-preview":"max-image-preview:large","max-video-preview":"max-video-preview:-1"},"canonical":"https:\/\/ticsalutsocial.atoom.space\/es\/event\/xpatient-barcelona-congress-2\/","og_locale":"es_ES","og_type":"article","og_title":"XPatient Barcelona Congress - Fundaci\u00f3 TIC Salut i Social","og_description":"L\u2019XPatient Barcelona Congress \u00e9s una de les accions principals impulsada per l\u2019XPA Barcelona (Experi\u00e8ncia del Pacient) -una comunitat de pr\u00e0ctica que aglutina institucions de l\u2019\u00e0mbit hospitalari, tecnol\u00f2gic, de la recerca i l\u2019administraci\u00f3- per tal de transformar el model assistencial i que aquest situ\u00ef el pacient com a l\u2019element clau i prioritari. En el congr\u00e9s es [&hellip;]","og_url":"https:\/\/ticsalutsocial.atoom.space\/es\/event\/xpatient-barcelona-congress-2\/","og_site_name":"Fundaci\u00f3 TIC Salut i Social","og_image":[{"width":1447,"height":717,"url":"https:\/\/ticsalutsocial.atoom.space\/wp-content\/uploads\/2022\/05\/Screenshot_30.jpg","type":"image\/jpeg"}],"twitter_card":"summary_large_image","twitter_misc":{"Tiempo de lectura":"1 minuto"},"schema":{"@context":"https:\/\/schema.org","@graph":[{"@type":"WebPage","@id":"https:\/\/ticsalutsocial.atoom.space\/es\/event\/xpatient-barcelona-congress-2\/","url":"https:\/\/ticsalutsocial.atoom.space\/es\/event\/xpatient-barcelona-congress-2\/","name":"XPatient Barcelona Congress - Fundaci\u00f3 TIC Salut i Social","isPartOf":{"@id":"https:\/\/ticsalutsocial.atoom.space\/es\/#website"},"primaryImageOfPage":{"@id":"https:\/\/ticsalutsocial.atoom.space\/es\/event\/xpatient-barcelona-congress-2\/#primaryimage"},"image":{"@id":"https:\/\/ticsalutsocial.atoom.space\/es\/event\/xpatient-barcelona-congress-2\/#primaryimage"},"thumbnailUrl":"https:\/\/ticsalutsocial.atoom.space\/wp-content\/uploads\/2022\/05\/Screenshot_30.jpg","datePublished":"2022-05-26T06:22:31+00:00","breadcrumb":{"@id":"https:\/\/ticsalutsocial.atoom.space\/es\/event\/xpatient-barcelona-congress-2\/#breadcrumb"},"inLanguage":"es","potentialAction":[{"@type":"ReadAction","target":["https:\/\/ticsalutsocial.atoom.space\/es\/event\/xpatient-barcelona-congress-2\/"]}]},{"@type":"ImageObject","inLanguage":"es","@id":"https:\/\/ticsalutsocial.atoom.space\/es\/event\/xpatient-barcelona-congress-2\/#primaryimage","url":"https:\/\/ticsalutsocial.atoom.space\/wp-content\/uploads\/2022\/05\/Screenshot_30.jpg","contentUrl":"https:\/\/ticsalutsocial.atoom.space\/wp-content\/uploads\/2022\/05\/Screenshot_30.jpg","width":1447,"height":717,"caption":"XPatient 2022"},{"@type":"BreadcrumbList","@id":"https:\/\/ticsalutsocial.atoom.space\/es\/event\/xpatient-barcelona-congress-2\/#breadcrumb","itemListElement":[{"@type":"ListItem","position":1,"name":"Inici","item":"https:\/\/ticsalutsocial.atoom.space\/es\/"},{"@type":"ListItem","position":2,"name":"XPatient Barcelona Congress"}]},{"@type":"WebSite","@id":"https:\/\/ticsalutsocial.atoom.space\/es\/#website","url":"https:\/\/ticsalutsocial.atoom.space\/es\/","name":"Fundaci\u00f3 TIC Salut i Social","description":"","potentialAction":[{"@type":"SearchAction","target":{"@type":"EntryPoint","urlTemplate":"https:\/\/ticsalutsocial.atoom.space\/es\/?s={search_term_string}"},"query-input":{"@type":"PropertyValueSpecification","valueRequired":true,"valueName":"search_term_string"}}],"inLanguage":"es"}]}},"_links":{"self":[{"href":"https:\/\/ticsalutsocial.atoom.space\/es\/wp-json\/wp\/v2\/event\/13785","targetHints":{"allow":["GET"]}}],"collection":[{"href":"https:\/\/ticsalutsocial.atoom.space\/es\/wp-json\/wp\/v2\/event"}],"about":[{"href":"https:\/\/ticsalutsocial.atoom.space\/es\/wp-json\/wp\/v2\/types\/event"}],"wp:featuredmedia":[{"embeddable":true,"href":"https:\/\/ticsalutsocial.atoom.space\/es\/wp-json\/wp\/v2\/media\/11334"}],"wp:attachment":[{"href":"https:\/\/ticsalutsocial.atoom.space\/es\/wp-json\/wp\/v2\/media?parent=13785"}],"wp:term":[{"taxonomy":"tipus","embeddable":true,"href":"https:\/\/ticsalutsocial.atoom.space\/es\/wp-json\/wp\/v2\/tipus?post=13785"},{"taxonomy":"topic","embeddable":true,"href":"https:\/\/ticsalutsocial.atoom.space\/es\/wp-json\/wp\/v2\/topic?post=13785"}],"curies":[{"name":"wp","href":"https:\/\/api.w.org\/{rel}","templated":true}]}}

<p>L’XPatient Barcelona Congress és una de les accions principals impulsada per l’XPA Barcelona (Experiència del Pacient) -una comunitat de pràctica que aglutina institucions de l’àmbit hospitalari, tecnològic, de la recerca i l’administració- per tal de transformar el model assistencial i que aquest situï el pacient com a l’element clau i prioritari.</p>



<p>En el congrés es donaran a conèixer les conclusions extretes dels tallers i activitats pròpies de l’XPA Barcelona i es convidarà a la comunitat mèdica a participar dels resultats extrets, per tal de fer aflorar les iniciatives i bones pràctiques i ajudar a implementar-les en el sistema de salut.</p>



<p>El comitè organitzador de l’XPatient Barcelona apunta que l’experiència del pacient conforma el tercer pilar de la qualitat en l’assistència mèdica, conjuntament amb la seguretat i l’efectivitat del tractament.</p>



<h3 class="has-text-align-left wp-block-heading">&nbsp;OBJECTIUS PRINCIPALS</h3>



<ul class="wp-block-list"><li>Donar a conèixer la tasca i les conclusions dels tallers realitzats per la Comunidad de Pràctica</li></ul>



<ul class="wp-block-list"><li>Detectar les bones pràctiques i promoure la seva implantació en el sistema de salut</li></ul>



<ul class="wp-block-list"><li>Fer aflorar la recerca que s’està duent a terme en el camp de la millora de la qualitat assistencial</li></ul>



<ul class="wp-block-list"><li>Esdevenir el punt de trobada anual dels professionals que treballen en la millora de la qualitat assistencial i les empreses de serveis amb solucions per aquest sector</li></ul>

<!-- This site is optimized with the Yoast SEO plugin v27.1.1 - https://yoast.com/product/yoast-seo-wordpress/ -->
<title>XPatient Barcelona Congress - Fundació TIC Salut i Social</title>
<meta name="robots" content="index, follow, max-snippet:-1, max-image-preview:large, max-video-preview:-1" />
<link rel="canonical" href="https://ticsalutsocial.atoom.space/es/event/xpatient-barcelona-congress-2/" />
<meta property="og:locale" content="es_ES" />
<meta property="og:type" content="article" />
<meta property="og:title" content="XPatient Barcelona Congress - Fundació TIC Salut i Social" />
<meta property="og:description" content="L’XPatient Barcelona Congress és una de les accions principals impulsada per l’XPA Barcelona (Experiència del Pacient) -una comunitat de pràctica que aglutina institucions de l’àmbit hospitalari, tecnològic, de la recerca i l’administració- per tal de transformar el model assistencial i que aquest situï el pacient com a l’element clau i prioritari. En el congrés es [&hellip;]" />
<meta property="og:url" content="https://ticsalutsocial.atoom.space/es/event/xpatient-barcelona-congress-2/" />
<meta property="og:site_name" content="Fundació TIC Salut i Social" />
<meta property="og:image" content="https://ticsalutsocial.atoom.space/wp-content/uploads/2022/05/Screenshot_30.jpg" />
	<meta property="og:image:width" content="1447" />
	<meta property="og:image:height" content="717" />
	<meta property="og:image:type" content="image/jpeg" />
<meta name="twitter:card" content="summary_large_image" />
<meta name="twitter:label1" content="Tiempo de lectura" />
	<meta name="twitter:data1" content="1 minuto" />
<script type="application/ld+json" class="yoast-schema-graph">{"@context":"https://schema.org","@graph":[{"@type":"WebPage","@id":"https://ticsalutsocial.atoom.space/es/event/xpatient-barcelona-congress-2/","url":"https://ticsalutsocial.atoom.space/es/event/xpatient-barcelona-congress-2/","name":"XPatient Barcelona Congress - Fundació TIC Salut i Social","isPartOf":{"@id":"https://ticsalutsocial.atoom.space/es/#website"},"primaryImageOfPage":{"@id":"https://ticsalutsocial.atoom.space/es/event/xpatient-barcelona-congress-2/#primaryimage"},"image":{"@id":"https://ticsalutsocial.atoom.space/es/event/xpatient-barcelona-congress-2/#primaryimage"},"thumbnailUrl":"https://ticsalutsocial.atoom.space/wp-content/uploads/2022/05/Screenshot_30.jpg","datePublished":"2022-05-26T06:22:31+00:00","breadcrumb":{"@id":"https://ticsalutsocial.atoom.space/es/event/xpatient-barcelona-congress-2/#breadcrumb"},"inLanguage":"es","potentialAction":[{"@type":"ReadAction","target":["https://ticsalutsocial.atoom.space/es/event/xpatient-barcelona-congress-2/"]}]},{"@type":"ImageObject","inLanguage":"es","@id":"https://ticsalutsocial.atoom.space/es/event/xpatient-barcelona-congress-2/#primaryimage","url":"https://ticsalutsocial.atoom.space/wp-content/uploads/2022/05/Screenshot_30.jpg","contentUrl":"https://ticsalutsocial.atoom.space/wp-content/uploads/2022/05/Screenshot_30.jpg","width":1447,"height":717,"caption":"XPatient 2022"},{"@type":"BreadcrumbList","@id":"https://ticsalutsocial.atoom.space/es/event/xpatient-barcelona-congress-2/#breadcrumb","itemListElement":[{"@type":"ListItem","position":1,"name":"Inici","item":"https://ticsalutsocial.atoom.space/es/"},{"@type":"ListItem","position":2,"name":"XPatient Barcelona Congress"}]},{"@type":"WebSite","@id":"https://ticsalutsocial.atoom.space/es/#website","url":"https://ticsalutsocial.atoom.space/es/","name":"Fundació TIC Salut i Social","description":"","potentialAction":[{"@type":"SearchAction","target":{"@type":"EntryPoint","urlTemplate":"https://ticsalutsocial.atoom.space/es/?s={search_term_string}"},"query-input":{"@type":"PropertyValueSpecification","valueRequired":true,"valueName":"search_term_string"}}],"inLanguage":"es"}]}</script>
<!-- / Yoast SEO plugin. -->

XPatient Barcelona Congress - Fundació TIC Salut i Social

L’XPatient Barcelona Congress és una de les accions principals impulsada per l’XPA Barcelona (Experiència del Pacient) -una comunitat de pràctica que aglutina institucions de l’àmbit hospitalari, tecnològic, de la recerca i l’administració- per tal de transformar el model assistencial i que aquest situï el pacient com a l’element clau i prioritari. En el congrés es [&hellip;]

Fundació TIC Salut i Social
