
{"id":13798,"date":"2022-03-28T16:57:02","date_gmt":"2022-03-28T14:57:02","guid":{"rendered":"https:\/\/ticsalutsocial.atoom.space\/event\/invitation-to-webinar-presenting-tiques-omc-results\/"},"modified":"2022-03-28T16:57:02","modified_gmt":"2022-03-28T14:57:02","slug":"invitation-to-webinar-presenting-tiques-omc-results","status":"publish","type":"event","link":"https:\/\/ticsalutsocial.atoom.space\/es\/event\/invitation-to-webinar-presenting-tiques-omc-results\/","title":{"rendered":"Invitaci\u00f3 a les conclusions recollides a l&#8217;Open market Consultation de TIQUE"},"content":{"rendered":"\n<p>El dijous 7 d&#8217;abril, el Projecte Europeu de Recerca <a href=\"https:\/\/www.tiquepcp.eu\/web\/tique\">TIQUE <\/a>presentar\u00e0 les conclusions recollides durant l&#8217;Open Market Consultation que va fer entre l&#8217;octubre del 2021 i el febrer del 2022.<\/p>\n\n\n\n<p>M\u00e9s de 150 professionals del sector es van sumar als 4 seminaris que TIQUE va organitzar durant aquest per\u00edode, en qu\u00e8 se&#8217;ls va donar informaci\u00f3 sobre l&#8217;abast del projecte, els membres del seu equip, el finan\u00e7ament i el calendari. Alhora, es va posar a disposici\u00f3 dels assistents un q\u00fcestionari en l\u00ednia per demanar informaci\u00f3 sobre l&#8217;estat de l&#8217;art al sector i les tend\u00e8ncies de la tecnologia i els serveis per a pacients amb problemes card\u00edacs o en risc de patir-los.<\/p>\n\n\n\n<p>La informaci\u00f3 recopilada serveix per elaborar el plec de condicions definitiu del contracte de serveis.<br>Si esteu interessats\/des a con\u00e8ixer els resultats de l&#8217;Open Market Consultation directament dels seus tres contractants p\u00fablics -l&#8217;Hospital de la Santa Creu i Sant Pau (Espanya), l&#8217;Azienda Sanit\u00e0ria Locale Avellino (It\u00e0lia) i la Regi\u00f3 de V\u00e4sterbotten (Su\u00e8cia)- us conviden a participar al seminari web<\/p>\n","protected":false},"featured_media":10972,"menu_order":0,"template":"","meta":{"_acf_changed":false,"inline_featured_image":false},"tipus":[],"topic":[14],"class_list":["post-13798","event","type-event","status-publish","has-post-thumbnail","hentry","topic-jornades"],"acf":{"informacio":{"ubicacio":"Virtual event","data":"07\/04\/2022","hora":"","preu":"","inscripcions":"https:\/\/us02web.zoom.us\/webinar\/register\/WN_tcc5CusgRGqH7rKvYenrtA"},"programa":{"titol":"","items":false}},"yoast_head":"<!-- This site is optimized with the Yoast SEO plugin v27.1.1 - https:\/\/yoast.com\/product\/yoast-seo-wordpress\/ -->\n<title>Invitaci\u00f3 a les conclusions recollides a l&#039;Open market Consultation de TIQUE - Fundaci\u00f3 TIC Salut i Social<\/title>\n<meta name=\"robots\" content=\"index, follow, max-snippet:-1, max-image-preview:large, max-video-preview:-1\" \/>\n<link rel=\"canonical\" href=\"https:\/\/ticsalutsocial.atoom.space\/es\/event\/invitation-to-webinar-presenting-tiques-omc-results\/\" \/>\n<meta property=\"og:locale\" content=\"es_ES\" \/>\n<meta property=\"og:type\" content=\"article\" \/>\n<meta property=\"og:title\" content=\"Invitaci\u00f3 a les conclusions recollides a l&#039;Open market Consultation de TIQUE - Fundaci\u00f3 TIC Salut i Social\" \/>\n<meta property=\"og:description\" content=\"El dijous 7 d&#8217;abril, el Projecte Europeu de Recerca TIQUE presentar\u00e0 les conclusions recollides durant l&#8217;Open Market Consultation que va fer entre l&#8217;octubre del 2021 i el febrer del 2022. M\u00e9s de 150 professionals del sector es van sumar als 4 seminaris que TIQUE va organitzar durant aquest per\u00edode, en qu\u00e8 se&#8217;ls va donar informaci\u00f3 [&hellip;]\" \/>\n<meta property=\"og:url\" content=\"https:\/\/ticsalutsocial.atoom.space\/es\/event\/invitation-to-webinar-presenting-tiques-omc-results\/\" \/>\n<meta property=\"og:site_name\" content=\"Fundaci\u00f3 TIC Salut i Social\" \/>\n<meta property=\"og:image\" content=\"https:\/\/ticsalutsocial.atoom.space\/wp-content\/uploads\/2022\/03\/TIQUE-Results.png\" \/>\n\t<meta property=\"og:image:width\" content=\"350\" \/>\n\t<meta property=\"og:image:height\" content=\"340\" \/>\n\t<meta property=\"og:image:type\" content=\"image\/png\" \/>\n<meta name=\"twitter:card\" content=\"summary_large_image\" \/>\n<meta name=\"twitter:label1\" content=\"Tiempo de lectura\" \/>\n\t<meta name=\"twitter:data1\" content=\"1 minuto\" \/>\n<script type=\"application\/ld+json\" class=\"yoast-schema-graph\">{\"@context\":\"https:\/\/schema.org\",\"@graph\":[{\"@type\":\"WebPage\",\"@id\":\"https:\/\/ticsalutsocial.atoom.space\/es\/event\/invitation-to-webinar-presenting-tiques-omc-results\/\",\"url\":\"https:\/\/ticsalutsocial.atoom.space\/es\/event\/invitation-to-webinar-presenting-tiques-omc-results\/\",\"name\":\"Invitaci\u00f3 a les conclusions recollides a l'Open market Consultation de TIQUE - Fundaci\u00f3 TIC Salut i Social\",\"isPartOf\":{\"@id\":\"https:\/\/ticsalutsocial.atoom.space\/es\/#website\"},\"primaryImageOfPage\":{\"@id\":\"https:\/\/ticsalutsocial.atoom.space\/es\/event\/invitation-to-webinar-presenting-tiques-omc-results\/#primaryimage\"},\"image\":{\"@id\":\"https:\/\/ticsalutsocial.atoom.space\/es\/event\/invitation-to-webinar-presenting-tiques-omc-results\/#primaryimage\"},\"thumbnailUrl\":\"https:\/\/ticsalutsocial.atoom.space\/wp-content\/uploads\/2022\/03\/TIQUE-Results.png\",\"datePublished\":\"2022-03-28T14:57:02+00:00\",\"breadcrumb\":{\"@id\":\"https:\/\/ticsalutsocial.atoom.space\/es\/event\/invitation-to-webinar-presenting-tiques-omc-results\/#breadcrumb\"},\"inLanguage\":\"es\",\"potentialAction\":[{\"@type\":\"ReadAction\",\"target\":[\"https:\/\/ticsalutsocial.atoom.space\/es\/event\/invitation-to-webinar-presenting-tiques-omc-results\/\"]}]},{\"@type\":\"ImageObject\",\"inLanguage\":\"es\",\"@id\":\"https:\/\/ticsalutsocial.atoom.space\/es\/event\/invitation-to-webinar-presenting-tiques-omc-results\/#primaryimage\",\"url\":\"https:\/\/ticsalutsocial.atoom.space\/wp-content\/uploads\/2022\/03\/TIQUE-Results.png\",\"contentUrl\":\"https:\/\/ticsalutsocial.atoom.space\/wp-content\/uploads\/2022\/03\/TIQUE-Results.png\",\"width\":350,\"height\":340,\"caption\":\"TIQUE\u2019s OMC Results\"},{\"@type\":\"BreadcrumbList\",\"@id\":\"https:\/\/ticsalutsocial.atoom.space\/es\/event\/invitation-to-webinar-presenting-tiques-omc-results\/#breadcrumb\",\"itemListElement\":[{\"@type\":\"ListItem\",\"position\":1,\"name\":\"Inici\",\"item\":\"https:\/\/ticsalutsocial.atoom.space\/es\/\"},{\"@type\":\"ListItem\",\"position\":2,\"name\":\"Invitaci\u00f3 a les conclusions recollides a l&#8217;Open market Consultation de TIQUE\"}]},{\"@type\":\"WebSite\",\"@id\":\"https:\/\/ticsalutsocial.atoom.space\/es\/#website\",\"url\":\"https:\/\/ticsalutsocial.atoom.space\/es\/\",\"name\":\"Fundaci\u00f3 TIC Salut i Social\",\"description\":\"\",\"potentialAction\":[{\"@type\":\"SearchAction\",\"target\":{\"@type\":\"EntryPoint\",\"urlTemplate\":\"https:\/\/ticsalutsocial.atoom.space\/es\/?s={search_term_string}\"},\"query-input\":{\"@type\":\"PropertyValueSpecification\",\"valueRequired\":true,\"valueName\":\"search_term_string\"}}],\"inLanguage\":\"es\"}]}<\/script>\n<!-- \/ Yoast SEO plugin. -->","yoast_head_json":{"title":"Invitaci\u00f3 a les conclusions recollides a l'Open market Consultation de TIQUE - Fundaci\u00f3 TIC Salut i Social","robots":{"index":"index","follow":"follow","max-snippet":"max-snippet:-1","max-image-preview":"max-image-preview:large","max-video-preview":"max-video-preview:-1"},"canonical":"https:\/\/ticsalutsocial.atoom.space\/es\/event\/invitation-to-webinar-presenting-tiques-omc-results\/","og_locale":"es_ES","og_type":"article","og_title":"Invitaci\u00f3 a les conclusions recollides a l'Open market Consultation de TIQUE - Fundaci\u00f3 TIC Salut i Social","og_description":"El dijous 7 d&#8217;abril, el Projecte Europeu de Recerca TIQUE presentar\u00e0 les conclusions recollides durant l&#8217;Open Market Consultation que va fer entre l&#8217;octubre del 2021 i el febrer del 2022. M\u00e9s de 150 professionals del sector es van sumar als 4 seminaris que TIQUE va organitzar durant aquest per\u00edode, en qu\u00e8 se&#8217;ls va donar informaci\u00f3 [&hellip;]","og_url":"https:\/\/ticsalutsocial.atoom.space\/es\/event\/invitation-to-webinar-presenting-tiques-omc-results\/","og_site_name":"Fundaci\u00f3 TIC Salut i Social","og_image":[{"width":350,"height":340,"url":"https:\/\/ticsalutsocial.atoom.space\/wp-content\/uploads\/2022\/03\/TIQUE-Results.png","type":"image\/png"}],"twitter_card":"summary_large_image","twitter_misc":{"Tiempo de lectura":"1 minuto"},"schema":{"@context":"https:\/\/schema.org","@graph":[{"@type":"WebPage","@id":"https:\/\/ticsalutsocial.atoom.space\/es\/event\/invitation-to-webinar-presenting-tiques-omc-results\/","url":"https:\/\/ticsalutsocial.atoom.space\/es\/event\/invitation-to-webinar-presenting-tiques-omc-results\/","name":"Invitaci\u00f3 a les conclusions recollides a l'Open market Consultation de TIQUE - Fundaci\u00f3 TIC Salut i Social","isPartOf":{"@id":"https:\/\/ticsalutsocial.atoom.space\/es\/#website"},"primaryImageOfPage":{"@id":"https:\/\/ticsalutsocial.atoom.space\/es\/event\/invitation-to-webinar-presenting-tiques-omc-results\/#primaryimage"},"image":{"@id":"https:\/\/ticsalutsocial.atoom.space\/es\/event\/invitation-to-webinar-presenting-tiques-omc-results\/#primaryimage"},"thumbnailUrl":"https:\/\/ticsalutsocial.atoom.space\/wp-content\/uploads\/2022\/03\/TIQUE-Results.png","datePublished":"2022-03-28T14:57:02+00:00","breadcrumb":{"@id":"https:\/\/ticsalutsocial.atoom.space\/es\/event\/invitation-to-webinar-presenting-tiques-omc-results\/#breadcrumb"},"inLanguage":"es","potentialAction":[{"@type":"ReadAction","target":["https:\/\/ticsalutsocial.atoom.space\/es\/event\/invitation-to-webinar-presenting-tiques-omc-results\/"]}]},{"@type":"ImageObject","inLanguage":"es","@id":"https:\/\/ticsalutsocial.atoom.space\/es\/event\/invitation-to-webinar-presenting-tiques-omc-results\/#primaryimage","url":"https:\/\/ticsalutsocial.atoom.space\/wp-content\/uploads\/2022\/03\/TIQUE-Results.png","contentUrl":"https:\/\/ticsalutsocial.atoom.space\/wp-content\/uploads\/2022\/03\/TIQUE-Results.png","width":350,"height":340,"caption":"TIQUE\u2019s OMC Results"},{"@type":"BreadcrumbList","@id":"https:\/\/ticsalutsocial.atoom.space\/es\/event\/invitation-to-webinar-presenting-tiques-omc-results\/#breadcrumb","itemListElement":[{"@type":"ListItem","position":1,"name":"Inici","item":"https:\/\/ticsalutsocial.atoom.space\/es\/"},{"@type":"ListItem","position":2,"name":"Invitaci\u00f3 a les conclusions recollides a l&#8217;Open market Consultation de TIQUE"}]},{"@type":"WebSite","@id":"https:\/\/ticsalutsocial.atoom.space\/es\/#website","url":"https:\/\/ticsalutsocial.atoom.space\/es\/","name":"Fundaci\u00f3 TIC Salut i Social","description":"","potentialAction":[{"@type":"SearchAction","target":{"@type":"EntryPoint","urlTemplate":"https:\/\/ticsalutsocial.atoom.space\/es\/?s={search_term_string}"},"query-input":{"@type":"PropertyValueSpecification","valueRequired":true,"valueName":"search_term_string"}}],"inLanguage":"es"}]}},"_links":{"self":[{"href":"https:\/\/ticsalutsocial.atoom.space\/es\/wp-json\/wp\/v2\/event\/13798","targetHints":{"allow":["GET"]}}],"collection":[{"href":"https:\/\/ticsalutsocial.atoom.space\/es\/wp-json\/wp\/v2\/event"}],"about":[{"href":"https:\/\/ticsalutsocial.atoom.space\/es\/wp-json\/wp\/v2\/types\/event"}],"wp:featuredmedia":[{"embeddable":true,"href":"https:\/\/ticsalutsocial.atoom.space\/es\/wp-json\/wp\/v2\/media\/10972"}],"wp:attachment":[{"href":"https:\/\/ticsalutsocial.atoom.space\/es\/wp-json\/wp\/v2\/media?parent=13798"}],"wp:term":[{"taxonomy":"tipus","embeddable":true,"href":"https:\/\/ticsalutsocial.atoom.space\/es\/wp-json\/wp\/v2\/tipus?post=13798"},{"taxonomy":"topic","embeddable":true,"href":"https:\/\/ticsalutsocial.atoom.space\/es\/wp-json\/wp\/v2\/topic?post=13798"}],"curies":[{"name":"wp","href":"https:\/\/api.w.org\/{rel}","templated":true}]}}

Invitació a les conclusions recollides a l&#8217;Open market Consultation de TIQUE

<p>El dijous 7 d&#8217;abril, el Projecte Europeu de Recerca <a href="https://www.tiquepcp.eu/web/tique">TIQUE </a>presentarà les conclusions recollides durant l&#8217;Open Market Consultation que va fer entre l&#8217;octubre del 2021 i el febrer del 2022.</p>



<p>Més de 150 professionals del sector es van sumar als 4 seminaris que TIQUE va organitzar durant aquest període, en què se&#8217;ls va donar informació sobre l&#8217;abast del projecte, els membres del seu equip, el finançament i el calendari. Alhora, es va posar a disposició dels assistents un qüestionari en línia per demanar informació sobre l&#8217;estat de l&#8217;art al sector i les tendències de la tecnologia i els serveis per a pacients amb problemes cardíacs o en risc de patir-los.</p>



<p>La informació recopilada serveix per elaborar el plec de condicions definitiu del contracte de serveis.<br>Si esteu interessats/des a conèixer els resultats de l&#8217;Open Market Consultation directament dels seus tres contractants públics -l&#8217;Hospital de la Santa Creu i Sant Pau (Espanya), l&#8217;Azienda Sanitària Locale Avellino (Itàlia) i la Regió de Västerbotten (Suècia)- us conviden a participar al seminari web</p>

<!-- This site is optimized with the Yoast SEO plugin v27.1.1 - https://yoast.com/product/yoast-seo-wordpress/ -->
<title>Invitació a les conclusions recollides a l&#039;Open market Consultation de TIQUE - Fundació TIC Salut i Social</title>
<meta name="robots" content="index, follow, max-snippet:-1, max-image-preview:large, max-video-preview:-1" />
<link rel="canonical" href="https://ticsalutsocial.atoom.space/es/event/invitation-to-webinar-presenting-tiques-omc-results/" />
<meta property="og:locale" content="es_ES" />
<meta property="og:type" content="article" />
<meta property="og:title" content="Invitació a les conclusions recollides a l&#039;Open market Consultation de TIQUE - Fundació TIC Salut i Social" />
<meta property="og:description" content="El dijous 7 d&#8217;abril, el Projecte Europeu de Recerca TIQUE presentarà les conclusions recollides durant l&#8217;Open Market Consultation que va fer entre l&#8217;octubre del 2021 i el febrer del 2022. Més de 150 professionals del sector es van sumar als 4 seminaris que TIQUE va organitzar durant aquest període, en què se&#8217;ls va donar informació [&hellip;]" />
<meta property="og:url" content="https://ticsalutsocial.atoom.space/es/event/invitation-to-webinar-presenting-tiques-omc-results/" />
<meta property="og:site_name" content="Fundació TIC Salut i Social" />
<meta property="og:image" content="https://ticsalutsocial.atoom.space/wp-content/uploads/2022/03/TIQUE-Results.png" />
	<meta property="og:image:width" content="350" />
	<meta property="og:image:height" content="340" />
	<meta property="og:image:type" content="image/png" />
<meta name="twitter:card" content="summary_large_image" />
<meta name="twitter:label1" content="Tiempo de lectura" />
	<meta name="twitter:data1" content="1 minuto" />
<script type="application/ld+json" class="yoast-schema-graph">{"@context":"https://schema.org","@graph":[{"@type":"WebPage","@id":"https://ticsalutsocial.atoom.space/es/event/invitation-to-webinar-presenting-tiques-omc-results/","url":"https://ticsalutsocial.atoom.space/es/event/invitation-to-webinar-presenting-tiques-omc-results/","name":"Invitació a les conclusions recollides a l'Open market Consultation de TIQUE - Fundació TIC Salut i Social","isPartOf":{"@id":"https://ticsalutsocial.atoom.space/es/#website"},"primaryImageOfPage":{"@id":"https://ticsalutsocial.atoom.space/es/event/invitation-to-webinar-presenting-tiques-omc-results/#primaryimage"},"image":{"@id":"https://ticsalutsocial.atoom.space/es/event/invitation-to-webinar-presenting-tiques-omc-results/#primaryimage"},"thumbnailUrl":"https://ticsalutsocial.atoom.space/wp-content/uploads/2022/03/TIQUE-Results.png","datePublished":"2022-03-28T14:57:02+00:00","breadcrumb":{"@id":"https://ticsalutsocial.atoom.space/es/event/invitation-to-webinar-presenting-tiques-omc-results/#breadcrumb"},"inLanguage":"es","potentialAction":[{"@type":"ReadAction","target":["https://ticsalutsocial.atoom.space/es/event/invitation-to-webinar-presenting-tiques-omc-results/"]}]},{"@type":"ImageObject","inLanguage":"es","@id":"https://ticsalutsocial.atoom.space/es/event/invitation-to-webinar-presenting-tiques-omc-results/#primaryimage","url":"https://ticsalutsocial.atoom.space/wp-content/uploads/2022/03/TIQUE-Results.png","contentUrl":"https://ticsalutsocial.atoom.space/wp-content/uploads/2022/03/TIQUE-Results.png","width":350,"height":340,"caption":"TIQUE’s OMC Results"},{"@type":"BreadcrumbList","@id":"https://ticsalutsocial.atoom.space/es/event/invitation-to-webinar-presenting-tiques-omc-results/#breadcrumb","itemListElement":[{"@type":"ListItem","position":1,"name":"Inici","item":"https://ticsalutsocial.atoom.space/es/"},{"@type":"ListItem","position":2,"name":"Invitació a les conclusions recollides a l&#8217;Open market Consultation de TIQUE"}]},{"@type":"WebSite","@id":"https://ticsalutsocial.atoom.space/es/#website","url":"https://ticsalutsocial.atoom.space/es/","name":"Fundació TIC Salut i Social","description":"","potentialAction":[{"@type":"SearchAction","target":{"@type":"EntryPoint","urlTemplate":"https://ticsalutsocial.atoom.space/es/?s={search_term_string}"},"query-input":{"@type":"PropertyValueSpecification","valueRequired":true,"valueName":"search_term_string"}}],"inLanguage":"es"}]}</script>
<!-- / Yoast SEO plugin. -->

Invitació a les conclusions recollides a l'Open market Consultation de TIQUE - Fundació TIC Salut i Social

El dijous 7 d&#8217;abril, el Projecte Europeu de Recerca TIQUE presentarà les conclusions recollides durant l&#8217;Open Market Consultation que va fer entre l&#8217;octubre del 2021 i el febrer del 2022. Més de 150 professionals del sector es van sumar als 4 seminaris que TIQUE va organitzar durant aquest període, en què se&#8217;ls va donar informació [&hellip;]

Fundació TIC Salut i Social
