
{"id":13800,"date":"2022-03-23T17:36:06","date_gmt":"2022-03-23T15:36:06","guid":{"rendered":"https:\/\/ticsalutsocial.atoom.space\/event\/spain-ai-digital-health-forum\/"},"modified":"2022-03-23T17:36:06","modified_gmt":"2022-03-23T15:36:06","slug":"spain-ai-digital-health-forum","status":"publish","type":"event","link":"https:\/\/ticsalutsocial.atoom.space\/es\/event\/spain-ai-digital-health-forum\/","title":{"rendered":"Spain AI &#038; digital Health Forum"},"content":{"rendered":"\n<p>F\u00f2rum per con\u00e8ixer les solucions en digitalitzaci\u00f3 de la salut i analitzar oportunitats i riscos aix\u00ed com lli\u00e7ons apreses en organitzacions p\u00fabliques i privades. <\/p>\n","protected":false},"featured_media":10899,"menu_order":0,"template":"","meta":{"_acf_changed":false,"inline_featured_image":false},"tipus":[],"topic":[14,19],"class_list":["post-13800","event","type-event","status-publish","has-post-thumbnail","hentry","topic-jornades","topic-innovacio"],"acf":{"informacio":{"ubicacio":"H\u00edbrid: online o Auditori del Consejo General de Colegios Oficiales de M\u00e9dicos (CGCOM), Pl. de las Cortes, 11, 28014 Madrid.","data":"07\/04\/2022","hora":"16:00","preu":"","inscripcions":"https:\/\/bamberghealth.com\/event\/spain-ai-digital-health-forum"},"programa":{"titol":"","items":false}},"yoast_head":"<!-- This site is optimized with the Yoast SEO plugin v27.1.1 - https:\/\/yoast.com\/product\/yoast-seo-wordpress\/ -->\n<title>Spain AI &amp; digital Health Forum - Fundaci\u00f3 TIC Salut i Social<\/title>\n<meta name=\"robots\" content=\"index, follow, max-snippet:-1, max-image-preview:large, max-video-preview:-1\" \/>\n<link rel=\"canonical\" href=\"https:\/\/ticsalutsocial.atoom.space\/es\/event\/spain-ai-digital-health-forum\/\" \/>\n<meta property=\"og:locale\" content=\"es_ES\" \/>\n<meta property=\"og:type\" content=\"article\" \/>\n<meta property=\"og:title\" content=\"Spain AI &amp; digital Health Forum - Fundaci\u00f3 TIC Salut i Social\" \/>\n<meta property=\"og:description\" content=\"F\u00f2rum per con\u00e8ixer les solucions en digitalitzaci\u00f3 de la salut i analitzar oportunitats i riscos aix\u00ed com lli\u00e7ons apreses en organitzacions p\u00fabliques i privades.\" \/>\n<meta property=\"og:url\" content=\"https:\/\/ticsalutsocial.atoom.space\/es\/event\/spain-ai-digital-health-forum\/\" \/>\n<meta property=\"og:site_name\" content=\"Fundaci\u00f3 TIC Salut i Social\" \/>\n<meta property=\"og:image\" content=\"https:\/\/ticsalutsocial.atoom.space\/wp-content\/uploads\/2022\/03\/AI-forum.png\" \/>\n\t<meta property=\"og:image:width\" content=\"877\" \/>\n\t<meta property=\"og:image:height\" content=\"421\" \/>\n\t<meta property=\"og:image:type\" content=\"image\/png\" \/>\n<meta name=\"twitter:card\" content=\"summary_large_image\" \/>\n<script type=\"application\/ld+json\" class=\"yoast-schema-graph\">{\"@context\":\"https:\/\/schema.org\",\"@graph\":[{\"@type\":\"WebPage\",\"@id\":\"https:\/\/ticsalutsocial.atoom.space\/es\/event\/spain-ai-digital-health-forum\/\",\"url\":\"https:\/\/ticsalutsocial.atoom.space\/es\/event\/spain-ai-digital-health-forum\/\",\"name\":\"Spain AI & digital Health Forum - Fundaci\u00f3 TIC Salut i Social\",\"isPartOf\":{\"@id\":\"https:\/\/ticsalutsocial.atoom.space\/es\/#website\"},\"primaryImageOfPage\":{\"@id\":\"https:\/\/ticsalutsocial.atoom.space\/es\/event\/spain-ai-digital-health-forum\/#primaryimage\"},\"image\":{\"@id\":\"https:\/\/ticsalutsocial.atoom.space\/es\/event\/spain-ai-digital-health-forum\/#primaryimage\"},\"thumbnailUrl\":\"https:\/\/ticsalutsocial.atoom.space\/wp-content\/uploads\/2022\/03\/AI-forum.png\",\"datePublished\":\"2022-03-23T15:36:06+00:00\",\"breadcrumb\":{\"@id\":\"https:\/\/ticsalutsocial.atoom.space\/es\/event\/spain-ai-digital-health-forum\/#breadcrumb\"},\"inLanguage\":\"es\",\"potentialAction\":[{\"@type\":\"ReadAction\",\"target\":[\"https:\/\/ticsalutsocial.atoom.space\/es\/event\/spain-ai-digital-health-forum\/\"]}]},{\"@type\":\"ImageObject\",\"inLanguage\":\"es\",\"@id\":\"https:\/\/ticsalutsocial.atoom.space\/es\/event\/spain-ai-digital-health-forum\/#primaryimage\",\"url\":\"https:\/\/ticsalutsocial.atoom.space\/wp-content\/uploads\/2022\/03\/AI-forum.png\",\"contentUrl\":\"https:\/\/ticsalutsocial.atoom.space\/wp-content\/uploads\/2022\/03\/AI-forum.png\",\"width\":877,\"height\":421},{\"@type\":\"BreadcrumbList\",\"@id\":\"https:\/\/ticsalutsocial.atoom.space\/es\/event\/spain-ai-digital-health-forum\/#breadcrumb\",\"itemListElement\":[{\"@type\":\"ListItem\",\"position\":1,\"name\":\"Inici\",\"item\":\"https:\/\/ticsalutsocial.atoom.space\/es\/\"},{\"@type\":\"ListItem\",\"position\":2,\"name\":\"Spain AI &#038; digital Health Forum\"}]},{\"@type\":\"WebSite\",\"@id\":\"https:\/\/ticsalutsocial.atoom.space\/es\/#website\",\"url\":\"https:\/\/ticsalutsocial.atoom.space\/es\/\",\"name\":\"Fundaci\u00f3 TIC Salut i Social\",\"description\":\"\",\"potentialAction\":[{\"@type\":\"SearchAction\",\"target\":{\"@type\":\"EntryPoint\",\"urlTemplate\":\"https:\/\/ticsalutsocial.atoom.space\/es\/?s={search_term_string}\"},\"query-input\":{\"@type\":\"PropertyValueSpecification\",\"valueRequired\":true,\"valueName\":\"search_term_string\"}}],\"inLanguage\":\"es\"}]}<\/script>\n<!-- \/ Yoast SEO plugin. -->","yoast_head_json":{"title":"Spain AI & digital Health Forum - Fundaci\u00f3 TIC Salut i Social","robots":{"index":"index","follow":"follow","max-snippet":"max-snippet:-1","max-image-preview":"max-image-preview:large","max-video-preview":"max-video-preview:-1"},"canonical":"https:\/\/ticsalutsocial.atoom.space\/es\/event\/spain-ai-digital-health-forum\/","og_locale":"es_ES","og_type":"article","og_title":"Spain AI & digital Health Forum - Fundaci\u00f3 TIC Salut i Social","og_description":"F\u00f2rum per con\u00e8ixer les solucions en digitalitzaci\u00f3 de la salut i analitzar oportunitats i riscos aix\u00ed com lli\u00e7ons apreses en organitzacions p\u00fabliques i privades.","og_url":"https:\/\/ticsalutsocial.atoom.space\/es\/event\/spain-ai-digital-health-forum\/","og_site_name":"Fundaci\u00f3 TIC Salut i Social","og_image":[{"width":877,"height":421,"url":"https:\/\/ticsalutsocial.atoom.space\/wp-content\/uploads\/2022\/03\/AI-forum.png","type":"image\/png"}],"twitter_card":"summary_large_image","schema":{"@context":"https:\/\/schema.org","@graph":[{"@type":"WebPage","@id":"https:\/\/ticsalutsocial.atoom.space\/es\/event\/spain-ai-digital-health-forum\/","url":"https:\/\/ticsalutsocial.atoom.space\/es\/event\/spain-ai-digital-health-forum\/","name":"Spain AI & digital Health Forum - Fundaci\u00f3 TIC Salut i Social","isPartOf":{"@id":"https:\/\/ticsalutsocial.atoom.space\/es\/#website"},"primaryImageOfPage":{"@id":"https:\/\/ticsalutsocial.atoom.space\/es\/event\/spain-ai-digital-health-forum\/#primaryimage"},"image":{"@id":"https:\/\/ticsalutsocial.atoom.space\/es\/event\/spain-ai-digital-health-forum\/#primaryimage"},"thumbnailUrl":"https:\/\/ticsalutsocial.atoom.space\/wp-content\/uploads\/2022\/03\/AI-forum.png","datePublished":"2022-03-23T15:36:06+00:00","breadcrumb":{"@id":"https:\/\/ticsalutsocial.atoom.space\/es\/event\/spain-ai-digital-health-forum\/#breadcrumb"},"inLanguage":"es","potentialAction":[{"@type":"ReadAction","target":["https:\/\/ticsalutsocial.atoom.space\/es\/event\/spain-ai-digital-health-forum\/"]}]},{"@type":"ImageObject","inLanguage":"es","@id":"https:\/\/ticsalutsocial.atoom.space\/es\/event\/spain-ai-digital-health-forum\/#primaryimage","url":"https:\/\/ticsalutsocial.atoom.space\/wp-content\/uploads\/2022\/03\/AI-forum.png","contentUrl":"https:\/\/ticsalutsocial.atoom.space\/wp-content\/uploads\/2022\/03\/AI-forum.png","width":877,"height":421},{"@type":"BreadcrumbList","@id":"https:\/\/ticsalutsocial.atoom.space\/es\/event\/spain-ai-digital-health-forum\/#breadcrumb","itemListElement":[{"@type":"ListItem","position":1,"name":"Inici","item":"https:\/\/ticsalutsocial.atoom.space\/es\/"},{"@type":"ListItem","position":2,"name":"Spain AI &#038; digital Health Forum"}]},{"@type":"WebSite","@id":"https:\/\/ticsalutsocial.atoom.space\/es\/#website","url":"https:\/\/ticsalutsocial.atoom.space\/es\/","name":"Fundaci\u00f3 TIC Salut i Social","description":"","potentialAction":[{"@type":"SearchAction","target":{"@type":"EntryPoint","urlTemplate":"https:\/\/ticsalutsocial.atoom.space\/es\/?s={search_term_string}"},"query-input":{"@type":"PropertyValueSpecification","valueRequired":true,"valueName":"search_term_string"}}],"inLanguage":"es"}]}},"_links":{"self":[{"href":"https:\/\/ticsalutsocial.atoom.space\/es\/wp-json\/wp\/v2\/event\/13800","targetHints":{"allow":["GET"]}}],"collection":[{"href":"https:\/\/ticsalutsocial.atoom.space\/es\/wp-json\/wp\/v2\/event"}],"about":[{"href":"https:\/\/ticsalutsocial.atoom.space\/es\/wp-json\/wp\/v2\/types\/event"}],"wp:featuredmedia":[{"embeddable":true,"href":"https:\/\/ticsalutsocial.atoom.space\/es\/wp-json\/wp\/v2\/media\/10899"}],"wp:attachment":[{"href":"https:\/\/ticsalutsocial.atoom.space\/es\/wp-json\/wp\/v2\/media?parent=13800"}],"wp:term":[{"taxonomy":"tipus","embeddable":true,"href":"https:\/\/ticsalutsocial.atoom.space\/es\/wp-json\/wp\/v2\/tipus?post=13800"},{"taxonomy":"topic","embeddable":true,"href":"https:\/\/ticsalutsocial.atoom.space\/es\/wp-json\/wp\/v2\/topic?post=13800"}],"curies":[{"name":"wp","href":"https:\/\/api.w.org\/{rel}","templated":true}]}}

<p>Fòrum per conèixer les solucions en digitalització de la salut i analitzar oportunitats i riscos així com lliçons apreses en organitzacions públiques i privades. </p>

Híbrid: online o Auditori del Consejo General de Colegios Oficiales de Médicos (CGCOM), Pl. de las Cortes, 11, 28014 Madrid.

<!-- This site is optimized with the Yoast SEO plugin v27.1.1 - https://yoast.com/product/yoast-seo-wordpress/ -->
<title>Spain AI &amp; digital Health Forum - Fundació TIC Salut i Social</title>
<meta name="robots" content="index, follow, max-snippet:-1, max-image-preview:large, max-video-preview:-1" />
<link rel="canonical" href="https://ticsalutsocial.atoom.space/es/event/spain-ai-digital-health-forum/" />
<meta property="og:locale" content="es_ES" />
<meta property="og:type" content="article" />
<meta property="og:title" content="Spain AI &amp; digital Health Forum - Fundació TIC Salut i Social" />
<meta property="og:description" content="Fòrum per conèixer les solucions en digitalització de la salut i analitzar oportunitats i riscos així com lliçons apreses en organitzacions públiques i privades." />
<meta property="og:url" content="https://ticsalutsocial.atoom.space/es/event/spain-ai-digital-health-forum/" />
<meta property="og:site_name" content="Fundació TIC Salut i Social" />
<meta property="og:image" content="https://ticsalutsocial.atoom.space/wp-content/uploads/2022/03/AI-forum.png" />
	<meta property="og:image:width" content="877" />
	<meta property="og:image:height" content="421" />
	<meta property="og:image:type" content="image/png" />
<meta name="twitter:card" content="summary_large_image" />
<script type="application/ld+json" class="yoast-schema-graph">{"@context":"https://schema.org","@graph":[{"@type":"WebPage","@id":"https://ticsalutsocial.atoom.space/es/event/spain-ai-digital-health-forum/","url":"https://ticsalutsocial.atoom.space/es/event/spain-ai-digital-health-forum/","name":"Spain AI & digital Health Forum - Fundació TIC Salut i Social","isPartOf":{"@id":"https://ticsalutsocial.atoom.space/es/#website"},"primaryImageOfPage":{"@id":"https://ticsalutsocial.atoom.space/es/event/spain-ai-digital-health-forum/#primaryimage"},"image":{"@id":"https://ticsalutsocial.atoom.space/es/event/spain-ai-digital-health-forum/#primaryimage"},"thumbnailUrl":"https://ticsalutsocial.atoom.space/wp-content/uploads/2022/03/AI-forum.png","datePublished":"2022-03-23T15:36:06+00:00","breadcrumb":{"@id":"https://ticsalutsocial.atoom.space/es/event/spain-ai-digital-health-forum/#breadcrumb"},"inLanguage":"es","potentialAction":[{"@type":"ReadAction","target":["https://ticsalutsocial.atoom.space/es/event/spain-ai-digital-health-forum/"]}]},{"@type":"ImageObject","inLanguage":"es","@id":"https://ticsalutsocial.atoom.space/es/event/spain-ai-digital-health-forum/#primaryimage","url":"https://ticsalutsocial.atoom.space/wp-content/uploads/2022/03/AI-forum.png","contentUrl":"https://ticsalutsocial.atoom.space/wp-content/uploads/2022/03/AI-forum.png","width":877,"height":421},{"@type":"BreadcrumbList","@id":"https://ticsalutsocial.atoom.space/es/event/spain-ai-digital-health-forum/#breadcrumb","itemListElement":[{"@type":"ListItem","position":1,"name":"Inici","item":"https://ticsalutsocial.atoom.space/es/"},{"@type":"ListItem","position":2,"name":"Spain AI &#038; digital Health Forum"}]},{"@type":"WebSite","@id":"https://ticsalutsocial.atoom.space/es/#website","url":"https://ticsalutsocial.atoom.space/es/","name":"Fundació TIC Salut i Social","description":"","potentialAction":[{"@type":"SearchAction","target":{"@type":"EntryPoint","urlTemplate":"https://ticsalutsocial.atoom.space/es/?s={search_term_string}"},"query-input":{"@type":"PropertyValueSpecification","valueRequired":true,"valueName":"search_term_string"}}],"inLanguage":"es"}]}</script>
<!-- / Yoast SEO plugin. -->

Spain AI & digital Health Forum - Fundació TIC Salut i Social

Fòrum per conèixer les solucions en digitalització de la salut i analitzar oportunitats i riscos així com lliçons apreses en organitzacions públiques i privades.

Fundació TIC Salut i Social
