
{"id":13807,"date":"2022-02-22T13:54:43","date_gmt":"2022-02-22T11:54:43","guid":{"rendered":"https:\/\/ticsalutsocial.atoom.space\/event\/mobile-wordl-congress-2022-4\/"},"modified":"2022-02-22T13:54:43","modified_gmt":"2022-02-22T11:54:43","slug":"mobile-wordl-congress-2022-4","status":"publish","type":"event","link":"https:\/\/ticsalutsocial.atoom.space\/es\/event\/mobile-wordl-congress-2022-4\/","title":{"rendered":"Mobile World Congress 2022"},"content":{"rendered":"\n<p>Us hi esperem al pavell\u00f3 Digital Catalonia 4C1, estand 23, per parlar d&#8217;Intel\u00b7lig\u00e8ncia Artificial, l&#8217;Oficina del Delegat de Protecci\u00f3 de Dades i el Servei de Certificaci\u00f3 d&#8217;Apps, entre d&#8217;altres. <a href=\"https:\/\/ticsalutsocial.atoom.space\/noticia\/la-fundacio-tic-salut-social-present-al-mwc-2022\/\">M\u00e9s informaci\u00f3<\/a><\/p>\n","protected":false},"featured_media":10271,"menu_order":0,"template":"","meta":{"_acf_changed":false,"inline_featured_image":false},"tipus":[],"topic":[14,19],"class_list":["post-13807","event","type-event","status-publish","has-post-thumbnail","hentry","topic-jornades","topic-innovacio"],"acf":{"informacio":{"ubicacio":"Avinguda Joan Carles I, 64,  08908 L'Hospitalet de Llobregat.","data":"03\/03\/2022","hora":"De 8:30 a 18:00","preu":"Consultar lloc web","inscripcions":""},"programa":{"titol":"","items":false}},"yoast_head":"<!-- This site is optimized with the Yoast SEO plugin v27.1.1 - https:\/\/yoast.com\/product\/yoast-seo-wordpress\/ -->\n<title>Mobile World Congress 2022 - Fundaci\u00f3 TIC Salut i Social<\/title>\n<meta name=\"robots\" content=\"index, follow, max-snippet:-1, max-image-preview:large, max-video-preview:-1\" \/>\n<link rel=\"canonical\" href=\"https:\/\/ticsalutsocial.atoom.space\/es\/event\/mobile-wordl-congress-2022-4\/\" \/>\n<meta property=\"og:locale\" content=\"es_ES\" \/>\n<meta property=\"og:type\" content=\"article\" \/>\n<meta property=\"og:title\" content=\"Mobile World Congress 2022 - Fundaci\u00f3 TIC Salut i Social\" \/>\n<meta property=\"og:description\" content=\"Us hi esperem al pavell\u00f3 Digital Catalonia 4C1, estand 23, per parlar d&#8217;Intel\u00b7lig\u00e8ncia Artificial, l&#8217;Oficina del Delegat de Protecci\u00f3 de Dades i el Servei de Certificaci\u00f3 d&#8217;Apps, entre d&#8217;altres. M\u00e9s informaci\u00f3\" \/>\n<meta property=\"og:url\" content=\"https:\/\/ticsalutsocial.atoom.space\/es\/event\/mobile-wordl-congress-2022-4\/\" \/>\n<meta property=\"og:site_name\" content=\"Fundaci\u00f3 TIC Salut i Social\" \/>\n<meta property=\"og:image\" content=\"https:\/\/ticsalutsocial.atoom.space\/wp-content\/uploads\/2022\/01\/MWCpic.jpg\" \/>\n\t<meta property=\"og:image:width\" content=\"1920\" \/>\n\t<meta property=\"og:image:height\" content=\"1080\" \/>\n\t<meta property=\"og:image:type\" content=\"image\/jpeg\" \/>\n<meta name=\"twitter:card\" content=\"summary_large_image\" \/>\n<script type=\"application\/ld+json\" class=\"yoast-schema-graph\">{\"@context\":\"https:\/\/schema.org\",\"@graph\":[{\"@type\":\"WebPage\",\"@id\":\"https:\/\/ticsalutsocial.atoom.space\/es\/event\/mobile-wordl-congress-2022-4\/\",\"url\":\"https:\/\/ticsalutsocial.atoom.space\/es\/event\/mobile-wordl-congress-2022-4\/\",\"name\":\"Mobile World Congress 2022 - Fundaci\u00f3 TIC Salut i Social\",\"isPartOf\":{\"@id\":\"https:\/\/ticsalutsocial.atoom.space\/es\/#website\"},\"primaryImageOfPage\":{\"@id\":\"https:\/\/ticsalutsocial.atoom.space\/es\/event\/mobile-wordl-congress-2022-4\/#primaryimage\"},\"image\":{\"@id\":\"https:\/\/ticsalutsocial.atoom.space\/es\/event\/mobile-wordl-congress-2022-4\/#primaryimage\"},\"thumbnailUrl\":\"https:\/\/ticsalutsocial.atoom.space\/wp-content\/uploads\/2022\/01\/MWCpic.jpg\",\"datePublished\":\"2022-02-22T11:54:43+00:00\",\"breadcrumb\":{\"@id\":\"https:\/\/ticsalutsocial.atoom.space\/es\/event\/mobile-wordl-congress-2022-4\/#breadcrumb\"},\"inLanguage\":\"es\",\"potentialAction\":[{\"@type\":\"ReadAction\",\"target\":[\"https:\/\/ticsalutsocial.atoom.space\/es\/event\/mobile-wordl-congress-2022-4\/\"]}]},{\"@type\":\"ImageObject\",\"inLanguage\":\"es\",\"@id\":\"https:\/\/ticsalutsocial.atoom.space\/es\/event\/mobile-wordl-congress-2022-4\/#primaryimage\",\"url\":\"https:\/\/ticsalutsocial.atoom.space\/wp-content\/uploads\/2022\/01\/MWCpic.jpg\",\"contentUrl\":\"https:\/\/ticsalutsocial.atoom.space\/wp-content\/uploads\/2022\/01\/MWCpic.jpg\",\"width\":1920,\"height\":1080},{\"@type\":\"BreadcrumbList\",\"@id\":\"https:\/\/ticsalutsocial.atoom.space\/es\/event\/mobile-wordl-congress-2022-4\/#breadcrumb\",\"itemListElement\":[{\"@type\":\"ListItem\",\"position\":1,\"name\":\"Inici\",\"item\":\"https:\/\/ticsalutsocial.atoom.space\/es\/\"},{\"@type\":\"ListItem\",\"position\":2,\"name\":\"Mobile World Congress 2022\"}]},{\"@type\":\"WebSite\",\"@id\":\"https:\/\/ticsalutsocial.atoom.space\/es\/#website\",\"url\":\"https:\/\/ticsalutsocial.atoom.space\/es\/\",\"name\":\"Fundaci\u00f3 TIC Salut i Social\",\"description\":\"\",\"potentialAction\":[{\"@type\":\"SearchAction\",\"target\":{\"@type\":\"EntryPoint\",\"urlTemplate\":\"https:\/\/ticsalutsocial.atoom.space\/es\/?s={search_term_string}\"},\"query-input\":{\"@type\":\"PropertyValueSpecification\",\"valueRequired\":true,\"valueName\":\"search_term_string\"}}],\"inLanguage\":\"es\"}]}<\/script>\n<!-- \/ Yoast SEO plugin. -->","yoast_head_json":{"title":"Mobile World Congress 2022 - Fundaci\u00f3 TIC Salut i Social","robots":{"index":"index","follow":"follow","max-snippet":"max-snippet:-1","max-image-preview":"max-image-preview:large","max-video-preview":"max-video-preview:-1"},"canonical":"https:\/\/ticsalutsocial.atoom.space\/es\/event\/mobile-wordl-congress-2022-4\/","og_locale":"es_ES","og_type":"article","og_title":"Mobile World Congress 2022 - Fundaci\u00f3 TIC Salut i Social","og_description":"Us hi esperem al pavell\u00f3 Digital Catalonia 4C1, estand 23, per parlar d&#8217;Intel\u00b7lig\u00e8ncia Artificial, l&#8217;Oficina del Delegat de Protecci\u00f3 de Dades i el Servei de Certificaci\u00f3 d&#8217;Apps, entre d&#8217;altres. M\u00e9s informaci\u00f3","og_url":"https:\/\/ticsalutsocial.atoom.space\/es\/event\/mobile-wordl-congress-2022-4\/","og_site_name":"Fundaci\u00f3 TIC Salut i Social","og_image":[{"width":1920,"height":1080,"url":"https:\/\/ticsalutsocial.atoom.space\/wp-content\/uploads\/2022\/01\/MWCpic.jpg","type":"image\/jpeg"}],"twitter_card":"summary_large_image","schema":{"@context":"https:\/\/schema.org","@graph":[{"@type":"WebPage","@id":"https:\/\/ticsalutsocial.atoom.space\/es\/event\/mobile-wordl-congress-2022-4\/","url":"https:\/\/ticsalutsocial.atoom.space\/es\/event\/mobile-wordl-congress-2022-4\/","name":"Mobile World Congress 2022 - Fundaci\u00f3 TIC Salut i Social","isPartOf":{"@id":"https:\/\/ticsalutsocial.atoom.space\/es\/#website"},"primaryImageOfPage":{"@id":"https:\/\/ticsalutsocial.atoom.space\/es\/event\/mobile-wordl-congress-2022-4\/#primaryimage"},"image":{"@id":"https:\/\/ticsalutsocial.atoom.space\/es\/event\/mobile-wordl-congress-2022-4\/#primaryimage"},"thumbnailUrl":"https:\/\/ticsalutsocial.atoom.space\/wp-content\/uploads\/2022\/01\/MWCpic.jpg","datePublished":"2022-02-22T11:54:43+00:00","breadcrumb":{"@id":"https:\/\/ticsalutsocial.atoom.space\/es\/event\/mobile-wordl-congress-2022-4\/#breadcrumb"},"inLanguage":"es","potentialAction":[{"@type":"ReadAction","target":["https:\/\/ticsalutsocial.atoom.space\/es\/event\/mobile-wordl-congress-2022-4\/"]}]},{"@type":"ImageObject","inLanguage":"es","@id":"https:\/\/ticsalutsocial.atoom.space\/es\/event\/mobile-wordl-congress-2022-4\/#primaryimage","url":"https:\/\/ticsalutsocial.atoom.space\/wp-content\/uploads\/2022\/01\/MWCpic.jpg","contentUrl":"https:\/\/ticsalutsocial.atoom.space\/wp-content\/uploads\/2022\/01\/MWCpic.jpg","width":1920,"height":1080},{"@type":"BreadcrumbList","@id":"https:\/\/ticsalutsocial.atoom.space\/es\/event\/mobile-wordl-congress-2022-4\/#breadcrumb","itemListElement":[{"@type":"ListItem","position":1,"name":"Inici","item":"https:\/\/ticsalutsocial.atoom.space\/es\/"},{"@type":"ListItem","position":2,"name":"Mobile World Congress 2022"}]},{"@type":"WebSite","@id":"https:\/\/ticsalutsocial.atoom.space\/es\/#website","url":"https:\/\/ticsalutsocial.atoom.space\/es\/","name":"Fundaci\u00f3 TIC Salut i Social","description":"","potentialAction":[{"@type":"SearchAction","target":{"@type":"EntryPoint","urlTemplate":"https:\/\/ticsalutsocial.atoom.space\/es\/?s={search_term_string}"},"query-input":{"@type":"PropertyValueSpecification","valueRequired":true,"valueName":"search_term_string"}}],"inLanguage":"es"}]}},"_links":{"self":[{"href":"https:\/\/ticsalutsocial.atoom.space\/es\/wp-json\/wp\/v2\/event\/13807","targetHints":{"allow":["GET"]}}],"collection":[{"href":"https:\/\/ticsalutsocial.atoom.space\/es\/wp-json\/wp\/v2\/event"}],"about":[{"href":"https:\/\/ticsalutsocial.atoom.space\/es\/wp-json\/wp\/v2\/types\/event"}],"wp:featuredmedia":[{"embeddable":true,"href":"https:\/\/ticsalutsocial.atoom.space\/es\/wp-json\/wp\/v2\/media\/10271"}],"wp:attachment":[{"href":"https:\/\/ticsalutsocial.atoom.space\/es\/wp-json\/wp\/v2\/media?parent=13807"}],"wp:term":[{"taxonomy":"tipus","embeddable":true,"href":"https:\/\/ticsalutsocial.atoom.space\/es\/wp-json\/wp\/v2\/tipus?post=13807"},{"taxonomy":"topic","embeddable":true,"href":"https:\/\/ticsalutsocial.atoom.space\/es\/wp-json\/wp\/v2\/topic?post=13807"}],"curies":[{"name":"wp","href":"https:\/\/api.w.org\/{rel}","templated":true}]}}

<p>Us hi esperem al pavelló Digital Catalonia 4C1, estand 23, per parlar d&#8217;Intel·ligència Artificial, l&#8217;Oficina del Delegat de Protecció de Dades i el Servei de Certificació d&#8217;Apps, entre d&#8217;altres. <a href="https://ticsalutsocial.atoom.space/noticia/la-fundacio-tic-salut-social-present-al-mwc-2022/">Més informació</a></p>

<!-- This site is optimized with the Yoast SEO plugin v27.1.1 - https://yoast.com/product/yoast-seo-wordpress/ -->
<title>Mobile World Congress 2022 - Fundació TIC Salut i Social</title>
<meta name="robots" content="index, follow, max-snippet:-1, max-image-preview:large, max-video-preview:-1" />
<link rel="canonical" href="https://ticsalutsocial.atoom.space/es/event/mobile-wordl-congress-2022-4/" />
<meta property="og:locale" content="es_ES" />
<meta property="og:type" content="article" />
<meta property="og:title" content="Mobile World Congress 2022 - Fundació TIC Salut i Social" />
<meta property="og:description" content="Us hi esperem al pavelló Digital Catalonia 4C1, estand 23, per parlar d&#8217;Intel·ligència Artificial, l&#8217;Oficina del Delegat de Protecció de Dades i el Servei de Certificació d&#8217;Apps, entre d&#8217;altres. Més informació" />
<meta property="og:url" content="https://ticsalutsocial.atoom.space/es/event/mobile-wordl-congress-2022-4/" />
<meta property="og:site_name" content="Fundació TIC Salut i Social" />
<meta property="og:image" content="https://ticsalutsocial.atoom.space/wp-content/uploads/2022/01/MWCpic.jpg" />
	<meta property="og:image:width" content="1920" />
	<meta property="og:image:height" content="1080" />
	<meta property="og:image:type" content="image/jpeg" />
<meta name="twitter:card" content="summary_large_image" />
<script type="application/ld+json" class="yoast-schema-graph">{"@context":"https://schema.org","@graph":[{"@type":"WebPage","@id":"https://ticsalutsocial.atoom.space/es/event/mobile-wordl-congress-2022-4/","url":"https://ticsalutsocial.atoom.space/es/event/mobile-wordl-congress-2022-4/","name":"Mobile World Congress 2022 - Fundació TIC Salut i Social","isPartOf":{"@id":"https://ticsalutsocial.atoom.space/es/#website"},"primaryImageOfPage":{"@id":"https://ticsalutsocial.atoom.space/es/event/mobile-wordl-congress-2022-4/#primaryimage"},"image":{"@id":"https://ticsalutsocial.atoom.space/es/event/mobile-wordl-congress-2022-4/#primaryimage"},"thumbnailUrl":"https://ticsalutsocial.atoom.space/wp-content/uploads/2022/01/MWCpic.jpg","datePublished":"2022-02-22T11:54:43+00:00","breadcrumb":{"@id":"https://ticsalutsocial.atoom.space/es/event/mobile-wordl-congress-2022-4/#breadcrumb"},"inLanguage":"es","potentialAction":[{"@type":"ReadAction","target":["https://ticsalutsocial.atoom.space/es/event/mobile-wordl-congress-2022-4/"]}]},{"@type":"ImageObject","inLanguage":"es","@id":"https://ticsalutsocial.atoom.space/es/event/mobile-wordl-congress-2022-4/#primaryimage","url":"https://ticsalutsocial.atoom.space/wp-content/uploads/2022/01/MWCpic.jpg","contentUrl":"https://ticsalutsocial.atoom.space/wp-content/uploads/2022/01/MWCpic.jpg","width":1920,"height":1080},{"@type":"BreadcrumbList","@id":"https://ticsalutsocial.atoom.space/es/event/mobile-wordl-congress-2022-4/#breadcrumb","itemListElement":[{"@type":"ListItem","position":1,"name":"Inici","item":"https://ticsalutsocial.atoom.space/es/"},{"@type":"ListItem","position":2,"name":"Mobile World Congress 2022"}]},{"@type":"WebSite","@id":"https://ticsalutsocial.atoom.space/es/#website","url":"https://ticsalutsocial.atoom.space/es/","name":"Fundació TIC Salut i Social","description":"","potentialAction":[{"@type":"SearchAction","target":{"@type":"EntryPoint","urlTemplate":"https://ticsalutsocial.atoom.space/es/?s={search_term_string}"},"query-input":{"@type":"PropertyValueSpecification","valueRequired":true,"valueName":"search_term_string"}}],"inLanguage":"es"}]}</script>
<!-- / Yoast SEO plugin. -->

Mobile World Congress 2022 - Fundació TIC Salut i Social

Us hi esperem al pavelló Digital Catalonia 4C1, estand 23, per parlar d&#8217;Intel·ligència Artificial, l&#8217;Oficina del Delegat de Protecció de Dades i el Servei de Certificació d&#8217;Apps, entre d&#8217;altres. Més informació

Fundació TIC Salut i Social
