
{"id":13809,"date":"2021-10-18T10:56:17","date_gmt":"2021-10-18T08:56:17","guid":{"rendered":"https:\/\/ticsalutsocial.atoom.space\/event\/roadmap-i-model-de-governanca\/"},"modified":"2021-10-18T10:56:17","modified_gmt":"2021-10-18T08:56:17","slug":"roadmap-i-model-de-governanca","status":"publish","type":"event","link":"https:\/\/ticsalutsocial.atoom.space\/es\/event\/roadmap-i-model-de-governanca\/","title":{"rendered":"\u00abRoadmap\u00bb i model de governan\u00e7a"},"content":{"rendered":"\n<p>Webinar organitzat pel consorci del projecte X-eHealth per tal de definir un model d&#8217;Hist\u00f2ria Cl\u00ednica Electr\u00f2nica Europea per compartir informaci\u00f3 de salut de manera segura, el model de governan\u00e7a i estructures de gesti\u00f3. <\/p>\n","protected":false},"featured_media":0,"menu_order":0,"template":"","meta":{"_acf_changed":false,"inline_featured_image":false},"tipus":[],"topic":[126],"class_list":["post-13809","event","type-event","status-publish","hentry","topic-implementacio"],"acf":{"informacio":{"ubicacio":"Online","data":"29\/11\/2021","hora":"10:00 - 16:30","preu":"Gratu\u00eft","inscripcions":"https:\/\/forms.office.com\/pages\/responsepage.aspx?id=jS5UPeujj0SZjd1ogNwRnMHMIRveuHJBrdbiDWynDwxUOVFaVlEwQUZOOFk0VTJYVUNRQTFTN1lPRC4u&utm_term=X-eHealth+from+September+2022+onwards&utm_campaign=X-eHealth+Members&utm_source=e-goi&utm_medium=email"},"programa":{"titol":"","items":false}},"yoast_head":"<!-- This site is optimized with the Yoast SEO plugin v27.1.1 - https:\/\/yoast.com\/product\/yoast-seo-wordpress\/ -->\n<title>&quot;Roadmap&quot; i model de governan\u00e7a - Fundaci\u00f3 TIC Salut i Social<\/title>\n<meta name=\"robots\" content=\"index, follow, max-snippet:-1, max-image-preview:large, max-video-preview:-1\" \/>\n<link rel=\"canonical\" href=\"https:\/\/ticsalutsocial.atoom.space\/es\/event\/roadmap-i-model-de-governanca\/\" \/>\n<meta property=\"og:locale\" content=\"es_ES\" \/>\n<meta property=\"og:type\" content=\"article\" \/>\n<meta property=\"og:title\" content=\"&quot;Roadmap&quot; i model de governan\u00e7a - Fundaci\u00f3 TIC Salut i Social\" \/>\n<meta property=\"og:description\" content=\"Webinar organitzat pel consorci del projecte X-eHealth per tal de definir un model d&#8217;Hist\u00f2ria Cl\u00ednica Electr\u00f2nica Europea per compartir informaci\u00f3 de salut de manera segura, el model de governan\u00e7a i estructures de gesti\u00f3.\" \/>\n<meta property=\"og:url\" content=\"https:\/\/ticsalutsocial.atoom.space\/es\/event\/roadmap-i-model-de-governanca\/\" \/>\n<meta property=\"og:site_name\" content=\"Fundaci\u00f3 TIC Salut i Social\" \/>\n<meta name=\"twitter:card\" content=\"summary_large_image\" \/>\n<script type=\"application\/ld+json\" class=\"yoast-schema-graph\">{\"@context\":\"https:\/\/schema.org\",\"@graph\":[{\"@type\":\"WebPage\",\"@id\":\"https:\/\/ticsalutsocial.atoom.space\/es\/event\/roadmap-i-model-de-governanca\/\",\"url\":\"https:\/\/ticsalutsocial.atoom.space\/es\/event\/roadmap-i-model-de-governanca\/\",\"name\":\"\\\"Roadmap\\\" i model de governan\u00e7a - Fundaci\u00f3 TIC Salut i Social\",\"isPartOf\":{\"@id\":\"https:\/\/ticsalutsocial.atoom.space\/es\/#website\"},\"datePublished\":\"2021-10-18T08:56:17+00:00\",\"breadcrumb\":{\"@id\":\"https:\/\/ticsalutsocial.atoom.space\/es\/event\/roadmap-i-model-de-governanca\/#breadcrumb\"},\"inLanguage\":\"es\",\"potentialAction\":[{\"@type\":\"ReadAction\",\"target\":[\"https:\/\/ticsalutsocial.atoom.space\/es\/event\/roadmap-i-model-de-governanca\/\"]}]},{\"@type\":\"BreadcrumbList\",\"@id\":\"https:\/\/ticsalutsocial.atoom.space\/es\/event\/roadmap-i-model-de-governanca\/#breadcrumb\",\"itemListElement\":[{\"@type\":\"ListItem\",\"position\":1,\"name\":\"Inici\",\"item\":\"https:\/\/ticsalutsocial.atoom.space\/es\/\"},{\"@type\":\"ListItem\",\"position\":2,\"name\":\"&#8220;Roadmap&#8221; i model de governan\u00e7a\"}]},{\"@type\":\"WebSite\",\"@id\":\"https:\/\/ticsalutsocial.atoom.space\/es\/#website\",\"url\":\"https:\/\/ticsalutsocial.atoom.space\/es\/\",\"name\":\"Fundaci\u00f3 TIC Salut i Social\",\"description\":\"\",\"potentialAction\":[{\"@type\":\"SearchAction\",\"target\":{\"@type\":\"EntryPoint\",\"urlTemplate\":\"https:\/\/ticsalutsocial.atoom.space\/es\/?s={search_term_string}\"},\"query-input\":{\"@type\":\"PropertyValueSpecification\",\"valueRequired\":true,\"valueName\":\"search_term_string\"}}],\"inLanguage\":\"es\"}]}<\/script>\n<!-- \/ Yoast SEO plugin. -->","yoast_head_json":{"title":"\"Roadmap\" i model de governan\u00e7a - Fundaci\u00f3 TIC Salut i Social","robots":{"index":"index","follow":"follow","max-snippet":"max-snippet:-1","max-image-preview":"max-image-preview:large","max-video-preview":"max-video-preview:-1"},"canonical":"https:\/\/ticsalutsocial.atoom.space\/es\/event\/roadmap-i-model-de-governanca\/","og_locale":"es_ES","og_type":"article","og_title":"\"Roadmap\" i model de governan\u00e7a - Fundaci\u00f3 TIC Salut i Social","og_description":"Webinar organitzat pel consorci del projecte X-eHealth per tal de definir un model d&#8217;Hist\u00f2ria Cl\u00ednica Electr\u00f2nica Europea per compartir informaci\u00f3 de salut de manera segura, el model de governan\u00e7a i estructures de gesti\u00f3.","og_url":"https:\/\/ticsalutsocial.atoom.space\/es\/event\/roadmap-i-model-de-governanca\/","og_site_name":"Fundaci\u00f3 TIC Salut i Social","twitter_card":"summary_large_image","schema":{"@context":"https:\/\/schema.org","@graph":[{"@type":"WebPage","@id":"https:\/\/ticsalutsocial.atoom.space\/es\/event\/roadmap-i-model-de-governanca\/","url":"https:\/\/ticsalutsocial.atoom.space\/es\/event\/roadmap-i-model-de-governanca\/","name":"\"Roadmap\" i model de governan\u00e7a - Fundaci\u00f3 TIC Salut i Social","isPartOf":{"@id":"https:\/\/ticsalutsocial.atoom.space\/es\/#website"},"datePublished":"2021-10-18T08:56:17+00:00","breadcrumb":{"@id":"https:\/\/ticsalutsocial.atoom.space\/es\/event\/roadmap-i-model-de-governanca\/#breadcrumb"},"inLanguage":"es","potentialAction":[{"@type":"ReadAction","target":["https:\/\/ticsalutsocial.atoom.space\/es\/event\/roadmap-i-model-de-governanca\/"]}]},{"@type":"BreadcrumbList","@id":"https:\/\/ticsalutsocial.atoom.space\/es\/event\/roadmap-i-model-de-governanca\/#breadcrumb","itemListElement":[{"@type":"ListItem","position":1,"name":"Inici","item":"https:\/\/ticsalutsocial.atoom.space\/es\/"},{"@type":"ListItem","position":2,"name":"&#8220;Roadmap&#8221; i model de governan\u00e7a"}]},{"@type":"WebSite","@id":"https:\/\/ticsalutsocial.atoom.space\/es\/#website","url":"https:\/\/ticsalutsocial.atoom.space\/es\/","name":"Fundaci\u00f3 TIC Salut i Social","description":"","potentialAction":[{"@type":"SearchAction","target":{"@type":"EntryPoint","urlTemplate":"https:\/\/ticsalutsocial.atoom.space\/es\/?s={search_term_string}"},"query-input":{"@type":"PropertyValueSpecification","valueRequired":true,"valueName":"search_term_string"}}],"inLanguage":"es"}]}},"_links":{"self":[{"href":"https:\/\/ticsalutsocial.atoom.space\/es\/wp-json\/wp\/v2\/event\/13809","targetHints":{"allow":["GET"]}}],"collection":[{"href":"https:\/\/ticsalutsocial.atoom.space\/es\/wp-json\/wp\/v2\/event"}],"about":[{"href":"https:\/\/ticsalutsocial.atoom.space\/es\/wp-json\/wp\/v2\/types\/event"}],"wp:attachment":[{"href":"https:\/\/ticsalutsocial.atoom.space\/es\/wp-json\/wp\/v2\/media?parent=13809"}],"wp:term":[{"taxonomy":"tipus","embeddable":true,"href":"https:\/\/ticsalutsocial.atoom.space\/es\/wp-json\/wp\/v2\/tipus?post=13809"},{"taxonomy":"topic","embeddable":true,"href":"https:\/\/ticsalutsocial.atoom.space\/es\/wp-json\/wp\/v2\/topic?post=13809"}],"curies":[{"name":"wp","href":"https:\/\/api.w.org\/{rel}","templated":true}]}}

«Roadmap» i model de governança

<p>Webinar organitzat pel consorci del projecte X-eHealth per tal de definir un model d&#8217;Història Clínica Electrònica Europea per compartir informació de salut de manera segura, el model de governança i estructures de gestió. </p>

Gratuït

<!-- This site is optimized with the Yoast SEO plugin v27.1.1 - https://yoast.com/product/yoast-seo-wordpress/ -->
<title>&quot;Roadmap&quot; i model de governança - Fundació TIC Salut i Social</title>
<meta name="robots" content="index, follow, max-snippet:-1, max-image-preview:large, max-video-preview:-1" />
<link rel="canonical" href="https://ticsalutsocial.atoom.space/es/event/roadmap-i-model-de-governanca/" />
<meta property="og:locale" content="es_ES" />
<meta property="og:type" content="article" />
<meta property="og:title" content="&quot;Roadmap&quot; i model de governança - Fundació TIC Salut i Social" />
<meta property="og:description" content="Webinar organitzat pel consorci del projecte X-eHealth per tal de definir un model d&#8217;Història Clínica Electrònica Europea per compartir informació de salut de manera segura, el model de governança i estructures de gestió." />
<meta property="og:url" content="https://ticsalutsocial.atoom.space/es/event/roadmap-i-model-de-governanca/" />
<meta property="og:site_name" content="Fundació TIC Salut i Social" />
<meta name="twitter:card" content="summary_large_image" />
<script type="application/ld+json" class="yoast-schema-graph">{"@context":"https://schema.org","@graph":[{"@type":"WebPage","@id":"https://ticsalutsocial.atoom.space/es/event/roadmap-i-model-de-governanca/","url":"https://ticsalutsocial.atoom.space/es/event/roadmap-i-model-de-governanca/","name":"\"Roadmap\" i model de governança - Fundació TIC Salut i Social","isPartOf":{"@id":"https://ticsalutsocial.atoom.space/es/#website"},"datePublished":"2021-10-18T08:56:17+00:00","breadcrumb":{"@id":"https://ticsalutsocial.atoom.space/es/event/roadmap-i-model-de-governanca/#breadcrumb"},"inLanguage":"es","potentialAction":[{"@type":"ReadAction","target":["https://ticsalutsocial.atoom.space/es/event/roadmap-i-model-de-governanca/"]}]},{"@type":"BreadcrumbList","@id":"https://ticsalutsocial.atoom.space/es/event/roadmap-i-model-de-governanca/#breadcrumb","itemListElement":[{"@type":"ListItem","position":1,"name":"Inici","item":"https://ticsalutsocial.atoom.space/es/"},{"@type":"ListItem","position":2,"name":"&#8220;Roadmap&#8221; i model de governança"}]},{"@type":"WebSite","@id":"https://ticsalutsocial.atoom.space/es/#website","url":"https://ticsalutsocial.atoom.space/es/","name":"Fundació TIC Salut i Social","description":"","potentialAction":[{"@type":"SearchAction","target":{"@type":"EntryPoint","urlTemplate":"https://ticsalutsocial.atoom.space/es/?s={search_term_string}"},"query-input":{"@type":"PropertyValueSpecification","valueRequired":true,"valueName":"search_term_string"}}],"inLanguage":"es"}]}</script>
<!-- / Yoast SEO plugin. -->

"Roadmap" i model de governança - Fundació TIC Salut i Social

Webinar organitzat pel consorci del projecte X-eHealth per tal de definir un model d&#8217;Història Clínica Electrònica Europea per compartir informació de salut de manera segura, el model de governança i estructures de gestió.

Fundació TIC Salut i Social

&#8220;Roadmap&#8221; i model de governança
