
{"id":14309,"date":"2022-10-04T12:53:46","date_gmt":"2022-10-04T10:53:46","guid":{"rendered":"https:\/\/ticsalutsocial.atoom.space\/event\/com-acreditar-o-certificar-les-apps-de-salut-de-la-recerca-a-lassistencia\/"},"modified":"2022-10-04T12:56:28","modified_gmt":"2022-10-04T10:56:28","slug":"com-acreditar-o-certificar-les-apps-de-salut-de-la-recerca-a-lassistencia","status":"publish","type":"event","link":"https:\/\/ticsalutsocial.atoom.space\/es\/event\/com-acreditar-o-certificar-les-apps-de-salut-de-la-recerca-a-lassistencia\/","title":{"rendered":"Com acreditar o certificar les Apps de salut: de la recerca a l&#8217;assist\u00e8ncia"},"content":{"rendered":"\n<p>Et trobes en el proc\u00e9s de desenvolupament d&#8217;una aplicaci\u00f3 de salut i vols con\u00e8ixer els requisits que has de complir per tal de certificar-la? No et perdis el XII B&amp;L de la Xarxa!<\/p>\n\n\n\n<p>En el XII Breakfast&amp;Learn, sota el nom \u00abCom acreditar o certificar les apps de salut: de la recerca a l&#8217;assist\u00e8ncia\u00bb, centrem el debat&nbsp;en el proc\u00e9s de certificaci\u00f3, el full de ruta i els principals obstacles per desenvolupar aplicacions sanit\u00e0ries.&nbsp;<\/p>\n\n\n\n<p>La trobada virtual ser\u00e0 a c\u00e0rrec de Carme Pratdep\u00e0dua i Bufill, responsable de l&#8217;\u00e0rea mHealth de la Fundaci\u00f3 TIC Salut Social, l\u2019organisme d\u2019acreditaci\u00f3 oficial a Catalunya, que ens donar\u00e0 les claus de la normativa i els requisits per introduir aquestes tecnologies a l&#8217;\u00e0mbit assistencial.<\/p>\n\n\n\n<p>Organitzat per la XARXA TECSAM &#8211; XII Breakfast &amp; Learn<\/p>\n","protected":false},"featured_media":14308,"menu_order":0,"template":"","meta":{"_acf_changed":false,"inline_featured_image":false},"tipus":[81,654],"topic":[14,117,121],"class_list":["post-14309","event","type-event","status-publish","has-post-thumbnail","hentry","tipus-actius-digitals","tipus-activos-digitales","topic-jornades","topic-jornadas","topic-dpd-es"],"acf":{"imatge":14308,"informacio":{"ubicacio":"Online","data":"02\/11\/2022","hora":"9:00","preu":"","inscripcions":"https:\/\/docs.google.com\/forms\/d\/e\/1FAIpQLSfIC43VTbmwSJsOw0R6KsD_EQcAxb4TFAWL6a8dt0VnF4MFeA\/viewform"},"programa":{"titol":"","items":false},"documents":false},"yoast_head":"<!-- This site is optimized with the Yoast SEO plugin v27.1.1 - https:\/\/yoast.com\/product\/yoast-seo-wordpress\/ -->\n<title>Com acreditar o certificar les Apps de salut: de la recerca a l&#039;assist\u00e8ncia - Fundaci\u00f3 TIC Salut i Social<\/title>\n<meta name=\"robots\" content=\"index, follow, max-snippet:-1, max-image-preview:large, max-video-preview:-1\" \/>\n<link rel=\"canonical\" href=\"https:\/\/ticsalutsocial.atoom.space\/es\/event\/com-acreditar-o-certificar-les-apps-de-salut-de-la-recerca-a-lassistencia\/\" \/>\n<meta property=\"og:locale\" content=\"es_ES\" \/>\n<meta property=\"og:type\" content=\"article\" \/>\n<meta property=\"og:title\" content=\"Com acreditar o certificar les Apps de salut: de la recerca a l&#039;assist\u00e8ncia - Fundaci\u00f3 TIC Salut i Social\" \/>\n<meta property=\"og:description\" content=\"Et trobes en el proc\u00e9s de desenvolupament d&#8217;una aplicaci\u00f3 de salut i vols con\u00e8ixer els requisits que has de complir per tal de certificar-la? No et perdis el XII B&amp;L de la Xarxa! En el XII Breakfast&amp;Learn, sota el nom \u00abCom acreditar o certificar les apps de salut: de la recerca a l&#8217;assist\u00e8ncia\u00bb, centrem el [&hellip;]\" \/>\n<meta property=\"og:url\" content=\"https:\/\/ticsalutsocial.atoom.space\/es\/event\/com-acreditar-o-certificar-les-apps-de-salut-de-la-recerca-a-lassistencia\/\" \/>\n<meta property=\"og:site_name\" content=\"Fundaci\u00f3 TIC Salut i Social\" \/>\n<meta property=\"article:modified_time\" content=\"2022-10-04T10:56:28+00:00\" \/>\n<meta property=\"og:image\" content=\"https:\/\/ticsalutsocial.atoom.space\/wp-content\/uploads\/2022\/10\/Tecsam.png\" \/>\n\t<meta property=\"og:image:width\" content=\"949\" \/>\n\t<meta property=\"og:image:height\" content=\"764\" \/>\n\t<meta property=\"og:image:type\" content=\"image\/png\" \/>\n<meta name=\"twitter:card\" content=\"summary_large_image\" \/>\n<meta name=\"twitter:label1\" content=\"Tiempo de lectura\" \/>\n\t<meta name=\"twitter:data1\" content=\"1 minuto\" \/>\n<script type=\"application\/ld+json\" class=\"yoast-schema-graph\">{\"@context\":\"https:\/\/schema.org\",\"@graph\":[{\"@type\":\"WebPage\",\"@id\":\"https:\/\/ticsalutsocial.atoom.space\/es\/event\/com-acreditar-o-certificar-les-apps-de-salut-de-la-recerca-a-lassistencia\/\",\"url\":\"https:\/\/ticsalutsocial.atoom.space\/es\/event\/com-acreditar-o-certificar-les-apps-de-salut-de-la-recerca-a-lassistencia\/\",\"name\":\"Com acreditar o certificar les Apps de salut: de la recerca a l'assist\u00e8ncia - Fundaci\u00f3 TIC Salut i Social\",\"isPartOf\":{\"@id\":\"https:\/\/ticsalutsocial.atoom.space\/es\/#website\"},\"primaryImageOfPage\":{\"@id\":\"https:\/\/ticsalutsocial.atoom.space\/es\/event\/com-acreditar-o-certificar-les-apps-de-salut-de-la-recerca-a-lassistencia\/#primaryimage\"},\"image\":{\"@id\":\"https:\/\/ticsalutsocial.atoom.space\/es\/event\/com-acreditar-o-certificar-les-apps-de-salut-de-la-recerca-a-lassistencia\/#primaryimage\"},\"thumbnailUrl\":\"https:\/\/ticsalutsocial.atoom.space\/wp-content\/uploads\/2022\/10\/Tecsam.png\",\"datePublished\":\"2022-10-04T10:53:46+00:00\",\"dateModified\":\"2022-10-04T10:56:28+00:00\",\"breadcrumb\":{\"@id\":\"https:\/\/ticsalutsocial.atoom.space\/es\/event\/com-acreditar-o-certificar-les-apps-de-salut-de-la-recerca-a-lassistencia\/#breadcrumb\"},\"inLanguage\":\"es\",\"potentialAction\":[{\"@type\":\"ReadAction\",\"target\":[\"https:\/\/ticsalutsocial.atoom.space\/es\/event\/com-acreditar-o-certificar-les-apps-de-salut-de-la-recerca-a-lassistencia\/\"]}]},{\"@type\":\"ImageObject\",\"inLanguage\":\"es\",\"@id\":\"https:\/\/ticsalutsocial.atoom.space\/es\/event\/com-acreditar-o-certificar-les-apps-de-salut-de-la-recerca-a-lassistencia\/#primaryimage\",\"url\":\"https:\/\/ticsalutsocial.atoom.space\/wp-content\/uploads\/2022\/10\/Tecsam.png\",\"contentUrl\":\"https:\/\/ticsalutsocial.atoom.space\/wp-content\/uploads\/2022\/10\/Tecsam.png\",\"width\":949,\"height\":764},{\"@type\":\"BreadcrumbList\",\"@id\":\"https:\/\/ticsalutsocial.atoom.space\/es\/event\/com-acreditar-o-certificar-les-apps-de-salut-de-la-recerca-a-lassistencia\/#breadcrumb\",\"itemListElement\":[{\"@type\":\"ListItem\",\"position\":1,\"name\":\"Inici\",\"item\":\"https:\/\/ticsalutsocial.atoom.space\/es\/\"},{\"@type\":\"ListItem\",\"position\":2,\"name\":\"Com acreditar o certificar les Apps de salut: de la recerca a l&#8217;assist\u00e8ncia\"}]},{\"@type\":\"WebSite\",\"@id\":\"https:\/\/ticsalutsocial.atoom.space\/es\/#website\",\"url\":\"https:\/\/ticsalutsocial.atoom.space\/es\/\",\"name\":\"Fundaci\u00f3 TIC Salut i Social\",\"description\":\"\",\"potentialAction\":[{\"@type\":\"SearchAction\",\"target\":{\"@type\":\"EntryPoint\",\"urlTemplate\":\"https:\/\/ticsalutsocial.atoom.space\/es\/?s={search_term_string}\"},\"query-input\":{\"@type\":\"PropertyValueSpecification\",\"valueRequired\":true,\"valueName\":\"search_term_string\"}}],\"inLanguage\":\"es\"}]}<\/script>\n<!-- \/ Yoast SEO plugin. -->","yoast_head_json":{"title":"Com acreditar o certificar les Apps de salut: de la recerca a l'assist\u00e8ncia - Fundaci\u00f3 TIC Salut i Social","robots":{"index":"index","follow":"follow","max-snippet":"max-snippet:-1","max-image-preview":"max-image-preview:large","max-video-preview":"max-video-preview:-1"},"canonical":"https:\/\/ticsalutsocial.atoom.space\/es\/event\/com-acreditar-o-certificar-les-apps-de-salut-de-la-recerca-a-lassistencia\/","og_locale":"es_ES","og_type":"article","og_title":"Com acreditar o certificar les Apps de salut: de la recerca a l'assist\u00e8ncia - Fundaci\u00f3 TIC Salut i Social","og_description":"Et trobes en el proc\u00e9s de desenvolupament d&#8217;una aplicaci\u00f3 de salut i vols con\u00e8ixer els requisits que has de complir per tal de certificar-la? No et perdis el XII B&amp;L de la Xarxa! En el XII Breakfast&amp;Learn, sota el nom \u00abCom acreditar o certificar les apps de salut: de la recerca a l&#8217;assist\u00e8ncia\u00bb, centrem el [&hellip;]","og_url":"https:\/\/ticsalutsocial.atoom.space\/es\/event\/com-acreditar-o-certificar-les-apps-de-salut-de-la-recerca-a-lassistencia\/","og_site_name":"Fundaci\u00f3 TIC Salut i Social","article_modified_time":"2022-10-04T10:56:28+00:00","og_image":[{"width":949,"height":764,"url":"https:\/\/ticsalutsocial.atoom.space\/wp-content\/uploads\/2022\/10\/Tecsam.png","type":"image\/png"}],"twitter_card":"summary_large_image","twitter_misc":{"Tiempo de lectura":"1 minuto"},"schema":{"@context":"https:\/\/schema.org","@graph":[{"@type":"WebPage","@id":"https:\/\/ticsalutsocial.atoom.space\/es\/event\/com-acreditar-o-certificar-les-apps-de-salut-de-la-recerca-a-lassistencia\/","url":"https:\/\/ticsalutsocial.atoom.space\/es\/event\/com-acreditar-o-certificar-les-apps-de-salut-de-la-recerca-a-lassistencia\/","name":"Com acreditar o certificar les Apps de salut: de la recerca a l'assist\u00e8ncia - Fundaci\u00f3 TIC Salut i Social","isPartOf":{"@id":"https:\/\/ticsalutsocial.atoom.space\/es\/#website"},"primaryImageOfPage":{"@id":"https:\/\/ticsalutsocial.atoom.space\/es\/event\/com-acreditar-o-certificar-les-apps-de-salut-de-la-recerca-a-lassistencia\/#primaryimage"},"image":{"@id":"https:\/\/ticsalutsocial.atoom.space\/es\/event\/com-acreditar-o-certificar-les-apps-de-salut-de-la-recerca-a-lassistencia\/#primaryimage"},"thumbnailUrl":"https:\/\/ticsalutsocial.atoom.space\/wp-content\/uploads\/2022\/10\/Tecsam.png","datePublished":"2022-10-04T10:53:46+00:00","dateModified":"2022-10-04T10:56:28+00:00","breadcrumb":{"@id":"https:\/\/ticsalutsocial.atoom.space\/es\/event\/com-acreditar-o-certificar-les-apps-de-salut-de-la-recerca-a-lassistencia\/#breadcrumb"},"inLanguage":"es","potentialAction":[{"@type":"ReadAction","target":["https:\/\/ticsalutsocial.atoom.space\/es\/event\/com-acreditar-o-certificar-les-apps-de-salut-de-la-recerca-a-lassistencia\/"]}]},{"@type":"ImageObject","inLanguage":"es","@id":"https:\/\/ticsalutsocial.atoom.space\/es\/event\/com-acreditar-o-certificar-les-apps-de-salut-de-la-recerca-a-lassistencia\/#primaryimage","url":"https:\/\/ticsalutsocial.atoom.space\/wp-content\/uploads\/2022\/10\/Tecsam.png","contentUrl":"https:\/\/ticsalutsocial.atoom.space\/wp-content\/uploads\/2022\/10\/Tecsam.png","width":949,"height":764},{"@type":"BreadcrumbList","@id":"https:\/\/ticsalutsocial.atoom.space\/es\/event\/com-acreditar-o-certificar-les-apps-de-salut-de-la-recerca-a-lassistencia\/#breadcrumb","itemListElement":[{"@type":"ListItem","position":1,"name":"Inici","item":"https:\/\/ticsalutsocial.atoom.space\/es\/"},{"@type":"ListItem","position":2,"name":"Com acreditar o certificar les Apps de salut: de la recerca a l&#8217;assist\u00e8ncia"}]},{"@type":"WebSite","@id":"https:\/\/ticsalutsocial.atoom.space\/es\/#website","url":"https:\/\/ticsalutsocial.atoom.space\/es\/","name":"Fundaci\u00f3 TIC Salut i Social","description":"","potentialAction":[{"@type":"SearchAction","target":{"@type":"EntryPoint","urlTemplate":"https:\/\/ticsalutsocial.atoom.space\/es\/?s={search_term_string}"},"query-input":{"@type":"PropertyValueSpecification","valueRequired":true,"valueName":"search_term_string"}}],"inLanguage":"es"}]}},"_links":{"self":[{"href":"https:\/\/ticsalutsocial.atoom.space\/es\/wp-json\/wp\/v2\/event\/14309","targetHints":{"allow":["GET"]}}],"collection":[{"href":"https:\/\/ticsalutsocial.atoom.space\/es\/wp-json\/wp\/v2\/event"}],"about":[{"href":"https:\/\/ticsalutsocial.atoom.space\/es\/wp-json\/wp\/v2\/types\/event"}],"wp:featuredmedia":[{"embeddable":true,"href":"https:\/\/ticsalutsocial.atoom.space\/es\/wp-json\/wp\/v2\/media\/14308"}],"wp:attachment":[{"href":"https:\/\/ticsalutsocial.atoom.space\/es\/wp-json\/wp\/v2\/media?parent=14309"}],"wp:term":[{"taxonomy":"tipus","embeddable":true,"href":"https:\/\/ticsalutsocial.atoom.space\/es\/wp-json\/wp\/v2\/tipus?post=14309"},{"taxonomy":"topic","embeddable":true,"href":"https:\/\/ticsalutsocial.atoom.space\/es\/wp-json\/wp\/v2\/topic?post=14309"}],"curies":[{"name":"wp","href":"https:\/\/api.w.org\/{rel}","templated":true}]}}

Com acreditar o certificar les Apps de salut: de la recerca a l&#8217;assistència

<p>Et trobes en el procés de desenvolupament d&#8217;una aplicació de salut i vols conèixer els requisits que has de complir per tal de certificar-la? No et perdis el XII B&amp;L de la Xarxa!</p>



<p>En el XII Breakfast&amp;Learn, sota el nom «Com acreditar o certificar les apps de salut: de la recerca a l&#8217;assistència», centrem el debat&nbsp;en el procés de certificació, el full de ruta i els principals obstacles per desenvolupar aplicacions sanitàries.&nbsp;</p>



<p>La trobada virtual serà a càrrec de Carme Pratdepàdua i Bufill, responsable de l&#8217;àrea mHealth de la Fundació TIC Salut Social, l’organisme d’acreditació oficial a Catalunya, que ens donarà les claus de la normativa i els requisits per introduir aquestes tecnologies a l&#8217;àmbit assistencial.</p>



<p>Organitzat per la XARXA TECSAM &#8211; XII Breakfast &amp; Learn</p>

<!-- This site is optimized with the Yoast SEO plugin v27.1.1 - https://yoast.com/product/yoast-seo-wordpress/ -->
<title>Com acreditar o certificar les Apps de salut: de la recerca a l&#039;assistència - Fundació TIC Salut i Social</title>
<meta name="robots" content="index, follow, max-snippet:-1, max-image-preview:large, max-video-preview:-1" />
<link rel="canonical" href="https://ticsalutsocial.atoom.space/es/event/com-acreditar-o-certificar-les-apps-de-salut-de-la-recerca-a-lassistencia/" />
<meta property="og:locale" content="es_ES" />
<meta property="og:type" content="article" />
<meta property="og:title" content="Com acreditar o certificar les Apps de salut: de la recerca a l&#039;assistència - Fundació TIC Salut i Social" />
<meta property="og:description" content="Et trobes en el procés de desenvolupament d&#8217;una aplicació de salut i vols conèixer els requisits que has de complir per tal de certificar-la? No et perdis el XII B&amp;L de la Xarxa! En el XII Breakfast&amp;Learn, sota el nom «Com acreditar o certificar les apps de salut: de la recerca a l&#8217;assistència», centrem el [&hellip;]" />
<meta property="og:url" content="https://ticsalutsocial.atoom.space/es/event/com-acreditar-o-certificar-les-apps-de-salut-de-la-recerca-a-lassistencia/" />
<meta property="og:site_name" content="Fundació TIC Salut i Social" />
<meta property="article:modified_time" content="2022-10-04T10:56:28+00:00" />
<meta property="og:image" content="https://ticsalutsocial.atoom.space/wp-content/uploads/2022/10/Tecsam.png" />
	<meta property="og:image:width" content="949" />
	<meta property="og:image:height" content="764" />
	<meta property="og:image:type" content="image/png" />
<meta name="twitter:card" content="summary_large_image" />
<meta name="twitter:label1" content="Tiempo de lectura" />
	<meta name="twitter:data1" content="1 minuto" />
<script type="application/ld+json" class="yoast-schema-graph">{"@context":"https://schema.org","@graph":[{"@type":"WebPage","@id":"https://ticsalutsocial.atoom.space/es/event/com-acreditar-o-certificar-les-apps-de-salut-de-la-recerca-a-lassistencia/","url":"https://ticsalutsocial.atoom.space/es/event/com-acreditar-o-certificar-les-apps-de-salut-de-la-recerca-a-lassistencia/","name":"Com acreditar o certificar les Apps de salut: de la recerca a l'assistència - Fundació TIC Salut i Social","isPartOf":{"@id":"https://ticsalutsocial.atoom.space/es/#website"},"primaryImageOfPage":{"@id":"https://ticsalutsocial.atoom.space/es/event/com-acreditar-o-certificar-les-apps-de-salut-de-la-recerca-a-lassistencia/#primaryimage"},"image":{"@id":"https://ticsalutsocial.atoom.space/es/event/com-acreditar-o-certificar-les-apps-de-salut-de-la-recerca-a-lassistencia/#primaryimage"},"thumbnailUrl":"https://ticsalutsocial.atoom.space/wp-content/uploads/2022/10/Tecsam.png","datePublished":"2022-10-04T10:53:46+00:00","dateModified":"2022-10-04T10:56:28+00:00","breadcrumb":{"@id":"https://ticsalutsocial.atoom.space/es/event/com-acreditar-o-certificar-les-apps-de-salut-de-la-recerca-a-lassistencia/#breadcrumb"},"inLanguage":"es","potentialAction":[{"@type":"ReadAction","target":["https://ticsalutsocial.atoom.space/es/event/com-acreditar-o-certificar-les-apps-de-salut-de-la-recerca-a-lassistencia/"]}]},{"@type":"ImageObject","inLanguage":"es","@id":"https://ticsalutsocial.atoom.space/es/event/com-acreditar-o-certificar-les-apps-de-salut-de-la-recerca-a-lassistencia/#primaryimage","url":"https://ticsalutsocial.atoom.space/wp-content/uploads/2022/10/Tecsam.png","contentUrl":"https://ticsalutsocial.atoom.space/wp-content/uploads/2022/10/Tecsam.png","width":949,"height":764},{"@type":"BreadcrumbList","@id":"https://ticsalutsocial.atoom.space/es/event/com-acreditar-o-certificar-les-apps-de-salut-de-la-recerca-a-lassistencia/#breadcrumb","itemListElement":[{"@type":"ListItem","position":1,"name":"Inici","item":"https://ticsalutsocial.atoom.space/es/"},{"@type":"ListItem","position":2,"name":"Com acreditar o certificar les Apps de salut: de la recerca a l&#8217;assistència"}]},{"@type":"WebSite","@id":"https://ticsalutsocial.atoom.space/es/#website","url":"https://ticsalutsocial.atoom.space/es/","name":"Fundació TIC Salut i Social","description":"","potentialAction":[{"@type":"SearchAction","target":{"@type":"EntryPoint","urlTemplate":"https://ticsalutsocial.atoom.space/es/?s={search_term_string}"},"query-input":{"@type":"PropertyValueSpecification","valueRequired":true,"valueName":"search_term_string"}}],"inLanguage":"es"}]}</script>
<!-- / Yoast SEO plugin. -->

Com acreditar o certificar les Apps de salut: de la recerca a l'assistència - Fundació TIC Salut i Social

Et trobes en el procés de desenvolupament d&#8217;una aplicació de salut i vols conèixer els requisits que has de complir per tal de certificar-la? No et perdis el XII B&amp;L de la Xarxa! En el XII Breakfast&amp;Learn, sota el nom «Com acreditar o certificar les apps de salut: de la recerca a l&#8217;assistència», centrem el [&hellip;]

Fundació TIC Salut i Social
