
{"id":14330,"date":"2022-10-05T15:41:55","date_gmt":"2022-10-05T13:41:55","guid":{"rendered":"https:\/\/ticsalutsocial.atoom.space\/event\/recollida-de-reptes-del-sector-salut\/"},"modified":"2022-10-05T15:47:57","modified_gmt":"2022-10-05T13:47:57","slug":"recollida-de-reptes-del-sector-salut","status":"publish","type":"event","link":"https:\/\/ticsalutsocial.atoom.space\/es\/event\/recollida-de-reptes-del-sector-salut\/","title":{"rendered":"Recollida de reptes del sector salut"},"content":{"rendered":"\n<p>Comen\u00e7a la recollida de reptes del Matchmaking de la DCA per a empreses i entitats del sector salut.&nbsp;<strong>Fins al 21 d\u2019octubre, les organitzacions del sector salut poden inscriure\u2019s al Matchmaking i presentar els seus reptes sectorials<\/strong>. Aquests es presentaran als membres de les comunitats de la Digital Catalonia Alliance amb l\u2019objectiu de trobar solucions innovadores mitjan\u00e7ant aquestes tecnologies. L\u2019organitzaci\u00f3 d\u2019aquest matchmaking compta amb la col\u00b7laboraci\u00f3 de la Fundaci\u00f3&nbsp;TIC Salut Social.<\/p>\n\n\n\n<p>L\u2019objectiu d\u2019aquesta iniciativa \u00e9s posar en contacte els membres de l\u2019alian\u00e7a amb empreses de la demanda tecnol\u00f2gica del sector salut amb una finalitat dual: d\u2019una banda, donar a con\u00e8ixer a les empreses industrials el valor i els avantatges de les tecnologies digitals avan\u00e7ades com l\u2019IoT o la Intel\u00b7lig\u00e8ncia Artificial, per a l\u2019activitat del sector i per l\u2019altra, oferir a les empreses de l\u2019oferta tecnol\u00f2gica l\u2019ocasi\u00f3 de resoldre necessitats sectorials reals, ampliant les oportunitats de negoci.<\/p>\n\n\n\n<p><strong>L\u2019activitat culminar\u00e0 amb la celebraci\u00f3 del Matchmaking virtual el 22 de novembre<\/strong>, horari pendent de confirmaci\u00f3, en el qual les empreses tecnol\u00f2giques presentaran a les empreses de la demanda les seves solucions als reptes postulats.<\/p>\n\n\n\n<p>Participar en el Matchmaking \u00e9s gratu\u00eft.<strong>&nbsp;Si la teva organitzaci\u00f3 est\u00e0 interessada a participar-hi i presentar els teus reptes, escriu-nos un correu a&nbsp;<a href=\"mailto:info@dca.cat\">info@dca.cat<\/a>&nbsp;amb l\u2019assumpte \u201cInter\u00e8s Matchmaking DCA Salut<\/strong>\u201c.<\/p>\n","protected":false},"featured_media":14328,"menu_order":0,"template":"","meta":{"_acf_changed":false,"inline_featured_image":false},"tipus":[],"topic":[118,119,123],"class_list":["post-14330","event","type-event","status-publish","has-post-thumbnail","hentry","topic-innovation","topic-innovacion","topic-actualidad"],"acf":{"imatge":14328,"informacio":{"ubicacio":"Online","data":"21\/10\/2022","hora":"","preu":"","inscripcions":"https:\/\/dca.cat\/ca\/esdeveniment\/organitzacio-salut-proposa-reptes-matchmaking-dca-22\/"},"programa":{"titol":"","items":false},"documents":false},"yoast_head":"<!-- This site is optimized with the Yoast SEO plugin v27.1.1 - https:\/\/yoast.com\/product\/yoast-seo-wordpress\/ -->\n<title>Recollida de reptes del sector salut - Fundaci\u00f3 TIC Salut i Social<\/title>\n<meta name=\"robots\" content=\"index, follow, max-snippet:-1, max-image-preview:large, max-video-preview:-1\" \/>\n<link rel=\"canonical\" href=\"https:\/\/ticsalutsocial.atoom.space\/es\/event\/recollida-de-reptes-del-sector-salut\/\" \/>\n<meta property=\"og:locale\" content=\"es_ES\" \/>\n<meta property=\"og:type\" content=\"article\" \/>\n<meta property=\"og:title\" content=\"Recollida de reptes del sector salut - Fundaci\u00f3 TIC Salut i Social\" \/>\n<meta property=\"og:description\" content=\"Comen\u00e7a la recollida de reptes del Matchmaking de la DCA per a empreses i entitats del sector salut.&nbsp;Fins al 21 d\u2019octubre, les organitzacions del sector salut poden inscriure\u2019s al Matchmaking i presentar els seus reptes sectorials. Aquests es presentaran als membres de les comunitats de la Digital Catalonia Alliance amb l\u2019objectiu de trobar solucions innovadores [&hellip;]\" \/>\n<meta property=\"og:url\" content=\"https:\/\/ticsalutsocial.atoom.space\/es\/event\/recollida-de-reptes-del-sector-salut\/\" \/>\n<meta property=\"og:site_name\" content=\"Fundaci\u00f3 TIC Salut i Social\" \/>\n<meta property=\"article:modified_time\" content=\"2022-10-05T13:47:57+00:00\" \/>\n<meta property=\"og:image\" content=\"https:\/\/ticsalutsocial.atoom.space\/wp-content\/uploads\/2022\/10\/reptes.png\" \/>\n\t<meta property=\"og:image:width\" content=\"2048\" \/>\n\t<meta property=\"og:image:height\" content=\"1024\" \/>\n\t<meta property=\"og:image:type\" content=\"image\/png\" \/>\n<meta name=\"twitter:card\" content=\"summary_large_image\" \/>\n<meta name=\"twitter:label1\" content=\"Tiempo de lectura\" \/>\n\t<meta name=\"twitter:data1\" content=\"1 minuto\" \/>\n<script type=\"application\/ld+json\" class=\"yoast-schema-graph\">{\"@context\":\"https:\/\/schema.org\",\"@graph\":[{\"@type\":\"WebPage\",\"@id\":\"https:\/\/ticsalutsocial.atoom.space\/es\/event\/recollida-de-reptes-del-sector-salut\/\",\"url\":\"https:\/\/ticsalutsocial.atoom.space\/es\/event\/recollida-de-reptes-del-sector-salut\/\",\"name\":\"Recollida de reptes del sector salut - Fundaci\u00f3 TIC Salut i Social\",\"isPartOf\":{\"@id\":\"https:\/\/ticsalutsocial.atoom.space\/es\/#website\"},\"primaryImageOfPage\":{\"@id\":\"https:\/\/ticsalutsocial.atoom.space\/es\/event\/recollida-de-reptes-del-sector-salut\/#primaryimage\"},\"image\":{\"@id\":\"https:\/\/ticsalutsocial.atoom.space\/es\/event\/recollida-de-reptes-del-sector-salut\/#primaryimage\"},\"thumbnailUrl\":\"https:\/\/ticsalutsocial.atoom.space\/wp-content\/uploads\/2022\/10\/reptes.png\",\"datePublished\":\"2022-10-05T13:41:55+00:00\",\"dateModified\":\"2022-10-05T13:47:57+00:00\",\"breadcrumb\":{\"@id\":\"https:\/\/ticsalutsocial.atoom.space\/es\/event\/recollida-de-reptes-del-sector-salut\/#breadcrumb\"},\"inLanguage\":\"es\",\"potentialAction\":[{\"@type\":\"ReadAction\",\"target\":[\"https:\/\/ticsalutsocial.atoom.space\/es\/event\/recollida-de-reptes-del-sector-salut\/\"]}]},{\"@type\":\"ImageObject\",\"inLanguage\":\"es\",\"@id\":\"https:\/\/ticsalutsocial.atoom.space\/es\/event\/recollida-de-reptes-del-sector-salut\/#primaryimage\",\"url\":\"https:\/\/ticsalutsocial.atoom.space\/wp-content\/uploads\/2022\/10\/reptes.png\",\"contentUrl\":\"https:\/\/ticsalutsocial.atoom.space\/wp-content\/uploads\/2022\/10\/reptes.png\",\"width\":2048,\"height\":1024},{\"@type\":\"BreadcrumbList\",\"@id\":\"https:\/\/ticsalutsocial.atoom.space\/es\/event\/recollida-de-reptes-del-sector-salut\/#breadcrumb\",\"itemListElement\":[{\"@type\":\"ListItem\",\"position\":1,\"name\":\"Inici\",\"item\":\"https:\/\/ticsalutsocial.atoom.space\/es\/\"},{\"@type\":\"ListItem\",\"position\":2,\"name\":\"Recollida de reptes del sector salut\"}]},{\"@type\":\"WebSite\",\"@id\":\"https:\/\/ticsalutsocial.atoom.space\/es\/#website\",\"url\":\"https:\/\/ticsalutsocial.atoom.space\/es\/\",\"name\":\"Fundaci\u00f3 TIC Salut i Social\",\"description\":\"\",\"potentialAction\":[{\"@type\":\"SearchAction\",\"target\":{\"@type\":\"EntryPoint\",\"urlTemplate\":\"https:\/\/ticsalutsocial.atoom.space\/es\/?s={search_term_string}\"},\"query-input\":{\"@type\":\"PropertyValueSpecification\",\"valueRequired\":true,\"valueName\":\"search_term_string\"}}],\"inLanguage\":\"es\"}]}<\/script>\n<!-- \/ Yoast SEO plugin. -->","yoast_head_json":{"title":"Recollida de reptes del sector salut - Fundaci\u00f3 TIC Salut i Social","robots":{"index":"index","follow":"follow","max-snippet":"max-snippet:-1","max-image-preview":"max-image-preview:large","max-video-preview":"max-video-preview:-1"},"canonical":"https:\/\/ticsalutsocial.atoom.space\/es\/event\/recollida-de-reptes-del-sector-salut\/","og_locale":"es_ES","og_type":"article","og_title":"Recollida de reptes del sector salut - Fundaci\u00f3 TIC Salut i Social","og_description":"Comen\u00e7a la recollida de reptes del Matchmaking de la DCA per a empreses i entitats del sector salut.&nbsp;Fins al 21 d\u2019octubre, les organitzacions del sector salut poden inscriure\u2019s al Matchmaking i presentar els seus reptes sectorials. Aquests es presentaran als membres de les comunitats de la Digital Catalonia Alliance amb l\u2019objectiu de trobar solucions innovadores [&hellip;]","og_url":"https:\/\/ticsalutsocial.atoom.space\/es\/event\/recollida-de-reptes-del-sector-salut\/","og_site_name":"Fundaci\u00f3 TIC Salut i Social","article_modified_time":"2022-10-05T13:47:57+00:00","og_image":[{"width":2048,"height":1024,"url":"https:\/\/ticsalutsocial.atoom.space\/wp-content\/uploads\/2022\/10\/reptes.png","type":"image\/png"}],"twitter_card":"summary_large_image","twitter_misc":{"Tiempo de lectura":"1 minuto"},"schema":{"@context":"https:\/\/schema.org","@graph":[{"@type":"WebPage","@id":"https:\/\/ticsalutsocial.atoom.space\/es\/event\/recollida-de-reptes-del-sector-salut\/","url":"https:\/\/ticsalutsocial.atoom.space\/es\/event\/recollida-de-reptes-del-sector-salut\/","name":"Recollida de reptes del sector salut - Fundaci\u00f3 TIC Salut i Social","isPartOf":{"@id":"https:\/\/ticsalutsocial.atoom.space\/es\/#website"},"primaryImageOfPage":{"@id":"https:\/\/ticsalutsocial.atoom.space\/es\/event\/recollida-de-reptes-del-sector-salut\/#primaryimage"},"image":{"@id":"https:\/\/ticsalutsocial.atoom.space\/es\/event\/recollida-de-reptes-del-sector-salut\/#primaryimage"},"thumbnailUrl":"https:\/\/ticsalutsocial.atoom.space\/wp-content\/uploads\/2022\/10\/reptes.png","datePublished":"2022-10-05T13:41:55+00:00","dateModified":"2022-10-05T13:47:57+00:00","breadcrumb":{"@id":"https:\/\/ticsalutsocial.atoom.space\/es\/event\/recollida-de-reptes-del-sector-salut\/#breadcrumb"},"inLanguage":"es","potentialAction":[{"@type":"ReadAction","target":["https:\/\/ticsalutsocial.atoom.space\/es\/event\/recollida-de-reptes-del-sector-salut\/"]}]},{"@type":"ImageObject","inLanguage":"es","@id":"https:\/\/ticsalutsocial.atoom.space\/es\/event\/recollida-de-reptes-del-sector-salut\/#primaryimage","url":"https:\/\/ticsalutsocial.atoom.space\/wp-content\/uploads\/2022\/10\/reptes.png","contentUrl":"https:\/\/ticsalutsocial.atoom.space\/wp-content\/uploads\/2022\/10\/reptes.png","width":2048,"height":1024},{"@type":"BreadcrumbList","@id":"https:\/\/ticsalutsocial.atoom.space\/es\/event\/recollida-de-reptes-del-sector-salut\/#breadcrumb","itemListElement":[{"@type":"ListItem","position":1,"name":"Inici","item":"https:\/\/ticsalutsocial.atoom.space\/es\/"},{"@type":"ListItem","position":2,"name":"Recollida de reptes del sector salut"}]},{"@type":"WebSite","@id":"https:\/\/ticsalutsocial.atoom.space\/es\/#website","url":"https:\/\/ticsalutsocial.atoom.space\/es\/","name":"Fundaci\u00f3 TIC Salut i Social","description":"","potentialAction":[{"@type":"SearchAction","target":{"@type":"EntryPoint","urlTemplate":"https:\/\/ticsalutsocial.atoom.space\/es\/?s={search_term_string}"},"query-input":{"@type":"PropertyValueSpecification","valueRequired":true,"valueName":"search_term_string"}}],"inLanguage":"es"}]}},"_links":{"self":[{"href":"https:\/\/ticsalutsocial.atoom.space\/es\/wp-json\/wp\/v2\/event\/14330","targetHints":{"allow":["GET"]}}],"collection":[{"href":"https:\/\/ticsalutsocial.atoom.space\/es\/wp-json\/wp\/v2\/event"}],"about":[{"href":"https:\/\/ticsalutsocial.atoom.space\/es\/wp-json\/wp\/v2\/types\/event"}],"wp:featuredmedia":[{"embeddable":true,"href":"https:\/\/ticsalutsocial.atoom.space\/es\/wp-json\/wp\/v2\/media\/14328"}],"wp:attachment":[{"href":"https:\/\/ticsalutsocial.atoom.space\/es\/wp-json\/wp\/v2\/media?parent=14330"}],"wp:term":[{"taxonomy":"tipus","embeddable":true,"href":"https:\/\/ticsalutsocial.atoom.space\/es\/wp-json\/wp\/v2\/tipus?post=14330"},{"taxonomy":"topic","embeddable":true,"href":"https:\/\/ticsalutsocial.atoom.space\/es\/wp-json\/wp\/v2\/topic?post=14330"}],"curies":[{"name":"wp","href":"https:\/\/api.w.org\/{rel}","templated":true}]}}

<p>Comença la recollida de reptes del Matchmaking de la DCA per a empreses i entitats del sector salut.&nbsp;<strong>Fins al 21 d’octubre, les organitzacions del sector salut poden inscriure’s al Matchmaking i presentar els seus reptes sectorials</strong>. Aquests es presentaran als membres de les comunitats de la Digital Catalonia Alliance amb l’objectiu de trobar solucions innovadores mitjançant aquestes tecnologies. L’organització d’aquest matchmaking compta amb la col·laboració de la Fundació&nbsp;TIC Salut Social.</p>



<p>L’objectiu d’aquesta iniciativa és posar en contacte els membres de l’aliança amb empreses de la demanda tecnològica del sector salut amb una finalitat dual: d’una banda, donar a conèixer a les empreses industrials el valor i els avantatges de les tecnologies digitals avançades com l’IoT o la Intel·ligència Artificial, per a l’activitat del sector i per l’altra, oferir a les empreses de l’oferta tecnològica l’ocasió de resoldre necessitats sectorials reals, ampliant les oportunitats de negoci.</p>



<p><strong>L’activitat culminarà amb la celebració del Matchmaking virtual el 22 de novembre</strong>, horari pendent de confirmació, en el qual les empreses tecnològiques presentaran a les empreses de la demanda les seves solucions als reptes postulats.</p>



<p>Participar en el Matchmaking és gratuït.<strong>&nbsp;Si la teva organització està interessada a participar-hi i presentar els teus reptes, escriu-nos un correu a&nbsp;<a href="mailto:info@dca.cat">info@dca.cat</a>&nbsp;amb l’assumpte “Interès Matchmaking DCA Salut</strong>“.</p>

<!-- This site is optimized with the Yoast SEO plugin v27.1.1 - https://yoast.com/product/yoast-seo-wordpress/ -->
<title>Recollida de reptes del sector salut - Fundació TIC Salut i Social</title>
<meta name="robots" content="index, follow, max-snippet:-1, max-image-preview:large, max-video-preview:-1" />
<link rel="canonical" href="https://ticsalutsocial.atoom.space/es/event/recollida-de-reptes-del-sector-salut/" />
<meta property="og:locale" content="es_ES" />
<meta property="og:type" content="article" />
<meta property="og:title" content="Recollida de reptes del sector salut - Fundació TIC Salut i Social" />
<meta property="og:description" content="Comença la recollida de reptes del Matchmaking de la DCA per a empreses i entitats del sector salut.&nbsp;Fins al 21 d’octubre, les organitzacions del sector salut poden inscriure’s al Matchmaking i presentar els seus reptes sectorials. Aquests es presentaran als membres de les comunitats de la Digital Catalonia Alliance amb l’objectiu de trobar solucions innovadores [&hellip;]" />
<meta property="og:url" content="https://ticsalutsocial.atoom.space/es/event/recollida-de-reptes-del-sector-salut/" />
<meta property="og:site_name" content="Fundació TIC Salut i Social" />
<meta property="article:modified_time" content="2022-10-05T13:47:57+00:00" />
<meta property="og:image" content="https://ticsalutsocial.atoom.space/wp-content/uploads/2022/10/reptes.png" />
	<meta property="og:image:width" content="2048" />
	<meta property="og:image:height" content="1024" />
	<meta property="og:image:type" content="image/png" />
<meta name="twitter:card" content="summary_large_image" />
<meta name="twitter:label1" content="Tiempo de lectura" />
	<meta name="twitter:data1" content="1 minuto" />
<script type="application/ld+json" class="yoast-schema-graph">{"@context":"https://schema.org","@graph":[{"@type":"WebPage","@id":"https://ticsalutsocial.atoom.space/es/event/recollida-de-reptes-del-sector-salut/","url":"https://ticsalutsocial.atoom.space/es/event/recollida-de-reptes-del-sector-salut/","name":"Recollida de reptes del sector salut - Fundació TIC Salut i Social","isPartOf":{"@id":"https://ticsalutsocial.atoom.space/es/#website"},"primaryImageOfPage":{"@id":"https://ticsalutsocial.atoom.space/es/event/recollida-de-reptes-del-sector-salut/#primaryimage"},"image":{"@id":"https://ticsalutsocial.atoom.space/es/event/recollida-de-reptes-del-sector-salut/#primaryimage"},"thumbnailUrl":"https://ticsalutsocial.atoom.space/wp-content/uploads/2022/10/reptes.png","datePublished":"2022-10-05T13:41:55+00:00","dateModified":"2022-10-05T13:47:57+00:00","breadcrumb":{"@id":"https://ticsalutsocial.atoom.space/es/event/recollida-de-reptes-del-sector-salut/#breadcrumb"},"inLanguage":"es","potentialAction":[{"@type":"ReadAction","target":["https://ticsalutsocial.atoom.space/es/event/recollida-de-reptes-del-sector-salut/"]}]},{"@type":"ImageObject","inLanguage":"es","@id":"https://ticsalutsocial.atoom.space/es/event/recollida-de-reptes-del-sector-salut/#primaryimage","url":"https://ticsalutsocial.atoom.space/wp-content/uploads/2022/10/reptes.png","contentUrl":"https://ticsalutsocial.atoom.space/wp-content/uploads/2022/10/reptes.png","width":2048,"height":1024},{"@type":"BreadcrumbList","@id":"https://ticsalutsocial.atoom.space/es/event/recollida-de-reptes-del-sector-salut/#breadcrumb","itemListElement":[{"@type":"ListItem","position":1,"name":"Inici","item":"https://ticsalutsocial.atoom.space/es/"},{"@type":"ListItem","position":2,"name":"Recollida de reptes del sector salut"}]},{"@type":"WebSite","@id":"https://ticsalutsocial.atoom.space/es/#website","url":"https://ticsalutsocial.atoom.space/es/","name":"Fundació TIC Salut i Social","description":"","potentialAction":[{"@type":"SearchAction","target":{"@type":"EntryPoint","urlTemplate":"https://ticsalutsocial.atoom.space/es/?s={search_term_string}"},"query-input":{"@type":"PropertyValueSpecification","valueRequired":true,"valueName":"search_term_string"}}],"inLanguage":"es"}]}</script>
<!-- / Yoast SEO plugin. -->

Recollida de reptes del sector salut - Fundació TIC Salut i Social

Comença la recollida de reptes del Matchmaking de la DCA per a empreses i entitats del sector salut.&nbsp;Fins al 21 d’octubre, les organitzacions del sector salut poden inscriure’s al Matchmaking i presentar els seus reptes sectorials. Aquests es presentaran als membres de les comunitats de la Digital Catalonia Alliance amb l’objectiu de trobar solucions innovadores [&hellip;]

Fundació TIC Salut i Social
