
{"id":14357,"date":"2022-10-10T11:08:43","date_gmt":"2022-10-10T09:08:43","guid":{"rendered":"https:\/\/ticsalutsocial.atoom.space\/event\/ia-en-salut\/"},"modified":"2022-10-10T11:11:00","modified_gmt":"2022-10-10T09:11:00","slug":"ia-en-salut","status":"publish","type":"event","link":"https:\/\/ticsalutsocial.atoom.space\/es\/event\/ia-en-salut\/","title":{"rendered":"IA en Salut"},"content":{"rendered":"\n<p>Sessi\u00f3 presencial per descobrir noves oportunitats d&#8217;IA en l&#8217;\u00e0mbit de la salut de la m\u00e0 d&#8217;experts en ci\u00e8ncia de dades.&nbsp;<br>Des d&#8217;UNITSS&nbsp;reprenen&nbsp;les trobades de&nbsp;professionals de la salut amb inquietuds digitals, per potenciar sin\u00e8rgies i compartir realitats, aquest cop en el cam\u00ed&nbsp;imperatiu d&#8217;introduir la IA com a tecnologia transformadora en&nbsp;el sector&nbsp;salut a Catalunya.<\/p>\n\n\n\n<p>Hi participar\u00e0 <strong>Eugeni Fern\u00e0ndez<\/strong>, Director de la Fundaci\u00f3 Tic Salut i Social.<\/p>\n\n\n\n<h3 class=\"wp-block-heading\">PROGRAMA<\/h3>\n\n\n\n<p><strong>09:45<\/strong>&nbsp;\u2013 Benvinguda<br>&nbsp;<br><strong>10:00 &#8211; 10:30 <\/strong>\u2013 Confer\u00e8ncia inagural<\/p>\n\n\n\n<ul class=\"wp-block-list\"><li>La salut en el S.XXI: Reptes i oportunitats en l&#8217;\u00e0mbit de la IA<strong>.&nbsp; &nbsp; Sra.&nbsp;Karina Gibert<\/strong>. Directora del centre d&#8217;investigaci\u00f3 Intelligent Data Science &amp; Artificial&nbsp;Intelligence (IDEAI\u2010UPC)<\/li><\/ul>\n\n\n\n<p><strong>10:30 <\/strong><strong>\u2010<\/strong><strong> 11:15<\/strong>&nbsp;La veu de la industria<\/p>\n\n\n\n<ul class=\"wp-block-list\"><li>AWS<\/li><li>Opentrends<\/li><li>Dedalus<\/li><\/ul>\n\n\n\n<p><strong>&nbsp;11:15 &#8211;&nbsp;11:45<\/strong>&nbsp;&#8211; Pausa caf\u00e8<br>&nbsp;<br><strong>11:45 &#8211; 12:15<\/strong>&nbsp;&#8211;&nbsp; <strong>Sr. Eugeni Fern\u00e0ndez<\/strong>, Director de la Fundaci\u00f3 Tic Salut i Social<br><br><strong>12:15 &#8211; 13:15<\/strong>&nbsp;&#8211; Experi\u00e8ncies<\/p>\n\n\n\n<ul class=\"wp-block-list\"><li>Cortex.&nbsp;<strong> Dr. Francesc Garcia Cuyas<\/strong>, Adjunt a la Direcci\u00f3 m\u00e8dica HSJD<\/li><li>Plataforma d&#8217;IA en el diagn\u00f2stic i tractament de l&#8217;Ictus.&nbsp;<strong>Dr. Joan Perendreu Sans,&nbsp;<\/strong> Director del Servei de Diagn\u00f2stic per la imatge. Parc Taul\u00ed<\/li><li>IA Covid. <strong>Dr. Jordi Martinez<\/strong>, Parc de&nbsp;Salut Mar<\/li><li>Impacte de la qualitat de les anotacions en el rendiment del model&nbsp; per la classificaci\u00f3d&#8217;imatges renals. <strong>Sra. N\u00faria Homar<\/strong>&nbsp;CIO de la Fundaci\u00f3 Puigver<\/li><\/ul>\n\n\n\n<p><strong>13:15<\/strong> &#8211; Dinar networking<\/p>\n","protected":false},"featured_media":14355,"menu_order":0,"template":"","meta":{"_acf_changed":false,"inline_featured_image":false},"tipus":[719,879],"topic":[116,117,121],"class_list":["post-14357","event","type-event","status-publish","has-post-thumbnail","hentry","tipus-artificial-intelligence","tipus-inteligencia-artificial","topic-events","topic-jornadas","topic-dpd-es"],"acf":{"imatge":14355,"informacio":{"ubicacio":"Auditori Parc Taul\u00ed","data":"28\/10\/2022","hora":"10:00-14:00","preu":"","inscripcions":"https:\/\/docs.google.com\/forms\/d\/e\/1FAIpQLSeFwfQOjxM_LxbDTYNSEPtCMQoMvrrO5adHZ9KO5c88iNAbtA\/viewform"},"programa":{"titol":"","items":false},"documents":false},"yoast_head":"<!-- This site is optimized with the Yoast SEO plugin v27.1.1 - https:\/\/yoast.com\/product\/yoast-seo-wordpress\/ -->\n<title>IA en Salut - Fundaci\u00f3 TIC Salut i Social<\/title>\n<meta name=\"robots\" content=\"index, follow, max-snippet:-1, max-image-preview:large, max-video-preview:-1\" \/>\n<link rel=\"canonical\" href=\"https:\/\/ticsalutsocial.atoom.space\/es\/event\/ia-en-salut\/\" \/>\n<meta property=\"og:locale\" content=\"es_ES\" \/>\n<meta property=\"og:type\" content=\"article\" \/>\n<meta property=\"og:title\" content=\"IA en Salut - Fundaci\u00f3 TIC Salut i Social\" \/>\n<meta property=\"og:description\" content=\"Sessi\u00f3 presencial per descobrir noves oportunitats d&#8217;IA en l&#8217;\u00e0mbit de la salut de la m\u00e0 d&#8217;experts en ci\u00e8ncia de dades.&nbsp;Des d&#8217;UNITSS&nbsp;reprenen&nbsp;les trobades de&nbsp;professionals de la salut amb inquietuds digitals, per potenciar sin\u00e8rgies i compartir realitats, aquest cop en el cam\u00ed&nbsp;imperatiu d&#8217;introduir la IA com a tecnologia transformadora en&nbsp;el sector&nbsp;salut a Catalunya. Hi participar\u00e0 Eugeni Fern\u00e0ndez, [&hellip;]\" \/>\n<meta property=\"og:url\" content=\"https:\/\/ticsalutsocial.atoom.space\/es\/event\/ia-en-salut\/\" \/>\n<meta property=\"og:site_name\" content=\"Fundaci\u00f3 TIC Salut i Social\" \/>\n<meta property=\"article:modified_time\" content=\"2022-10-10T09:11:00+00:00\" \/>\n<meta property=\"og:image\" content=\"https:\/\/ticsalutsocial.atoom.space\/wp-content\/uploads\/2022\/10\/IA-salut.png\" \/>\n\t<meta property=\"og:image:width\" content=\"937\" \/>\n\t<meta property=\"og:image:height\" content=\"570\" \/>\n\t<meta property=\"og:image:type\" content=\"image\/png\" \/>\n<meta name=\"twitter:card\" content=\"summary_large_image\" \/>\n<meta name=\"twitter:label1\" content=\"Tiempo de lectura\" \/>\n\t<meta name=\"twitter:data1\" content=\"1 minuto\" \/>\n<script type=\"application\/ld+json\" class=\"yoast-schema-graph\">{\"@context\":\"https:\/\/schema.org\",\"@graph\":[{\"@type\":\"WebPage\",\"@id\":\"https:\/\/ticsalutsocial.atoom.space\/es\/event\/ia-en-salut\/\",\"url\":\"https:\/\/ticsalutsocial.atoom.space\/es\/event\/ia-en-salut\/\",\"name\":\"IA en Salut - Fundaci\u00f3 TIC Salut i Social\",\"isPartOf\":{\"@id\":\"https:\/\/ticsalutsocial.atoom.space\/es\/#website\"},\"primaryImageOfPage\":{\"@id\":\"https:\/\/ticsalutsocial.atoom.space\/es\/event\/ia-en-salut\/#primaryimage\"},\"image\":{\"@id\":\"https:\/\/ticsalutsocial.atoom.space\/es\/event\/ia-en-salut\/#primaryimage\"},\"thumbnailUrl\":\"https:\/\/ticsalutsocial.atoom.space\/wp-content\/uploads\/2022\/10\/IA-salut.png\",\"datePublished\":\"2022-10-10T09:08:43+00:00\",\"dateModified\":\"2022-10-10T09:11:00+00:00\",\"breadcrumb\":{\"@id\":\"https:\/\/ticsalutsocial.atoom.space\/es\/event\/ia-en-salut\/#breadcrumb\"},\"inLanguage\":\"es\",\"potentialAction\":[{\"@type\":\"ReadAction\",\"target\":[\"https:\/\/ticsalutsocial.atoom.space\/es\/event\/ia-en-salut\/\"]}]},{\"@type\":\"ImageObject\",\"inLanguage\":\"es\",\"@id\":\"https:\/\/ticsalutsocial.atoom.space\/es\/event\/ia-en-salut\/#primaryimage\",\"url\":\"https:\/\/ticsalutsocial.atoom.space\/wp-content\/uploads\/2022\/10\/IA-salut.png\",\"contentUrl\":\"https:\/\/ticsalutsocial.atoom.space\/wp-content\/uploads\/2022\/10\/IA-salut.png\",\"width\":937,\"height\":570},{\"@type\":\"BreadcrumbList\",\"@id\":\"https:\/\/ticsalutsocial.atoom.space\/es\/event\/ia-en-salut\/#breadcrumb\",\"itemListElement\":[{\"@type\":\"ListItem\",\"position\":1,\"name\":\"Inici\",\"item\":\"https:\/\/ticsalutsocial.atoom.space\/es\/\"},{\"@type\":\"ListItem\",\"position\":2,\"name\":\"IA en Salut\"}]},{\"@type\":\"WebSite\",\"@id\":\"https:\/\/ticsalutsocial.atoom.space\/es\/#website\",\"url\":\"https:\/\/ticsalutsocial.atoom.space\/es\/\",\"name\":\"Fundaci\u00f3 TIC Salut i Social\",\"description\":\"\",\"potentialAction\":[{\"@type\":\"SearchAction\",\"target\":{\"@type\":\"EntryPoint\",\"urlTemplate\":\"https:\/\/ticsalutsocial.atoom.space\/es\/?s={search_term_string}\"},\"query-input\":{\"@type\":\"PropertyValueSpecification\",\"valueRequired\":true,\"valueName\":\"search_term_string\"}}],\"inLanguage\":\"es\"}]}<\/script>\n<!-- \/ Yoast SEO plugin. -->","yoast_head_json":{"title":"IA en Salut - Fundaci\u00f3 TIC Salut i Social","robots":{"index":"index","follow":"follow","max-snippet":"max-snippet:-1","max-image-preview":"max-image-preview:large","max-video-preview":"max-video-preview:-1"},"canonical":"https:\/\/ticsalutsocial.atoom.space\/es\/event\/ia-en-salut\/","og_locale":"es_ES","og_type":"article","og_title":"IA en Salut - Fundaci\u00f3 TIC Salut i Social","og_description":"Sessi\u00f3 presencial per descobrir noves oportunitats d&#8217;IA en l&#8217;\u00e0mbit de la salut de la m\u00e0 d&#8217;experts en ci\u00e8ncia de dades.&nbsp;Des d&#8217;UNITSS&nbsp;reprenen&nbsp;les trobades de&nbsp;professionals de la salut amb inquietuds digitals, per potenciar sin\u00e8rgies i compartir realitats, aquest cop en el cam\u00ed&nbsp;imperatiu d&#8217;introduir la IA com a tecnologia transformadora en&nbsp;el sector&nbsp;salut a Catalunya. Hi participar\u00e0 Eugeni Fern\u00e0ndez, [&hellip;]","og_url":"https:\/\/ticsalutsocial.atoom.space\/es\/event\/ia-en-salut\/","og_site_name":"Fundaci\u00f3 TIC Salut i Social","article_modified_time":"2022-10-10T09:11:00+00:00","og_image":[{"width":937,"height":570,"url":"https:\/\/ticsalutsocial.atoom.space\/wp-content\/uploads\/2022\/10\/IA-salut.png","type":"image\/png"}],"twitter_card":"summary_large_image","twitter_misc":{"Tiempo de lectura":"1 minuto"},"schema":{"@context":"https:\/\/schema.org","@graph":[{"@type":"WebPage","@id":"https:\/\/ticsalutsocial.atoom.space\/es\/event\/ia-en-salut\/","url":"https:\/\/ticsalutsocial.atoom.space\/es\/event\/ia-en-salut\/","name":"IA en Salut - Fundaci\u00f3 TIC Salut i Social","isPartOf":{"@id":"https:\/\/ticsalutsocial.atoom.space\/es\/#website"},"primaryImageOfPage":{"@id":"https:\/\/ticsalutsocial.atoom.space\/es\/event\/ia-en-salut\/#primaryimage"},"image":{"@id":"https:\/\/ticsalutsocial.atoom.space\/es\/event\/ia-en-salut\/#primaryimage"},"thumbnailUrl":"https:\/\/ticsalutsocial.atoom.space\/wp-content\/uploads\/2022\/10\/IA-salut.png","datePublished":"2022-10-10T09:08:43+00:00","dateModified":"2022-10-10T09:11:00+00:00","breadcrumb":{"@id":"https:\/\/ticsalutsocial.atoom.space\/es\/event\/ia-en-salut\/#breadcrumb"},"inLanguage":"es","potentialAction":[{"@type":"ReadAction","target":["https:\/\/ticsalutsocial.atoom.space\/es\/event\/ia-en-salut\/"]}]},{"@type":"ImageObject","inLanguage":"es","@id":"https:\/\/ticsalutsocial.atoom.space\/es\/event\/ia-en-salut\/#primaryimage","url":"https:\/\/ticsalutsocial.atoom.space\/wp-content\/uploads\/2022\/10\/IA-salut.png","contentUrl":"https:\/\/ticsalutsocial.atoom.space\/wp-content\/uploads\/2022\/10\/IA-salut.png","width":937,"height":570},{"@type":"BreadcrumbList","@id":"https:\/\/ticsalutsocial.atoom.space\/es\/event\/ia-en-salut\/#breadcrumb","itemListElement":[{"@type":"ListItem","position":1,"name":"Inici","item":"https:\/\/ticsalutsocial.atoom.space\/es\/"},{"@type":"ListItem","position":2,"name":"IA en Salut"}]},{"@type":"WebSite","@id":"https:\/\/ticsalutsocial.atoom.space\/es\/#website","url":"https:\/\/ticsalutsocial.atoom.space\/es\/","name":"Fundaci\u00f3 TIC Salut i Social","description":"","potentialAction":[{"@type":"SearchAction","target":{"@type":"EntryPoint","urlTemplate":"https:\/\/ticsalutsocial.atoom.space\/es\/?s={search_term_string}"},"query-input":{"@type":"PropertyValueSpecification","valueRequired":true,"valueName":"search_term_string"}}],"inLanguage":"es"}]}},"_links":{"self":[{"href":"https:\/\/ticsalutsocial.atoom.space\/es\/wp-json\/wp\/v2\/event\/14357","targetHints":{"allow":["GET"]}}],"collection":[{"href":"https:\/\/ticsalutsocial.atoom.space\/es\/wp-json\/wp\/v2\/event"}],"about":[{"href":"https:\/\/ticsalutsocial.atoom.space\/es\/wp-json\/wp\/v2\/types\/event"}],"wp:featuredmedia":[{"embeddable":true,"href":"https:\/\/ticsalutsocial.atoom.space\/es\/wp-json\/wp\/v2\/media\/14355"}],"wp:attachment":[{"href":"https:\/\/ticsalutsocial.atoom.space\/es\/wp-json\/wp\/v2\/media?parent=14357"}],"wp:term":[{"taxonomy":"tipus","embeddable":true,"href":"https:\/\/ticsalutsocial.atoom.space\/es\/wp-json\/wp\/v2\/tipus?post=14357"},{"taxonomy":"topic","embeddable":true,"href":"https:\/\/ticsalutsocial.atoom.space\/es\/wp-json\/wp\/v2\/topic?post=14357"}],"curies":[{"name":"wp","href":"https:\/\/api.w.org\/{rel}","templated":true}]}}

<p>Sessió presencial per descobrir noves oportunitats d&#8217;IA en l&#8217;àmbit de la salut de la mà d&#8217;experts en ciència de dades.&nbsp;<br>Des d&#8217;UNITSS&nbsp;reprenen&nbsp;les trobades de&nbsp;professionals de la salut amb inquietuds digitals, per potenciar sinèrgies i compartir realitats, aquest cop en el camí&nbsp;imperatiu d&#8217;introduir la IA com a tecnologia transformadora en&nbsp;el sector&nbsp;salut a Catalunya.</p>



<p>Hi participarà <strong>Eugeni Fernàndez</strong>, Director de la Fundació Tic Salut i Social.</p>



<h3 class="wp-block-heading">PROGRAMA</h3>



<p><strong>09:45</strong>&nbsp;– Benvinguda<br>&nbsp;<br><strong>10:00 &#8211; 10:30 </strong>– Conferència inagural</p>



<ul class="wp-block-list"><li>La salut en el S.XXI: Reptes i oportunitats en l&#8217;àmbit de la IA<strong>.&nbsp; &nbsp; Sra.&nbsp;Karina Gibert</strong>. Directora del centre d&#8217;investigació Intelligent Data Science &amp; Artificial&nbsp;Intelligence (IDEAI‐UPC)</li></ul>



<p><strong>10:30 </strong><strong>‐</strong><strong> 11:15</strong>&nbsp;La veu de la industria</p>



<ul class="wp-block-list"><li>AWS</li><li>Opentrends</li><li>Dedalus</li></ul>



<p><strong>&nbsp;11:15 &#8211;&nbsp;11:45</strong>&nbsp;&#8211; Pausa cafè<br>&nbsp;<br><strong>11:45 &#8211; 12:15</strong>&nbsp;&#8211;&nbsp; <strong>Sr. Eugeni Fernàndez</strong>, Director de la Fundació Tic Salut i Social<br><br><strong>12:15 &#8211; 13:15</strong>&nbsp;&#8211; Experiències</p>



<ul class="wp-block-list"><li>Cortex.&nbsp;<strong> Dr. Francesc Garcia Cuyas</strong>, Adjunt a la Direcció mèdica HSJD</li><li>Plataforma d&#8217;IA en el diagnòstic i tractament de l&#8217;Ictus.&nbsp;<strong>Dr. Joan Perendreu Sans,&nbsp;</strong> Director del Servei de Diagnòstic per la imatge. Parc Taulí</li><li>IA Covid. <strong>Dr. Jordi Martinez</strong>, Parc de&nbsp;Salut Mar</li><li>Impacte de la qualitat de les anotacions en el rendiment del model&nbsp; per la classificaciód&#8217;imatges renals. <strong>Sra. Núria Homar</strong>&nbsp;CIO de la Fundació Puigver</li></ul>



<p><strong>13:15</strong> &#8211; Dinar networking</p>

Auditori Parc Taulí

<!-- This site is optimized with the Yoast SEO plugin v27.1.1 - https://yoast.com/product/yoast-seo-wordpress/ -->
<title>IA en Salut - Fundació TIC Salut i Social</title>
<meta name="robots" content="index, follow, max-snippet:-1, max-image-preview:large, max-video-preview:-1" />
<link rel="canonical" href="https://ticsalutsocial.atoom.space/es/event/ia-en-salut/" />
<meta property="og:locale" content="es_ES" />
<meta property="og:type" content="article" />
<meta property="og:title" content="IA en Salut - Fundació TIC Salut i Social" />
<meta property="og:description" content="Sessió presencial per descobrir noves oportunitats d&#8217;IA en l&#8217;àmbit de la salut de la mà d&#8217;experts en ciència de dades.&nbsp;Des d&#8217;UNITSS&nbsp;reprenen&nbsp;les trobades de&nbsp;professionals de la salut amb inquietuds digitals, per potenciar sinèrgies i compartir realitats, aquest cop en el camí&nbsp;imperatiu d&#8217;introduir la IA com a tecnologia transformadora en&nbsp;el sector&nbsp;salut a Catalunya. Hi participarà Eugeni Fernàndez, [&hellip;]" />
<meta property="og:url" content="https://ticsalutsocial.atoom.space/es/event/ia-en-salut/" />
<meta property="og:site_name" content="Fundació TIC Salut i Social" />
<meta property="article:modified_time" content="2022-10-10T09:11:00+00:00" />
<meta property="og:image" content="https://ticsalutsocial.atoom.space/wp-content/uploads/2022/10/IA-salut.png" />
	<meta property="og:image:width" content="937" />
	<meta property="og:image:height" content="570" />
	<meta property="og:image:type" content="image/png" />
<meta name="twitter:card" content="summary_large_image" />
<meta name="twitter:label1" content="Tiempo de lectura" />
	<meta name="twitter:data1" content="1 minuto" />
<script type="application/ld+json" class="yoast-schema-graph">{"@context":"https://schema.org","@graph":[{"@type":"WebPage","@id":"https://ticsalutsocial.atoom.space/es/event/ia-en-salut/","url":"https://ticsalutsocial.atoom.space/es/event/ia-en-salut/","name":"IA en Salut - Fundació TIC Salut i Social","isPartOf":{"@id":"https://ticsalutsocial.atoom.space/es/#website"},"primaryImageOfPage":{"@id":"https://ticsalutsocial.atoom.space/es/event/ia-en-salut/#primaryimage"},"image":{"@id":"https://ticsalutsocial.atoom.space/es/event/ia-en-salut/#primaryimage"},"thumbnailUrl":"https://ticsalutsocial.atoom.space/wp-content/uploads/2022/10/IA-salut.png","datePublished":"2022-10-10T09:08:43+00:00","dateModified":"2022-10-10T09:11:00+00:00","breadcrumb":{"@id":"https://ticsalutsocial.atoom.space/es/event/ia-en-salut/#breadcrumb"},"inLanguage":"es","potentialAction":[{"@type":"ReadAction","target":["https://ticsalutsocial.atoom.space/es/event/ia-en-salut/"]}]},{"@type":"ImageObject","inLanguage":"es","@id":"https://ticsalutsocial.atoom.space/es/event/ia-en-salut/#primaryimage","url":"https://ticsalutsocial.atoom.space/wp-content/uploads/2022/10/IA-salut.png","contentUrl":"https://ticsalutsocial.atoom.space/wp-content/uploads/2022/10/IA-salut.png","width":937,"height":570},{"@type":"BreadcrumbList","@id":"https://ticsalutsocial.atoom.space/es/event/ia-en-salut/#breadcrumb","itemListElement":[{"@type":"ListItem","position":1,"name":"Inici","item":"https://ticsalutsocial.atoom.space/es/"},{"@type":"ListItem","position":2,"name":"IA en Salut"}]},{"@type":"WebSite","@id":"https://ticsalutsocial.atoom.space/es/#website","url":"https://ticsalutsocial.atoom.space/es/","name":"Fundació TIC Salut i Social","description":"","potentialAction":[{"@type":"SearchAction","target":{"@type":"EntryPoint","urlTemplate":"https://ticsalutsocial.atoom.space/es/?s={search_term_string}"},"query-input":{"@type":"PropertyValueSpecification","valueRequired":true,"valueName":"search_term_string"}}],"inLanguage":"es"}]}</script>
<!-- / Yoast SEO plugin. -->

IA en Salut - Fundació TIC Salut i Social

Sessió presencial per descobrir noves oportunitats d&#8217;IA en l&#8217;àmbit de la salut de la mà d&#8217;experts en ciència de dades.&nbsp;Des d&#8217;UNITSS&nbsp;reprenen&nbsp;les trobades de&nbsp;professionals de la salut amb inquietuds digitals, per potenciar sinèrgies i compartir realitats, aquest cop en el camí&nbsp;imperatiu d&#8217;introduir la IA com a tecnologia transformadora en&nbsp;el sector&nbsp;salut a Catalunya. Hi participarà Eugeni Fernàndez, [&hellip;]

Fundació TIC Salut i Social
