
{"id":15864,"date":"2023-01-25T12:11:53","date_gmt":"2023-01-25T10:11:53","guid":{"rendered":"https:\/\/ticsalutsocial.atoom.space\/?post_type=event&#038;p=15864"},"modified":"2023-01-25T12:16:41","modified_gmt":"2023-01-25T10:16:41","slug":"congreso-nacional-informatica-salud","status":"publish","type":"event","link":"https:\/\/ticsalutsocial.atoom.space\/es\/event\/congreso-nacional-informatica-salud\/","title":{"rendered":"<strong>XXVI Congreso Nacional de Inform\u00e1tica de la Salud 2023<\/strong>"},"content":{"rendered":"\n<p>La realizaci\u00f3n de la <strong>Estrategia de Salud Digital del SNS<\/strong> constituye, al am\u00adparo de los recursos de los fondos NG-EU, una oportunidad \u00fanica para el desarrollo de la Salud Digital en Espa\u00f1a. Tal como enuncia la propia Estrategia, \u00e9sta pretende ser \u201cun marco com\u00fan para construir un Siste\u00adma Nacional de Salud robusto, eficaz, resiliente, inclusivo y sostenible\u201d y aspira a contribuir a la mejora de la salud de la poblaci\u00f3n y a fortalecer el sistema sanitario mediante la capacidad transformadora de las tecnolo\u00adg\u00edas digitales. Esta transformaci\u00f3n del sistema sanitario implica afrontar no pocos desaf\u00edos para implementar el cambio tecnol\u00f3gico, organizativo y cultural que requiere, y hacer realidad las expectativas generadas para las organizaciones sanitarias, los profesionales sanitarios, los ciudadanos, los profesionales TIC, la industria y otros actores implicados.<\/p>\n\n\n\n<p>Atendiendo a esta realidad actual, el <a href=\"https:\/\/seis.es\/inforsalud-2023\/\" target=\"_blank\" rel=\"noreferrer noopener\"><strong>XXVI Congreso Nacional de Inform\u00e1\u00adtica de la Salud (Inforsalud 2023)<\/strong><\/a>, y de acuerdo con su lema \u201cImpacto de la Estrategia de Salud Digital del SNS para el avance del Sistema Sanita\u00adrio\u201d, su objetivo es servir de plataforma para abordar, desde una perspec\u00adtiva amplia y multidisciplinar, las cuestiones principales relacionadas con el desarrollo de la Estrategia de Salud Digital y su impacto en el Sistema Sanitario.<\/p>\n\n\n\n<p><strong>Programa:<\/strong><\/p>\n\n\n\n<figure class=\"wp-block-image size-full\"><img loading=\"lazy\" decoding=\"async\" width=\"1024\" height=\"724\" src=\"https:\/\/ticsalutsocial.atoom.space\/wp-content\/uploads\/2023\/01\/Cronograma-Inforsalud23-1-1024x724-1.jpg\" alt=\"\" class=\"wp-image-15865\" srcset=\"https:\/\/ticsalutsocial.atoom.space\/wp-content\/uploads\/2023\/01\/Cronograma-Inforsalud23-1-1024x724-1.jpg 1024w, https:\/\/ticsalutsocial.atoom.space\/wp-content\/uploads\/2023\/01\/Cronograma-Inforsalud23-1-1024x724-1-300x212.jpg 300w, https:\/\/ticsalutsocial.atoom.space\/wp-content\/uploads\/2023\/01\/Cronograma-Inforsalud23-1-1024x724-1-768x543.jpg 768w\" sizes=\"auto, (max-width: 1024px) 100vw, 1024px\" \/><\/figure>\n","protected":false},"featured_media":15868,"menu_order":0,"template":"","meta":{"_acf_changed":false,"inline_featured_image":false},"tipus":[],"topic":[],"class_list":["post-15864","event","type-event","status-publish","has-post-thumbnail","hentry"],"acf":{"imatge":15868,"informacio":{"ubicacio":"Hotel NH Collection Madrid Eurobuilding  (Calle Alberto Alcocer, 8.  28036 Madrid)","data":"21\/03\/2023","hora":"","preu":"","inscripcions":"https:\/\/seis.es\/inscripcion-inforsalud-2023\/"},"programa":{"titol":"","items":false},"documents":false},"yoast_head":"<!-- This site is optimized with the Yoast SEO plugin v27.1.1 - https:\/\/yoast.com\/product\/yoast-seo-wordpress\/ -->\n<title>XXVI Congreso Nacional de Inform\u00e1tica de la Salud 2023 - Fundaci\u00f3 TIC Salut i Social<\/title>\n<meta name=\"robots\" content=\"index, follow, max-snippet:-1, max-image-preview:large, max-video-preview:-1\" \/>\n<link rel=\"canonical\" href=\"https:\/\/ticsalutsocial.atoom.space\/es\/event\/congreso-nacional-informatica-salud\/\" \/>\n<meta property=\"og:locale\" content=\"es_ES\" \/>\n<meta property=\"og:type\" content=\"article\" \/>\n<meta property=\"og:title\" content=\"XXVI Congreso Nacional de Inform\u00e1tica de la Salud 2023 - Fundaci\u00f3 TIC Salut i Social\" \/>\n<meta property=\"og:description\" content=\"La realizaci\u00f3n de la Estrategia de Salud Digital del SNS constituye, al am\u00adparo de los recursos de los fondos NG-EU, una oportunidad \u00fanica para el desarrollo de la Salud Digital en Espa\u00f1a. Tal como enuncia la propia Estrategia, \u00e9sta pretende ser \u201cun marco com\u00fan para construir un Siste\u00adma Nacional de Salud robusto, eficaz, resiliente, inclusivo [&hellip;]\" \/>\n<meta property=\"og:url\" content=\"https:\/\/ticsalutsocial.atoom.space\/es\/event\/congreso-nacional-informatica-salud\/\" \/>\n<meta property=\"og:site_name\" content=\"Fundaci\u00f3 TIC Salut i Social\" \/>\n<meta property=\"article:modified_time\" content=\"2023-01-25T10:16:41+00:00\" \/>\n<meta property=\"og:image\" content=\"https:\/\/ticsalutsocial.atoom.space\/wp-content\/uploads\/2023\/01\/Portada-Inforsalud-23.jpg\" \/>\n\t<meta property=\"og:image:width\" content=\"756\" \/>\n\t<meta property=\"og:image:height\" content=\"909\" \/>\n\t<meta property=\"og:image:type\" content=\"image\/jpeg\" \/>\n<meta name=\"twitter:card\" content=\"summary_large_image\" \/>\n<meta name=\"twitter:label1\" content=\"Tiempo de lectura\" \/>\n\t<meta name=\"twitter:data1\" content=\"2 minutos\" \/>\n<script type=\"application\/ld+json\" class=\"yoast-schema-graph\">{\"@context\":\"https:\/\/schema.org\",\"@graph\":[{\"@type\":\"WebPage\",\"@id\":\"https:\/\/ticsalutsocial.atoom.space\/es\/event\/congreso-nacional-informatica-salud\/\",\"url\":\"https:\/\/ticsalutsocial.atoom.space\/es\/event\/congreso-nacional-informatica-salud\/\",\"name\":\"XXVI Congreso Nacional de Inform\u00e1tica de la Salud 2023 - Fundaci\u00f3 TIC Salut i Social\",\"isPartOf\":{\"@id\":\"https:\/\/ticsalutsocial.atoom.space\/es\/#website\"},\"primaryImageOfPage\":{\"@id\":\"https:\/\/ticsalutsocial.atoom.space\/es\/event\/congreso-nacional-informatica-salud\/#primaryimage\"},\"image\":{\"@id\":\"https:\/\/ticsalutsocial.atoom.space\/es\/event\/congreso-nacional-informatica-salud\/#primaryimage\"},\"thumbnailUrl\":\"https:\/\/ticsalutsocial.atoom.space\/wp-content\/uploads\/2023\/01\/Portada-Inforsalud-23.jpg\",\"datePublished\":\"2023-01-25T10:11:53+00:00\",\"dateModified\":\"2023-01-25T10:16:41+00:00\",\"breadcrumb\":{\"@id\":\"https:\/\/ticsalutsocial.atoom.space\/es\/event\/congreso-nacional-informatica-salud\/#breadcrumb\"},\"inLanguage\":\"es\",\"potentialAction\":[{\"@type\":\"ReadAction\",\"target\":[\"https:\/\/ticsalutsocial.atoom.space\/es\/event\/congreso-nacional-informatica-salud\/\"]}]},{\"@type\":\"ImageObject\",\"inLanguage\":\"es\",\"@id\":\"https:\/\/ticsalutsocial.atoom.space\/es\/event\/congreso-nacional-informatica-salud\/#primaryimage\",\"url\":\"https:\/\/ticsalutsocial.atoom.space\/wp-content\/uploads\/2023\/01\/Portada-Inforsalud-23.jpg\",\"contentUrl\":\"https:\/\/ticsalutsocial.atoom.space\/wp-content\/uploads\/2023\/01\/Portada-Inforsalud-23.jpg\",\"width\":756,\"height\":909},{\"@type\":\"BreadcrumbList\",\"@id\":\"https:\/\/ticsalutsocial.atoom.space\/es\/event\/congreso-nacional-informatica-salud\/#breadcrumb\",\"itemListElement\":[{\"@type\":\"ListItem\",\"position\":1,\"name\":\"Inici\",\"item\":\"https:\/\/ticsalutsocial.atoom.space\/es\/\"},{\"@type\":\"ListItem\",\"position\":2,\"name\":\"XXVI Congreso Nacional de Inform\u00e1tica de la Salud 2023\"}]},{\"@type\":\"WebSite\",\"@id\":\"https:\/\/ticsalutsocial.atoom.space\/es\/#website\",\"url\":\"https:\/\/ticsalutsocial.atoom.space\/es\/\",\"name\":\"Fundaci\u00f3 TIC Salut i Social\",\"description\":\"\",\"potentialAction\":[{\"@type\":\"SearchAction\",\"target\":{\"@type\":\"EntryPoint\",\"urlTemplate\":\"https:\/\/ticsalutsocial.atoom.space\/es\/?s={search_term_string}\"},\"query-input\":{\"@type\":\"PropertyValueSpecification\",\"valueRequired\":true,\"valueName\":\"search_term_string\"}}],\"inLanguage\":\"es\"}]}<\/script>\n<!-- \/ Yoast SEO plugin. -->","yoast_head_json":{"title":"XXVI Congreso Nacional de Inform\u00e1tica de la Salud 2023 - Fundaci\u00f3 TIC Salut i Social","robots":{"index":"index","follow":"follow","max-snippet":"max-snippet:-1","max-image-preview":"max-image-preview:large","max-video-preview":"max-video-preview:-1"},"canonical":"https:\/\/ticsalutsocial.atoom.space\/es\/event\/congreso-nacional-informatica-salud\/","og_locale":"es_ES","og_type":"article","og_title":"XXVI Congreso Nacional de Inform\u00e1tica de la Salud 2023 - Fundaci\u00f3 TIC Salut i Social","og_description":"La realizaci\u00f3n de la Estrategia de Salud Digital del SNS constituye, al am\u00adparo de los recursos de los fondos NG-EU, una oportunidad \u00fanica para el desarrollo de la Salud Digital en Espa\u00f1a. Tal como enuncia la propia Estrategia, \u00e9sta pretende ser \u201cun marco com\u00fan para construir un Siste\u00adma Nacional de Salud robusto, eficaz, resiliente, inclusivo [&hellip;]","og_url":"https:\/\/ticsalutsocial.atoom.space\/es\/event\/congreso-nacional-informatica-salud\/","og_site_name":"Fundaci\u00f3 TIC Salut i Social","article_modified_time":"2023-01-25T10:16:41+00:00","og_image":[{"width":756,"height":909,"url":"https:\/\/ticsalutsocial.atoom.space\/wp-content\/uploads\/2023\/01\/Portada-Inforsalud-23.jpg","type":"image\/jpeg"}],"twitter_card":"summary_large_image","twitter_misc":{"Tiempo de lectura":"2 minutos"},"schema":{"@context":"https:\/\/schema.org","@graph":[{"@type":"WebPage","@id":"https:\/\/ticsalutsocial.atoom.space\/es\/event\/congreso-nacional-informatica-salud\/","url":"https:\/\/ticsalutsocial.atoom.space\/es\/event\/congreso-nacional-informatica-salud\/","name":"XXVI Congreso Nacional de Inform\u00e1tica de la Salud 2023 - Fundaci\u00f3 TIC Salut i Social","isPartOf":{"@id":"https:\/\/ticsalutsocial.atoom.space\/es\/#website"},"primaryImageOfPage":{"@id":"https:\/\/ticsalutsocial.atoom.space\/es\/event\/congreso-nacional-informatica-salud\/#primaryimage"},"image":{"@id":"https:\/\/ticsalutsocial.atoom.space\/es\/event\/congreso-nacional-informatica-salud\/#primaryimage"},"thumbnailUrl":"https:\/\/ticsalutsocial.atoom.space\/wp-content\/uploads\/2023\/01\/Portada-Inforsalud-23.jpg","datePublished":"2023-01-25T10:11:53+00:00","dateModified":"2023-01-25T10:16:41+00:00","breadcrumb":{"@id":"https:\/\/ticsalutsocial.atoom.space\/es\/event\/congreso-nacional-informatica-salud\/#breadcrumb"},"inLanguage":"es","potentialAction":[{"@type":"ReadAction","target":["https:\/\/ticsalutsocial.atoom.space\/es\/event\/congreso-nacional-informatica-salud\/"]}]},{"@type":"ImageObject","inLanguage":"es","@id":"https:\/\/ticsalutsocial.atoom.space\/es\/event\/congreso-nacional-informatica-salud\/#primaryimage","url":"https:\/\/ticsalutsocial.atoom.space\/wp-content\/uploads\/2023\/01\/Portada-Inforsalud-23.jpg","contentUrl":"https:\/\/ticsalutsocial.atoom.space\/wp-content\/uploads\/2023\/01\/Portada-Inforsalud-23.jpg","width":756,"height":909},{"@type":"BreadcrumbList","@id":"https:\/\/ticsalutsocial.atoom.space\/es\/event\/congreso-nacional-informatica-salud\/#breadcrumb","itemListElement":[{"@type":"ListItem","position":1,"name":"Inici","item":"https:\/\/ticsalutsocial.atoom.space\/es\/"},{"@type":"ListItem","position":2,"name":"XXVI Congreso Nacional de Inform\u00e1tica de la Salud 2023"}]},{"@type":"WebSite","@id":"https:\/\/ticsalutsocial.atoom.space\/es\/#website","url":"https:\/\/ticsalutsocial.atoom.space\/es\/","name":"Fundaci\u00f3 TIC Salut i Social","description":"","potentialAction":[{"@type":"SearchAction","target":{"@type":"EntryPoint","urlTemplate":"https:\/\/ticsalutsocial.atoom.space\/es\/?s={search_term_string}"},"query-input":{"@type":"PropertyValueSpecification","valueRequired":true,"valueName":"search_term_string"}}],"inLanguage":"es"}]}},"_links":{"self":[{"href":"https:\/\/ticsalutsocial.atoom.space\/es\/wp-json\/wp\/v2\/event\/15864","targetHints":{"allow":["GET"]}}],"collection":[{"href":"https:\/\/ticsalutsocial.atoom.space\/es\/wp-json\/wp\/v2\/event"}],"about":[{"href":"https:\/\/ticsalutsocial.atoom.space\/es\/wp-json\/wp\/v2\/types\/event"}],"wp:featuredmedia":[{"embeddable":true,"href":"https:\/\/ticsalutsocial.atoom.space\/es\/wp-json\/wp\/v2\/media\/15868"}],"wp:attachment":[{"href":"https:\/\/ticsalutsocial.atoom.space\/es\/wp-json\/wp\/v2\/media?parent=15864"}],"wp:term":[{"taxonomy":"tipus","embeddable":true,"href":"https:\/\/ticsalutsocial.atoom.space\/es\/wp-json\/wp\/v2\/tipus?post=15864"},{"taxonomy":"topic","embeddable":true,"href":"https:\/\/ticsalutsocial.atoom.space\/es\/wp-json\/wp\/v2\/topic?post=15864"}],"curies":[{"name":"wp","href":"https:\/\/api.w.org\/{rel}","templated":true}]}}

<strong>XXVI Congreso Nacional de Informática de la Salud 2023</strong>

<p>La realización de la <strong>Estrategia de Salud Digital del SNS</strong> constituye, al am­paro de los recursos de los fondos NG-EU, una oportunidad única para el desarrollo de la Salud Digital en España. Tal como enuncia la propia Estrategia, ésta pretende ser “un marco común para construir un Siste­ma Nacional de Salud robusto, eficaz, resiliente, inclusivo y sostenible” y aspira a contribuir a la mejora de la salud de la población y a fortalecer el sistema sanitario mediante la capacidad transformadora de las tecnolo­gías digitales. Esta transformación del sistema sanitario implica afrontar no pocos desafíos para implementar el cambio tecnológico, organizativo y cultural que requiere, y hacer realidad las expectativas generadas para las organizaciones sanitarias, los profesionales sanitarios, los ciudadanos, los profesionales TIC, la industria y otros actores implicados.</p>



<p>Atendiendo a esta realidad actual, el <a href="https://seis.es/inforsalud-2023/" target="_blank" rel="noreferrer noopener"><strong>XXVI Congreso Nacional de Informá­tica de la Salud (Inforsalud 2023)</strong></a>, y de acuerdo con su lema “Impacto de la Estrategia de Salud Digital del SNS para el avance del Sistema Sanita­rio”, su objetivo es servir de plataforma para abordar, desde una perspec­tiva amplia y multidisciplinar, las cuestiones principales relacionadas con el desarrollo de la Estrategia de Salud Digital y su impacto en el Sistema Sanitario.</p>



<p><strong>Programa:</strong></p>



<figure class="wp-block-image size-full"><img loading="lazy" decoding="async" width="1024" height="724" src="https://ticsalutsocial.atoom.space/wp-content/uploads/2023/01/Cronograma-Inforsalud23-1-1024x724-1.jpg" alt="" class="wp-image-15865" srcset="https://ticsalutsocial.atoom.space/wp-content/uploads/2023/01/Cronograma-Inforsalud23-1-1024x724-1.jpg 1024w, https://ticsalutsocial.atoom.space/wp-content/uploads/2023/01/Cronograma-Inforsalud23-1-1024x724-1-300x212.jpg 300w, https://ticsalutsocial.atoom.space/wp-content/uploads/2023/01/Cronograma-Inforsalud23-1-1024x724-1-768x543.jpg 768w" sizes="auto, (max-width: 1024px) 100vw, 1024px" /></figure>

<!-- This site is optimized with the Yoast SEO plugin v27.1.1 - https://yoast.com/product/yoast-seo-wordpress/ -->
<title>XXVI Congreso Nacional de Informática de la Salud 2023 - Fundació TIC Salut i Social</title>
<meta name="robots" content="index, follow, max-snippet:-1, max-image-preview:large, max-video-preview:-1" />
<link rel="canonical" href="https://ticsalutsocial.atoom.space/es/event/congreso-nacional-informatica-salud/" />
<meta property="og:locale" content="es_ES" />
<meta property="og:type" content="article" />
<meta property="og:title" content="XXVI Congreso Nacional de Informática de la Salud 2023 - Fundació TIC Salut i Social" />
<meta property="og:description" content="La realización de la Estrategia de Salud Digital del SNS constituye, al am­paro de los recursos de los fondos NG-EU, una oportunidad única para el desarrollo de la Salud Digital en España. Tal como enuncia la propia Estrategia, ésta pretende ser “un marco común para construir un Siste­ma Nacional de Salud robusto, eficaz, resiliente, inclusivo [&hellip;]" />
<meta property="og:url" content="https://ticsalutsocial.atoom.space/es/event/congreso-nacional-informatica-salud/" />
<meta property="og:site_name" content="Fundació TIC Salut i Social" />
<meta property="article:modified_time" content="2023-01-25T10:16:41+00:00" />
<meta property="og:image" content="https://ticsalutsocial.atoom.space/wp-content/uploads/2023/01/Portada-Inforsalud-23.jpg" />
	<meta property="og:image:width" content="756" />
	<meta property="og:image:height" content="909" />
	<meta property="og:image:type" content="image/jpeg" />
<meta name="twitter:card" content="summary_large_image" />
<meta name="twitter:label1" content="Tiempo de lectura" />
	<meta name="twitter:data1" content="2 minutos" />
<script type="application/ld+json" class="yoast-schema-graph">{"@context":"https://schema.org","@graph":[{"@type":"WebPage","@id":"https://ticsalutsocial.atoom.space/es/event/congreso-nacional-informatica-salud/","url":"https://ticsalutsocial.atoom.space/es/event/congreso-nacional-informatica-salud/","name":"XXVI Congreso Nacional de Informática de la Salud 2023 - Fundació TIC Salut i Social","isPartOf":{"@id":"https://ticsalutsocial.atoom.space/es/#website"},"primaryImageOfPage":{"@id":"https://ticsalutsocial.atoom.space/es/event/congreso-nacional-informatica-salud/#primaryimage"},"image":{"@id":"https://ticsalutsocial.atoom.space/es/event/congreso-nacional-informatica-salud/#primaryimage"},"thumbnailUrl":"https://ticsalutsocial.atoom.space/wp-content/uploads/2023/01/Portada-Inforsalud-23.jpg","datePublished":"2023-01-25T10:11:53+00:00","dateModified":"2023-01-25T10:16:41+00:00","breadcrumb":{"@id":"https://ticsalutsocial.atoom.space/es/event/congreso-nacional-informatica-salud/#breadcrumb"},"inLanguage":"es","potentialAction":[{"@type":"ReadAction","target":["https://ticsalutsocial.atoom.space/es/event/congreso-nacional-informatica-salud/"]}]},{"@type":"ImageObject","inLanguage":"es","@id":"https://ticsalutsocial.atoom.space/es/event/congreso-nacional-informatica-salud/#primaryimage","url":"https://ticsalutsocial.atoom.space/wp-content/uploads/2023/01/Portada-Inforsalud-23.jpg","contentUrl":"https://ticsalutsocial.atoom.space/wp-content/uploads/2023/01/Portada-Inforsalud-23.jpg","width":756,"height":909},{"@type":"BreadcrumbList","@id":"https://ticsalutsocial.atoom.space/es/event/congreso-nacional-informatica-salud/#breadcrumb","itemListElement":[{"@type":"ListItem","position":1,"name":"Inici","item":"https://ticsalutsocial.atoom.space/es/"},{"@type":"ListItem","position":2,"name":"XXVI Congreso Nacional de Informática de la Salud 2023"}]},{"@type":"WebSite","@id":"https://ticsalutsocial.atoom.space/es/#website","url":"https://ticsalutsocial.atoom.space/es/","name":"Fundació TIC Salut i Social","description":"","potentialAction":[{"@type":"SearchAction","target":{"@type":"EntryPoint","urlTemplate":"https://ticsalutsocial.atoom.space/es/?s={search_term_string}"},"query-input":{"@type":"PropertyValueSpecification","valueRequired":true,"valueName":"search_term_string"}}],"inLanguage":"es"}]}</script>
<!-- / Yoast SEO plugin. -->

XXVI Congreso Nacional de Informática de la Salud 2023 - Fundació TIC Salut i Social

La realización de la Estrategia de Salud Digital del SNS constituye, al am­paro de los recursos de los fondos NG-EU, una oportunidad única para el desarrollo de la Salud Digital en España. Tal como enuncia la propia Estrategia, ésta pretende ser “un marco común para construir un Siste­ma Nacional de Salud robusto, eficaz, resiliente, inclusivo [&hellip;]

Fundació TIC Salut i Social

XXVI Congreso Nacional de Informática de la Salud 2023
