
{"id":19182,"date":"2023-02-10T11:49:34","date_gmt":"2023-02-10T09:49:34","guid":{"rendered":"https:\/\/ticsalutsocial.atoom.space\/event\/sessio-intelligencia-artificial-i-humanisme\/"},"modified":"2023-02-10T11:49:34","modified_gmt":"2023-02-10T09:49:34","slug":"sessio-intelligencia-artificial-i-humanisme","status":"publish","type":"event","link":"https:\/\/ticsalutsocial.atoom.space\/es\/event\/sessio-intelligencia-artificial-i-humanisme\/","title":{"rendered":"Sessi\u00f3 Intel\u00b7lig\u00e8ncia Artificial i Humanisme"},"content":{"rendered":"\n<p>El Projecte +FUTUR ha creat unes sessions on s&#8217;abordaran les \u00faltimes tend\u00e8ncies, amb experts internacionals, c\u00e0rrecs de l&#8217;administraci\u00f3 i referents de l&#8217;entorn sanitari.<\/p>\n\n\n\n<p>A la sessi\u00f3 d&#8217;Intel\u00b7lig\u00e8ncia Artificial i Humanisme es parlar\u00e0 sobre quins s\u00f3n els aspectes \u00e8tics que es deriven del desplegament de la IA, les dificultats que hi ha per desplegar la IA i el Big Data en l\u2019\u00e0mbit de salut amb relaci\u00f3 als marcs normatius, o com es pot agilitzar la posada en marxa de nous serveis per aprofitar tot el potencial de la IA.<\/p>\n","protected":false},"featured_media":0,"menu_order":0,"template":"","meta":{"_acf_changed":false,"inline_featured_image":false},"tipus":[],"topic":[],"class_list":["post-19182","event","type-event","status-publish","hentry"],"acf":{"imatge":18985,"informacio":{"ubicacio":"Online, per plataforma Zoom","data":"28\/02\/2023","hora":"10:00h a 11:30h","preu":"Gratu\u00eft","inscripcions":"https:\/\/www.uch.cat\/comunicacio\/activitats-101\/sessio-intelligencia-artificial-i-humanisme-100.html"},"programa":{"titol":"Programa","items":[{"titol":"10.00 a 10.10 h - Benvinguda i presentaci\u00f3","contingut":"Roser Fern\u00e1ndez, directora general de La Uni\u00f3."},{"titol":"10.30 a 11.00 h - Ho volem fer? Programa Salut\/Intel\u00b7lig\u00e8ncia Artificial del Departament de Salut, CatSalut i Fundaci\u00f3 TIC Salut i Social","contingut":"Carles Gallego, director de l'\u00c0rea IA de la Fundaci\u00f3 TIC Salut Social, i Joan Guanyabens, consultor de la Fundaci\u00f3 TIC Salut Social en imatge m\u00e8dica i IA."},{"titol":"11.00 a 11.30 h - Ho podem fer? Experi\u00e8ncies del nostre entorn i iniciatives de La Uni\u00f3","contingut":"Entitat La Uni\u00f3 + Consell d'\u00c8tica i Bones Pr\u00e0ctiques de La Uni\u00f3."}]}},"yoast_head":"<!-- This site is optimized with the Yoast SEO plugin v27.1.1 - https:\/\/yoast.com\/product\/yoast-seo-wordpress\/ -->\n<title>Sessi\u00f3 Intel\u00b7lig\u00e8ncia Artificial i Humanisme - Fundaci\u00f3 TIC Salut i Social<\/title>\n<meta name=\"description\" content=\"El Projecte +FUTUR ha creat unes sessions on s&#039;abordaran les \u00faltimes tend\u00e8ncies, amb experts internacionals, c\u00e0rrecs de l&#039;administraci\u00f3 i referents de l&#039;entorn sanitari.\" \/>\n<meta name=\"robots\" content=\"index, follow, max-snippet:-1, max-image-preview:large, max-video-preview:-1\" \/>\n<link rel=\"canonical\" href=\"https:\/\/ticsalutsocial.atoom.space\/es\/event\/sessio-intelligencia-artificial-i-humanisme\/\" \/>\n<meta property=\"og:locale\" content=\"es_ES\" \/>\n<meta property=\"og:type\" content=\"article\" \/>\n<meta property=\"og:title\" content=\"Sessi\u00f3 Intel\u00b7lig\u00e8ncia Artificial i Humanisme - Fundaci\u00f3 TIC Salut i Social\" \/>\n<meta property=\"og:description\" content=\"El Projecte +FUTUR ha creat unes sessions on s&#039;abordaran les \u00faltimes tend\u00e8ncies, amb experts internacionals, c\u00e0rrecs de l&#039;administraci\u00f3 i referents de l&#039;entorn sanitari.\" \/>\n<meta property=\"og:url\" content=\"https:\/\/ticsalutsocial.atoom.space\/es\/event\/sessio-intelligencia-artificial-i-humanisme\/\" \/>\n<meta property=\"og:site_name\" content=\"Fundaci\u00f3 TIC Salut i Social\" \/>\n<meta name=\"twitter:card\" content=\"summary_large_image\" \/>\n<script type=\"application\/ld+json\" class=\"yoast-schema-graph\">{\"@context\":\"https:\/\/schema.org\",\"@graph\":[{\"@type\":\"WebPage\",\"@id\":\"https:\/\/ticsalutsocial.atoom.space\/es\/event\/sessio-intelligencia-artificial-i-humanisme\/\",\"url\":\"https:\/\/ticsalutsocial.atoom.space\/es\/event\/sessio-intelligencia-artificial-i-humanisme\/\",\"name\":\"Sessi\u00f3 Intel\u00b7lig\u00e8ncia Artificial i Humanisme - Fundaci\u00f3 TIC Salut i Social\",\"isPartOf\":{\"@id\":\"https:\/\/ticsalutsocial.atoom.space\/es\/#website\"},\"datePublished\":\"2023-02-10T09:49:34+00:00\",\"description\":\"El Projecte +FUTUR ha creat unes sessions on s'abordaran les \u00faltimes tend\u00e8ncies, amb experts internacionals, c\u00e0rrecs de l'administraci\u00f3 i referents de l'entorn sanitari.\",\"breadcrumb\":{\"@id\":\"https:\/\/ticsalutsocial.atoom.space\/es\/event\/sessio-intelligencia-artificial-i-humanisme\/#breadcrumb\"},\"inLanguage\":\"es\",\"potentialAction\":[{\"@type\":\"ReadAction\",\"target\":[\"https:\/\/ticsalutsocial.atoom.space\/es\/event\/sessio-intelligencia-artificial-i-humanisme\/\"]}]},{\"@type\":\"BreadcrumbList\",\"@id\":\"https:\/\/ticsalutsocial.atoom.space\/es\/event\/sessio-intelligencia-artificial-i-humanisme\/#breadcrumb\",\"itemListElement\":[{\"@type\":\"ListItem\",\"position\":1,\"name\":\"Inici\",\"item\":\"https:\/\/ticsalutsocial.atoom.space\/es\/\"},{\"@type\":\"ListItem\",\"position\":2,\"name\":\"Sessi\u00f3 Intel\u00b7lig\u00e8ncia Artificial i Humanisme\"}]},{\"@type\":\"WebSite\",\"@id\":\"https:\/\/ticsalutsocial.atoom.space\/es\/#website\",\"url\":\"https:\/\/ticsalutsocial.atoom.space\/es\/\",\"name\":\"Fundaci\u00f3 TIC Salut i Social\",\"description\":\"\",\"potentialAction\":[{\"@type\":\"SearchAction\",\"target\":{\"@type\":\"EntryPoint\",\"urlTemplate\":\"https:\/\/ticsalutsocial.atoom.space\/es\/?s={search_term_string}\"},\"query-input\":{\"@type\":\"PropertyValueSpecification\",\"valueRequired\":true,\"valueName\":\"search_term_string\"}}],\"inLanguage\":\"es\"}]}<\/script>\n<!-- \/ Yoast SEO plugin. -->","yoast_head_json":{"title":"Sessi\u00f3 Intel\u00b7lig\u00e8ncia Artificial i Humanisme - Fundaci\u00f3 TIC Salut i Social","description":"El Projecte +FUTUR ha creat unes sessions on s'abordaran les \u00faltimes tend\u00e8ncies, amb experts internacionals, c\u00e0rrecs de l'administraci\u00f3 i referents de l'entorn sanitari.","robots":{"index":"index","follow":"follow","max-snippet":"max-snippet:-1","max-image-preview":"max-image-preview:large","max-video-preview":"max-video-preview:-1"},"canonical":"https:\/\/ticsalutsocial.atoom.space\/es\/event\/sessio-intelligencia-artificial-i-humanisme\/","og_locale":"es_ES","og_type":"article","og_title":"Sessi\u00f3 Intel\u00b7lig\u00e8ncia Artificial i Humanisme - Fundaci\u00f3 TIC Salut i Social","og_description":"El Projecte +FUTUR ha creat unes sessions on s'abordaran les \u00faltimes tend\u00e8ncies, amb experts internacionals, c\u00e0rrecs de l'administraci\u00f3 i referents de l'entorn sanitari.","og_url":"https:\/\/ticsalutsocial.atoom.space\/es\/event\/sessio-intelligencia-artificial-i-humanisme\/","og_site_name":"Fundaci\u00f3 TIC Salut i Social","twitter_card":"summary_large_image","schema":{"@context":"https:\/\/schema.org","@graph":[{"@type":"WebPage","@id":"https:\/\/ticsalutsocial.atoom.space\/es\/event\/sessio-intelligencia-artificial-i-humanisme\/","url":"https:\/\/ticsalutsocial.atoom.space\/es\/event\/sessio-intelligencia-artificial-i-humanisme\/","name":"Sessi\u00f3 Intel\u00b7lig\u00e8ncia Artificial i Humanisme - Fundaci\u00f3 TIC Salut i Social","isPartOf":{"@id":"https:\/\/ticsalutsocial.atoom.space\/es\/#website"},"datePublished":"2023-02-10T09:49:34+00:00","description":"El Projecte +FUTUR ha creat unes sessions on s'abordaran les \u00faltimes tend\u00e8ncies, amb experts internacionals, c\u00e0rrecs de l'administraci\u00f3 i referents de l'entorn sanitari.","breadcrumb":{"@id":"https:\/\/ticsalutsocial.atoom.space\/es\/event\/sessio-intelligencia-artificial-i-humanisme\/#breadcrumb"},"inLanguage":"es","potentialAction":[{"@type":"ReadAction","target":["https:\/\/ticsalutsocial.atoom.space\/es\/event\/sessio-intelligencia-artificial-i-humanisme\/"]}]},{"@type":"BreadcrumbList","@id":"https:\/\/ticsalutsocial.atoom.space\/es\/event\/sessio-intelligencia-artificial-i-humanisme\/#breadcrumb","itemListElement":[{"@type":"ListItem","position":1,"name":"Inici","item":"https:\/\/ticsalutsocial.atoom.space\/es\/"},{"@type":"ListItem","position":2,"name":"Sessi\u00f3 Intel\u00b7lig\u00e8ncia Artificial i Humanisme"}]},{"@type":"WebSite","@id":"https:\/\/ticsalutsocial.atoom.space\/es\/#website","url":"https:\/\/ticsalutsocial.atoom.space\/es\/","name":"Fundaci\u00f3 TIC Salut i Social","description":"","potentialAction":[{"@type":"SearchAction","target":{"@type":"EntryPoint","urlTemplate":"https:\/\/ticsalutsocial.atoom.space\/es\/?s={search_term_string}"},"query-input":{"@type":"PropertyValueSpecification","valueRequired":true,"valueName":"search_term_string"}}],"inLanguage":"es"}]}},"_links":{"self":[{"href":"https:\/\/ticsalutsocial.atoom.space\/es\/wp-json\/wp\/v2\/event\/19182","targetHints":{"allow":["GET"]}}],"collection":[{"href":"https:\/\/ticsalutsocial.atoom.space\/es\/wp-json\/wp\/v2\/event"}],"about":[{"href":"https:\/\/ticsalutsocial.atoom.space\/es\/wp-json\/wp\/v2\/types\/event"}],"wp:attachment":[{"href":"https:\/\/ticsalutsocial.atoom.space\/es\/wp-json\/wp\/v2\/media?parent=19182"}],"wp:term":[{"taxonomy":"tipus","embeddable":true,"href":"https:\/\/ticsalutsocial.atoom.space\/es\/wp-json\/wp\/v2\/tipus?post=19182"},{"taxonomy":"topic","embeddable":true,"href":"https:\/\/ticsalutsocial.atoom.space\/es\/wp-json\/wp\/v2\/topic?post=19182"}],"curies":[{"name":"wp","href":"https:\/\/api.w.org\/{rel}","templated":true}]}}

Sessió Intel·ligència Artificial i Humanisme

<p>El Projecte +FUTUR ha creat unes sessions on s&#8217;abordaran les últimes tendències, amb experts internacionals, càrrecs de l&#8217;administració i referents de l&#8217;entorn sanitari.</p>



<p>A la sessió d&#8217;Intel·ligència Artificial i Humanisme es parlarà sobre quins són els aspectes ètics que es deriven del desplegament de la IA, les dificultats que hi ha per desplegar la IA i el Big Data en l’àmbit de salut amb relació als marcs normatius, o com es pot agilitzar la posada en marxa de nous serveis per aprofitar tot el potencial de la IA.</p>

Gratuït

10.00 a 10.10 h - Benvinguda i presentació

Roser Fernández, directora general de La Unió.

10.30 a 11.00 h - Ho volem fer? Programa Salut/Intel·ligència Artificial del Departament de Salut, CatSalut i Fundació TIC Salut i Social

Carles Gallego, director de l'Àrea IA de la Fundació TIC Salut Social, i Joan Guanyabens, consultor de la Fundació TIC Salut Social en imatge mèdica i IA.

11.00 a 11.30 h - Ho podem fer? Experiències del nostre entorn i iniciatives de La Unió

Entitat La Unió + Consell d'Ètica i Bones Pràctiques de La Unió.

<!-- This site is optimized with the Yoast SEO plugin v27.1.1 - https://yoast.com/product/yoast-seo-wordpress/ -->
<title>Sessió Intel·ligència Artificial i Humanisme - Fundació TIC Salut i Social</title>
<meta name="description" content="El Projecte +FUTUR ha creat unes sessions on s&#039;abordaran les últimes tendències, amb experts internacionals, càrrecs de l&#039;administració i referents de l&#039;entorn sanitari." />
<meta name="robots" content="index, follow, max-snippet:-1, max-image-preview:large, max-video-preview:-1" />
<link rel="canonical" href="https://ticsalutsocial.atoom.space/es/event/sessio-intelligencia-artificial-i-humanisme/" />
<meta property="og:locale" content="es_ES" />
<meta property="og:type" content="article" />
<meta property="og:title" content="Sessió Intel·ligència Artificial i Humanisme - Fundació TIC Salut i Social" />
<meta property="og:description" content="El Projecte +FUTUR ha creat unes sessions on s&#039;abordaran les últimes tendències, amb experts internacionals, càrrecs de l&#039;administració i referents de l&#039;entorn sanitari." />
<meta property="og:url" content="https://ticsalutsocial.atoom.space/es/event/sessio-intelligencia-artificial-i-humanisme/" />
<meta property="og:site_name" content="Fundació TIC Salut i Social" />
<meta name="twitter:card" content="summary_large_image" />
<script type="application/ld+json" class="yoast-schema-graph">{"@context":"https://schema.org","@graph":[{"@type":"WebPage","@id":"https://ticsalutsocial.atoom.space/es/event/sessio-intelligencia-artificial-i-humanisme/","url":"https://ticsalutsocial.atoom.space/es/event/sessio-intelligencia-artificial-i-humanisme/","name":"Sessió Intel·ligència Artificial i Humanisme - Fundació TIC Salut i Social","isPartOf":{"@id":"https://ticsalutsocial.atoom.space/es/#website"},"datePublished":"2023-02-10T09:49:34+00:00","description":"El Projecte +FUTUR ha creat unes sessions on s'abordaran les últimes tendències, amb experts internacionals, càrrecs de l'administració i referents de l'entorn sanitari.","breadcrumb":{"@id":"https://ticsalutsocial.atoom.space/es/event/sessio-intelligencia-artificial-i-humanisme/#breadcrumb"},"inLanguage":"es","potentialAction":[{"@type":"ReadAction","target":["https://ticsalutsocial.atoom.space/es/event/sessio-intelligencia-artificial-i-humanisme/"]}]},{"@type":"BreadcrumbList","@id":"https://ticsalutsocial.atoom.space/es/event/sessio-intelligencia-artificial-i-humanisme/#breadcrumb","itemListElement":[{"@type":"ListItem","position":1,"name":"Inici","item":"https://ticsalutsocial.atoom.space/es/"},{"@type":"ListItem","position":2,"name":"Sessió Intel·ligència Artificial i Humanisme"}]},{"@type":"WebSite","@id":"https://ticsalutsocial.atoom.space/es/#website","url":"https://ticsalutsocial.atoom.space/es/","name":"Fundació TIC Salut i Social","description":"","potentialAction":[{"@type":"SearchAction","target":{"@type":"EntryPoint","urlTemplate":"https://ticsalutsocial.atoom.space/es/?s={search_term_string}"},"query-input":{"@type":"PropertyValueSpecification","valueRequired":true,"valueName":"search_term_string"}}],"inLanguage":"es"}]}</script>
<!-- / Yoast SEO plugin. -->

Sessió Intel·ligència Artificial i Humanisme - Fundació TIC Salut i Social

El Projecte +FUTUR ha creat unes sessions on s'abordaran les últimes tendències, amb experts internacionals, càrrecs de l'administració i referents de l'entorn sanitari.

Fundació TIC Salut i Social
