
{"id":19212,"date":"2023-02-20T10:13:41","date_gmt":"2023-02-20T08:13:41","guid":{"rendered":"https:\/\/ticsalutsocial.atoom.space\/event\/xi-jornada-aces-innovacio-en-el-sector-salut\/"},"modified":"2023-02-20T10:21:58","modified_gmt":"2023-02-20T08:21:58","slug":"xi-jornada-aces-innovacio-en-el-sector-salut","status":"publish","type":"event","link":"https:\/\/ticsalutsocial.atoom.space\/es\/event\/xi-jornada-aces-innovacio-en-el-sector-salut\/","title":{"rendered":"XI Jornada Aces: Innovaci\u00f3 en el sector salut"},"content":{"rendered":"\n<p>En aquestes XI Jornades Aces s&#8217;oferir\u00e0 una visi\u00f3 \u00e0mplia sobre la <strong>innovaci\u00f3 sanit\u00e0ria <\/strong>des de les perspectives de la recerca, la salut digital, l&#8217;experi\u00e8ncia del pacient,  la intel\u00b7lig\u00e8ncia artificial<br>i altres \u00e0rees de coneixement interessants per al sector sanitari privat catal\u00e0.<\/p>\n\n\n\n<p><\/p>\n","protected":false},"featured_media":19207,"menu_order":0,"template":"","meta":{"_acf_changed":false,"inline_featured_image":false},"tipus":[],"topic":[119],"class_list":["post-19212","event","type-event","status-publish","has-post-thumbnail","hentry","topic-innovacion"],"acf":{"imatge":19207,"informacio":{"ubicacio":"Auditori de la Cl\u00ednica Planas (Pere de Montcada, 16. 08034 Barcelona)","data":"16\/03\/2023","hora":"9:00h a 18:00h","preu":"","inscripcions":"https:\/\/www.aces.es\/frmInscripcioJornada.asp?id_rep=137&jornada=143"},"programa":{"titol":"","items":false}},"yoast_head":"<!-- This site is optimized with the Yoast SEO plugin v27.1.1 - https:\/\/yoast.com\/product\/yoast-seo-wordpress\/ -->\n<title>XI Jornada Aces: Innovaci\u00f3 en el sector salut - Fundaci\u00f3 TIC Salut i Social<\/title>\n<meta name=\"robots\" content=\"index, follow, max-snippet:-1, max-image-preview:large, max-video-preview:-1\" \/>\n<link rel=\"canonical\" href=\"https:\/\/ticsalutsocial.atoom.space\/es\/event\/xi-jornada-aces-innovacio-en-el-sector-salut\/\" \/>\n<meta property=\"og:locale\" content=\"es_ES\" \/>\n<meta property=\"og:type\" content=\"article\" \/>\n<meta property=\"og:title\" content=\"XI Jornada Aces: Innovaci\u00f3 en el sector salut - Fundaci\u00f3 TIC Salut i Social\" \/>\n<meta property=\"og:description\" content=\"En aquestes XI Jornades Aces s&#8217;oferir\u00e0 una visi\u00f3 \u00e0mplia sobre la innovaci\u00f3 sanit\u00e0ria des de les perspectives de la recerca, la salut digital, l&#8217;experi\u00e8ncia del pacient, la intel\u00b7lig\u00e8ncia artificiali altres \u00e0rees de coneixement interessants per al sector sanitari privat catal\u00e0.\" \/>\n<meta property=\"og:url\" content=\"https:\/\/ticsalutsocial.atoom.space\/es\/event\/xi-jornada-aces-innovacio-en-el-sector-salut\/\" \/>\n<meta property=\"og:site_name\" content=\"Fundaci\u00f3 TIC Salut i Social\" \/>\n<meta property=\"article:modified_time\" content=\"2023-02-20T08:21:58+00:00\" \/>\n<meta property=\"og:image\" content=\"https:\/\/ticsalutsocial.atoom.space\/wp-content\/uploads\/2023\/02\/Captura-4.png\" \/>\n\t<meta property=\"og:image:width\" content=\"1486\" \/>\n\t<meta property=\"og:image:height\" content=\"306\" \/>\n\t<meta property=\"og:image:type\" content=\"image\/png\" \/>\n<meta name=\"twitter:card\" content=\"summary_large_image\" \/>\n<meta name=\"twitter:image\" content=\"https:\/\/ticsalutsocial.atoom.space\/wp-content\/uploads\/2023\/02\/Captura-4.png\" \/>\n<script type=\"application\/ld+json\" class=\"yoast-schema-graph\">{\"@context\":\"https:\/\/schema.org\",\"@graph\":[{\"@type\":\"WebPage\",\"@id\":\"https:\/\/ticsalutsocial.atoom.space\/es\/event\/xi-jornada-aces-innovacio-en-el-sector-salut\/\",\"url\":\"https:\/\/ticsalutsocial.atoom.space\/es\/event\/xi-jornada-aces-innovacio-en-el-sector-salut\/\",\"name\":\"XI Jornada Aces: Innovaci\u00f3 en el sector salut - Fundaci\u00f3 TIC Salut i Social\",\"isPartOf\":{\"@id\":\"https:\/\/ticsalutsocial.atoom.space\/es\/#website\"},\"primaryImageOfPage\":{\"@id\":\"https:\/\/ticsalutsocial.atoom.space\/es\/event\/xi-jornada-aces-innovacio-en-el-sector-salut\/#primaryimage\"},\"image\":{\"@id\":\"https:\/\/ticsalutsocial.atoom.space\/es\/event\/xi-jornada-aces-innovacio-en-el-sector-salut\/#primaryimage\"},\"thumbnailUrl\":\"https:\/\/ticsalutsocial.atoom.space\/wp-content\/uploads\/2023\/02\/Captura-4.png\",\"datePublished\":\"2023-02-20T08:13:41+00:00\",\"dateModified\":\"2023-02-20T08:21:58+00:00\",\"breadcrumb\":{\"@id\":\"https:\/\/ticsalutsocial.atoom.space\/es\/event\/xi-jornada-aces-innovacio-en-el-sector-salut\/#breadcrumb\"},\"inLanguage\":\"es\",\"potentialAction\":[{\"@type\":\"ReadAction\",\"target\":[\"https:\/\/ticsalutsocial.atoom.space\/es\/event\/xi-jornada-aces-innovacio-en-el-sector-salut\/\"]}]},{\"@type\":\"ImageObject\",\"inLanguage\":\"es\",\"@id\":\"https:\/\/ticsalutsocial.atoom.space\/es\/event\/xi-jornada-aces-innovacio-en-el-sector-salut\/#primaryimage\",\"url\":\"https:\/\/ticsalutsocial.atoom.space\/wp-content\/uploads\/2023\/02\/Captura-4.png\",\"contentUrl\":\"https:\/\/ticsalutsocial.atoom.space\/wp-content\/uploads\/2023\/02\/Captura-4.png\",\"width\":1486,\"height\":306},{\"@type\":\"BreadcrumbList\",\"@id\":\"https:\/\/ticsalutsocial.atoom.space\/es\/event\/xi-jornada-aces-innovacio-en-el-sector-salut\/#breadcrumb\",\"itemListElement\":[{\"@type\":\"ListItem\",\"position\":1,\"name\":\"Inici\",\"item\":\"https:\/\/ticsalutsocial.atoom.space\/es\/\"},{\"@type\":\"ListItem\",\"position\":2,\"name\":\"XI Jornada Aces: Innovaci\u00f3 en el sector salut\"}]},{\"@type\":\"WebSite\",\"@id\":\"https:\/\/ticsalutsocial.atoom.space\/es\/#website\",\"url\":\"https:\/\/ticsalutsocial.atoom.space\/es\/\",\"name\":\"Fundaci\u00f3 TIC Salut i Social\",\"description\":\"\",\"potentialAction\":[{\"@type\":\"SearchAction\",\"target\":{\"@type\":\"EntryPoint\",\"urlTemplate\":\"https:\/\/ticsalutsocial.atoom.space\/es\/?s={search_term_string}\"},\"query-input\":{\"@type\":\"PropertyValueSpecification\",\"valueRequired\":true,\"valueName\":\"search_term_string\"}}],\"inLanguage\":\"es\"}]}<\/script>\n<!-- \/ Yoast SEO plugin. -->","yoast_head_json":{"title":"XI Jornada Aces: Innovaci\u00f3 en el sector salut - Fundaci\u00f3 TIC Salut i Social","robots":{"index":"index","follow":"follow","max-snippet":"max-snippet:-1","max-image-preview":"max-image-preview:large","max-video-preview":"max-video-preview:-1"},"canonical":"https:\/\/ticsalutsocial.atoom.space\/es\/event\/xi-jornada-aces-innovacio-en-el-sector-salut\/","og_locale":"es_ES","og_type":"article","og_title":"XI Jornada Aces: Innovaci\u00f3 en el sector salut - Fundaci\u00f3 TIC Salut i Social","og_description":"En aquestes XI Jornades Aces s&#8217;oferir\u00e0 una visi\u00f3 \u00e0mplia sobre la innovaci\u00f3 sanit\u00e0ria des de les perspectives de la recerca, la salut digital, l&#8217;experi\u00e8ncia del pacient, la intel\u00b7lig\u00e8ncia artificiali altres \u00e0rees de coneixement interessants per al sector sanitari privat catal\u00e0.","og_url":"https:\/\/ticsalutsocial.atoom.space\/es\/event\/xi-jornada-aces-innovacio-en-el-sector-salut\/","og_site_name":"Fundaci\u00f3 TIC Salut i Social","article_modified_time":"2023-02-20T08:21:58+00:00","og_image":[{"width":1486,"height":306,"url":"https:\/\/ticsalutsocial.atoom.space\/wp-content\/uploads\/2023\/02\/Captura-4.png","type":"image\/png"}],"twitter_card":"summary_large_image","twitter_image":"https:\/\/ticsalutsocial.atoom.space\/wp-content\/uploads\/2023\/02\/Captura-4.png","schema":{"@context":"https:\/\/schema.org","@graph":[{"@type":"WebPage","@id":"https:\/\/ticsalutsocial.atoom.space\/es\/event\/xi-jornada-aces-innovacio-en-el-sector-salut\/","url":"https:\/\/ticsalutsocial.atoom.space\/es\/event\/xi-jornada-aces-innovacio-en-el-sector-salut\/","name":"XI Jornada Aces: Innovaci\u00f3 en el sector salut - Fundaci\u00f3 TIC Salut i Social","isPartOf":{"@id":"https:\/\/ticsalutsocial.atoom.space\/es\/#website"},"primaryImageOfPage":{"@id":"https:\/\/ticsalutsocial.atoom.space\/es\/event\/xi-jornada-aces-innovacio-en-el-sector-salut\/#primaryimage"},"image":{"@id":"https:\/\/ticsalutsocial.atoom.space\/es\/event\/xi-jornada-aces-innovacio-en-el-sector-salut\/#primaryimage"},"thumbnailUrl":"https:\/\/ticsalutsocial.atoom.space\/wp-content\/uploads\/2023\/02\/Captura-4.png","datePublished":"2023-02-20T08:13:41+00:00","dateModified":"2023-02-20T08:21:58+00:00","breadcrumb":{"@id":"https:\/\/ticsalutsocial.atoom.space\/es\/event\/xi-jornada-aces-innovacio-en-el-sector-salut\/#breadcrumb"},"inLanguage":"es","potentialAction":[{"@type":"ReadAction","target":["https:\/\/ticsalutsocial.atoom.space\/es\/event\/xi-jornada-aces-innovacio-en-el-sector-salut\/"]}]},{"@type":"ImageObject","inLanguage":"es","@id":"https:\/\/ticsalutsocial.atoom.space\/es\/event\/xi-jornada-aces-innovacio-en-el-sector-salut\/#primaryimage","url":"https:\/\/ticsalutsocial.atoom.space\/wp-content\/uploads\/2023\/02\/Captura-4.png","contentUrl":"https:\/\/ticsalutsocial.atoom.space\/wp-content\/uploads\/2023\/02\/Captura-4.png","width":1486,"height":306},{"@type":"BreadcrumbList","@id":"https:\/\/ticsalutsocial.atoom.space\/es\/event\/xi-jornada-aces-innovacio-en-el-sector-salut\/#breadcrumb","itemListElement":[{"@type":"ListItem","position":1,"name":"Inici","item":"https:\/\/ticsalutsocial.atoom.space\/es\/"},{"@type":"ListItem","position":2,"name":"XI Jornada Aces: Innovaci\u00f3 en el sector salut"}]},{"@type":"WebSite","@id":"https:\/\/ticsalutsocial.atoom.space\/es\/#website","url":"https:\/\/ticsalutsocial.atoom.space\/es\/","name":"Fundaci\u00f3 TIC Salut i Social","description":"","potentialAction":[{"@type":"SearchAction","target":{"@type":"EntryPoint","urlTemplate":"https:\/\/ticsalutsocial.atoom.space\/es\/?s={search_term_string}"},"query-input":{"@type":"PropertyValueSpecification","valueRequired":true,"valueName":"search_term_string"}}],"inLanguage":"es"}]}},"_links":{"self":[{"href":"https:\/\/ticsalutsocial.atoom.space\/es\/wp-json\/wp\/v2\/event\/19212","targetHints":{"allow":["GET"]}}],"collection":[{"href":"https:\/\/ticsalutsocial.atoom.space\/es\/wp-json\/wp\/v2\/event"}],"about":[{"href":"https:\/\/ticsalutsocial.atoom.space\/es\/wp-json\/wp\/v2\/types\/event"}],"wp:featuredmedia":[{"embeddable":true,"href":"https:\/\/ticsalutsocial.atoom.space\/es\/wp-json\/wp\/v2\/media\/19207"}],"wp:attachment":[{"href":"https:\/\/ticsalutsocial.atoom.space\/es\/wp-json\/wp\/v2\/media?parent=19212"}],"wp:term":[{"taxonomy":"tipus","embeddable":true,"href":"https:\/\/ticsalutsocial.atoom.space\/es\/wp-json\/wp\/v2\/tipus?post=19212"},{"taxonomy":"topic","embeddable":true,"href":"https:\/\/ticsalutsocial.atoom.space\/es\/wp-json\/wp\/v2\/topic?post=19212"}],"curies":[{"name":"wp","href":"https:\/\/api.w.org\/{rel}","templated":true}]}}

XI Jornada Aces: Innovació en el sector salut

<p>En aquestes XI Jornades Aces s&#8217;oferirà una visió àmplia sobre la <strong>innovació sanitària </strong>des de les perspectives de la recerca, la salut digital, l&#8217;experiència del pacient,  la intel·ligència artificial<br>i altres àrees de coneixement interessants per al sector sanitari privat català.</p>



<p></p>

Auditori de la Clínica Planas (Pere de Montcada, 16. 08034 Barcelona)

<!-- This site is optimized with the Yoast SEO plugin v27.1.1 - https://yoast.com/product/yoast-seo-wordpress/ -->
<title>XI Jornada Aces: Innovació en el sector salut - Fundació TIC Salut i Social</title>
<meta name="robots" content="index, follow, max-snippet:-1, max-image-preview:large, max-video-preview:-1" />
<link rel="canonical" href="https://ticsalutsocial.atoom.space/es/event/xi-jornada-aces-innovacio-en-el-sector-salut/" />
<meta property="og:locale" content="es_ES" />
<meta property="og:type" content="article" />
<meta property="og:title" content="XI Jornada Aces: Innovació en el sector salut - Fundació TIC Salut i Social" />
<meta property="og:description" content="En aquestes XI Jornades Aces s&#8217;oferirà una visió àmplia sobre la innovació sanitària des de les perspectives de la recerca, la salut digital, l&#8217;experiència del pacient, la intel·ligència artificiali altres àrees de coneixement interessants per al sector sanitari privat català." />
<meta property="og:url" content="https://ticsalutsocial.atoom.space/es/event/xi-jornada-aces-innovacio-en-el-sector-salut/" />
<meta property="og:site_name" content="Fundació TIC Salut i Social" />
<meta property="article:modified_time" content="2023-02-20T08:21:58+00:00" />
<meta property="og:image" content="https://ticsalutsocial.atoom.space/wp-content/uploads/2023/02/Captura-4.png" />
	<meta property="og:image:width" content="1486" />
	<meta property="og:image:height" content="306" />
	<meta property="og:image:type" content="image/png" />
<meta name="twitter:card" content="summary_large_image" />
<meta name="twitter:image" content="https://ticsalutsocial.atoom.space/wp-content/uploads/2023/02/Captura-4.png" />
<script type="application/ld+json" class="yoast-schema-graph">{"@context":"https://schema.org","@graph":[{"@type":"WebPage","@id":"https://ticsalutsocial.atoom.space/es/event/xi-jornada-aces-innovacio-en-el-sector-salut/","url":"https://ticsalutsocial.atoom.space/es/event/xi-jornada-aces-innovacio-en-el-sector-salut/","name":"XI Jornada Aces: Innovació en el sector salut - Fundació TIC Salut i Social","isPartOf":{"@id":"https://ticsalutsocial.atoom.space/es/#website"},"primaryImageOfPage":{"@id":"https://ticsalutsocial.atoom.space/es/event/xi-jornada-aces-innovacio-en-el-sector-salut/#primaryimage"},"image":{"@id":"https://ticsalutsocial.atoom.space/es/event/xi-jornada-aces-innovacio-en-el-sector-salut/#primaryimage"},"thumbnailUrl":"https://ticsalutsocial.atoom.space/wp-content/uploads/2023/02/Captura-4.png","datePublished":"2023-02-20T08:13:41+00:00","dateModified":"2023-02-20T08:21:58+00:00","breadcrumb":{"@id":"https://ticsalutsocial.atoom.space/es/event/xi-jornada-aces-innovacio-en-el-sector-salut/#breadcrumb"},"inLanguage":"es","potentialAction":[{"@type":"ReadAction","target":["https://ticsalutsocial.atoom.space/es/event/xi-jornada-aces-innovacio-en-el-sector-salut/"]}]},{"@type":"ImageObject","inLanguage":"es","@id":"https://ticsalutsocial.atoom.space/es/event/xi-jornada-aces-innovacio-en-el-sector-salut/#primaryimage","url":"https://ticsalutsocial.atoom.space/wp-content/uploads/2023/02/Captura-4.png","contentUrl":"https://ticsalutsocial.atoom.space/wp-content/uploads/2023/02/Captura-4.png","width":1486,"height":306},{"@type":"BreadcrumbList","@id":"https://ticsalutsocial.atoom.space/es/event/xi-jornada-aces-innovacio-en-el-sector-salut/#breadcrumb","itemListElement":[{"@type":"ListItem","position":1,"name":"Inici","item":"https://ticsalutsocial.atoom.space/es/"},{"@type":"ListItem","position":2,"name":"XI Jornada Aces: Innovació en el sector salut"}]},{"@type":"WebSite","@id":"https://ticsalutsocial.atoom.space/es/#website","url":"https://ticsalutsocial.atoom.space/es/","name":"Fundació TIC Salut i Social","description":"","potentialAction":[{"@type":"SearchAction","target":{"@type":"EntryPoint","urlTemplate":"https://ticsalutsocial.atoom.space/es/?s={search_term_string}"},"query-input":{"@type":"PropertyValueSpecification","valueRequired":true,"valueName":"search_term_string"}}],"inLanguage":"es"}]}</script>
<!-- / Yoast SEO plugin. -->

XI Jornada Aces: Innovació en el sector salut - Fundació TIC Salut i Social

En aquestes XI Jornades Aces s&#8217;oferirà una visió àmplia sobre la innovació sanitària des de les perspectives de la recerca, la salut digital, l&#8217;experiència del pacient, la intel·ligència artificiali altres àrees de coneixement interessants per al sector sanitari privat català.

Fundació TIC Salut i Social
