
{"id":20651,"date":"2023-04-14T11:15:25","date_gmt":"2023-04-14T09:15:25","guid":{"rendered":"https:\/\/ticsalutsocial.atoom.space\/?post_type=event&#038;p=20651"},"modified":"2023-04-14T11:15:44","modified_gmt":"2023-04-14T09:15:44","slug":"cicle-de-debats-innovaciocsc-terapia-digital-estem-preparats","status":"publish","type":"event","link":"https:\/\/ticsalutsocial.atoom.space\/es\/event\/cicle-de-debats-innovaciocsc-terapia-digital-estem-preparats\/","title":{"rendered":"Cicle de debats #iNNovaci\u00f3CSC: Ter\u00e0pia digital: estem preparats?"},"content":{"rendered":"\n<p><strong>Programa:<\/strong><\/p>\n\n\n\n<p>Moderaci\u00f3:\u00a0<strong>Antoni Gilabert<\/strong>, director de l&#8217;\u00c0rea d&#8217;Innovaci\u00f3 i Partenariat del CSC, i\u00a0<strong>Llu\u00eds Bohigas<\/strong>, economista de la salut<\/p>\n\n\n\n<p><br>12.00 h.<strong>&nbsp;<\/strong><strong>Ter\u00e0pia digital i innovaci\u00f3 en salut<\/strong><\/p>\n\n\n\n<ul class=\"wp-block-list\">\n<li><strong>Rosa Maria Vivanco<\/strong>, directora de l&#8217;\u00c0rea d&#8217;Avaluaci\u00f3 de l&#8217;Ag\u00e8ncia de Qualitat i<br>Avaluaci\u00f3 Sanit\u00e0ries de Catalunya (AQuAS) del Departament de Salut<\/li>\n<\/ul>\n\n\n\n<hr class=\"wp-block-separator has-text-color has-white-color has-alpha-channel-opacity has-white-background-color has-background is-style-dots\"\/>\n\n\n\n<p>12.20 h.\u00a0<strong>El punt de vista del sector industrial<\/strong><\/p>\n\n\n\n<ul class=\"wp-block-list\">\n<li><strong>Pablo S\u00e1nchez Cassinello<\/strong>, Senior Director Strategic Client Partner Spain de Pfizer<\/li>\n<\/ul>\n\n\n\n<hr class=\"wp-block-separator has-text-color has-white-color has-alpha-channel-opacity has-white-background-color has-background is-style-dots\"\/>\n\n\n\n<p>13.00 h.\u00a0<strong>Debat cl\u00ednic-gestor<\/strong><\/p>\n\n\n\n<ul class=\"wp-block-list\">\n<li><strong>David Magem<\/strong>, Divisi\u00f3 de Projectes i Qualitat Assistencial del CatSalut<\/li>\n\n\n\n<li><strong>Joan Guanyabens<\/strong>, director TIC Salut<\/li>\n\n\n\n<li><strong>Jordi Mart\u00ednez<\/strong>, director d&#8217;innovaci\u00f3 de l&#8217;Hospital del Mar<\/li>\n\n\n\n<li><strong>Nuria Abdon<\/strong>, responsable del Model d&#8217;Atenci\u00f3 no Presencial, Observatori<br>d&#8217;Intel\u00b7lig\u00e8ncia Artificial en TIC Salut<\/li>\n\n\n\n<li><strong>Rosa Maria Vivanco<\/strong>, directora d&#8217;Avaluaci\u00f3 de tecnologies sanit\u00e0ries d&#8217;AQuAS<\/li>\n<\/ul>\n\n\n\n<hr class=\"wp-block-separator has-text-color has-white-color has-alpha-channel-opacity has-white-background-color has-background is-style-dots\"\/>\n\n\n\n<p>14.00 h.\u00a0<strong>Cloenda<\/strong><\/p>\n\n\n\n<hr class=\"wp-block-separator has-alpha-channel-opacity\"\/>\n\n\n\n<p><strong>Inscripcions:<\/strong><\/p>\n\n\n\n<ul class=\"wp-block-list\">\n<li><a href=\"http:\/\/inscripcions.consorci.org\/Jornades\/index.asp?id=23.04.27\" target=\"_blank\" rel=\"noreferrer noopener\">Inscripcions associats CSC<\/a><\/li>\n\n\n\n<li><a href=\"http:\/\/inscripcions.consorci.org\/Jornades\/index.asp?id=23.04.27_NA\" target=\"_blank\" rel=\"noreferrer noopener\">Incripcions no associats<\/a><\/li>\n<\/ul>\n","protected":false},"featured_media":0,"menu_order":0,"template":"","meta":{"_acf_changed":false,"inline_featured_image":false},"tipus":[],"topic":[],"class_list":["post-20651","event","type-event","status-publish","hentry"],"acf":{"informacio":{"ubicacio":"Seu del CSC (Av. Tibidabo, 21)","data":"27\/04\/2023","hora":"12:00h","preu":"","inscripcions":""},"programa":{"titol":"","items":false},"imatge":20649},"yoast_head":"<!-- This site is optimized with the Yoast SEO plugin v27.1.1 - https:\/\/yoast.com\/product\/yoast-seo-wordpress\/ -->\n<title>Cicle de debats #iNNovaci\u00f3CSC: Ter\u00e0pia digital: estem preparats? - Fundaci\u00f3 TIC Salut i Social<\/title>\n<meta name=\"robots\" content=\"index, follow, max-snippet:-1, max-image-preview:large, max-video-preview:-1\" \/>\n<link rel=\"canonical\" href=\"https:\/\/ticsalutsocial.atoom.space\/es\/event\/cicle-de-debats-innovaciocsc-terapia-digital-estem-preparats\/\" \/>\n<meta property=\"og:locale\" content=\"es_ES\" \/>\n<meta property=\"og:type\" content=\"article\" \/>\n<meta property=\"og:title\" content=\"Cicle de debats #iNNovaci\u00f3CSC: Ter\u00e0pia digital: estem preparats? - Fundaci\u00f3 TIC Salut i Social\" \/>\n<meta property=\"og:description\" content=\"Programa: Moderaci\u00f3:\u00a0Antoni Gilabert, director de l&#8217;\u00c0rea d&#8217;Innovaci\u00f3 i Partenariat del CSC, i\u00a0Llu\u00eds Bohigas, economista de la salut 12.00 h.&nbsp;Ter\u00e0pia digital i innovaci\u00f3 en salut 12.20 h.\u00a0El punt de vista del sector industrial 13.00 h.\u00a0Debat cl\u00ednic-gestor 14.00 h.\u00a0Cloenda Inscripcions:\" \/>\n<meta property=\"og:url\" content=\"https:\/\/ticsalutsocial.atoom.space\/es\/event\/cicle-de-debats-innovaciocsc-terapia-digital-estem-preparats\/\" \/>\n<meta property=\"og:site_name\" content=\"Fundaci\u00f3 TIC Salut i Social\" \/>\n<meta property=\"article:modified_time\" content=\"2023-04-14T09:15:44+00:00\" \/>\n<meta name=\"twitter:card\" content=\"summary_large_image\" \/>\n<meta name=\"twitter:label1\" content=\"Tiempo de lectura\" \/>\n\t<meta name=\"twitter:data1\" content=\"1 minuto\" \/>\n<script type=\"application\/ld+json\" class=\"yoast-schema-graph\">{\"@context\":\"https:\/\/schema.org\",\"@graph\":[{\"@type\":\"WebPage\",\"@id\":\"https:\/\/ticsalutsocial.atoom.space\/es\/event\/cicle-de-debats-innovaciocsc-terapia-digital-estem-preparats\/\",\"url\":\"https:\/\/ticsalutsocial.atoom.space\/es\/event\/cicle-de-debats-innovaciocsc-terapia-digital-estem-preparats\/\",\"name\":\"Cicle de debats #iNNovaci\u00f3CSC: Ter\u00e0pia digital: estem preparats? - Fundaci\u00f3 TIC Salut i Social\",\"isPartOf\":{\"@id\":\"https:\/\/ticsalutsocial.atoom.space\/es\/#website\"},\"datePublished\":\"2023-04-14T09:15:25+00:00\",\"dateModified\":\"2023-04-14T09:15:44+00:00\",\"breadcrumb\":{\"@id\":\"https:\/\/ticsalutsocial.atoom.space\/es\/event\/cicle-de-debats-innovaciocsc-terapia-digital-estem-preparats\/#breadcrumb\"},\"inLanguage\":\"es\",\"potentialAction\":[{\"@type\":\"ReadAction\",\"target\":[\"https:\/\/ticsalutsocial.atoom.space\/es\/event\/cicle-de-debats-innovaciocsc-terapia-digital-estem-preparats\/\"]}]},{\"@type\":\"BreadcrumbList\",\"@id\":\"https:\/\/ticsalutsocial.atoom.space\/es\/event\/cicle-de-debats-innovaciocsc-terapia-digital-estem-preparats\/#breadcrumb\",\"itemListElement\":[{\"@type\":\"ListItem\",\"position\":1,\"name\":\"Inici\",\"item\":\"https:\/\/ticsalutsocial.atoom.space\/es\/\"},{\"@type\":\"ListItem\",\"position\":2,\"name\":\"Cicle de debats #iNNovaci\u00f3CSC: Ter\u00e0pia digital: estem preparats?\"}]},{\"@type\":\"WebSite\",\"@id\":\"https:\/\/ticsalutsocial.atoom.space\/es\/#website\",\"url\":\"https:\/\/ticsalutsocial.atoom.space\/es\/\",\"name\":\"Fundaci\u00f3 TIC Salut i Social\",\"description\":\"\",\"potentialAction\":[{\"@type\":\"SearchAction\",\"target\":{\"@type\":\"EntryPoint\",\"urlTemplate\":\"https:\/\/ticsalutsocial.atoom.space\/es\/?s={search_term_string}\"},\"query-input\":{\"@type\":\"PropertyValueSpecification\",\"valueRequired\":true,\"valueName\":\"search_term_string\"}}],\"inLanguage\":\"es\"}]}<\/script>\n<!-- \/ Yoast SEO plugin. -->","yoast_head_json":{"title":"Cicle de debats #iNNovaci\u00f3CSC: Ter\u00e0pia digital: estem preparats? - Fundaci\u00f3 TIC Salut i Social","robots":{"index":"index","follow":"follow","max-snippet":"max-snippet:-1","max-image-preview":"max-image-preview:large","max-video-preview":"max-video-preview:-1"},"canonical":"https:\/\/ticsalutsocial.atoom.space\/es\/event\/cicle-de-debats-innovaciocsc-terapia-digital-estem-preparats\/","og_locale":"es_ES","og_type":"article","og_title":"Cicle de debats #iNNovaci\u00f3CSC: Ter\u00e0pia digital: estem preparats? - Fundaci\u00f3 TIC Salut i Social","og_description":"Programa: Moderaci\u00f3:\u00a0Antoni Gilabert, director de l&#8217;\u00c0rea d&#8217;Innovaci\u00f3 i Partenariat del CSC, i\u00a0Llu\u00eds Bohigas, economista de la salut 12.00 h.&nbsp;Ter\u00e0pia digital i innovaci\u00f3 en salut 12.20 h.\u00a0El punt de vista del sector industrial 13.00 h.\u00a0Debat cl\u00ednic-gestor 14.00 h.\u00a0Cloenda Inscripcions:","og_url":"https:\/\/ticsalutsocial.atoom.space\/es\/event\/cicle-de-debats-innovaciocsc-terapia-digital-estem-preparats\/","og_site_name":"Fundaci\u00f3 TIC Salut i Social","article_modified_time":"2023-04-14T09:15:44+00:00","twitter_card":"summary_large_image","twitter_misc":{"Tiempo de lectura":"1 minuto"},"schema":{"@context":"https:\/\/schema.org","@graph":[{"@type":"WebPage","@id":"https:\/\/ticsalutsocial.atoom.space\/es\/event\/cicle-de-debats-innovaciocsc-terapia-digital-estem-preparats\/","url":"https:\/\/ticsalutsocial.atoom.space\/es\/event\/cicle-de-debats-innovaciocsc-terapia-digital-estem-preparats\/","name":"Cicle de debats #iNNovaci\u00f3CSC: Ter\u00e0pia digital: estem preparats? - Fundaci\u00f3 TIC Salut i Social","isPartOf":{"@id":"https:\/\/ticsalutsocial.atoom.space\/es\/#website"},"datePublished":"2023-04-14T09:15:25+00:00","dateModified":"2023-04-14T09:15:44+00:00","breadcrumb":{"@id":"https:\/\/ticsalutsocial.atoom.space\/es\/event\/cicle-de-debats-innovaciocsc-terapia-digital-estem-preparats\/#breadcrumb"},"inLanguage":"es","potentialAction":[{"@type":"ReadAction","target":["https:\/\/ticsalutsocial.atoom.space\/es\/event\/cicle-de-debats-innovaciocsc-terapia-digital-estem-preparats\/"]}]},{"@type":"BreadcrumbList","@id":"https:\/\/ticsalutsocial.atoom.space\/es\/event\/cicle-de-debats-innovaciocsc-terapia-digital-estem-preparats\/#breadcrumb","itemListElement":[{"@type":"ListItem","position":1,"name":"Inici","item":"https:\/\/ticsalutsocial.atoom.space\/es\/"},{"@type":"ListItem","position":2,"name":"Cicle de debats #iNNovaci\u00f3CSC: Ter\u00e0pia digital: estem preparats?"}]},{"@type":"WebSite","@id":"https:\/\/ticsalutsocial.atoom.space\/es\/#website","url":"https:\/\/ticsalutsocial.atoom.space\/es\/","name":"Fundaci\u00f3 TIC Salut i Social","description":"","potentialAction":[{"@type":"SearchAction","target":{"@type":"EntryPoint","urlTemplate":"https:\/\/ticsalutsocial.atoom.space\/es\/?s={search_term_string}"},"query-input":{"@type":"PropertyValueSpecification","valueRequired":true,"valueName":"search_term_string"}}],"inLanguage":"es"}]}},"_links":{"self":[{"href":"https:\/\/ticsalutsocial.atoom.space\/es\/wp-json\/wp\/v2\/event\/20651","targetHints":{"allow":["GET"]}}],"collection":[{"href":"https:\/\/ticsalutsocial.atoom.space\/es\/wp-json\/wp\/v2\/event"}],"about":[{"href":"https:\/\/ticsalutsocial.atoom.space\/es\/wp-json\/wp\/v2\/types\/event"}],"wp:attachment":[{"href":"https:\/\/ticsalutsocial.atoom.space\/es\/wp-json\/wp\/v2\/media?parent=20651"}],"wp:term":[{"taxonomy":"tipus","embeddable":true,"href":"https:\/\/ticsalutsocial.atoom.space\/es\/wp-json\/wp\/v2\/tipus?post=20651"},{"taxonomy":"topic","embeddable":true,"href":"https:\/\/ticsalutsocial.atoom.space\/es\/wp-json\/wp\/v2\/topic?post=20651"}],"curies":[{"name":"wp","href":"https:\/\/api.w.org\/{rel}","templated":true}]}}

Cicle de debats #iNNovacióCSC: Teràpia digital: estem preparats?

<p><strong>Programa:</strong></p>



<p>Moderació: <strong>Antoni Gilabert</strong>, director de l&#8217;Àrea d&#8217;Innovació i Partenariat del CSC, i <strong>Lluís Bohigas</strong>, economista de la salut</p>



<p><br>12.00 h.<strong>&nbsp;</strong><strong>Teràpia digital i innovació en salut</strong></p>



<ul class="wp-block-list">
<li><strong>Rosa Maria Vivanco</strong>, directora de l&#8217;Àrea d&#8217;Avaluació de l&#8217;Agència de Qualitat i<br>Avaluació Sanitàries de Catalunya (AQuAS) del Departament de Salut</li>
</ul>



<hr class="wp-block-separator has-text-color has-white-color has-alpha-channel-opacity has-white-background-color has-background is-style-dots"/>



<p>12.20 h. <strong>El punt de vista del sector industrial</strong></p>



<ul class="wp-block-list">
<li><strong>Pablo Sánchez Cassinello</strong>, Senior Director Strategic Client Partner Spain de Pfizer</li>
</ul>



<hr class="wp-block-separator has-text-color has-white-color has-alpha-channel-opacity has-white-background-color has-background is-style-dots"/>



<p>13.00 h. <strong>Debat clínic-gestor</strong></p>



<ul class="wp-block-list">
<li><strong>David Magem</strong>, Divisió de Projectes i Qualitat Assistencial del CatSalut</li>



<li><strong>Joan Guanyabens</strong>, director TIC Salut</li>



<li><strong>Jordi Martínez</strong>, director d&#8217;innovació de l&#8217;Hospital del Mar</li>



<li><strong>Nuria Abdon</strong>, responsable del Model d&#8217;Atenció no Presencial, Observatori<br>d&#8217;Intel·ligència Artificial en TIC Salut</li>



<li><strong>Rosa Maria Vivanco</strong>, directora d&#8217;Avaluació de tecnologies sanitàries d&#8217;AQuAS</li>
</ul>



<hr class="wp-block-separator has-text-color has-white-color has-alpha-channel-opacity has-white-background-color has-background is-style-dots"/>



<p>14.00 h. <strong>Cloenda</strong></p>



<hr class="wp-block-separator has-alpha-channel-opacity"/>



<p><strong>Inscripcions:</strong></p>



<ul class="wp-block-list">
<li><a href="http://inscripcions.consorci.org/Jornades/index.asp?id=23.04.27" target="_blank" rel="noreferrer noopener">Inscripcions associats CSC</a></li>



<li><a href="http://inscripcions.consorci.org/Jornades/index.asp?id=23.04.27_NA" target="_blank" rel="noreferrer noopener">Incripcions no associats</a></li>
</ul>

<!-- This site is optimized with the Yoast SEO plugin v27.1.1 - https://yoast.com/product/yoast-seo-wordpress/ -->
<title>Cicle de debats #iNNovacióCSC: Teràpia digital: estem preparats? - Fundació TIC Salut i Social</title>
<meta name="robots" content="index, follow, max-snippet:-1, max-image-preview:large, max-video-preview:-1" />
<link rel="canonical" href="https://ticsalutsocial.atoom.space/es/event/cicle-de-debats-innovaciocsc-terapia-digital-estem-preparats/" />
<meta property="og:locale" content="es_ES" />
<meta property="og:type" content="article" />
<meta property="og:title" content="Cicle de debats #iNNovacióCSC: Teràpia digital: estem preparats? - Fundació TIC Salut i Social" />
<meta property="og:description" content="Programa: Moderació: Antoni Gilabert, director de l&#8217;Àrea d&#8217;Innovació i Partenariat del CSC, i Lluís Bohigas, economista de la salut 12.00 h.&nbsp;Teràpia digital i innovació en salut 12.20 h. El punt de vista del sector industrial 13.00 h. Debat clínic-gestor 14.00 h. Cloenda Inscripcions:" />
<meta property="og:url" content="https://ticsalutsocial.atoom.space/es/event/cicle-de-debats-innovaciocsc-terapia-digital-estem-preparats/" />
<meta property="og:site_name" content="Fundació TIC Salut i Social" />
<meta property="article:modified_time" content="2023-04-14T09:15:44+00:00" />
<meta name="twitter:card" content="summary_large_image" />
<meta name="twitter:label1" content="Tiempo de lectura" />
	<meta name="twitter:data1" content="1 minuto" />
<script type="application/ld+json" class="yoast-schema-graph">{"@context":"https://schema.org","@graph":[{"@type":"WebPage","@id":"https://ticsalutsocial.atoom.space/es/event/cicle-de-debats-innovaciocsc-terapia-digital-estem-preparats/","url":"https://ticsalutsocial.atoom.space/es/event/cicle-de-debats-innovaciocsc-terapia-digital-estem-preparats/","name":"Cicle de debats #iNNovacióCSC: Teràpia digital: estem preparats? - Fundació TIC Salut i Social","isPartOf":{"@id":"https://ticsalutsocial.atoom.space/es/#website"},"datePublished":"2023-04-14T09:15:25+00:00","dateModified":"2023-04-14T09:15:44+00:00","breadcrumb":{"@id":"https://ticsalutsocial.atoom.space/es/event/cicle-de-debats-innovaciocsc-terapia-digital-estem-preparats/#breadcrumb"},"inLanguage":"es","potentialAction":[{"@type":"ReadAction","target":["https://ticsalutsocial.atoom.space/es/event/cicle-de-debats-innovaciocsc-terapia-digital-estem-preparats/"]}]},{"@type":"BreadcrumbList","@id":"https://ticsalutsocial.atoom.space/es/event/cicle-de-debats-innovaciocsc-terapia-digital-estem-preparats/#breadcrumb","itemListElement":[{"@type":"ListItem","position":1,"name":"Inici","item":"https://ticsalutsocial.atoom.space/es/"},{"@type":"ListItem","position":2,"name":"Cicle de debats #iNNovacióCSC: Teràpia digital: estem preparats?"}]},{"@type":"WebSite","@id":"https://ticsalutsocial.atoom.space/es/#website","url":"https://ticsalutsocial.atoom.space/es/","name":"Fundació TIC Salut i Social","description":"","potentialAction":[{"@type":"SearchAction","target":{"@type":"EntryPoint","urlTemplate":"https://ticsalutsocial.atoom.space/es/?s={search_term_string}"},"query-input":{"@type":"PropertyValueSpecification","valueRequired":true,"valueName":"search_term_string"}}],"inLanguage":"es"}]}</script>
<!-- / Yoast SEO plugin. -->

Cicle de debats #iNNovacióCSC: Teràpia digital: estem preparats? - Fundació TIC Salut i Social

Programa: Moderació: Antoni Gilabert, director de l&#8217;Àrea d&#8217;Innovació i Partenariat del CSC, i Lluís Bohigas, economista de la salut 12.00 h.&nbsp;Teràpia digital i innovació en salut 12.20 h. El punt de vista del sector industrial 13.00 h. Debat clínic-gestor 14.00 h. Cloenda Inscripcions:

Fundació TIC Salut i Social
