
{"id":20732,"date":"2023-04-18T12:47:08","date_gmt":"2023-04-18T10:47:08","guid":{"rendered":"https:\/\/ticsalutsocial.atoom.space\/event\/la-gestio-de-dades-en-salut-reptes-i-oportunitats\/"},"modified":"2023-04-26T09:14:08","modified_gmt":"2023-04-26T07:14:08","slug":"la-gestio-de-dades-en-salut-reptes-i-oportunitats","status":"publish","type":"event","link":"https:\/\/ticsalutsocial.atoom.space\/es\/event\/la-gestio-de-dades-en-salut-reptes-i-oportunitats\/","title":{"rendered":"La gesti\u00f3 de dades en salut: reptes i oportunitats"},"content":{"rendered":"\n<p>L&#8217;Ajuntament de Sant Cugat del Vall\u00e9s i Sant Cugat Empresarial organitzen el 27 d&#8217;abril la jornada \u00abLa gesti\u00f3 de dades en salut: reptes i oportunitats\u00bb.<\/p>\n\n\n\n<p><\/p>\n\n\n\n<p>La Comissi\u00f3 Europea va llen\u00e7ar al maig de 2022 l\u2019espai europeu de dades sanit\u00e0ries, que permetr\u00e0 a la ciutadania controlar les seves dades sanit\u00e0ries, fomentar\u00e0 un mercat \u00fanic de serveis i productes sanitaris digitals i proporcionar\u00e0 un marc eficient, fiable i coherent per a fer servir aquesta informaci\u00f3 en investigaci\u00f3, innovaci\u00f3, elaboraci\u00f3 de pol\u00edtiques i normatives, en compliment amb la regulaci\u00f3 de protecci\u00f3 de dades de la UE.<br><\/p>\n\n\n\n<p>En aquesta jornada, es vol debatre sobre les noves pol\u00edtiques europees orientades a afavorir l\u2019ECONOMIA DE LA DADA i especialment en l\u2019explotaci\u00f3 de la dada com \u00fas secundari i SOBIRANIA DE LA DADA i con\u00e8ixer com ens estem preparant per a donar resposta a una forma de realitzar investigaci\u00f3 cl\u00ednica, de gestionar els pacients cr\u00f2nics i molts altres reptes del sector.<\/p>\n\n\n\n<p><\/p>\n\n\n\n<p>Per a inscripcions contacteu amb l&#8217;Ajuntament de Sant Cugat al correu electr\u00f2nic indicat.<\/p>\n","protected":false},"featured_media":0,"menu_order":0,"template":"","meta":{"_acf_changed":false,"inline_featured_image":false},"tipus":[],"topic":[],"class_list":["post-20732","event","type-event","status-publish","hentry"],"acf":{"informacio":{"ubicacio":" SC Trade Center, av. Corts Catalanes, 5-7 (Sant Cugat del Vall\u00e8s)","data":"27\/04\/2023","hora":"16:00h","preu":"","inscripcions":"mailto:ajuntament@santcugat.cat"},"programa":{"titol":"Programaci\u00f3","items":[{"titol":"Benvinguda","contingut":"Sra. Mireia Ingla, alcaldessa de Sant Cugat del Vall\u00e8s.<br \/>\r\nSr. Jaume Vives, president de Sant Cugat Empresarial."},{"titol":"16:00h - Converses: Visi\u00f3 de l\u2019administraci\u00f3 p\u00fablica ","contingut":"Sr. Joan Guanyabens, director de la Fundaci\u00f3 TIC Salut Social.<br \/>\r\nSr. Santi Romeu Sala, Ag\u00e8ncia de Ciberseguretat de Catalunya.<br \/>\r\n<br \/>\r\n"},{"titol":"16.30h - Converses: De la dada al coneixement en salut ","contingut":"Sr. Pedro Lisbona, Evidenze.<br \/>\r\nSr. Edgar Jord\u00e0, Bloock."},{"titol":"17:00h - Taula rodona: Com avan\u00e7ar-nos al futur? ","contingut":"Moderador: Joan Escudero (Evidenze).<br \/>\r\n<br \/>\r\nSr. Oscar Maldonado, Director Operacions & IT de Palex Medical.<br \/>\r\nSr. Sergio Cort\u00e9s, Director Corporatiu Operacions Excellence de Ferrer.<br \/>\r\nSr. Carlos Mart\u00edn, Head of Data Science de Boehringer Ingelheim.<br \/>\r\nSr. Miquel Bonachera, Director Executiu de AB Biotics."}]},"imatge":20730},"yoast_head":"<!-- This site is optimized with the Yoast SEO plugin v27.1.1 - https:\/\/yoast.com\/product\/yoast-seo-wordpress\/ -->\n<title>La gesti\u00f3 de dades en salut: reptes i oportunitats - Fundaci\u00f3 TIC Salut i Social<\/title>\n<meta name=\"robots\" content=\"index, follow, max-snippet:-1, max-image-preview:large, max-video-preview:-1\" \/>\n<link rel=\"canonical\" href=\"https:\/\/ticsalutsocial.atoom.space\/es\/event\/la-gestio-de-dades-en-salut-reptes-i-oportunitats\/\" \/>\n<meta property=\"og:locale\" content=\"es_ES\" \/>\n<meta property=\"og:type\" content=\"article\" \/>\n<meta property=\"og:title\" content=\"La gesti\u00f3 de dades en salut: reptes i oportunitats - Fundaci\u00f3 TIC Salut i Social\" \/>\n<meta property=\"og:description\" content=\"L&#8217;Ajuntament de Sant Cugat del Vall\u00e9s i Sant Cugat Empresarial organitzen el 27 d&#8217;abril la jornada \u00abLa gesti\u00f3 de dades en salut: reptes i oportunitats\u00bb. La Comissi\u00f3 Europea va llen\u00e7ar al maig de 2022 l\u2019espai europeu de dades sanit\u00e0ries, que permetr\u00e0 a la ciutadania controlar les seves dades sanit\u00e0ries, fomentar\u00e0 un mercat \u00fanic de serveis [&hellip;]\" \/>\n<meta property=\"og:url\" content=\"https:\/\/ticsalutsocial.atoom.space\/es\/event\/la-gestio-de-dades-en-salut-reptes-i-oportunitats\/\" \/>\n<meta property=\"og:site_name\" content=\"Fundaci\u00f3 TIC Salut i Social\" \/>\n<meta property=\"article:modified_time\" content=\"2023-04-26T07:14:08+00:00\" \/>\n<meta name=\"twitter:card\" content=\"summary_large_image\" \/>\n<meta name=\"twitter:label1\" content=\"Tiempo de lectura\" \/>\n\t<meta name=\"twitter:data1\" content=\"1 minuto\" \/>\n<script type=\"application\/ld+json\" class=\"yoast-schema-graph\">{\"@context\":\"https:\/\/schema.org\",\"@graph\":[{\"@type\":\"WebPage\",\"@id\":\"https:\/\/ticsalutsocial.atoom.space\/es\/event\/la-gestio-de-dades-en-salut-reptes-i-oportunitats\/\",\"url\":\"https:\/\/ticsalutsocial.atoom.space\/es\/event\/la-gestio-de-dades-en-salut-reptes-i-oportunitats\/\",\"name\":\"La gesti\u00f3 de dades en salut: reptes i oportunitats - Fundaci\u00f3 TIC Salut i Social\",\"isPartOf\":{\"@id\":\"https:\/\/ticsalutsocial.atoom.space\/es\/#website\"},\"datePublished\":\"2023-04-18T10:47:08+00:00\",\"dateModified\":\"2023-04-26T07:14:08+00:00\",\"breadcrumb\":{\"@id\":\"https:\/\/ticsalutsocial.atoom.space\/es\/event\/la-gestio-de-dades-en-salut-reptes-i-oportunitats\/#breadcrumb\"},\"inLanguage\":\"es\",\"potentialAction\":[{\"@type\":\"ReadAction\",\"target\":[\"https:\/\/ticsalutsocial.atoom.space\/es\/event\/la-gestio-de-dades-en-salut-reptes-i-oportunitats\/\"]}]},{\"@type\":\"BreadcrumbList\",\"@id\":\"https:\/\/ticsalutsocial.atoom.space\/es\/event\/la-gestio-de-dades-en-salut-reptes-i-oportunitats\/#breadcrumb\",\"itemListElement\":[{\"@type\":\"ListItem\",\"position\":1,\"name\":\"Inici\",\"item\":\"https:\/\/ticsalutsocial.atoom.space\/es\/\"},{\"@type\":\"ListItem\",\"position\":2,\"name\":\"La gesti\u00f3 de dades en salut: reptes i oportunitats\"}]},{\"@type\":\"WebSite\",\"@id\":\"https:\/\/ticsalutsocial.atoom.space\/es\/#website\",\"url\":\"https:\/\/ticsalutsocial.atoom.space\/es\/\",\"name\":\"Fundaci\u00f3 TIC Salut i Social\",\"description\":\"\",\"potentialAction\":[{\"@type\":\"SearchAction\",\"target\":{\"@type\":\"EntryPoint\",\"urlTemplate\":\"https:\/\/ticsalutsocial.atoom.space\/es\/?s={search_term_string}\"},\"query-input\":{\"@type\":\"PropertyValueSpecification\",\"valueRequired\":true,\"valueName\":\"search_term_string\"}}],\"inLanguage\":\"es\"}]}<\/script>\n<!-- \/ Yoast SEO plugin. -->","yoast_head_json":{"title":"La gesti\u00f3 de dades en salut: reptes i oportunitats - Fundaci\u00f3 TIC Salut i Social","robots":{"index":"index","follow":"follow","max-snippet":"max-snippet:-1","max-image-preview":"max-image-preview:large","max-video-preview":"max-video-preview:-1"},"canonical":"https:\/\/ticsalutsocial.atoom.space\/es\/event\/la-gestio-de-dades-en-salut-reptes-i-oportunitats\/","og_locale":"es_ES","og_type":"article","og_title":"La gesti\u00f3 de dades en salut: reptes i oportunitats - Fundaci\u00f3 TIC Salut i Social","og_description":"L&#8217;Ajuntament de Sant Cugat del Vall\u00e9s i Sant Cugat Empresarial organitzen el 27 d&#8217;abril la jornada \u00abLa gesti\u00f3 de dades en salut: reptes i oportunitats\u00bb. La Comissi\u00f3 Europea va llen\u00e7ar al maig de 2022 l\u2019espai europeu de dades sanit\u00e0ries, que permetr\u00e0 a la ciutadania controlar les seves dades sanit\u00e0ries, fomentar\u00e0 un mercat \u00fanic de serveis [&hellip;]","og_url":"https:\/\/ticsalutsocial.atoom.space\/es\/event\/la-gestio-de-dades-en-salut-reptes-i-oportunitats\/","og_site_name":"Fundaci\u00f3 TIC Salut i Social","article_modified_time":"2023-04-26T07:14:08+00:00","twitter_card":"summary_large_image","twitter_misc":{"Tiempo de lectura":"1 minuto"},"schema":{"@context":"https:\/\/schema.org","@graph":[{"@type":"WebPage","@id":"https:\/\/ticsalutsocial.atoom.space\/es\/event\/la-gestio-de-dades-en-salut-reptes-i-oportunitats\/","url":"https:\/\/ticsalutsocial.atoom.space\/es\/event\/la-gestio-de-dades-en-salut-reptes-i-oportunitats\/","name":"La gesti\u00f3 de dades en salut: reptes i oportunitats - Fundaci\u00f3 TIC Salut i Social","isPartOf":{"@id":"https:\/\/ticsalutsocial.atoom.space\/es\/#website"},"datePublished":"2023-04-18T10:47:08+00:00","dateModified":"2023-04-26T07:14:08+00:00","breadcrumb":{"@id":"https:\/\/ticsalutsocial.atoom.space\/es\/event\/la-gestio-de-dades-en-salut-reptes-i-oportunitats\/#breadcrumb"},"inLanguage":"es","potentialAction":[{"@type":"ReadAction","target":["https:\/\/ticsalutsocial.atoom.space\/es\/event\/la-gestio-de-dades-en-salut-reptes-i-oportunitats\/"]}]},{"@type":"BreadcrumbList","@id":"https:\/\/ticsalutsocial.atoom.space\/es\/event\/la-gestio-de-dades-en-salut-reptes-i-oportunitats\/#breadcrumb","itemListElement":[{"@type":"ListItem","position":1,"name":"Inici","item":"https:\/\/ticsalutsocial.atoom.space\/es\/"},{"@type":"ListItem","position":2,"name":"La gesti\u00f3 de dades en salut: reptes i oportunitats"}]},{"@type":"WebSite","@id":"https:\/\/ticsalutsocial.atoom.space\/es\/#website","url":"https:\/\/ticsalutsocial.atoom.space\/es\/","name":"Fundaci\u00f3 TIC Salut i Social","description":"","potentialAction":[{"@type":"SearchAction","target":{"@type":"EntryPoint","urlTemplate":"https:\/\/ticsalutsocial.atoom.space\/es\/?s={search_term_string}"},"query-input":{"@type":"PropertyValueSpecification","valueRequired":true,"valueName":"search_term_string"}}],"inLanguage":"es"}]}},"_links":{"self":[{"href":"https:\/\/ticsalutsocial.atoom.space\/es\/wp-json\/wp\/v2\/event\/20732","targetHints":{"allow":["GET"]}}],"collection":[{"href":"https:\/\/ticsalutsocial.atoom.space\/es\/wp-json\/wp\/v2\/event"}],"about":[{"href":"https:\/\/ticsalutsocial.atoom.space\/es\/wp-json\/wp\/v2\/types\/event"}],"wp:attachment":[{"href":"https:\/\/ticsalutsocial.atoom.space\/es\/wp-json\/wp\/v2\/media?parent=20732"}],"wp:term":[{"taxonomy":"tipus","embeddable":true,"href":"https:\/\/ticsalutsocial.atoom.space\/es\/wp-json\/wp\/v2\/tipus?post=20732"},{"taxonomy":"topic","embeddable":true,"href":"https:\/\/ticsalutsocial.atoom.space\/es\/wp-json\/wp\/v2\/topic?post=20732"}],"curies":[{"name":"wp","href":"https:\/\/api.w.org\/{rel}","templated":true}]}}

La gestió de dades en salut: reptes i oportunitats

<p>L&#8217;Ajuntament de Sant Cugat del Vallés i Sant Cugat Empresarial organitzen el 27 d&#8217;abril la jornada «La gestió de dades en salut: reptes i oportunitats».</p>



<p></p>



<p>La Comissió Europea va llençar al maig de 2022 l’espai europeu de dades sanitàries, que permetrà a la ciutadania controlar les seves dades sanitàries, fomentarà un mercat únic de serveis i productes sanitaris digitals i proporcionarà un marc eficient, fiable i coherent per a fer servir aquesta informació en investigació, innovació, elaboració de polítiques i normatives, en compliment amb la regulació de protecció de dades de la UE.<br></p>



<p>En aquesta jornada, es vol debatre sobre les noves polítiques europees orientades a afavorir l’ECONOMIA DE LA DADA i especialment en l’explotació de la dada com ús secundari i SOBIRANIA DE LA DADA i conèixer com ens estem preparant per a donar resposta a una forma de realitzar investigació clínica, de gestionar els pacients crònics i molts altres reptes del sector.</p>



<p></p>



<p>Per a inscripcions contacteu amb l&#8217;Ajuntament de Sant Cugat al correu electrònic indicat.</p>

SC Trade Center, av. Corts Catalanes, 5-7 (Sant Cugat del Vallès)

Programació

Sra. Mireia Ingla, alcaldessa de Sant Cugat del Vallès.<br />
Sr. Jaume Vives, president de Sant Cugat Empresarial.

16:00h - Converses: Visió de l’administració pública

Sr. Joan Guanyabens, director de la Fundació TIC Salut Social.<br />
Sr. Santi Romeu Sala, Agència de Ciberseguretat de Catalunya.<br />
<br />

Sr. Pedro Lisbona, Evidenze.<br />
Sr. Edgar Jordà, Bloock.

17:00h - Taula rodona: Com avançar-nos al futur?

Moderador: Joan Escudero (Evidenze).<br />
<br />
Sr. Oscar Maldonado, Director Operacions & IT de Palex Medical.<br />
Sr. Sergio Cortés, Director Corporatiu Operacions Excellence de Ferrer.<br />
Sr. Carlos Martín, Head of Data Science de Boehringer Ingelheim.<br />
Sr. Miquel Bonachera, Director Executiu de AB Biotics.

<!-- This site is optimized with the Yoast SEO plugin v27.1.1 - https://yoast.com/product/yoast-seo-wordpress/ -->
<title>La gestió de dades en salut: reptes i oportunitats - Fundació TIC Salut i Social</title>
<meta name="robots" content="index, follow, max-snippet:-1, max-image-preview:large, max-video-preview:-1" />
<link rel="canonical" href="https://ticsalutsocial.atoom.space/es/event/la-gestio-de-dades-en-salut-reptes-i-oportunitats/" />
<meta property="og:locale" content="es_ES" />
<meta property="og:type" content="article" />
<meta property="og:title" content="La gestió de dades en salut: reptes i oportunitats - Fundació TIC Salut i Social" />
<meta property="og:description" content="L&#8217;Ajuntament de Sant Cugat del Vallés i Sant Cugat Empresarial organitzen el 27 d&#8217;abril la jornada «La gestió de dades en salut: reptes i oportunitats». La Comissió Europea va llençar al maig de 2022 l’espai europeu de dades sanitàries, que permetrà a la ciutadania controlar les seves dades sanitàries, fomentarà un mercat únic de serveis [&hellip;]" />
<meta property="og:url" content="https://ticsalutsocial.atoom.space/es/event/la-gestio-de-dades-en-salut-reptes-i-oportunitats/" />
<meta property="og:site_name" content="Fundació TIC Salut i Social" />
<meta property="article:modified_time" content="2023-04-26T07:14:08+00:00" />
<meta name="twitter:card" content="summary_large_image" />
<meta name="twitter:label1" content="Tiempo de lectura" />
	<meta name="twitter:data1" content="1 minuto" />
<script type="application/ld+json" class="yoast-schema-graph">{"@context":"https://schema.org","@graph":[{"@type":"WebPage","@id":"https://ticsalutsocial.atoom.space/es/event/la-gestio-de-dades-en-salut-reptes-i-oportunitats/","url":"https://ticsalutsocial.atoom.space/es/event/la-gestio-de-dades-en-salut-reptes-i-oportunitats/","name":"La gestió de dades en salut: reptes i oportunitats - Fundació TIC Salut i Social","isPartOf":{"@id":"https://ticsalutsocial.atoom.space/es/#website"},"datePublished":"2023-04-18T10:47:08+00:00","dateModified":"2023-04-26T07:14:08+00:00","breadcrumb":{"@id":"https://ticsalutsocial.atoom.space/es/event/la-gestio-de-dades-en-salut-reptes-i-oportunitats/#breadcrumb"},"inLanguage":"es","potentialAction":[{"@type":"ReadAction","target":["https://ticsalutsocial.atoom.space/es/event/la-gestio-de-dades-en-salut-reptes-i-oportunitats/"]}]},{"@type":"BreadcrumbList","@id":"https://ticsalutsocial.atoom.space/es/event/la-gestio-de-dades-en-salut-reptes-i-oportunitats/#breadcrumb","itemListElement":[{"@type":"ListItem","position":1,"name":"Inici","item":"https://ticsalutsocial.atoom.space/es/"},{"@type":"ListItem","position":2,"name":"La gestió de dades en salut: reptes i oportunitats"}]},{"@type":"WebSite","@id":"https://ticsalutsocial.atoom.space/es/#website","url":"https://ticsalutsocial.atoom.space/es/","name":"Fundació TIC Salut i Social","description":"","potentialAction":[{"@type":"SearchAction","target":{"@type":"EntryPoint","urlTemplate":"https://ticsalutsocial.atoom.space/es/?s={search_term_string}"},"query-input":{"@type":"PropertyValueSpecification","valueRequired":true,"valueName":"search_term_string"}}],"inLanguage":"es"}]}</script>
<!-- / Yoast SEO plugin. -->

La gestió de dades en salut: reptes i oportunitats - Fundació TIC Salut i Social

L&#8217;Ajuntament de Sant Cugat del Vallés i Sant Cugat Empresarial organitzen el 27 d&#8217;abril la jornada «La gestió de dades en salut: reptes i oportunitats». La Comissió Europea va llençar al maig de 2022 l’espai europeu de dades sanitàries, que permetrà a la ciutadania controlar les seves dades sanitàries, fomentarà un mercat únic de serveis [&hellip;]

Fundació TIC Salut i Social
