
{"id":20866,"date":"2023-04-27T11:38:02","date_gmt":"2023-04-27T09:38:02","guid":{"rendered":"https:\/\/ticsalutsocial.atoom.space\/?post_type=event&#038;p=20866"},"modified":"2023-04-27T11:39:00","modified_gmt":"2023-04-27T09:39:00","slug":"tecnologia-immersiva-en-salut-i-atencio-social","status":"publish","type":"event","link":"https:\/\/ticsalutsocial.atoom.space\/es\/event\/tecnologia-immersiva-en-salut-i-atencio-social\/","title":{"rendered":"Tecnologia immersiva en salut i atenci\u00f3 social"},"content":{"rendered":"\n<p>L&#8217;empresa Broomx i Suara Cooperativa organitzen la jornada <strong>\u201cTecnologia immersiva en salut i atenci\u00f3 social\u201d<\/strong>, la qual\u00a0es celebrar\u00e0 el proper\u00a0<strong>31 de maig de 2023<\/strong>\u00a0de 15h a 19h a la seu de\u00a0<strong>Suara Cooperativa a Barcelona<\/strong>\u00a0(C\/ de Sancho de \u00c1vila, 52, 1r, 08018 Barcelona). <\/p>\n\n\n\n<p><\/p>\n\n\n\n<p>L\u2019objectiu \u00e9s donar a con\u00e8ixer projectes que utilitzen aquesta tecnologia com a eina terap\u00e8utica per millorar la salut i l&#8217;atenci\u00f3 de diferents col\u00b7lectius, i poder compartir coneixement i sin\u00e8rgies entre organitzacions sanit\u00e0ries i de l\u2019\u00e0mbit social que hi estan interessades. <\/p>\n\n\n\n<p>Hi haur\u00e0 presentacions de projectes de l\u2019Hospital Vall d\u2019Hebron, Hospital d\u2019Olot, Parc Sanitari Sant Joan de D\u00e9u, Consorci Sanitari Terrassa o l\u2019Instituto de Investigaci\u00f3n Sanitaria de Arag\u00f3n, entre d\u2019altres, aix\u00ed com un espai de demostraci\u00f3 de la tecnologia immersiva i un networking amb refrigeri.\u00a0<\/p>\n","protected":false},"featured_media":20864,"menu_order":0,"template":"","meta":{"_acf_changed":false,"inline_featured_image":false},"tipus":[],"topic":[],"class_list":["post-20866","event","type-event","status-publish","has-post-thumbnail","hentry"],"acf":{"imatge":20864,"informacio":{"ubicacio":"Suara Cooperativa a Barcelona (C\/ de Sancho de \u00c1vila, 52, 1r, 08018 Barcelona)","data":"31\/05\/2023","hora":"15:00h","preu":"","inscripcions":"https:\/\/docs.google.com\/forms\/d\/e\/1FAIpQLScm2g4IojJwetNuYh6VNkKeqYViyA7gk64bW7OreODVlt5QDw\/viewform"},"programa":{"titol":"","items":false}},"yoast_head":"<!-- This site is optimized with the Yoast SEO plugin v27.1.1 - https:\/\/yoast.com\/product\/yoast-seo-wordpress\/ -->\n<title>Tecnologia immersiva en salut i atenci\u00f3 social - Fundaci\u00f3 TIC Salut i Social<\/title>\n<meta name=\"robots\" content=\"index, follow, max-snippet:-1, max-image-preview:large, max-video-preview:-1\" \/>\n<link rel=\"canonical\" href=\"https:\/\/ticsalutsocial.atoom.space\/es\/event\/tecnologia-immersiva-en-salut-i-atencio-social\/\" \/>\n<meta property=\"og:locale\" content=\"es_ES\" \/>\n<meta property=\"og:type\" content=\"article\" \/>\n<meta property=\"og:title\" content=\"Tecnologia immersiva en salut i atenci\u00f3 social - Fundaci\u00f3 TIC Salut i Social\" \/>\n<meta property=\"og:description\" content=\"L&#8217;empresa Broomx i Suara Cooperativa organitzen la jornada \u201cTecnologia immersiva en salut i atenci\u00f3 social\u201d, la qual\u00a0es celebrar\u00e0 el proper\u00a031 de maig de 2023\u00a0de 15h a 19h a la seu de\u00a0Suara Cooperativa a Barcelona\u00a0(C\/ de Sancho de \u00c1vila, 52, 1r, 08018 Barcelona). L\u2019objectiu \u00e9s donar a con\u00e8ixer projectes que utilitzen aquesta tecnologia com a eina [&hellip;]\" \/>\n<meta property=\"og:url\" content=\"https:\/\/ticsalutsocial.atoom.space\/es\/event\/tecnologia-immersiva-en-salut-i-atencio-social\/\" \/>\n<meta property=\"og:site_name\" content=\"Fundaci\u00f3 TIC Salut i Social\" \/>\n<meta property=\"article:modified_time\" content=\"2023-04-27T09:39:00+00:00\" \/>\n<meta property=\"og:image\" content=\"https:\/\/ticsalutsocial.atoom.space\/wp-content\/uploads\/2023\/04\/thumbnail_image001.jpg\" \/>\n\t<meta property=\"og:image:width\" content=\"480\" \/>\n\t<meta property=\"og:image:height\" content=\"480\" \/>\n\t<meta property=\"og:image:type\" content=\"image\/jpeg\" \/>\n<meta name=\"twitter:card\" content=\"summary_large_image\" \/>\n<meta name=\"twitter:label1\" content=\"Tiempo de lectura\" \/>\n\t<meta name=\"twitter:data1\" content=\"1 minuto\" \/>\n<script type=\"application\/ld+json\" class=\"yoast-schema-graph\">{\"@context\":\"https:\/\/schema.org\",\"@graph\":[{\"@type\":\"WebPage\",\"@id\":\"https:\/\/ticsalutsocial.atoom.space\/es\/event\/tecnologia-immersiva-en-salut-i-atencio-social\/\",\"url\":\"https:\/\/ticsalutsocial.atoom.space\/es\/event\/tecnologia-immersiva-en-salut-i-atencio-social\/\",\"name\":\"Tecnologia immersiva en salut i atenci\u00f3 social - Fundaci\u00f3 TIC Salut i Social\",\"isPartOf\":{\"@id\":\"https:\/\/ticsalutsocial.atoom.space\/es\/#website\"},\"primaryImageOfPage\":{\"@id\":\"https:\/\/ticsalutsocial.atoom.space\/es\/event\/tecnologia-immersiva-en-salut-i-atencio-social\/#primaryimage\"},\"image\":{\"@id\":\"https:\/\/ticsalutsocial.atoom.space\/es\/event\/tecnologia-immersiva-en-salut-i-atencio-social\/#primaryimage\"},\"thumbnailUrl\":\"https:\/\/ticsalutsocial.atoom.space\/wp-content\/uploads\/2023\/04\/thumbnail_image001.jpg\",\"datePublished\":\"2023-04-27T09:38:02+00:00\",\"dateModified\":\"2023-04-27T09:39:00+00:00\",\"breadcrumb\":{\"@id\":\"https:\/\/ticsalutsocial.atoom.space\/es\/event\/tecnologia-immersiva-en-salut-i-atencio-social\/#breadcrumb\"},\"inLanguage\":\"es\",\"potentialAction\":[{\"@type\":\"ReadAction\",\"target\":[\"https:\/\/ticsalutsocial.atoom.space\/es\/event\/tecnologia-immersiva-en-salut-i-atencio-social\/\"]}]},{\"@type\":\"ImageObject\",\"inLanguage\":\"es\",\"@id\":\"https:\/\/ticsalutsocial.atoom.space\/es\/event\/tecnologia-immersiva-en-salut-i-atencio-social\/#primaryimage\",\"url\":\"https:\/\/ticsalutsocial.atoom.space\/wp-content\/uploads\/2023\/04\/thumbnail_image001.jpg\",\"contentUrl\":\"https:\/\/ticsalutsocial.atoom.space\/wp-content\/uploads\/2023\/04\/thumbnail_image001.jpg\",\"width\":480,\"height\":480},{\"@type\":\"BreadcrumbList\",\"@id\":\"https:\/\/ticsalutsocial.atoom.space\/es\/event\/tecnologia-immersiva-en-salut-i-atencio-social\/#breadcrumb\",\"itemListElement\":[{\"@type\":\"ListItem\",\"position\":1,\"name\":\"Inici\",\"item\":\"https:\/\/ticsalutsocial.atoom.space\/es\/\"},{\"@type\":\"ListItem\",\"position\":2,\"name\":\"Tecnologia immersiva en salut i atenci\u00f3 social\"}]},{\"@type\":\"WebSite\",\"@id\":\"https:\/\/ticsalutsocial.atoom.space\/es\/#website\",\"url\":\"https:\/\/ticsalutsocial.atoom.space\/es\/\",\"name\":\"Fundaci\u00f3 TIC Salut i Social\",\"description\":\"\",\"potentialAction\":[{\"@type\":\"SearchAction\",\"target\":{\"@type\":\"EntryPoint\",\"urlTemplate\":\"https:\/\/ticsalutsocial.atoom.space\/es\/?s={search_term_string}\"},\"query-input\":{\"@type\":\"PropertyValueSpecification\",\"valueRequired\":true,\"valueName\":\"search_term_string\"}}],\"inLanguage\":\"es\"}]}<\/script>\n<!-- \/ Yoast SEO plugin. -->","yoast_head_json":{"title":"Tecnologia immersiva en salut i atenci\u00f3 social - Fundaci\u00f3 TIC Salut i Social","robots":{"index":"index","follow":"follow","max-snippet":"max-snippet:-1","max-image-preview":"max-image-preview:large","max-video-preview":"max-video-preview:-1"},"canonical":"https:\/\/ticsalutsocial.atoom.space\/es\/event\/tecnologia-immersiva-en-salut-i-atencio-social\/","og_locale":"es_ES","og_type":"article","og_title":"Tecnologia immersiva en salut i atenci\u00f3 social - Fundaci\u00f3 TIC Salut i Social","og_description":"L&#8217;empresa Broomx i Suara Cooperativa organitzen la jornada \u201cTecnologia immersiva en salut i atenci\u00f3 social\u201d, la qual\u00a0es celebrar\u00e0 el proper\u00a031 de maig de 2023\u00a0de 15h a 19h a la seu de\u00a0Suara Cooperativa a Barcelona\u00a0(C\/ de Sancho de \u00c1vila, 52, 1r, 08018 Barcelona). L\u2019objectiu \u00e9s donar a con\u00e8ixer projectes que utilitzen aquesta tecnologia com a eina [&hellip;]","og_url":"https:\/\/ticsalutsocial.atoom.space\/es\/event\/tecnologia-immersiva-en-salut-i-atencio-social\/","og_site_name":"Fundaci\u00f3 TIC Salut i Social","article_modified_time":"2023-04-27T09:39:00+00:00","og_image":[{"width":480,"height":480,"url":"https:\/\/ticsalutsocial.atoom.space\/wp-content\/uploads\/2023\/04\/thumbnail_image001.jpg","type":"image\/jpeg"}],"twitter_card":"summary_large_image","twitter_misc":{"Tiempo de lectura":"1 minuto"},"schema":{"@context":"https:\/\/schema.org","@graph":[{"@type":"WebPage","@id":"https:\/\/ticsalutsocial.atoom.space\/es\/event\/tecnologia-immersiva-en-salut-i-atencio-social\/","url":"https:\/\/ticsalutsocial.atoom.space\/es\/event\/tecnologia-immersiva-en-salut-i-atencio-social\/","name":"Tecnologia immersiva en salut i atenci\u00f3 social - Fundaci\u00f3 TIC Salut i Social","isPartOf":{"@id":"https:\/\/ticsalutsocial.atoom.space\/es\/#website"},"primaryImageOfPage":{"@id":"https:\/\/ticsalutsocial.atoom.space\/es\/event\/tecnologia-immersiva-en-salut-i-atencio-social\/#primaryimage"},"image":{"@id":"https:\/\/ticsalutsocial.atoom.space\/es\/event\/tecnologia-immersiva-en-salut-i-atencio-social\/#primaryimage"},"thumbnailUrl":"https:\/\/ticsalutsocial.atoom.space\/wp-content\/uploads\/2023\/04\/thumbnail_image001.jpg","datePublished":"2023-04-27T09:38:02+00:00","dateModified":"2023-04-27T09:39:00+00:00","breadcrumb":{"@id":"https:\/\/ticsalutsocial.atoom.space\/es\/event\/tecnologia-immersiva-en-salut-i-atencio-social\/#breadcrumb"},"inLanguage":"es","potentialAction":[{"@type":"ReadAction","target":["https:\/\/ticsalutsocial.atoom.space\/es\/event\/tecnologia-immersiva-en-salut-i-atencio-social\/"]}]},{"@type":"ImageObject","inLanguage":"es","@id":"https:\/\/ticsalutsocial.atoom.space\/es\/event\/tecnologia-immersiva-en-salut-i-atencio-social\/#primaryimage","url":"https:\/\/ticsalutsocial.atoom.space\/wp-content\/uploads\/2023\/04\/thumbnail_image001.jpg","contentUrl":"https:\/\/ticsalutsocial.atoom.space\/wp-content\/uploads\/2023\/04\/thumbnail_image001.jpg","width":480,"height":480},{"@type":"BreadcrumbList","@id":"https:\/\/ticsalutsocial.atoom.space\/es\/event\/tecnologia-immersiva-en-salut-i-atencio-social\/#breadcrumb","itemListElement":[{"@type":"ListItem","position":1,"name":"Inici","item":"https:\/\/ticsalutsocial.atoom.space\/es\/"},{"@type":"ListItem","position":2,"name":"Tecnologia immersiva en salut i atenci\u00f3 social"}]},{"@type":"WebSite","@id":"https:\/\/ticsalutsocial.atoom.space\/es\/#website","url":"https:\/\/ticsalutsocial.atoom.space\/es\/","name":"Fundaci\u00f3 TIC Salut i Social","description":"","potentialAction":[{"@type":"SearchAction","target":{"@type":"EntryPoint","urlTemplate":"https:\/\/ticsalutsocial.atoom.space\/es\/?s={search_term_string}"},"query-input":{"@type":"PropertyValueSpecification","valueRequired":true,"valueName":"search_term_string"}}],"inLanguage":"es"}]}},"_links":{"self":[{"href":"https:\/\/ticsalutsocial.atoom.space\/es\/wp-json\/wp\/v2\/event\/20866","targetHints":{"allow":["GET"]}}],"collection":[{"href":"https:\/\/ticsalutsocial.atoom.space\/es\/wp-json\/wp\/v2\/event"}],"about":[{"href":"https:\/\/ticsalutsocial.atoom.space\/es\/wp-json\/wp\/v2\/types\/event"}],"wp:featuredmedia":[{"embeddable":true,"href":"https:\/\/ticsalutsocial.atoom.space\/es\/wp-json\/wp\/v2\/media\/20864"}],"wp:attachment":[{"href":"https:\/\/ticsalutsocial.atoom.space\/es\/wp-json\/wp\/v2\/media?parent=20866"}],"wp:term":[{"taxonomy":"tipus","embeddable":true,"href":"https:\/\/ticsalutsocial.atoom.space\/es\/wp-json\/wp\/v2\/tipus?post=20866"},{"taxonomy":"topic","embeddable":true,"href":"https:\/\/ticsalutsocial.atoom.space\/es\/wp-json\/wp\/v2\/topic?post=20866"}],"curies":[{"name":"wp","href":"https:\/\/api.w.org\/{rel}","templated":true}]}}

Tecnologia immersiva en salut i atenció social

<p>L&#8217;empresa Broomx i Suara Cooperativa organitzen la jornada <strong>“Tecnologia immersiva en salut i atenció social”</strong>, la qual es celebrarà el proper <strong>31 de maig de 2023</strong> de 15h a 19h a la seu de <strong>Suara Cooperativa a Barcelona</strong> (C/ de Sancho de Ávila, 52, 1r, 08018 Barcelona). </p>



<p></p>



<p>L’objectiu és donar a conèixer projectes que utilitzen aquesta tecnologia com a eina terapèutica per millorar la salut i l&#8217;atenció de diferents col·lectius, i poder compartir coneixement i sinèrgies entre organitzacions sanitàries i de l’àmbit social que hi estan interessades. </p>



<p>Hi haurà presentacions de projectes de l’Hospital Vall d’Hebron, Hospital d’Olot, Parc Sanitari Sant Joan de Déu, Consorci Sanitari Terrassa o l’Instituto de Investigación Sanitaria de Aragón, entre d’altres, així com un espai de demostració de la tecnologia immersiva i un networking amb refrigeri. </p>

Suara Cooperativa a Barcelona (C/ de Sancho de Ávila, 52, 1r, 08018 Barcelona)

<!-- This site is optimized with the Yoast SEO plugin v27.1.1 - https://yoast.com/product/yoast-seo-wordpress/ -->
<title>Tecnologia immersiva en salut i atenció social - Fundació TIC Salut i Social</title>
<meta name="robots" content="index, follow, max-snippet:-1, max-image-preview:large, max-video-preview:-1" />
<link rel="canonical" href="https://ticsalutsocial.atoom.space/es/event/tecnologia-immersiva-en-salut-i-atencio-social/" />
<meta property="og:locale" content="es_ES" />
<meta property="og:type" content="article" />
<meta property="og:title" content="Tecnologia immersiva en salut i atenció social - Fundació TIC Salut i Social" />
<meta property="og:description" content="L&#8217;empresa Broomx i Suara Cooperativa organitzen la jornada “Tecnologia immersiva en salut i atenció social”, la qual es celebrarà el proper 31 de maig de 2023 de 15h a 19h a la seu de Suara Cooperativa a Barcelona (C/ de Sancho de Ávila, 52, 1r, 08018 Barcelona). L’objectiu és donar a conèixer projectes que utilitzen aquesta tecnologia com a eina [&hellip;]" />
<meta property="og:url" content="https://ticsalutsocial.atoom.space/es/event/tecnologia-immersiva-en-salut-i-atencio-social/" />
<meta property="og:site_name" content="Fundació TIC Salut i Social" />
<meta property="article:modified_time" content="2023-04-27T09:39:00+00:00" />
<meta property="og:image" content="https://ticsalutsocial.atoom.space/wp-content/uploads/2023/04/thumbnail_image001.jpg" />
	<meta property="og:image:width" content="480" />
	<meta property="og:image:height" content="480" />
	<meta property="og:image:type" content="image/jpeg" />
<meta name="twitter:card" content="summary_large_image" />
<meta name="twitter:label1" content="Tiempo de lectura" />
	<meta name="twitter:data1" content="1 minuto" />
<script type="application/ld+json" class="yoast-schema-graph">{"@context":"https://schema.org","@graph":[{"@type":"WebPage","@id":"https://ticsalutsocial.atoom.space/es/event/tecnologia-immersiva-en-salut-i-atencio-social/","url":"https://ticsalutsocial.atoom.space/es/event/tecnologia-immersiva-en-salut-i-atencio-social/","name":"Tecnologia immersiva en salut i atenció social - Fundació TIC Salut i Social","isPartOf":{"@id":"https://ticsalutsocial.atoom.space/es/#website"},"primaryImageOfPage":{"@id":"https://ticsalutsocial.atoom.space/es/event/tecnologia-immersiva-en-salut-i-atencio-social/#primaryimage"},"image":{"@id":"https://ticsalutsocial.atoom.space/es/event/tecnologia-immersiva-en-salut-i-atencio-social/#primaryimage"},"thumbnailUrl":"https://ticsalutsocial.atoom.space/wp-content/uploads/2023/04/thumbnail_image001.jpg","datePublished":"2023-04-27T09:38:02+00:00","dateModified":"2023-04-27T09:39:00+00:00","breadcrumb":{"@id":"https://ticsalutsocial.atoom.space/es/event/tecnologia-immersiva-en-salut-i-atencio-social/#breadcrumb"},"inLanguage":"es","potentialAction":[{"@type":"ReadAction","target":["https://ticsalutsocial.atoom.space/es/event/tecnologia-immersiva-en-salut-i-atencio-social/"]}]},{"@type":"ImageObject","inLanguage":"es","@id":"https://ticsalutsocial.atoom.space/es/event/tecnologia-immersiva-en-salut-i-atencio-social/#primaryimage","url":"https://ticsalutsocial.atoom.space/wp-content/uploads/2023/04/thumbnail_image001.jpg","contentUrl":"https://ticsalutsocial.atoom.space/wp-content/uploads/2023/04/thumbnail_image001.jpg","width":480,"height":480},{"@type":"BreadcrumbList","@id":"https://ticsalutsocial.atoom.space/es/event/tecnologia-immersiva-en-salut-i-atencio-social/#breadcrumb","itemListElement":[{"@type":"ListItem","position":1,"name":"Inici","item":"https://ticsalutsocial.atoom.space/es/"},{"@type":"ListItem","position":2,"name":"Tecnologia immersiva en salut i atenció social"}]},{"@type":"WebSite","@id":"https://ticsalutsocial.atoom.space/es/#website","url":"https://ticsalutsocial.atoom.space/es/","name":"Fundació TIC Salut i Social","description":"","potentialAction":[{"@type":"SearchAction","target":{"@type":"EntryPoint","urlTemplate":"https://ticsalutsocial.atoom.space/es/?s={search_term_string}"},"query-input":{"@type":"PropertyValueSpecification","valueRequired":true,"valueName":"search_term_string"}}],"inLanguage":"es"}]}</script>
<!-- / Yoast SEO plugin. -->

Tecnologia immersiva en salut i atenció social - Fundació TIC Salut i Social

L&#8217;empresa Broomx i Suara Cooperativa organitzen la jornada “Tecnologia immersiva en salut i atenció social”, la qual es celebrarà el proper 31 de maig de 2023 de 15h a 19h a la seu de Suara Cooperativa a Barcelona (C/ de Sancho de Ávila, 52, 1r, 08018 Barcelona). L’objectiu és donar a conèixer projectes que utilitzen aquesta tecnologia com a eina [&hellip;]

Fundació TIC Salut i Social
