
{"id":20910,"date":"2023-05-02T15:09:24","date_gmt":"2023-05-02T13:09:24","guid":{"rendered":"https:\/\/ticsalutsocial.atoom.space\/event\/com-treure-avantatge-competitiu-de-la-proteccio-de-dades-des-del-disseny-i-per-defecte\/"},"modified":"2023-05-03T09:27:34","modified_gmt":"2023-05-03T07:27:34","slug":"com-treure-avantatge-competitiu-de-la-proteccio-de-dades-des-del-disseny-i-per-defecte","status":"publish","type":"event","link":"https:\/\/ticsalutsocial.atoom.space\/es\/event\/com-treure-avantatge-competitiu-de-la-proteccio-de-dades-des-del-disseny-i-per-defecte\/","title":{"rendered":"\u2018C\u00f3mo sacar ventaja competitiva de la protecci\u00f3n de datos desde el dise\u00f1o y por defecto\u2019"},"content":{"rendered":"<p>La Agencia Catalana de Protecci\u00f3n de Datos organiza el pr\u00f3ximo <strong>4 de mayo<\/strong> la sesi\u00f3n <strong><em>C\u00f3mo sacar ventaja competitiva de la protecci\u00f3n de datos desde el dise\u00f1o y por defecto<\/em><\/strong> en la Escuela de Administraci\u00f3n P\u00fablica de Catalunya.<\/p>\n<p>&nbsp;<\/p>\n<p><strong>PROGRAMA<\/strong><\/p>\n<p><strong>9:30 Bienvenida<\/strong><\/p>\n<ul>\n<li>Meritxell Borr\u00e0s i Sol\u00e9 Directora de la Autoridad Catalana de Protecci\u00f3n de Datos.<\/li>\n<\/ul>\n<p><strong>9.45 Presentaci\u00f3n de la gu\u00eda \u201cLa privacidad desde el dise\u00f1o y la privacidad por defecto. Gu\u00eda para desarrolladores\u201d<\/strong><\/p>\n<ul>\n<li>Albert Serra, Coordinador de Tecnolog\u00eda y Seguridad de la Informaci\u00f3n de la APDCAT<\/li>\n<\/ul>\n<p><strong>10.00 Ponencia \u201cLa privacidad en manos del \u00abc\u00f3digo fuente\u00bb. Buenas y malas pr\u00e1cticas\u201d<\/strong><\/p>\n<ul>\n<li>Gen\u00eds Margarit Ingeniero de telecomunicaciones experto en ciberseguridad.<\/li>\n<\/ul>\n<p><strong>11.00 Pausa<\/strong><\/p>\n<p><strong>11.30 Mesa redonda: \u00abC\u00f3mo incorporar la privacidad desde el dise\u00f1o en una organizaci\u00f3n\u00bb<\/strong><\/p>\n<p><strong>Modera:<\/strong><\/p>\n<ul>\n<li>Josep Puy, CEO de Data Risk.<\/li>\n<\/ul>\n<p><strong>Participantes:<\/strong><\/p>\n<ul>\n<li>Rosa Parrilla, Delegada de protecci\u00f3n de datos del Departamento de Educaci\u00f3n Aida Mariscal Experta en protecci\u00f3n de datos en la Asesor\u00eda Jur\u00eddica en el CTTI.<\/li>\n<li>Carme Pratdepadua y Bufill, Responsable de la Oficina mHealth.cat de la Fundaci\u00f3n TIC Salud Social.<\/li>\n<li>Josep Maria Cabas\u00e9s, Gestor de soluciones del \u00c1rea TIC del Departamento de Derechos Sociales, CTTI.<\/li>\n<li>Xavier Urios Jefe de la Asesor\u00eda Jur\u00eddica de la APDCAT.<\/li>\n<\/ul>\n<p><strong>13.00 Clausura<\/strong><\/p>\n","protected":false},"featured_media":0,"menu_order":0,"template":"","meta":{"_acf_changed":false,"inline_featured_image":false},"tipus":[106,654],"topic":[],"class_list":["post-20910","event","type-event","status-publish","hentry","tipus-dpd-salud","tipus-activos-digitales"],"acf":{"informacio":{"ubicacio":"Escola d\u2019Administraci\u00f3 P\u00fablica de Catalunya (C\/ Girona, 20)","data":"04\/05\/2023","hora":"9:30","preu":"Gratu\u00eft pr\u00e8via inscripci\u00f3","inscripcions":"mailto:jornades.apdcat@gencat.cat"},"programa":{"titol":"","items":false},"documents":false},"yoast_head":"<!-- This site is optimized with the Yoast SEO plugin v27.1.1 - https:\/\/yoast.com\/product\/yoast-seo-wordpress\/ -->\n<title>\u2018C\u00f3mo sacar ventaja competitiva de la protecci\u00f3n de datos desde el dise\u00f1o y por defecto\u2019 - Fundaci\u00f3 TIC Salut i Social<\/title>\n<meta name=\"robots\" content=\"index, follow, max-snippet:-1, max-image-preview:large, max-video-preview:-1\" \/>\n<link rel=\"canonical\" href=\"https:\/\/ticsalutsocial.atoom.space\/es\/event\/com-treure-avantatge-competitiu-de-la-proteccio-de-dades-des-del-disseny-i-per-defecte\/\" \/>\n<meta property=\"og:locale\" content=\"es_ES\" \/>\n<meta property=\"og:type\" content=\"article\" \/>\n<meta property=\"og:title\" content=\"\u2018C\u00f3mo sacar ventaja competitiva de la protecci\u00f3n de datos desde el dise\u00f1o y por defecto\u2019 - Fundaci\u00f3 TIC Salut i Social\" \/>\n<meta property=\"og:description\" content=\"La Agencia Catalana de Protecci\u00f3n de Datos organiza el pr\u00f3ximo 4 de mayo la sesi\u00f3n C\u00f3mo sacar ventaja competitiva de la protecci\u00f3n de datos desde el dise\u00f1o y por defecto en la Escuela de Administraci\u00f3n P\u00fablica de Catalunya. &nbsp; PROGRAMA 9:30 Bienvenida Meritxell Borr\u00e0s i Sol\u00e9 Directora de la Autoridad Catalana de Protecci\u00f3n de Datos. [&hellip;]\" \/>\n<meta property=\"og:url\" content=\"https:\/\/ticsalutsocial.atoom.space\/es\/event\/com-treure-avantatge-competitiu-de-la-proteccio-de-dades-des-del-disseny-i-per-defecte\/\" \/>\n<meta property=\"og:site_name\" content=\"Fundaci\u00f3 TIC Salut i Social\" \/>\n<meta property=\"article:modified_time\" content=\"2023-05-03T07:27:34+00:00\" \/>\n<meta name=\"twitter:card\" content=\"summary_large_image\" \/>\n<meta name=\"twitter:label1\" content=\"Tiempo de lectura\" \/>\n\t<meta name=\"twitter:data1\" content=\"1 minuto\" \/>\n<script type=\"application\/ld+json\" class=\"yoast-schema-graph\">{\"@context\":\"https:\/\/schema.org\",\"@graph\":[{\"@type\":\"WebPage\",\"@id\":\"https:\/\/ticsalutsocial.atoom.space\/es\/event\/com-treure-avantatge-competitiu-de-la-proteccio-de-dades-des-del-disseny-i-per-defecte\/\",\"url\":\"https:\/\/ticsalutsocial.atoom.space\/es\/event\/com-treure-avantatge-competitiu-de-la-proteccio-de-dades-des-del-disseny-i-per-defecte\/\",\"name\":\"\u2018C\u00f3mo sacar ventaja competitiva de la protecci\u00f3n de datos desde el dise\u00f1o y por defecto\u2019 - Fundaci\u00f3 TIC Salut i Social\",\"isPartOf\":{\"@id\":\"https:\/\/ticsalutsocial.atoom.space\/es\/#website\"},\"datePublished\":\"2023-05-02T13:09:24+00:00\",\"dateModified\":\"2023-05-03T07:27:34+00:00\",\"breadcrumb\":{\"@id\":\"https:\/\/ticsalutsocial.atoom.space\/es\/event\/com-treure-avantatge-competitiu-de-la-proteccio-de-dades-des-del-disseny-i-per-defecte\/#breadcrumb\"},\"inLanguage\":\"es\",\"potentialAction\":[{\"@type\":\"ReadAction\",\"target\":[\"https:\/\/ticsalutsocial.atoom.space\/es\/event\/com-treure-avantatge-competitiu-de-la-proteccio-de-dades-des-del-disseny-i-per-defecte\/\"]}]},{\"@type\":\"BreadcrumbList\",\"@id\":\"https:\/\/ticsalutsocial.atoom.space\/es\/event\/com-treure-avantatge-competitiu-de-la-proteccio-de-dades-des-del-disseny-i-per-defecte\/#breadcrumb\",\"itemListElement\":[{\"@type\":\"ListItem\",\"position\":1,\"name\":\"Inici\",\"item\":\"https:\/\/ticsalutsocial.atoom.space\/es\/\"},{\"@type\":\"ListItem\",\"position\":2,\"name\":\"\u2018C\u00f3mo sacar ventaja competitiva de la protecci\u00f3n de datos desde el dise\u00f1o y por defecto\u2019\"}]},{\"@type\":\"WebSite\",\"@id\":\"https:\/\/ticsalutsocial.atoom.space\/es\/#website\",\"url\":\"https:\/\/ticsalutsocial.atoom.space\/es\/\",\"name\":\"Fundaci\u00f3 TIC Salut i Social\",\"description\":\"\",\"potentialAction\":[{\"@type\":\"SearchAction\",\"target\":{\"@type\":\"EntryPoint\",\"urlTemplate\":\"https:\/\/ticsalutsocial.atoom.space\/es\/?s={search_term_string}\"},\"query-input\":{\"@type\":\"PropertyValueSpecification\",\"valueRequired\":true,\"valueName\":\"search_term_string\"}}],\"inLanguage\":\"es\"}]}<\/script>\n<!-- \/ Yoast SEO plugin. -->","yoast_head_json":{"title":"\u2018C\u00f3mo sacar ventaja competitiva de la protecci\u00f3n de datos desde el dise\u00f1o y por defecto\u2019 - Fundaci\u00f3 TIC Salut i Social","robots":{"index":"index","follow":"follow","max-snippet":"max-snippet:-1","max-image-preview":"max-image-preview:large","max-video-preview":"max-video-preview:-1"},"canonical":"https:\/\/ticsalutsocial.atoom.space\/es\/event\/com-treure-avantatge-competitiu-de-la-proteccio-de-dades-des-del-disseny-i-per-defecte\/","og_locale":"es_ES","og_type":"article","og_title":"\u2018C\u00f3mo sacar ventaja competitiva de la protecci\u00f3n de datos desde el dise\u00f1o y por defecto\u2019 - Fundaci\u00f3 TIC Salut i Social","og_description":"La Agencia Catalana de Protecci\u00f3n de Datos organiza el pr\u00f3ximo 4 de mayo la sesi\u00f3n C\u00f3mo sacar ventaja competitiva de la protecci\u00f3n de datos desde el dise\u00f1o y por defecto en la Escuela de Administraci\u00f3n P\u00fablica de Catalunya. &nbsp; PROGRAMA 9:30 Bienvenida Meritxell Borr\u00e0s i Sol\u00e9 Directora de la Autoridad Catalana de Protecci\u00f3n de Datos. [&hellip;]","og_url":"https:\/\/ticsalutsocial.atoom.space\/es\/event\/com-treure-avantatge-competitiu-de-la-proteccio-de-dades-des-del-disseny-i-per-defecte\/","og_site_name":"Fundaci\u00f3 TIC Salut i Social","article_modified_time":"2023-05-03T07:27:34+00:00","twitter_card":"summary_large_image","twitter_misc":{"Tiempo de lectura":"1 minuto"},"schema":{"@context":"https:\/\/schema.org","@graph":[{"@type":"WebPage","@id":"https:\/\/ticsalutsocial.atoom.space\/es\/event\/com-treure-avantatge-competitiu-de-la-proteccio-de-dades-des-del-disseny-i-per-defecte\/","url":"https:\/\/ticsalutsocial.atoom.space\/es\/event\/com-treure-avantatge-competitiu-de-la-proteccio-de-dades-des-del-disseny-i-per-defecte\/","name":"\u2018C\u00f3mo sacar ventaja competitiva de la protecci\u00f3n de datos desde el dise\u00f1o y por defecto\u2019 - Fundaci\u00f3 TIC Salut i Social","isPartOf":{"@id":"https:\/\/ticsalutsocial.atoom.space\/es\/#website"},"datePublished":"2023-05-02T13:09:24+00:00","dateModified":"2023-05-03T07:27:34+00:00","breadcrumb":{"@id":"https:\/\/ticsalutsocial.atoom.space\/es\/event\/com-treure-avantatge-competitiu-de-la-proteccio-de-dades-des-del-disseny-i-per-defecte\/#breadcrumb"},"inLanguage":"es","potentialAction":[{"@type":"ReadAction","target":["https:\/\/ticsalutsocial.atoom.space\/es\/event\/com-treure-avantatge-competitiu-de-la-proteccio-de-dades-des-del-disseny-i-per-defecte\/"]}]},{"@type":"BreadcrumbList","@id":"https:\/\/ticsalutsocial.atoom.space\/es\/event\/com-treure-avantatge-competitiu-de-la-proteccio-de-dades-des-del-disseny-i-per-defecte\/#breadcrumb","itemListElement":[{"@type":"ListItem","position":1,"name":"Inici","item":"https:\/\/ticsalutsocial.atoom.space\/es\/"},{"@type":"ListItem","position":2,"name":"\u2018C\u00f3mo sacar ventaja competitiva de la protecci\u00f3n de datos desde el dise\u00f1o y por defecto\u2019"}]},{"@type":"WebSite","@id":"https:\/\/ticsalutsocial.atoom.space\/es\/#website","url":"https:\/\/ticsalutsocial.atoom.space\/es\/","name":"Fundaci\u00f3 TIC Salut i Social","description":"","potentialAction":[{"@type":"SearchAction","target":{"@type":"EntryPoint","urlTemplate":"https:\/\/ticsalutsocial.atoom.space\/es\/?s={search_term_string}"},"query-input":{"@type":"PropertyValueSpecification","valueRequired":true,"valueName":"search_term_string"}}],"inLanguage":"es"}]}},"_links":{"self":[{"href":"https:\/\/ticsalutsocial.atoom.space\/es\/wp-json\/wp\/v2\/event\/20910","targetHints":{"allow":["GET"]}}],"collection":[{"href":"https:\/\/ticsalutsocial.atoom.space\/es\/wp-json\/wp\/v2\/event"}],"about":[{"href":"https:\/\/ticsalutsocial.atoom.space\/es\/wp-json\/wp\/v2\/types\/event"}],"wp:attachment":[{"href":"https:\/\/ticsalutsocial.atoom.space\/es\/wp-json\/wp\/v2\/media?parent=20910"}],"wp:term":[{"taxonomy":"tipus","embeddable":true,"href":"https:\/\/ticsalutsocial.atoom.space\/es\/wp-json\/wp\/v2\/tipus?post=20910"},{"taxonomy":"topic","embeddable":true,"href":"https:\/\/ticsalutsocial.atoom.space\/es\/wp-json\/wp\/v2\/topic?post=20910"}],"curies":[{"name":"wp","href":"https:\/\/api.w.org\/{rel}","templated":true}]}}

‘Cómo sacar ventaja competitiva de la protección de datos desde el diseño y por defecto’

<p>La Agencia Catalana de Protección de Datos organiza el próximo <strong>4 de mayo</strong> la sesión <strong><em>Cómo sacar ventaja competitiva de la protección de datos desde el diseño y por defecto</em></strong> en la Escuela de Administración Pública de Catalunya.</p>
<p>&nbsp;</p>
<p><strong>PROGRAMA</strong></p>
<p><strong>9:30 Bienvenida</strong></p>
<ul>
<li>Meritxell Borràs i Solé Directora de la Autoridad Catalana de Protección de Datos.</li>
</ul>
<p><strong>9.45 Presentación de la guía “La privacidad desde el diseño y la privacidad por defecto. Guía para desarrolladores”</strong></p>
<ul>
<li>Albert Serra, Coordinador de Tecnología y Seguridad de la Información de la APDCAT</li>
</ul>
<p><strong>10.00 Ponencia “La privacidad en manos del «código fuente». Buenas y malas prácticas”</strong></p>
<ul>
<li>Genís Margarit Ingeniero de telecomunicaciones experto en ciberseguridad.</li>
</ul>
<p><strong>11.00 Pausa</strong></p>
<p><strong>11.30 Mesa redonda: «Cómo incorporar la privacidad desde el diseño en una organización»</strong></p>
<p><strong>Modera:</strong></p>
<ul>
<li>Josep Puy, CEO de Data Risk.</li>
</ul>
<p><strong>Participantes:</strong></p>
<ul>
<li>Rosa Parrilla, Delegada de protección de datos del Departamento de Educación Aida Mariscal Experta en protección de datos en la Asesoría Jurídica en el CTTI.</li>
<li>Carme Pratdepadua y Bufill, Responsable de la Oficina mHealth.cat de la Fundación TIC Salud Social.</li>
<li>Josep Maria Cabasés, Gestor de soluciones del Área TIC del Departamento de Derechos Sociales, CTTI.</li>
<li>Xavier Urios Jefe de la Asesoría Jurídica de la APDCAT.</li>
</ul>
<p><strong>13.00 Clausura</strong></p>

Escola d’Administració Pública de Catalunya (C/ Girona, 20)

Gratuït prèvia inscripció

<!-- This site is optimized with the Yoast SEO plugin v27.1.1 - https://yoast.com/product/yoast-seo-wordpress/ -->
<title>‘Cómo sacar ventaja competitiva de la protección de datos desde el diseño y por defecto’ - Fundació TIC Salut i Social</title>
<meta name="robots" content="index, follow, max-snippet:-1, max-image-preview:large, max-video-preview:-1" />
<link rel="canonical" href="https://ticsalutsocial.atoom.space/es/event/com-treure-avantatge-competitiu-de-la-proteccio-de-dades-des-del-disseny-i-per-defecte/" />
<meta property="og:locale" content="es_ES" />
<meta property="og:type" content="article" />
<meta property="og:title" content="‘Cómo sacar ventaja competitiva de la protección de datos desde el diseño y por defecto’ - Fundació TIC Salut i Social" />
<meta property="og:description" content="La Agencia Catalana de Protección de Datos organiza el próximo 4 de mayo la sesión Cómo sacar ventaja competitiva de la protección de datos desde el diseño y por defecto en la Escuela de Administración Pública de Catalunya. &nbsp; PROGRAMA 9:30 Bienvenida Meritxell Borràs i Solé Directora de la Autoridad Catalana de Protección de Datos. [&hellip;]" />
<meta property="og:url" content="https://ticsalutsocial.atoom.space/es/event/com-treure-avantatge-competitiu-de-la-proteccio-de-dades-des-del-disseny-i-per-defecte/" />
<meta property="og:site_name" content="Fundació TIC Salut i Social" />
<meta property="article:modified_time" content="2023-05-03T07:27:34+00:00" />
<meta name="twitter:card" content="summary_large_image" />
<meta name="twitter:label1" content="Tiempo de lectura" />
	<meta name="twitter:data1" content="1 minuto" />
<script type="application/ld+json" class="yoast-schema-graph">{"@context":"https://schema.org","@graph":[{"@type":"WebPage","@id":"https://ticsalutsocial.atoom.space/es/event/com-treure-avantatge-competitiu-de-la-proteccio-de-dades-des-del-disseny-i-per-defecte/","url":"https://ticsalutsocial.atoom.space/es/event/com-treure-avantatge-competitiu-de-la-proteccio-de-dades-des-del-disseny-i-per-defecte/","name":"‘Cómo sacar ventaja competitiva de la protección de datos desde el diseño y por defecto’ - Fundació TIC Salut i Social","isPartOf":{"@id":"https://ticsalutsocial.atoom.space/es/#website"},"datePublished":"2023-05-02T13:09:24+00:00","dateModified":"2023-05-03T07:27:34+00:00","breadcrumb":{"@id":"https://ticsalutsocial.atoom.space/es/event/com-treure-avantatge-competitiu-de-la-proteccio-de-dades-des-del-disseny-i-per-defecte/#breadcrumb"},"inLanguage":"es","potentialAction":[{"@type":"ReadAction","target":["https://ticsalutsocial.atoom.space/es/event/com-treure-avantatge-competitiu-de-la-proteccio-de-dades-des-del-disseny-i-per-defecte/"]}]},{"@type":"BreadcrumbList","@id":"https://ticsalutsocial.atoom.space/es/event/com-treure-avantatge-competitiu-de-la-proteccio-de-dades-des-del-disseny-i-per-defecte/#breadcrumb","itemListElement":[{"@type":"ListItem","position":1,"name":"Inici","item":"https://ticsalutsocial.atoom.space/es/"},{"@type":"ListItem","position":2,"name":"‘Cómo sacar ventaja competitiva de la protección de datos desde el diseño y por defecto’"}]},{"@type":"WebSite","@id":"https://ticsalutsocial.atoom.space/es/#website","url":"https://ticsalutsocial.atoom.space/es/","name":"Fundació TIC Salut i Social","description":"","potentialAction":[{"@type":"SearchAction","target":{"@type":"EntryPoint","urlTemplate":"https://ticsalutsocial.atoom.space/es/?s={search_term_string}"},"query-input":{"@type":"PropertyValueSpecification","valueRequired":true,"valueName":"search_term_string"}}],"inLanguage":"es"}]}</script>
<!-- / Yoast SEO plugin. -->

‘Cómo sacar ventaja competitiva de la protección de datos desde el diseño y por defecto’ - Fundació TIC Salut i Social

La Agencia Catalana de Protección de Datos organiza el próximo 4 de mayo la sesión Cómo sacar ventaja competitiva de la protección de datos desde el diseño y por defecto en la Escuela de Administración Pública de Catalunya. &nbsp; PROGRAMA 9:30 Bienvenida Meritxell Borràs i Solé Directora de la Autoridad Catalana de Protección de Datos. [&hellip;]

Fundació TIC Salut i Social
