
{"id":21154,"date":"2023-05-19T10:16:53","date_gmt":"2023-05-19T08:16:53","guid":{"rendered":"https:\/\/ticsalutsocial.atoom.space\/?post_type=event&#038;p=21154"},"modified":"2023-07-17T12:39:56","modified_gmt":"2023-07-17T10:39:56","slug":"biospain-2023","status":"publish","type":"event","link":"https:\/\/ticsalutsocial.atoom.space\/es\/event\/biospain-2023\/","title":{"rendered":"BIOSPAIN\u00a02023"},"content":{"rendered":"\n<p>BIOSPAIN \u00e9s l&#8217;esdeveniment biotecnol\u00f2gic m\u00e9s gran organitzat per una associaci\u00f3 nacional de bioind\u00fastria a Europa i un dels m\u00e9s grans del m\u00f3n pel nombre de reunions individuals i empreses participants. El 34% dels nostres delegats provenien de fora d&#8217;Espanya.<\/p>\n\n\n\n<p>Enguany, BIOSPAIN torna a Barcelona, el principal cl\u00faster biotecnol\u00f2gic d&#8217;Espanya i una de les ciutats m\u00e9s din\u00e0miques del m\u00f3n.<\/p>\n\n\n\n<p>L&#8217;acte tindr\u00e0 lloc al Pavell\u00f3 1 \u2013 Fira de Barcelona \u2013 Montju\u00efc. Es troba en una ubicaci\u00f3 excel\u00b7lent al centre de la ciutat, f\u00e0cilment accessible des de l&#8217;aeroport i ben comunicat amb la xarxa de transport p\u00fablic. Es troba al Parc de Montju\u00efc, una zona d&#8217;inter\u00e8s cultural i hist\u00f2ric gr\u00e0cies als seus museus i teatres i tamb\u00e9 compta amb alguns dels principals atractius tur\u00edstics de Barcelona.<\/p>\n\n\n\n<p>Consulta el programa <a href=\"https:\/\/biospain2023.org\/program\/#program\" target=\"_blank\" rel=\"noreferrer noopener\">aqu\u00ed<\/a>.<\/p>\n\n\n\n<p>La <a href=\"https:\/\/biospain2023.org\/partnering\/#\" target=\"_blank\" rel=\"noreferrer noopener\">inscripci\u00f3 per al partnering<\/a> s&#8217;obrir\u00e0 el dilluns 17 de juliol. Els delegats registrats poden comen\u00e7ar a configurar el seu perfil d&#8217;empresa, actualitzar la disponibilitat del seu calendari i comen\u00e7ar a sol\u00b7licitar i acceptar reunions. Les reunions de partnering tindran lloc, en estands individuals de partnering, a la seu del congr\u00e9s a Barcelona, del 26 al 28 de setembre de 2023.<\/p>\n","protected":false},"featured_media":21152,"menu_order":0,"template":"","meta":{"_acf_changed":false,"inline_featured_image":false},"tipus":[],"topic":[],"class_list":["post-21154","event","type-event","status-publish","has-post-thumbnail","hentry"],"acf":{"imatge":21152,"informacio":{"ubicacio":"Fira de Barcelona, Montju\u00efc","data":"26\/09\/2023","hora":"","preu":"","inscripcions":"https:\/\/biospain2023.org\/attend\/"},"programa":{"titol":"","items":false}},"yoast_head":"<!-- This site is optimized with the Yoast SEO plugin v27.1.1 - https:\/\/yoast.com\/product\/yoast-seo-wordpress\/ -->\n<title>BIOSPAIN\u00a02023 - Fundaci\u00f3 TIC Salut i Social<\/title>\n<meta name=\"robots\" content=\"index, follow, max-snippet:-1, max-image-preview:large, max-video-preview:-1\" \/>\n<link rel=\"canonical\" href=\"https:\/\/ticsalutsocial.atoom.space\/es\/event\/biospain-2023\/\" \/>\n<meta property=\"og:locale\" content=\"es_ES\" \/>\n<meta property=\"og:type\" content=\"article\" \/>\n<meta property=\"og:title\" content=\"BIOSPAIN\u00a02023 - Fundaci\u00f3 TIC Salut i Social\" \/>\n<meta property=\"og:description\" content=\"BIOSPAIN \u00e9s l&#8217;esdeveniment biotecnol\u00f2gic m\u00e9s gran organitzat per una associaci\u00f3 nacional de bioind\u00fastria a Europa i un dels m\u00e9s grans del m\u00f3n pel nombre de reunions individuals i empreses participants. El 34% dels nostres delegats provenien de fora d&#8217;Espanya. Enguany, BIOSPAIN torna a Barcelona, el principal cl\u00faster biotecnol\u00f2gic d&#8217;Espanya i una de les ciutats m\u00e9s [&hellip;]\" \/>\n<meta property=\"og:url\" content=\"https:\/\/ticsalutsocial.atoom.space\/es\/event\/biospain-2023\/\" \/>\n<meta property=\"og:site_name\" content=\"Fundaci\u00f3 TIC Salut i Social\" \/>\n<meta property=\"article:modified_time\" content=\"2023-07-17T10:39:56+00:00\" \/>\n<meta property=\"og:image\" content=\"https:\/\/ticsalutsocial.atoom.space\/wp-content\/uploads\/2023\/05\/Captura.png\" \/>\n\t<meta property=\"og:image:width\" content=\"1656\" \/>\n\t<meta property=\"og:image:height\" content=\"690\" \/>\n\t<meta property=\"og:image:type\" content=\"image\/png\" \/>\n<meta name=\"twitter:card\" content=\"summary_large_image\" \/>\n<meta name=\"twitter:label1\" content=\"Tiempo de lectura\" \/>\n\t<meta name=\"twitter:data1\" content=\"1 minuto\" \/>\n<script type=\"application\/ld+json\" class=\"yoast-schema-graph\">{\"@context\":\"https:\/\/schema.org\",\"@graph\":[{\"@type\":\"WebPage\",\"@id\":\"https:\/\/ticsalutsocial.atoom.space\/es\/event\/biospain-2023\/\",\"url\":\"https:\/\/ticsalutsocial.atoom.space\/es\/event\/biospain-2023\/\",\"name\":\"BIOSPAIN\u00a02023 - Fundaci\u00f3 TIC Salut i Social\",\"isPartOf\":{\"@id\":\"https:\/\/ticsalutsocial.atoom.space\/es\/#website\"},\"primaryImageOfPage\":{\"@id\":\"https:\/\/ticsalutsocial.atoom.space\/es\/event\/biospain-2023\/#primaryimage\"},\"image\":{\"@id\":\"https:\/\/ticsalutsocial.atoom.space\/es\/event\/biospain-2023\/#primaryimage\"},\"thumbnailUrl\":\"https:\/\/ticsalutsocial.atoom.space\/wp-content\/uploads\/2023\/05\/Captura.png\",\"datePublished\":\"2023-05-19T08:16:53+00:00\",\"dateModified\":\"2023-07-17T10:39:56+00:00\",\"breadcrumb\":{\"@id\":\"https:\/\/ticsalutsocial.atoom.space\/es\/event\/biospain-2023\/#breadcrumb\"},\"inLanguage\":\"es\",\"potentialAction\":[{\"@type\":\"ReadAction\",\"target\":[\"https:\/\/ticsalutsocial.atoom.space\/es\/event\/biospain-2023\/\"]}]},{\"@type\":\"ImageObject\",\"inLanguage\":\"es\",\"@id\":\"https:\/\/ticsalutsocial.atoom.space\/es\/event\/biospain-2023\/#primaryimage\",\"url\":\"https:\/\/ticsalutsocial.atoom.space\/wp-content\/uploads\/2023\/05\/Captura.png\",\"contentUrl\":\"https:\/\/ticsalutsocial.atoom.space\/wp-content\/uploads\/2023\/05\/Captura.png\",\"width\":1656,\"height\":690},{\"@type\":\"BreadcrumbList\",\"@id\":\"https:\/\/ticsalutsocial.atoom.space\/es\/event\/biospain-2023\/#breadcrumb\",\"itemListElement\":[{\"@type\":\"ListItem\",\"position\":1,\"name\":\"Inici\",\"item\":\"https:\/\/ticsalutsocial.atoom.space\/es\/\"},{\"@type\":\"ListItem\",\"position\":2,\"name\":\"BIOSPAIN\u00a02023\"}]},{\"@type\":\"WebSite\",\"@id\":\"https:\/\/ticsalutsocial.atoom.space\/es\/#website\",\"url\":\"https:\/\/ticsalutsocial.atoom.space\/es\/\",\"name\":\"Fundaci\u00f3 TIC Salut i Social\",\"description\":\"\",\"potentialAction\":[{\"@type\":\"SearchAction\",\"target\":{\"@type\":\"EntryPoint\",\"urlTemplate\":\"https:\/\/ticsalutsocial.atoom.space\/es\/?s={search_term_string}\"},\"query-input\":{\"@type\":\"PropertyValueSpecification\",\"valueRequired\":true,\"valueName\":\"search_term_string\"}}],\"inLanguage\":\"es\"}]}<\/script>\n<!-- \/ Yoast SEO plugin. -->","yoast_head_json":{"title":"BIOSPAIN\u00a02023 - Fundaci\u00f3 TIC Salut i Social","robots":{"index":"index","follow":"follow","max-snippet":"max-snippet:-1","max-image-preview":"max-image-preview:large","max-video-preview":"max-video-preview:-1"},"canonical":"https:\/\/ticsalutsocial.atoom.space\/es\/event\/biospain-2023\/","og_locale":"es_ES","og_type":"article","og_title":"BIOSPAIN\u00a02023 - Fundaci\u00f3 TIC Salut i Social","og_description":"BIOSPAIN \u00e9s l&#8217;esdeveniment biotecnol\u00f2gic m\u00e9s gran organitzat per una associaci\u00f3 nacional de bioind\u00fastria a Europa i un dels m\u00e9s grans del m\u00f3n pel nombre de reunions individuals i empreses participants. El 34% dels nostres delegats provenien de fora d&#8217;Espanya. Enguany, BIOSPAIN torna a Barcelona, el principal cl\u00faster biotecnol\u00f2gic d&#8217;Espanya i una de les ciutats m\u00e9s [&hellip;]","og_url":"https:\/\/ticsalutsocial.atoom.space\/es\/event\/biospain-2023\/","og_site_name":"Fundaci\u00f3 TIC Salut i Social","article_modified_time":"2023-07-17T10:39:56+00:00","og_image":[{"width":1656,"height":690,"url":"https:\/\/ticsalutsocial.atoom.space\/wp-content\/uploads\/2023\/05\/Captura.png","type":"image\/png"}],"twitter_card":"summary_large_image","twitter_misc":{"Tiempo de lectura":"1 minuto"},"schema":{"@context":"https:\/\/schema.org","@graph":[{"@type":"WebPage","@id":"https:\/\/ticsalutsocial.atoom.space\/es\/event\/biospain-2023\/","url":"https:\/\/ticsalutsocial.atoom.space\/es\/event\/biospain-2023\/","name":"BIOSPAIN\u00a02023 - Fundaci\u00f3 TIC Salut i Social","isPartOf":{"@id":"https:\/\/ticsalutsocial.atoom.space\/es\/#website"},"primaryImageOfPage":{"@id":"https:\/\/ticsalutsocial.atoom.space\/es\/event\/biospain-2023\/#primaryimage"},"image":{"@id":"https:\/\/ticsalutsocial.atoom.space\/es\/event\/biospain-2023\/#primaryimage"},"thumbnailUrl":"https:\/\/ticsalutsocial.atoom.space\/wp-content\/uploads\/2023\/05\/Captura.png","datePublished":"2023-05-19T08:16:53+00:00","dateModified":"2023-07-17T10:39:56+00:00","breadcrumb":{"@id":"https:\/\/ticsalutsocial.atoom.space\/es\/event\/biospain-2023\/#breadcrumb"},"inLanguage":"es","potentialAction":[{"@type":"ReadAction","target":["https:\/\/ticsalutsocial.atoom.space\/es\/event\/biospain-2023\/"]}]},{"@type":"ImageObject","inLanguage":"es","@id":"https:\/\/ticsalutsocial.atoom.space\/es\/event\/biospain-2023\/#primaryimage","url":"https:\/\/ticsalutsocial.atoom.space\/wp-content\/uploads\/2023\/05\/Captura.png","contentUrl":"https:\/\/ticsalutsocial.atoom.space\/wp-content\/uploads\/2023\/05\/Captura.png","width":1656,"height":690},{"@type":"BreadcrumbList","@id":"https:\/\/ticsalutsocial.atoom.space\/es\/event\/biospain-2023\/#breadcrumb","itemListElement":[{"@type":"ListItem","position":1,"name":"Inici","item":"https:\/\/ticsalutsocial.atoom.space\/es\/"},{"@type":"ListItem","position":2,"name":"BIOSPAIN\u00a02023"}]},{"@type":"WebSite","@id":"https:\/\/ticsalutsocial.atoom.space\/es\/#website","url":"https:\/\/ticsalutsocial.atoom.space\/es\/","name":"Fundaci\u00f3 TIC Salut i Social","description":"","potentialAction":[{"@type":"SearchAction","target":{"@type":"EntryPoint","urlTemplate":"https:\/\/ticsalutsocial.atoom.space\/es\/?s={search_term_string}"},"query-input":{"@type":"PropertyValueSpecification","valueRequired":true,"valueName":"search_term_string"}}],"inLanguage":"es"}]}},"_links":{"self":[{"href":"https:\/\/ticsalutsocial.atoom.space\/es\/wp-json\/wp\/v2\/event\/21154","targetHints":{"allow":["GET"]}}],"collection":[{"href":"https:\/\/ticsalutsocial.atoom.space\/es\/wp-json\/wp\/v2\/event"}],"about":[{"href":"https:\/\/ticsalutsocial.atoom.space\/es\/wp-json\/wp\/v2\/types\/event"}],"wp:featuredmedia":[{"embeddable":true,"href":"https:\/\/ticsalutsocial.atoom.space\/es\/wp-json\/wp\/v2\/media\/21152"}],"wp:attachment":[{"href":"https:\/\/ticsalutsocial.atoom.space\/es\/wp-json\/wp\/v2\/media?parent=21154"}],"wp:term":[{"taxonomy":"tipus","embeddable":true,"href":"https:\/\/ticsalutsocial.atoom.space\/es\/wp-json\/wp\/v2\/tipus?post=21154"},{"taxonomy":"topic","embeddable":true,"href":"https:\/\/ticsalutsocial.atoom.space\/es\/wp-json\/wp\/v2\/topic?post=21154"}],"curies":[{"name":"wp","href":"https:\/\/api.w.org\/{rel}","templated":true}]}}

<p>BIOSPAIN és l&#8217;esdeveniment biotecnològic més gran organitzat per una associació nacional de bioindústria a Europa i un dels més grans del món pel nombre de reunions individuals i empreses participants. El 34% dels nostres delegats provenien de fora d&#8217;Espanya.</p>



<p>Enguany, BIOSPAIN torna a Barcelona, el principal clúster biotecnològic d&#8217;Espanya i una de les ciutats més dinàmiques del món.</p>



<p>L&#8217;acte tindrà lloc al Pavelló 1 – Fira de Barcelona – Montjuïc. Es troba en una ubicació excel·lent al centre de la ciutat, fàcilment accessible des de l&#8217;aeroport i ben comunicat amb la xarxa de transport públic. Es troba al Parc de Montjuïc, una zona d&#8217;interès cultural i històric gràcies als seus museus i teatres i també compta amb alguns dels principals atractius turístics de Barcelona.</p>



<p>Consulta el programa <a href="https://biospain2023.org/program/#program" target="_blank" rel="noreferrer noopener">aquí</a>.</p>



<p>La <a href="https://biospain2023.org/partnering/#" target="_blank" rel="noreferrer noopener">inscripció per al partnering</a> s&#8217;obrirà el dilluns 17 de juliol. Els delegats registrats poden començar a configurar el seu perfil d&#8217;empresa, actualitzar la disponibilitat del seu calendari i començar a sol·licitar i acceptar reunions. Les reunions de partnering tindran lloc, en estands individuals de partnering, a la seu del congrés a Barcelona, del 26 al 28 de setembre de 2023.</p>

Fira de Barcelona, Montjuïc

<!-- This site is optimized with the Yoast SEO plugin v27.1.1 - https://yoast.com/product/yoast-seo-wordpress/ -->
<title>BIOSPAIN 2023 - Fundació TIC Salut i Social</title>
<meta name="robots" content="index, follow, max-snippet:-1, max-image-preview:large, max-video-preview:-1" />
<link rel="canonical" href="https://ticsalutsocial.atoom.space/es/event/biospain-2023/" />
<meta property="og:locale" content="es_ES" />
<meta property="og:type" content="article" />
<meta property="og:title" content="BIOSPAIN 2023 - Fundació TIC Salut i Social" />
<meta property="og:description" content="BIOSPAIN és l&#8217;esdeveniment biotecnològic més gran organitzat per una associació nacional de bioindústria a Europa i un dels més grans del món pel nombre de reunions individuals i empreses participants. El 34% dels nostres delegats provenien de fora d&#8217;Espanya. Enguany, BIOSPAIN torna a Barcelona, el principal clúster biotecnològic d&#8217;Espanya i una de les ciutats més [&hellip;]" />
<meta property="og:url" content="https://ticsalutsocial.atoom.space/es/event/biospain-2023/" />
<meta property="og:site_name" content="Fundació TIC Salut i Social" />
<meta property="article:modified_time" content="2023-07-17T10:39:56+00:00" />
<meta property="og:image" content="https://ticsalutsocial.atoom.space/wp-content/uploads/2023/05/Captura.png" />
	<meta property="og:image:width" content="1656" />
	<meta property="og:image:height" content="690" />
	<meta property="og:image:type" content="image/png" />
<meta name="twitter:card" content="summary_large_image" />
<meta name="twitter:label1" content="Tiempo de lectura" />
	<meta name="twitter:data1" content="1 minuto" />
<script type="application/ld+json" class="yoast-schema-graph">{"@context":"https://schema.org","@graph":[{"@type":"WebPage","@id":"https://ticsalutsocial.atoom.space/es/event/biospain-2023/","url":"https://ticsalutsocial.atoom.space/es/event/biospain-2023/","name":"BIOSPAIN 2023 - Fundació TIC Salut i Social","isPartOf":{"@id":"https://ticsalutsocial.atoom.space/es/#website"},"primaryImageOfPage":{"@id":"https://ticsalutsocial.atoom.space/es/event/biospain-2023/#primaryimage"},"image":{"@id":"https://ticsalutsocial.atoom.space/es/event/biospain-2023/#primaryimage"},"thumbnailUrl":"https://ticsalutsocial.atoom.space/wp-content/uploads/2023/05/Captura.png","datePublished":"2023-05-19T08:16:53+00:00","dateModified":"2023-07-17T10:39:56+00:00","breadcrumb":{"@id":"https://ticsalutsocial.atoom.space/es/event/biospain-2023/#breadcrumb"},"inLanguage":"es","potentialAction":[{"@type":"ReadAction","target":["https://ticsalutsocial.atoom.space/es/event/biospain-2023/"]}]},{"@type":"ImageObject","inLanguage":"es","@id":"https://ticsalutsocial.atoom.space/es/event/biospain-2023/#primaryimage","url":"https://ticsalutsocial.atoom.space/wp-content/uploads/2023/05/Captura.png","contentUrl":"https://ticsalutsocial.atoom.space/wp-content/uploads/2023/05/Captura.png","width":1656,"height":690},{"@type":"BreadcrumbList","@id":"https://ticsalutsocial.atoom.space/es/event/biospain-2023/#breadcrumb","itemListElement":[{"@type":"ListItem","position":1,"name":"Inici","item":"https://ticsalutsocial.atoom.space/es/"},{"@type":"ListItem","position":2,"name":"BIOSPAIN 2023"}]},{"@type":"WebSite","@id":"https://ticsalutsocial.atoom.space/es/#website","url":"https://ticsalutsocial.atoom.space/es/","name":"Fundació TIC Salut i Social","description":"","potentialAction":[{"@type":"SearchAction","target":{"@type":"EntryPoint","urlTemplate":"https://ticsalutsocial.atoom.space/es/?s={search_term_string}"},"query-input":{"@type":"PropertyValueSpecification","valueRequired":true,"valueName":"search_term_string"}}],"inLanguage":"es"}]}</script>
<!-- / Yoast SEO plugin. -->

BIOSPAIN 2023 - Fundació TIC Salut i Social

BIOSPAIN és l&#8217;esdeveniment biotecnològic més gran organitzat per una associació nacional de bioindústria a Europa i un dels més grans del món pel nombre de reunions individuals i empreses participants. El 34% dels nostres delegats provenien de fora d&#8217;Espanya. Enguany, BIOSPAIN torna a Barcelona, el principal clúster biotecnològic d&#8217;Espanya i una de les ciutats més [&hellip;]

Fundació TIC Salut i Social
