
{"id":21192,"date":"2023-05-29T10:56:49","date_gmt":"2023-05-29T08:56:49","guid":{"rendered":"https:\/\/ticsalutsocial.atoom.space\/event\/womens-health-awareness-week-whaw\/"},"modified":"2023-05-29T10:58:44","modified_gmt":"2023-05-29T08:58:44","slug":"womens-health-awareness-week-whaw","status":"publish","type":"event","link":"https:\/\/ticsalutsocial.atoom.space\/es\/event\/womens-health-awareness-week-whaw\/","title":{"rendered":"Women&#8217;s Health Awareness Week (WHAW)"},"content":{"rendered":"\n<p>El 31 de mayo se celebra la mesa redonda titulada \u00ab<strong>Acciones para mejorar la salud de las mujeres<\/strong>\u00ab, conmemorando el D\u00eda Internacional de Acci\u00f3n por la Salud de las Mujeres que se celebra el 28 de Mayo. Durante la mesa redonda se abordar\u00e1n estrategias y medidas para mejorar la salud de la mujer, as\u00ed como el estado actual de las mujeres. Contar\u00e1n con la experiencia y el conocimiento de cuatro panelistas consolidadas en su \u00e1mbito profesional:<\/p>\n\n\n\n<ul class=\"wp-block-list\">\n<li><strong>Carme Borrell<\/strong>, gerente de la Agencia de Salud P\u00fablica de Barcelona.<\/li>\n\n\n\n<li><strong>Marga Nadal<\/strong>, directora del Instituto de Investigaci\u00f3n Biom\u00e9dica de Girona (IDIBGI).<\/li>\n\n\n\n<li><strong>Maite Solans-Dom\u00e8nech<\/strong>, investigadora y coordinadora de la Comunidad Hipatia de igualdad de g\u00e9nero de la Agencia de Calidad y Evaluaci\u00f3n Sanitarias de Catalu\u00f1a (AQuAS).<\/li>\n\n\n\n<li><strong>Carme Valls<\/strong>, ex diputada del Parlamento de Catalu\u00f1a, vicepresidenta del programa \u201cMujer, salud y Calidad de Vida\u201d en el Centro de An\u00e1lisis y Programas Sanitarios (CAPS).<\/li>\n<\/ul>\n\n\n\n<p>La moderaci\u00f3n del acto correr\u00e1 a cargo de <strong>Alfonso Valencia<\/strong>, director del Departamento de Ciencias de la Vida del Barcelona Supercomputing Center.<\/p>\n\n\n\n<p>Esta actividad se enmarca dentro de la <strong>WHAW (Women&#8217;s Health Awareness Week \/ Semana de Concienciaci\u00f3n sobre la Salud de las Mujeres)<\/strong> organizada por el programa Bioinfo4Women del BSC. El programa tiene como objetivo mitigar sesgos de sexo y g\u00e9nero dentro de la investigaci\u00f3n en ciencias de la vida e inteligencia artificial, as\u00ed como promover la carrera profesional de mujeres cient\u00edficas en este \u00e1mbito.<\/p>\n\n\n\n<p>La mesa redonda se realizar\u00e1 en castellano.<\/p>\n","protected":false},"featured_media":0,"menu_order":0,"template":"","meta":{"_acf_changed":false,"inline_featured_image":false},"tipus":[],"topic":[],"class_list":["post-21192","event","type-event","status-publish","hentry"],"acf":{"imatge":21190,"informacio":{"ubicacio":"Auditorio Barcelona Supercomputing Center-Centro Nacional de Supercomputaci\u00f3n","data":"31\/05\/2023","hora":"18:00","preu":"","inscripcions":"https:\/\/bsc3.typeform.com\/WHAW2023mesa?typeform-source=www.bsc.es"},"programa":{"titol":"","items":false},"documents":false},"yoast_head":"<!-- This site is optimized with the Yoast SEO plugin v27.1.1 - https:\/\/yoast.com\/product\/yoast-seo-wordpress\/ -->\n<title>Women&#039;s Health Awareness Week (WHAW) - Fundaci\u00f3 TIC Salut i Social<\/title>\n<meta name=\"robots\" content=\"index, follow, max-snippet:-1, max-image-preview:large, max-video-preview:-1\" \/>\n<link rel=\"canonical\" href=\"https:\/\/ticsalutsocial.atoom.space\/es\/event\/womens-health-awareness-week-whaw\/\" \/>\n<meta property=\"og:locale\" content=\"es_ES\" \/>\n<meta property=\"og:type\" content=\"article\" \/>\n<meta property=\"og:title\" content=\"Women&#039;s Health Awareness Week (WHAW) - Fundaci\u00f3 TIC Salut i Social\" \/>\n<meta property=\"og:description\" content=\"El 31 de mayo se celebra la mesa redonda titulada \u00abAcciones para mejorar la salud de las mujeres\u00ab, conmemorando el D\u00eda Internacional de Acci\u00f3n por la Salud de las Mujeres que se celebra el 28 de Mayo. Durante la mesa redonda se abordar\u00e1n estrategias y medidas para mejorar la salud de la mujer, as\u00ed como [&hellip;]\" \/>\n<meta property=\"og:url\" content=\"https:\/\/ticsalutsocial.atoom.space\/es\/event\/womens-health-awareness-week-whaw\/\" \/>\n<meta property=\"og:site_name\" content=\"Fundaci\u00f3 TIC Salut i Social\" \/>\n<meta property=\"article:modified_time\" content=\"2023-05-29T08:58:44+00:00\" \/>\n<meta name=\"twitter:card\" content=\"summary_large_image\" \/>\n<meta name=\"twitter:label1\" content=\"Tiempo de lectura\" \/>\n\t<meta name=\"twitter:data1\" content=\"1 minuto\" \/>\n<script type=\"application\/ld+json\" class=\"yoast-schema-graph\">{\"@context\":\"https:\/\/schema.org\",\"@graph\":[{\"@type\":\"WebPage\",\"@id\":\"https:\/\/ticsalutsocial.atoom.space\/es\/event\/womens-health-awareness-week-whaw\/\",\"url\":\"https:\/\/ticsalutsocial.atoom.space\/es\/event\/womens-health-awareness-week-whaw\/\",\"name\":\"Women's Health Awareness Week (WHAW) - Fundaci\u00f3 TIC Salut i Social\",\"isPartOf\":{\"@id\":\"https:\/\/ticsalutsocial.atoom.space\/es\/#website\"},\"datePublished\":\"2023-05-29T08:56:49+00:00\",\"dateModified\":\"2023-05-29T08:58:44+00:00\",\"breadcrumb\":{\"@id\":\"https:\/\/ticsalutsocial.atoom.space\/es\/event\/womens-health-awareness-week-whaw\/#breadcrumb\"},\"inLanguage\":\"es\",\"potentialAction\":[{\"@type\":\"ReadAction\",\"target\":[\"https:\/\/ticsalutsocial.atoom.space\/es\/event\/womens-health-awareness-week-whaw\/\"]}]},{\"@type\":\"BreadcrumbList\",\"@id\":\"https:\/\/ticsalutsocial.atoom.space\/es\/event\/womens-health-awareness-week-whaw\/#breadcrumb\",\"itemListElement\":[{\"@type\":\"ListItem\",\"position\":1,\"name\":\"Inici\",\"item\":\"https:\/\/ticsalutsocial.atoom.space\/es\/\"},{\"@type\":\"ListItem\",\"position\":2,\"name\":\"Women&#8217;s Health Awareness Week (WHAW)\"}]},{\"@type\":\"WebSite\",\"@id\":\"https:\/\/ticsalutsocial.atoom.space\/es\/#website\",\"url\":\"https:\/\/ticsalutsocial.atoom.space\/es\/\",\"name\":\"Fundaci\u00f3 TIC Salut i Social\",\"description\":\"\",\"potentialAction\":[{\"@type\":\"SearchAction\",\"target\":{\"@type\":\"EntryPoint\",\"urlTemplate\":\"https:\/\/ticsalutsocial.atoom.space\/es\/?s={search_term_string}\"},\"query-input\":{\"@type\":\"PropertyValueSpecification\",\"valueRequired\":true,\"valueName\":\"search_term_string\"}}],\"inLanguage\":\"es\"}]}<\/script>\n<!-- \/ Yoast SEO plugin. -->","yoast_head_json":{"title":"Women's Health Awareness Week (WHAW) - Fundaci\u00f3 TIC Salut i Social","robots":{"index":"index","follow":"follow","max-snippet":"max-snippet:-1","max-image-preview":"max-image-preview:large","max-video-preview":"max-video-preview:-1"},"canonical":"https:\/\/ticsalutsocial.atoom.space\/es\/event\/womens-health-awareness-week-whaw\/","og_locale":"es_ES","og_type":"article","og_title":"Women's Health Awareness Week (WHAW) - Fundaci\u00f3 TIC Salut i Social","og_description":"El 31 de mayo se celebra la mesa redonda titulada \u00abAcciones para mejorar la salud de las mujeres\u00ab, conmemorando el D\u00eda Internacional de Acci\u00f3n por la Salud de las Mujeres que se celebra el 28 de Mayo. Durante la mesa redonda se abordar\u00e1n estrategias y medidas para mejorar la salud de la mujer, as\u00ed como [&hellip;]","og_url":"https:\/\/ticsalutsocial.atoom.space\/es\/event\/womens-health-awareness-week-whaw\/","og_site_name":"Fundaci\u00f3 TIC Salut i Social","article_modified_time":"2023-05-29T08:58:44+00:00","twitter_card":"summary_large_image","twitter_misc":{"Tiempo de lectura":"1 minuto"},"schema":{"@context":"https:\/\/schema.org","@graph":[{"@type":"WebPage","@id":"https:\/\/ticsalutsocial.atoom.space\/es\/event\/womens-health-awareness-week-whaw\/","url":"https:\/\/ticsalutsocial.atoom.space\/es\/event\/womens-health-awareness-week-whaw\/","name":"Women's Health Awareness Week (WHAW) - Fundaci\u00f3 TIC Salut i Social","isPartOf":{"@id":"https:\/\/ticsalutsocial.atoom.space\/es\/#website"},"datePublished":"2023-05-29T08:56:49+00:00","dateModified":"2023-05-29T08:58:44+00:00","breadcrumb":{"@id":"https:\/\/ticsalutsocial.atoom.space\/es\/event\/womens-health-awareness-week-whaw\/#breadcrumb"},"inLanguage":"es","potentialAction":[{"@type":"ReadAction","target":["https:\/\/ticsalutsocial.atoom.space\/es\/event\/womens-health-awareness-week-whaw\/"]}]},{"@type":"BreadcrumbList","@id":"https:\/\/ticsalutsocial.atoom.space\/es\/event\/womens-health-awareness-week-whaw\/#breadcrumb","itemListElement":[{"@type":"ListItem","position":1,"name":"Inici","item":"https:\/\/ticsalutsocial.atoom.space\/es\/"},{"@type":"ListItem","position":2,"name":"Women&#8217;s Health Awareness Week (WHAW)"}]},{"@type":"WebSite","@id":"https:\/\/ticsalutsocial.atoom.space\/es\/#website","url":"https:\/\/ticsalutsocial.atoom.space\/es\/","name":"Fundaci\u00f3 TIC Salut i Social","description":"","potentialAction":[{"@type":"SearchAction","target":{"@type":"EntryPoint","urlTemplate":"https:\/\/ticsalutsocial.atoom.space\/es\/?s={search_term_string}"},"query-input":{"@type":"PropertyValueSpecification","valueRequired":true,"valueName":"search_term_string"}}],"inLanguage":"es"}]}},"_links":{"self":[{"href":"https:\/\/ticsalutsocial.atoom.space\/es\/wp-json\/wp\/v2\/event\/21192","targetHints":{"allow":["GET"]}}],"collection":[{"href":"https:\/\/ticsalutsocial.atoom.space\/es\/wp-json\/wp\/v2\/event"}],"about":[{"href":"https:\/\/ticsalutsocial.atoom.space\/es\/wp-json\/wp\/v2\/types\/event"}],"wp:attachment":[{"href":"https:\/\/ticsalutsocial.atoom.space\/es\/wp-json\/wp\/v2\/media?parent=21192"}],"wp:term":[{"taxonomy":"tipus","embeddable":true,"href":"https:\/\/ticsalutsocial.atoom.space\/es\/wp-json\/wp\/v2\/tipus?post=21192"},{"taxonomy":"topic","embeddable":true,"href":"https:\/\/ticsalutsocial.atoom.space\/es\/wp-json\/wp\/v2\/topic?post=21192"}],"curies":[{"name":"wp","href":"https:\/\/api.w.org\/{rel}","templated":true}]}}

<p>El 31 de mayo se celebra la mesa redonda titulada «<strong>Acciones para mejorar la salud de las mujeres</strong>«, conmemorando el Día Internacional de Acción por la Salud de las Mujeres que se celebra el 28 de Mayo. Durante la mesa redonda se abordarán estrategias y medidas para mejorar la salud de la mujer, así como el estado actual de las mujeres. Contarán con la experiencia y el conocimiento de cuatro panelistas consolidadas en su ámbito profesional:</p>



<ul class="wp-block-list">
<li><strong>Carme Borrell</strong>, gerente de la Agencia de Salud Pública de Barcelona.</li>



<li><strong>Marga Nadal</strong>, directora del Instituto de Investigación Biomédica de Girona (IDIBGI).</li>



<li><strong>Maite Solans-Domènech</strong>, investigadora y coordinadora de la Comunidad Hipatia de igualdad de género de la Agencia de Calidad y Evaluación Sanitarias de Cataluña (AQuAS).</li>



<li><strong>Carme Valls</strong>, ex diputada del Parlamento de Cataluña, vicepresidenta del programa “Mujer, salud y Calidad de Vida” en el Centro de Análisis y Programas Sanitarios (CAPS).</li>
</ul>



<p>La moderación del acto correrá a cargo de <strong>Alfonso Valencia</strong>, director del Departamento de Ciencias de la Vida del Barcelona Supercomputing Center.</p>



<p>Esta actividad se enmarca dentro de la <strong>WHAW (Women&#8217;s Health Awareness Week / Semana de Concienciación sobre la Salud de las Mujeres)</strong> organizada por el programa Bioinfo4Women del BSC. El programa tiene como objetivo mitigar sesgos de sexo y género dentro de la investigación en ciencias de la vida e inteligencia artificial, así como promover la carrera profesional de mujeres científicas en este ámbito.</p>



<p>La mesa redonda se realizará en castellano.</p>

Auditorio Barcelona Supercomputing Center-Centro Nacional de Supercomputación

<!-- This site is optimized with the Yoast SEO plugin v27.1.1 - https://yoast.com/product/yoast-seo-wordpress/ -->
<title>Women&#039;s Health Awareness Week (WHAW) - Fundació TIC Salut i Social</title>
<meta name="robots" content="index, follow, max-snippet:-1, max-image-preview:large, max-video-preview:-1" />
<link rel="canonical" href="https://ticsalutsocial.atoom.space/es/event/womens-health-awareness-week-whaw/" />
<meta property="og:locale" content="es_ES" />
<meta property="og:type" content="article" />
<meta property="og:title" content="Women&#039;s Health Awareness Week (WHAW) - Fundació TIC Salut i Social" />
<meta property="og:description" content="El 31 de mayo se celebra la mesa redonda titulada «Acciones para mejorar la salud de las mujeres«, conmemorando el Día Internacional de Acción por la Salud de las Mujeres que se celebra el 28 de Mayo. Durante la mesa redonda se abordarán estrategias y medidas para mejorar la salud de la mujer, así como [&hellip;]" />
<meta property="og:url" content="https://ticsalutsocial.atoom.space/es/event/womens-health-awareness-week-whaw/" />
<meta property="og:site_name" content="Fundació TIC Salut i Social" />
<meta property="article:modified_time" content="2023-05-29T08:58:44+00:00" />
<meta name="twitter:card" content="summary_large_image" />
<meta name="twitter:label1" content="Tiempo de lectura" />
	<meta name="twitter:data1" content="1 minuto" />
<script type="application/ld+json" class="yoast-schema-graph">{"@context":"https://schema.org","@graph":[{"@type":"WebPage","@id":"https://ticsalutsocial.atoom.space/es/event/womens-health-awareness-week-whaw/","url":"https://ticsalutsocial.atoom.space/es/event/womens-health-awareness-week-whaw/","name":"Women's Health Awareness Week (WHAW) - Fundació TIC Salut i Social","isPartOf":{"@id":"https://ticsalutsocial.atoom.space/es/#website"},"datePublished":"2023-05-29T08:56:49+00:00","dateModified":"2023-05-29T08:58:44+00:00","breadcrumb":{"@id":"https://ticsalutsocial.atoom.space/es/event/womens-health-awareness-week-whaw/#breadcrumb"},"inLanguage":"es","potentialAction":[{"@type":"ReadAction","target":["https://ticsalutsocial.atoom.space/es/event/womens-health-awareness-week-whaw/"]}]},{"@type":"BreadcrumbList","@id":"https://ticsalutsocial.atoom.space/es/event/womens-health-awareness-week-whaw/#breadcrumb","itemListElement":[{"@type":"ListItem","position":1,"name":"Inici","item":"https://ticsalutsocial.atoom.space/es/"},{"@type":"ListItem","position":2,"name":"Women&#8217;s Health Awareness Week (WHAW)"}]},{"@type":"WebSite","@id":"https://ticsalutsocial.atoom.space/es/#website","url":"https://ticsalutsocial.atoom.space/es/","name":"Fundació TIC Salut i Social","description":"","potentialAction":[{"@type":"SearchAction","target":{"@type":"EntryPoint","urlTemplate":"https://ticsalutsocial.atoom.space/es/?s={search_term_string}"},"query-input":{"@type":"PropertyValueSpecification","valueRequired":true,"valueName":"search_term_string"}}],"inLanguage":"es"}]}</script>
<!-- / Yoast SEO plugin. -->

Women's Health Awareness Week (WHAW) - Fundació TIC Salut i Social

El 31 de mayo se celebra la mesa redonda titulada «Acciones para mejorar la salud de las mujeres«, conmemorando el Día Internacional de Acción por la Salud de las Mujeres que se celebra el 28 de Mayo. Durante la mesa redonda se abordarán estrategias y medidas para mejorar la salud de la mujer, así como [&hellip;]

Fundació TIC Salut i Social
