
{"id":21208,"date":"2023-05-31T09:14:45","date_gmt":"2023-05-31T07:14:45","guid":{"rendered":"https:\/\/ticsalutsocial.atoom.space\/?post_type=event&#038;p=21208"},"modified":"2023-05-31T09:17:04","modified_gmt":"2023-05-31T07:17:04","slug":"intel%c2%b7ligencia-artificial-mosaic-de-realitats-a-salut-amb-oportunitats-i-riscos-per-gestionar","status":"publish","type":"event","link":"https:\/\/ticsalutsocial.atoom.space\/es\/event\/intel%c2%b7ligencia-artificial-mosaic-de-realitats-a-salut-amb-oportunitats-i-riscos-per-gestionar\/","title":{"rendered":"Intel\u00b7lig\u00e8ncia Artificial: mosaic de realitats a Salut, amb oportunitats i riscos per gestionar"},"content":{"rendered":"\n<p>La Uni\u00f3, en col\u00b7laboraci\u00f3 amb el Programa Salut\/IA, organitza un seminari web en el qual hi participaran responsables del Programa Salut\/IA i de l\u2019Observatori d\u2019IA, i es presentaran experi\u00e8ncies d\u2019IA en primera persona de la m\u00e0 d\u2019alguns centres associats.<\/p>\n\n\n\n<p>La sessi\u00f3&nbsp;est\u00e0 dirigida a c\u00e0rrecs de ger\u00e8ncia, direcci\u00f3, responsables TIC i innovaci\u00f3, personal investigador i persones expertes en IA d\u2019entitats associades a La Uni\u00f3.<\/p>\n\n\n\n<p><a href=\"https:\/\/www.uch.cat\/comunicacio\/activitats-101\/intelligencia-artificial-mosaic-de-realitats-a-salut-amb-oportunitats-i-riscos-per-gestionar-100.html\" target=\"_blank\" rel=\"noreferrer noopener\"><strong>Inscripcions en aquest enlla\u00e7.<\/strong><\/a><\/p>\n\n\n\n<p><\/p>\n\n\n\n<h2 class=\"wp-block-heading\"><strong>PROGRAMA:<\/strong><\/h2>\n\n\n\n<p>10.00 \u2013 10.10&nbsp;&nbsp;<strong>Benvinguda,<\/strong>&nbsp;a c\u00e0rrec de&nbsp;<strong>Roser Fern\u00e1ndez<\/strong>, diretora general de La Uni\u00f3.<\/p>\n\n\n\n<p><strong>Presentaci\u00f3 i moderaci\u00f3 de la sessi\u00f3<\/strong>, a c\u00e0rrec de&nbsp;<strong>Pere Guerrero,<\/strong>&nbsp;director de Sistemes d\u2019Informaci\u00f3 d\u2019Althaia, Xarxa&nbsp; &nbsp;Assistencial Universit\u00e0ria de Manresa, i referent del Consell T\u00e8cnic Assessor de TIC de La Uni\u00f3.<\/p>\n\n\n\n<p>10.10 \u2013 10.25&nbsp;<strong>Governar la Intel\u00b7lig\u00e8ncia Artificial, per a les finalitats i trets singulars del sistema de salut de Catalunya,<\/strong>&nbsp;a c\u00e0rrec de&nbsp;<strong>Joan Guanyabens,<\/strong>&nbsp;director de la Fundaci\u00f3 TIC Salut i Social.<\/p>\n\n\n\n<p>10.25 \u2013 10.40&nbsp;<strong>Presentaci\u00f3 de l\u2019Observatori Salut\/IA (model, metodologia i indicadors),<\/strong>&nbsp;a c\u00e0rrec de&nbsp;<strong>N\u00faria Abdon<\/strong>, responsable del Model d\u2019Atenci\u00f3 no Presencial \u2013 Observatori d\u2019Intel\u00b7lig\u00e8ncia Artificial en Salut, Fundaci\u00f3 Tic Salut i Social.<\/p>\n\n\n\n<p>10.40 \u2013 11.40&nbsp;<strong>Experi\u00e8ncies d\u2019Intel\u00b7lig\u00e8ncia Artificial en Salut al SISCAT.<\/strong>&nbsp;Es presenten&nbsp;<strong>4 casos seleccionats<\/strong>&nbsp;de l\u2019Observatori d\u2019entitats associades a La Uni\u00f3, a c\u00e0rrec de:<\/p>\n\n\n\n<ul class=\"wp-block-list\">\n<li><strong>Plataforma de diagnosi de c\u00e0ncer de pell de l\u2019Hospital Cl\u00ednic. Dr. Josep Malvehy,&nbsp;<\/strong>coordinador de la Unitat de c\u00e0ncer cutani i coordinador d\u2019Innovaci\u00f3 de l\u2019Institut de Medicina i Dermatologia, i&nbsp;<strong>Marc Comb\u00e0lia<\/strong>, expert en IA, de l\u2019Hospital Cl\u00ednic.<\/li>\n\n\n\n<li><strong>Cribratge de Disf\u00e0gia orofaringe del Consorci Sanitari del Maresme. Alberto Mart\u00edn,<\/strong>&nbsp;investigador de la Fundaci\u00f3 Privada de Salut del Consorci Sanitari del Maresme.<\/li>\n\n\n\n<li><strong>Predicci\u00f3 de ocupaci\u00f3 hospital\u00e0ria de l\u2019Hospital de Sant Joan de D\u00e9u. Ricard Casadevall,<\/strong>&nbsp;cap de l\u2019Oficina de Gesti\u00f3 i Governan\u00e7a de la Dada de l\u2019Hospital Sant Joan de D\u00e9u Barcelona.<\/li>\n\n\n\n<li><strong>Gesti\u00f3 i orientaci\u00f3 de baixa complexitat a Urg\u00e8ncies de la Corporaci\u00f3 Sanit\u00e0ria Parc Taul\u00ed. Anna Benavent,<\/strong>&nbsp;directora d\u2019Organitzaci\u00f3 Digital del Parc Sanitari Parc Taul\u00ed.<\/li>\n<\/ul>\n\n\n\n<p><\/p>\n\n\n\n<p>11.40 \u2013 11.50 Torn obert de paraula<\/p>\n\n\n\n<p>11.50 \u2013 12.00 Cloenda, a c\u00e0rrec de&nbsp;<strong>Manel Jovells,<\/strong>&nbsp;president del Consell d\u2019\u00c8tica i Bones Pr\u00e0ctiques de La Uni\u00f3<\/p>\n","protected":false},"featured_media":0,"menu_order":0,"template":"","meta":{"_acf_changed":false,"inline_featured_image":false},"tipus":[],"topic":[],"class_list":["post-21208","event","type-event","status-publish","hentry"],"acf":{"imatge":21209,"informacio":{"ubicacio":"Presencial o online","data":"07\/06\/2023","hora":"10.00h","preu":"","inscripcions":"https:\/\/www.uch.cat\/comunicacio\/activitats-101\/intelligencia-artificial-mosaic-de-realitats-a-salut-amb-oportunitats-i-riscos-per-gestionar-100.html"},"programa":{"titol":"","items":false},"documents":false},"yoast_head":"<!-- This site is optimized with the Yoast SEO plugin v27.1.1 - https:\/\/yoast.com\/product\/yoast-seo-wordpress\/ -->\n<title>Intel\u00b7lig\u00e8ncia Artificial: mosaic de realitats a Salut, amb oportunitats i riscos per gestionar - Fundaci\u00f3 TIC Salut i Social<\/title>\n<meta name=\"robots\" content=\"index, follow, max-snippet:-1, max-image-preview:large, max-video-preview:-1\" \/>\n<link rel=\"canonical\" href=\"https:\/\/ticsalutsocial.atoom.space\/es\/event\/intel%c2%b7ligencia-artificial-mosaic-de-realitats-a-salut-amb-oportunitats-i-riscos-per-gestionar\/\" \/>\n<meta property=\"og:locale\" content=\"es_ES\" \/>\n<meta property=\"og:type\" content=\"article\" \/>\n<meta property=\"og:title\" content=\"Intel\u00b7lig\u00e8ncia Artificial: mosaic de realitats a Salut, amb oportunitats i riscos per gestionar - Fundaci\u00f3 TIC Salut i Social\" \/>\n<meta property=\"og:description\" content=\"La Uni\u00f3, en col\u00b7laboraci\u00f3 amb el Programa Salut\/IA, organitza un seminari web en el qual hi participaran responsables del Programa Salut\/IA i de l\u2019Observatori d\u2019IA, i es presentaran experi\u00e8ncies d\u2019IA en primera persona de la m\u00e0 d\u2019alguns centres associats. La sessi\u00f3&nbsp;est\u00e0 dirigida a c\u00e0rrecs de ger\u00e8ncia, direcci\u00f3, responsables TIC i innovaci\u00f3, personal investigador i persones [&hellip;]\" \/>\n<meta property=\"og:url\" content=\"https:\/\/ticsalutsocial.atoom.space\/es\/event\/intel%c2%b7ligencia-artificial-mosaic-de-realitats-a-salut-amb-oportunitats-i-riscos-per-gestionar\/\" \/>\n<meta property=\"og:site_name\" content=\"Fundaci\u00f3 TIC Salut i Social\" \/>\n<meta property=\"article:modified_time\" content=\"2023-05-31T07:17:04+00:00\" \/>\n<meta name=\"twitter:card\" content=\"summary_large_image\" \/>\n<meta name=\"twitter:label1\" content=\"Tiempo de lectura\" \/>\n\t<meta name=\"twitter:data1\" content=\"2 minutos\" \/>\n<script type=\"application\/ld+json\" class=\"yoast-schema-graph\">{\"@context\":\"https:\/\/schema.org\",\"@graph\":[{\"@type\":\"WebPage\",\"@id\":\"https:\/\/ticsalutsocial.atoom.space\/es\/event\/intel%c2%b7ligencia-artificial-mosaic-de-realitats-a-salut-amb-oportunitats-i-riscos-per-gestionar\/\",\"url\":\"https:\/\/ticsalutsocial.atoom.space\/es\/event\/intel%c2%b7ligencia-artificial-mosaic-de-realitats-a-salut-amb-oportunitats-i-riscos-per-gestionar\/\",\"name\":\"Intel\u00b7lig\u00e8ncia Artificial: mosaic de realitats a Salut, amb oportunitats i riscos per gestionar - Fundaci\u00f3 TIC Salut i Social\",\"isPartOf\":{\"@id\":\"https:\/\/ticsalutsocial.atoom.space\/es\/#website\"},\"datePublished\":\"2023-05-31T07:14:45+00:00\",\"dateModified\":\"2023-05-31T07:17:04+00:00\",\"breadcrumb\":{\"@id\":\"https:\/\/ticsalutsocial.atoom.space\/es\/event\/intel%c2%b7ligencia-artificial-mosaic-de-realitats-a-salut-amb-oportunitats-i-riscos-per-gestionar\/#breadcrumb\"},\"inLanguage\":\"es\",\"potentialAction\":[{\"@type\":\"ReadAction\",\"target\":[\"https:\/\/ticsalutsocial.atoom.space\/es\/event\/intel%c2%b7ligencia-artificial-mosaic-de-realitats-a-salut-amb-oportunitats-i-riscos-per-gestionar\/\"]}]},{\"@type\":\"BreadcrumbList\",\"@id\":\"https:\/\/ticsalutsocial.atoom.space\/es\/event\/intel%c2%b7ligencia-artificial-mosaic-de-realitats-a-salut-amb-oportunitats-i-riscos-per-gestionar\/#breadcrumb\",\"itemListElement\":[{\"@type\":\"ListItem\",\"position\":1,\"name\":\"Inici\",\"item\":\"https:\/\/ticsalutsocial.atoom.space\/es\/\"},{\"@type\":\"ListItem\",\"position\":2,\"name\":\"Intel\u00b7lig\u00e8ncia Artificial: mosaic de realitats a Salut, amb oportunitats i riscos per gestionar\"}]},{\"@type\":\"WebSite\",\"@id\":\"https:\/\/ticsalutsocial.atoom.space\/es\/#website\",\"url\":\"https:\/\/ticsalutsocial.atoom.space\/es\/\",\"name\":\"Fundaci\u00f3 TIC Salut i Social\",\"description\":\"\",\"potentialAction\":[{\"@type\":\"SearchAction\",\"target\":{\"@type\":\"EntryPoint\",\"urlTemplate\":\"https:\/\/ticsalutsocial.atoom.space\/es\/?s={search_term_string}\"},\"query-input\":{\"@type\":\"PropertyValueSpecification\",\"valueRequired\":true,\"valueName\":\"search_term_string\"}}],\"inLanguage\":\"es\"}]}<\/script>\n<!-- \/ Yoast SEO plugin. -->","yoast_head_json":{"title":"Intel\u00b7lig\u00e8ncia Artificial: mosaic de realitats a Salut, amb oportunitats i riscos per gestionar - Fundaci\u00f3 TIC Salut i Social","robots":{"index":"index","follow":"follow","max-snippet":"max-snippet:-1","max-image-preview":"max-image-preview:large","max-video-preview":"max-video-preview:-1"},"canonical":"https:\/\/ticsalutsocial.atoom.space\/es\/event\/intel%c2%b7ligencia-artificial-mosaic-de-realitats-a-salut-amb-oportunitats-i-riscos-per-gestionar\/","og_locale":"es_ES","og_type":"article","og_title":"Intel\u00b7lig\u00e8ncia Artificial: mosaic de realitats a Salut, amb oportunitats i riscos per gestionar - Fundaci\u00f3 TIC Salut i Social","og_description":"La Uni\u00f3, en col\u00b7laboraci\u00f3 amb el Programa Salut\/IA, organitza un seminari web en el qual hi participaran responsables del Programa Salut\/IA i de l\u2019Observatori d\u2019IA, i es presentaran experi\u00e8ncies d\u2019IA en primera persona de la m\u00e0 d\u2019alguns centres associats. La sessi\u00f3&nbsp;est\u00e0 dirigida a c\u00e0rrecs de ger\u00e8ncia, direcci\u00f3, responsables TIC i innovaci\u00f3, personal investigador i persones [&hellip;]","og_url":"https:\/\/ticsalutsocial.atoom.space\/es\/event\/intel%c2%b7ligencia-artificial-mosaic-de-realitats-a-salut-amb-oportunitats-i-riscos-per-gestionar\/","og_site_name":"Fundaci\u00f3 TIC Salut i Social","article_modified_time":"2023-05-31T07:17:04+00:00","twitter_card":"summary_large_image","twitter_misc":{"Tiempo de lectura":"2 minutos"},"schema":{"@context":"https:\/\/schema.org","@graph":[{"@type":"WebPage","@id":"https:\/\/ticsalutsocial.atoom.space\/es\/event\/intel%c2%b7ligencia-artificial-mosaic-de-realitats-a-salut-amb-oportunitats-i-riscos-per-gestionar\/","url":"https:\/\/ticsalutsocial.atoom.space\/es\/event\/intel%c2%b7ligencia-artificial-mosaic-de-realitats-a-salut-amb-oportunitats-i-riscos-per-gestionar\/","name":"Intel\u00b7lig\u00e8ncia Artificial: mosaic de realitats a Salut, amb oportunitats i riscos per gestionar - Fundaci\u00f3 TIC Salut i Social","isPartOf":{"@id":"https:\/\/ticsalutsocial.atoom.space\/es\/#website"},"datePublished":"2023-05-31T07:14:45+00:00","dateModified":"2023-05-31T07:17:04+00:00","breadcrumb":{"@id":"https:\/\/ticsalutsocial.atoom.space\/es\/event\/intel%c2%b7ligencia-artificial-mosaic-de-realitats-a-salut-amb-oportunitats-i-riscos-per-gestionar\/#breadcrumb"},"inLanguage":"es","potentialAction":[{"@type":"ReadAction","target":["https:\/\/ticsalutsocial.atoom.space\/es\/event\/intel%c2%b7ligencia-artificial-mosaic-de-realitats-a-salut-amb-oportunitats-i-riscos-per-gestionar\/"]}]},{"@type":"BreadcrumbList","@id":"https:\/\/ticsalutsocial.atoom.space\/es\/event\/intel%c2%b7ligencia-artificial-mosaic-de-realitats-a-salut-amb-oportunitats-i-riscos-per-gestionar\/#breadcrumb","itemListElement":[{"@type":"ListItem","position":1,"name":"Inici","item":"https:\/\/ticsalutsocial.atoom.space\/es\/"},{"@type":"ListItem","position":2,"name":"Intel\u00b7lig\u00e8ncia Artificial: mosaic de realitats a Salut, amb oportunitats i riscos per gestionar"}]},{"@type":"WebSite","@id":"https:\/\/ticsalutsocial.atoom.space\/es\/#website","url":"https:\/\/ticsalutsocial.atoom.space\/es\/","name":"Fundaci\u00f3 TIC Salut i Social","description":"","potentialAction":[{"@type":"SearchAction","target":{"@type":"EntryPoint","urlTemplate":"https:\/\/ticsalutsocial.atoom.space\/es\/?s={search_term_string}"},"query-input":{"@type":"PropertyValueSpecification","valueRequired":true,"valueName":"search_term_string"}}],"inLanguage":"es"}]}},"_links":{"self":[{"href":"https:\/\/ticsalutsocial.atoom.space\/es\/wp-json\/wp\/v2\/event\/21208","targetHints":{"allow":["GET"]}}],"collection":[{"href":"https:\/\/ticsalutsocial.atoom.space\/es\/wp-json\/wp\/v2\/event"}],"about":[{"href":"https:\/\/ticsalutsocial.atoom.space\/es\/wp-json\/wp\/v2\/types\/event"}],"wp:attachment":[{"href":"https:\/\/ticsalutsocial.atoom.space\/es\/wp-json\/wp\/v2\/media?parent=21208"}],"wp:term":[{"taxonomy":"tipus","embeddable":true,"href":"https:\/\/ticsalutsocial.atoom.space\/es\/wp-json\/wp\/v2\/tipus?post=21208"},{"taxonomy":"topic","embeddable":true,"href":"https:\/\/ticsalutsocial.atoom.space\/es\/wp-json\/wp\/v2\/topic?post=21208"}],"curies":[{"name":"wp","href":"https:\/\/api.w.org\/{rel}","templated":true}]}}

Intel·ligència Artificial: mosaic de realitats a Salut, amb oportunitats i riscos per gestionar

<p>La Unió, en col·laboració amb el Programa Salut/IA, organitza un seminari web en el qual hi participaran responsables del Programa Salut/IA i de l’Observatori d’IA, i es presentaran experiències d’IA en primera persona de la mà d’alguns centres associats.</p>



<p>La sessió&nbsp;està dirigida a càrrecs de gerència, direcció, responsables TIC i innovació, personal investigador i persones expertes en IA d’entitats associades a La Unió.</p>



<p><a href="https://www.uch.cat/comunicacio/activitats-101/intelligencia-artificial-mosaic-de-realitats-a-salut-amb-oportunitats-i-riscos-per-gestionar-100.html" target="_blank" rel="noreferrer noopener"><strong>Inscripcions en aquest enllaç.</strong></a></p>



<p></p>



<h2 class="wp-block-heading"><strong>PROGRAMA:</strong></h2>



<p>10.00 – 10.10&nbsp;&nbsp;<strong>Benvinguda,</strong>&nbsp;a càrrec de&nbsp;<strong>Roser Fernández</strong>, diretora general de La Unió.</p>



<p><strong>Presentació i moderació de la sessió</strong>, a càrrec de&nbsp;<strong>Pere Guerrero,</strong>&nbsp;director de Sistemes d’Informació d’Althaia, Xarxa&nbsp; &nbsp;Assistencial Universitària de Manresa, i referent del Consell Tècnic Assessor de TIC de La Unió.</p>



<p>10.10 – 10.25&nbsp;<strong>Governar la Intel·ligència Artificial, per a les finalitats i trets singulars del sistema de salut de Catalunya,</strong>&nbsp;a càrrec de&nbsp;<strong>Joan Guanyabens,</strong>&nbsp;director de la Fundació TIC Salut i Social.</p>



<p>10.25 – 10.40&nbsp;<strong>Presentació de l’Observatori Salut/IA (model, metodologia i indicadors),</strong>&nbsp;a càrrec de&nbsp;<strong>Núria Abdon</strong>, responsable del Model d’Atenció no Presencial – Observatori d’Intel·ligència Artificial en Salut, Fundació Tic Salut i Social.</p>



<p>10.40 – 11.40&nbsp;<strong>Experiències d’Intel·ligència Artificial en Salut al SISCAT.</strong>&nbsp;Es presenten&nbsp;<strong>4 casos seleccionats</strong>&nbsp;de l’Observatori d’entitats associades a La Unió, a càrrec de:</p>



<ul class="wp-block-list">
<li><strong>Plataforma de diagnosi de càncer de pell de l’Hospital Clínic. Dr. Josep Malvehy,&nbsp;</strong>coordinador de la Unitat de càncer cutani i coordinador d’Innovació de l’Institut de Medicina i Dermatologia, i&nbsp;<strong>Marc Combàlia</strong>, expert en IA, de l’Hospital Clínic.</li>



<li><strong>Cribratge de Disfàgia orofaringe del Consorci Sanitari del Maresme. Alberto Martín,</strong>&nbsp;investigador de la Fundació Privada de Salut del Consorci Sanitari del Maresme.</li>



<li><strong>Predicció de ocupació hospitalària de l’Hospital de Sant Joan de Déu. Ricard Casadevall,</strong>&nbsp;cap de l’Oficina de Gestió i Governança de la Dada de l’Hospital Sant Joan de Déu Barcelona.</li>



<li><strong>Gestió i orientació de baixa complexitat a Urgències de la Corporació Sanitària Parc Taulí. Anna Benavent,</strong>&nbsp;directora d’Organització Digital del Parc Sanitari Parc Taulí.</li>
</ul>



<p></p>



<p>11.40 – 11.50 Torn obert de paraula</p>



<p>11.50 – 12.00 Cloenda, a càrrec de&nbsp;<strong>Manel Jovells,</strong>&nbsp;president del Consell d’Ètica i Bones Pràctiques de La Unió</p>

<!-- This site is optimized with the Yoast SEO plugin v27.1.1 - https://yoast.com/product/yoast-seo-wordpress/ -->
<title>Intel·ligència Artificial: mosaic de realitats a Salut, amb oportunitats i riscos per gestionar - Fundació TIC Salut i Social</title>
<meta name="robots" content="index, follow, max-snippet:-1, max-image-preview:large, max-video-preview:-1" />
<link rel="canonical" href="https://ticsalutsocial.atoom.space/es/event/intel%c2%b7ligencia-artificial-mosaic-de-realitats-a-salut-amb-oportunitats-i-riscos-per-gestionar/" />
<meta property="og:locale" content="es_ES" />
<meta property="og:type" content="article" />
<meta property="og:title" content="Intel·ligència Artificial: mosaic de realitats a Salut, amb oportunitats i riscos per gestionar - Fundació TIC Salut i Social" />
<meta property="og:description" content="La Unió, en col·laboració amb el Programa Salut/IA, organitza un seminari web en el qual hi participaran responsables del Programa Salut/IA i de l’Observatori d’IA, i es presentaran experiències d’IA en primera persona de la mà d’alguns centres associats. La sessió&nbsp;està dirigida a càrrecs de gerència, direcció, responsables TIC i innovació, personal investigador i persones [&hellip;]" />
<meta property="og:url" content="https://ticsalutsocial.atoom.space/es/event/intel%c2%b7ligencia-artificial-mosaic-de-realitats-a-salut-amb-oportunitats-i-riscos-per-gestionar/" />
<meta property="og:site_name" content="Fundació TIC Salut i Social" />
<meta property="article:modified_time" content="2023-05-31T07:17:04+00:00" />
<meta name="twitter:card" content="summary_large_image" />
<meta name="twitter:label1" content="Tiempo de lectura" />
	<meta name="twitter:data1" content="2 minutos" />
<script type="application/ld+json" class="yoast-schema-graph">{"@context":"https://schema.org","@graph":[{"@type":"WebPage","@id":"https://ticsalutsocial.atoom.space/es/event/intel%c2%b7ligencia-artificial-mosaic-de-realitats-a-salut-amb-oportunitats-i-riscos-per-gestionar/","url":"https://ticsalutsocial.atoom.space/es/event/intel%c2%b7ligencia-artificial-mosaic-de-realitats-a-salut-amb-oportunitats-i-riscos-per-gestionar/","name":"Intel·ligència Artificial: mosaic de realitats a Salut, amb oportunitats i riscos per gestionar - Fundació TIC Salut i Social","isPartOf":{"@id":"https://ticsalutsocial.atoom.space/es/#website"},"datePublished":"2023-05-31T07:14:45+00:00","dateModified":"2023-05-31T07:17:04+00:00","breadcrumb":{"@id":"https://ticsalutsocial.atoom.space/es/event/intel%c2%b7ligencia-artificial-mosaic-de-realitats-a-salut-amb-oportunitats-i-riscos-per-gestionar/#breadcrumb"},"inLanguage":"es","potentialAction":[{"@type":"ReadAction","target":["https://ticsalutsocial.atoom.space/es/event/intel%c2%b7ligencia-artificial-mosaic-de-realitats-a-salut-amb-oportunitats-i-riscos-per-gestionar/"]}]},{"@type":"BreadcrumbList","@id":"https://ticsalutsocial.atoom.space/es/event/intel%c2%b7ligencia-artificial-mosaic-de-realitats-a-salut-amb-oportunitats-i-riscos-per-gestionar/#breadcrumb","itemListElement":[{"@type":"ListItem","position":1,"name":"Inici","item":"https://ticsalutsocial.atoom.space/es/"},{"@type":"ListItem","position":2,"name":"Intel·ligència Artificial: mosaic de realitats a Salut, amb oportunitats i riscos per gestionar"}]},{"@type":"WebSite","@id":"https://ticsalutsocial.atoom.space/es/#website","url":"https://ticsalutsocial.atoom.space/es/","name":"Fundació TIC Salut i Social","description":"","potentialAction":[{"@type":"SearchAction","target":{"@type":"EntryPoint","urlTemplate":"https://ticsalutsocial.atoom.space/es/?s={search_term_string}"},"query-input":{"@type":"PropertyValueSpecification","valueRequired":true,"valueName":"search_term_string"}}],"inLanguage":"es"}]}</script>
<!-- / Yoast SEO plugin. -->

Intel·ligència Artificial: mosaic de realitats a Salut, amb oportunitats i riscos per gestionar - Fundació TIC Salut i Social

La Unió, en col·laboració amb el Programa Salut/IA, organitza un seminari web en el qual hi participaran responsables del Programa Salut/IA i de l’Observatori d’IA, i es presentaran experiències d’IA en primera persona de la mà d’alguns centres associats. La sessió&nbsp;està dirigida a càrrecs de gerència, direcció, responsables TIC i innovació, personal investigador i persones [&hellip;]

Fundació TIC Salut i Social
