
{"id":21293,"date":"2023-06-06T13:28:50","date_gmt":"2023-06-06T11:28:50","guid":{"rendered":"https:\/\/ticsalutsocial.atoom.space\/?post_type=event&#038;p=21293"},"modified":"2023-06-06T13:29:11","modified_gmt":"2023-06-06T11:29:11","slug":"jornada-iese-elsevier-clinical-decision-support-per-a-directius-sanitaris","status":"publish","type":"event","link":"https:\/\/ticsalutsocial.atoom.space\/es\/event\/jornada-iese-elsevier-clinical-decision-support-per-a-directius-sanitaris\/","title":{"rendered":"Jornada IESE &amp; ELSEVIER &#8211; Clinical Decision Support per a directius sanitaris"},"content":{"rendered":"\n<p>El Centre de Recerca per a la Gesti\u00f3 de la Innovaci\u00f3 en Salut (CRHIM) de l&#8217;IESE Business School i Elsevier Clinical Solutions han unit forces per recolzar i accelerar la implementaci\u00f3 de solucions innovadores en salut.<\/p>\n\n\n\n<p>La jornada se celebrar\u00e0 el Dijous 22 de Juny del 2023 de 10h a 17h a IESE Barcelona. Aquesta jornada inclou activitats de formaci\u00f3 amb simulaci\u00f3 a CDS i presentaci\u00f3 i debat sobre el model CDDRAM.<\/p>\n\n\n\n<p>HALIGN (Health Align) \u00e9s una iniciativa d&#8217;EIT Health liderada per IESE CRHIM dirigida a capacitar els diferents actors de l&#8217;ecosistema de salut perqu\u00e8 treballin conjuntament al codisseny i implementaci\u00f3 de solucions innovadores per obtenir millors resultats.<\/p>\n\n\n\n<p>Clinical Decision Support &#8211; Readiness Assessment Model (CDS-RAM) \u00e9s una eina gratu\u00efta d&#8217;Elsevier que ajuda les institucions sanit\u00e0ries a autoavaluar el seu nivell de preparaci\u00f3 per implementar amb \u00e8xit els sistemes de suport a la presa de decisions cl\u00edniques.<\/p>\n","protected":false},"featured_media":0,"menu_order":0,"template":"","meta":{"_acf_changed":false,"inline_featured_image":false},"tipus":[],"topic":[],"class_list":["post-21293","event","type-event","status-publish","hentry"],"acf":{"informacio":{"ubicacio":"IESE Barcelona","data":"22\/06\/2023","hora":"10:00h","preu":"","inscripcions":""},"programa":{"titol":"","items":false},"imatge":21291},"yoast_head":"<!-- This site is optimized with the Yoast SEO plugin v27.1.1 - https:\/\/yoast.com\/product\/yoast-seo-wordpress\/ -->\n<title>Jornada IESE &amp; ELSEVIER - Clinical Decision Support per a directius sanitaris - Fundaci\u00f3 TIC Salut i Social<\/title>\n<meta name=\"robots\" content=\"index, follow, max-snippet:-1, max-image-preview:large, max-video-preview:-1\" \/>\n<link rel=\"canonical\" href=\"https:\/\/ticsalutsocial.atoom.space\/es\/event\/jornada-iese-elsevier-clinical-decision-support-per-a-directius-sanitaris\/\" \/>\n<meta property=\"og:locale\" content=\"es_ES\" \/>\n<meta property=\"og:type\" content=\"article\" \/>\n<meta property=\"og:title\" content=\"Jornada IESE &amp; ELSEVIER - Clinical Decision Support per a directius sanitaris - Fundaci\u00f3 TIC Salut i Social\" \/>\n<meta property=\"og:description\" content=\"El Centre de Recerca per a la Gesti\u00f3 de la Innovaci\u00f3 en Salut (CRHIM) de l&#8217;IESE Business School i Elsevier Clinical Solutions han unit forces per recolzar i accelerar la implementaci\u00f3 de solucions innovadores en salut. La jornada se celebrar\u00e0 el Dijous 22 de Juny del 2023 de 10h a 17h a IESE Barcelona. Aquesta [&hellip;]\" \/>\n<meta property=\"og:url\" content=\"https:\/\/ticsalutsocial.atoom.space\/es\/event\/jornada-iese-elsevier-clinical-decision-support-per-a-directius-sanitaris\/\" \/>\n<meta property=\"og:site_name\" content=\"Fundaci\u00f3 TIC Salut i Social\" \/>\n<meta property=\"article:modified_time\" content=\"2023-06-06T11:29:11+00:00\" \/>\n<meta name=\"twitter:card\" content=\"summary_large_image\" \/>\n<meta name=\"twitter:label1\" content=\"Tiempo de lectura\" \/>\n\t<meta name=\"twitter:data1\" content=\"1 minuto\" \/>\n<script type=\"application\/ld+json\" class=\"yoast-schema-graph\">{\"@context\":\"https:\/\/schema.org\",\"@graph\":[{\"@type\":\"WebPage\",\"@id\":\"https:\/\/ticsalutsocial.atoom.space\/es\/event\/jornada-iese-elsevier-clinical-decision-support-per-a-directius-sanitaris\/\",\"url\":\"https:\/\/ticsalutsocial.atoom.space\/es\/event\/jornada-iese-elsevier-clinical-decision-support-per-a-directius-sanitaris\/\",\"name\":\"Jornada IESE &amp; ELSEVIER - Clinical Decision Support per a directius sanitaris - Fundaci\u00f3 TIC Salut i Social\",\"isPartOf\":{\"@id\":\"https:\/\/ticsalutsocial.atoom.space\/es\/#website\"},\"datePublished\":\"2023-06-06T11:28:50+00:00\",\"dateModified\":\"2023-06-06T11:29:11+00:00\",\"breadcrumb\":{\"@id\":\"https:\/\/ticsalutsocial.atoom.space\/es\/event\/jornada-iese-elsevier-clinical-decision-support-per-a-directius-sanitaris\/#breadcrumb\"},\"inLanguage\":\"es\",\"potentialAction\":[{\"@type\":\"ReadAction\",\"target\":[\"https:\/\/ticsalutsocial.atoom.space\/es\/event\/jornada-iese-elsevier-clinical-decision-support-per-a-directius-sanitaris\/\"]}]},{\"@type\":\"BreadcrumbList\",\"@id\":\"https:\/\/ticsalutsocial.atoom.space\/es\/event\/jornada-iese-elsevier-clinical-decision-support-per-a-directius-sanitaris\/#breadcrumb\",\"itemListElement\":[{\"@type\":\"ListItem\",\"position\":1,\"name\":\"Inici\",\"item\":\"https:\/\/ticsalutsocial.atoom.space\/es\/\"},{\"@type\":\"ListItem\",\"position\":2,\"name\":\"Jornada IESE &amp; ELSEVIER &#8211; Clinical Decision Support per a directius sanitaris\"}]},{\"@type\":\"WebSite\",\"@id\":\"https:\/\/ticsalutsocial.atoom.space\/es\/#website\",\"url\":\"https:\/\/ticsalutsocial.atoom.space\/es\/\",\"name\":\"Fundaci\u00f3 TIC Salut i Social\",\"description\":\"\",\"potentialAction\":[{\"@type\":\"SearchAction\",\"target\":{\"@type\":\"EntryPoint\",\"urlTemplate\":\"https:\/\/ticsalutsocial.atoom.space\/es\/?s={search_term_string}\"},\"query-input\":{\"@type\":\"PropertyValueSpecification\",\"valueRequired\":true,\"valueName\":\"search_term_string\"}}],\"inLanguage\":\"es\"}]}<\/script>\n<!-- \/ Yoast SEO plugin. -->","yoast_head_json":{"title":"Jornada IESE &amp; ELSEVIER - Clinical Decision Support per a directius sanitaris - Fundaci\u00f3 TIC Salut i Social","robots":{"index":"index","follow":"follow","max-snippet":"max-snippet:-1","max-image-preview":"max-image-preview:large","max-video-preview":"max-video-preview:-1"},"canonical":"https:\/\/ticsalutsocial.atoom.space\/es\/event\/jornada-iese-elsevier-clinical-decision-support-per-a-directius-sanitaris\/","og_locale":"es_ES","og_type":"article","og_title":"Jornada IESE &amp; ELSEVIER - Clinical Decision Support per a directius sanitaris - Fundaci\u00f3 TIC Salut i Social","og_description":"El Centre de Recerca per a la Gesti\u00f3 de la Innovaci\u00f3 en Salut (CRHIM) de l&#8217;IESE Business School i Elsevier Clinical Solutions han unit forces per recolzar i accelerar la implementaci\u00f3 de solucions innovadores en salut. La jornada se celebrar\u00e0 el Dijous 22 de Juny del 2023 de 10h a 17h a IESE Barcelona. Aquesta [&hellip;]","og_url":"https:\/\/ticsalutsocial.atoom.space\/es\/event\/jornada-iese-elsevier-clinical-decision-support-per-a-directius-sanitaris\/","og_site_name":"Fundaci\u00f3 TIC Salut i Social","article_modified_time":"2023-06-06T11:29:11+00:00","twitter_card":"summary_large_image","twitter_misc":{"Tiempo de lectura":"1 minuto"},"schema":{"@context":"https:\/\/schema.org","@graph":[{"@type":"WebPage","@id":"https:\/\/ticsalutsocial.atoom.space\/es\/event\/jornada-iese-elsevier-clinical-decision-support-per-a-directius-sanitaris\/","url":"https:\/\/ticsalutsocial.atoom.space\/es\/event\/jornada-iese-elsevier-clinical-decision-support-per-a-directius-sanitaris\/","name":"Jornada IESE &amp; ELSEVIER - Clinical Decision Support per a directius sanitaris - Fundaci\u00f3 TIC Salut i Social","isPartOf":{"@id":"https:\/\/ticsalutsocial.atoom.space\/es\/#website"},"datePublished":"2023-06-06T11:28:50+00:00","dateModified":"2023-06-06T11:29:11+00:00","breadcrumb":{"@id":"https:\/\/ticsalutsocial.atoom.space\/es\/event\/jornada-iese-elsevier-clinical-decision-support-per-a-directius-sanitaris\/#breadcrumb"},"inLanguage":"es","potentialAction":[{"@type":"ReadAction","target":["https:\/\/ticsalutsocial.atoom.space\/es\/event\/jornada-iese-elsevier-clinical-decision-support-per-a-directius-sanitaris\/"]}]},{"@type":"BreadcrumbList","@id":"https:\/\/ticsalutsocial.atoom.space\/es\/event\/jornada-iese-elsevier-clinical-decision-support-per-a-directius-sanitaris\/#breadcrumb","itemListElement":[{"@type":"ListItem","position":1,"name":"Inici","item":"https:\/\/ticsalutsocial.atoom.space\/es\/"},{"@type":"ListItem","position":2,"name":"Jornada IESE &amp; ELSEVIER &#8211; Clinical Decision Support per a directius sanitaris"}]},{"@type":"WebSite","@id":"https:\/\/ticsalutsocial.atoom.space\/es\/#website","url":"https:\/\/ticsalutsocial.atoom.space\/es\/","name":"Fundaci\u00f3 TIC Salut i Social","description":"","potentialAction":[{"@type":"SearchAction","target":{"@type":"EntryPoint","urlTemplate":"https:\/\/ticsalutsocial.atoom.space\/es\/?s={search_term_string}"},"query-input":{"@type":"PropertyValueSpecification","valueRequired":true,"valueName":"search_term_string"}}],"inLanguage":"es"}]}},"_links":{"self":[{"href":"https:\/\/ticsalutsocial.atoom.space\/es\/wp-json\/wp\/v2\/event\/21293","targetHints":{"allow":["GET"]}}],"collection":[{"href":"https:\/\/ticsalutsocial.atoom.space\/es\/wp-json\/wp\/v2\/event"}],"about":[{"href":"https:\/\/ticsalutsocial.atoom.space\/es\/wp-json\/wp\/v2\/types\/event"}],"wp:attachment":[{"href":"https:\/\/ticsalutsocial.atoom.space\/es\/wp-json\/wp\/v2\/media?parent=21293"}],"wp:term":[{"taxonomy":"tipus","embeddable":true,"href":"https:\/\/ticsalutsocial.atoom.space\/es\/wp-json\/wp\/v2\/tipus?post=21293"},{"taxonomy":"topic","embeddable":true,"href":"https:\/\/ticsalutsocial.atoom.space\/es\/wp-json\/wp\/v2\/topic?post=21293"}],"curies":[{"name":"wp","href":"https:\/\/api.w.org\/{rel}","templated":true}]}}

<p>El Centre de Recerca per a la Gestió de la Innovació en Salut (CRHIM) de l&#8217;IESE Business School i Elsevier Clinical Solutions han unit forces per recolzar i accelerar la implementació de solucions innovadores en salut.</p>



<p>La jornada se celebrarà el Dijous 22 de Juny del 2023 de 10h a 17h a IESE Barcelona. Aquesta jornada inclou activitats de formació amb simulació a CDS i presentació i debat sobre el model CDDRAM.</p>



<p>HALIGN (Health Align) és una iniciativa d&#8217;EIT Health liderada per IESE CRHIM dirigida a capacitar els diferents actors de l&#8217;ecosistema de salut perquè treballin conjuntament al codisseny i implementació de solucions innovadores per obtenir millors resultats.</p>



<p>Clinical Decision Support &#8211; Readiness Assessment Model (CDS-RAM) és una eina gratuïta d&#8217;Elsevier que ajuda les institucions sanitàries a autoavaluar el seu nivell de preparació per implementar amb èxit els sistemes de suport a la presa de decisions clíniques.</p>

<!-- This site is optimized with the Yoast SEO plugin v27.1.1 - https://yoast.com/product/yoast-seo-wordpress/ -->
<title>Jornada IESE &amp; ELSEVIER - Clinical Decision Support per a directius sanitaris - Fundació TIC Salut i Social</title>
<meta name="robots" content="index, follow, max-snippet:-1, max-image-preview:large, max-video-preview:-1" />
<link rel="canonical" href="https://ticsalutsocial.atoom.space/es/event/jornada-iese-elsevier-clinical-decision-support-per-a-directius-sanitaris/" />
<meta property="og:locale" content="es_ES" />
<meta property="og:type" content="article" />
<meta property="og:title" content="Jornada IESE &amp; ELSEVIER - Clinical Decision Support per a directius sanitaris - Fundació TIC Salut i Social" />
<meta property="og:description" content="El Centre de Recerca per a la Gestió de la Innovació en Salut (CRHIM) de l&#8217;IESE Business School i Elsevier Clinical Solutions han unit forces per recolzar i accelerar la implementació de solucions innovadores en salut. La jornada se celebrarà el Dijous 22 de Juny del 2023 de 10h a 17h a IESE Barcelona. Aquesta [&hellip;]" />
<meta property="og:url" content="https://ticsalutsocial.atoom.space/es/event/jornada-iese-elsevier-clinical-decision-support-per-a-directius-sanitaris/" />
<meta property="og:site_name" content="Fundació TIC Salut i Social" />
<meta property="article:modified_time" content="2023-06-06T11:29:11+00:00" />
<meta name="twitter:card" content="summary_large_image" />
<meta name="twitter:label1" content="Tiempo de lectura" />
	<meta name="twitter:data1" content="1 minuto" />
<script type="application/ld+json" class="yoast-schema-graph">{"@context":"https://schema.org","@graph":[{"@type":"WebPage","@id":"https://ticsalutsocial.atoom.space/es/event/jornada-iese-elsevier-clinical-decision-support-per-a-directius-sanitaris/","url":"https://ticsalutsocial.atoom.space/es/event/jornada-iese-elsevier-clinical-decision-support-per-a-directius-sanitaris/","name":"Jornada IESE &amp; ELSEVIER - Clinical Decision Support per a directius sanitaris - Fundació TIC Salut i Social","isPartOf":{"@id":"https://ticsalutsocial.atoom.space/es/#website"},"datePublished":"2023-06-06T11:28:50+00:00","dateModified":"2023-06-06T11:29:11+00:00","breadcrumb":{"@id":"https://ticsalutsocial.atoom.space/es/event/jornada-iese-elsevier-clinical-decision-support-per-a-directius-sanitaris/#breadcrumb"},"inLanguage":"es","potentialAction":[{"@type":"ReadAction","target":["https://ticsalutsocial.atoom.space/es/event/jornada-iese-elsevier-clinical-decision-support-per-a-directius-sanitaris/"]}]},{"@type":"BreadcrumbList","@id":"https://ticsalutsocial.atoom.space/es/event/jornada-iese-elsevier-clinical-decision-support-per-a-directius-sanitaris/#breadcrumb","itemListElement":[{"@type":"ListItem","position":1,"name":"Inici","item":"https://ticsalutsocial.atoom.space/es/"},{"@type":"ListItem","position":2,"name":"Jornada IESE &amp; ELSEVIER &#8211; Clinical Decision Support per a directius sanitaris"}]},{"@type":"WebSite","@id":"https://ticsalutsocial.atoom.space/es/#website","url":"https://ticsalutsocial.atoom.space/es/","name":"Fundació TIC Salut i Social","description":"","potentialAction":[{"@type":"SearchAction","target":{"@type":"EntryPoint","urlTemplate":"https://ticsalutsocial.atoom.space/es/?s={search_term_string}"},"query-input":{"@type":"PropertyValueSpecification","valueRequired":true,"valueName":"search_term_string"}}],"inLanguage":"es"}]}</script>
<!-- / Yoast SEO plugin. -->

Jornada IESE &amp; ELSEVIER - Clinical Decision Support per a directius sanitaris - Fundació TIC Salut i Social

El Centre de Recerca per a la Gestió de la Innovació en Salut (CRHIM) de l&#8217;IESE Business School i Elsevier Clinical Solutions han unit forces per recolzar i accelerar la implementació de solucions innovadores en salut. La jornada se celebrarà el Dijous 22 de Juny del 2023 de 10h a 17h a IESE Barcelona. Aquesta [&hellip;]

Fundació TIC Salut i Social
