
{"id":21459,"date":"2023-06-19T12:50:10","date_gmt":"2023-06-19T10:50:10","guid":{"rendered":"https:\/\/ticsalutsocial.atoom.space\/?post_type=event&#038;p=21459"},"modified":"2023-06-19T12:50:30","modified_gmt":"2023-06-19T10:50:30","slug":"cyberhealthpharma-summit-2023","status":"publish","type":"event","link":"https:\/\/ticsalutsocial.atoom.space\/es\/event\/cyberhealthpharma-summit-2023\/","title":{"rendered":"CyberHealth&amp;Pharma Summit 2023"},"content":{"rendered":"\n<p>El 21 de setembre s&#8217;organitza el CyberHealth&amp;Pharma Summit 2023. Aquest t\u00e9 com a objectiu abordar amb ajuda dels experts, els principals punts sobre la seguretat de les dades i analitzar les \u00faltimes tecnologies i estrat\u00e8gies en mat\u00e8ria de Ciberseguretat i Risk Management al sector de la Salut i Pharma.<\/p>\n\n\n\n<p>El f\u00f2rum no nom\u00e9s aborda una \u00e0mplia gamma de q\u00fcestions tecnol\u00f2giques de l&#8217;espectre de la seguretat inform\u00e0tica, sin\u00f3 que tamb\u00e9 va m\u00e9s enll\u00e0, demostrant una perspectiva completa de tots els aspectes del sector. Des d&#8217;una perspectiva jur\u00eddica fins a l&#8217;adquisici\u00f3 de coneixements i d&#8217;aptituds empresarials.<\/p>\n\n\n\n<p>La Miriam Mendez, coordinadora de Protecci\u00f3 de Dades de la Fundaci\u00f3, participar\u00e0 al Panell 4 (Directrius reglament\u00e0ries &#8211; Regulaci\u00f3 de Dades).<\/p>\n\n\n\n<p><\/p>\n\n\n\n<p>Consulta el programa <a href=\"https:\/\/www.cyberhealthandpharma.com\/es\/cyberhealthandpharma\/Programa\/\" target=\"_blank\" rel=\"noreferrer noopener\">aqu\u00ed<\/a>.<\/p>\n","protected":false},"featured_media":21457,"menu_order":0,"template":"","meta":{"_acf_changed":false,"inline_featured_image":false},"tipus":[],"topic":[],"class_list":["post-21459","event","type-event","status-publish","has-post-thumbnail","hentry"],"acf":{"imatge":21457,"informacio":{"ubicacio":"Auditori MGS","data":"21\/09\/2023","hora":"8:30","preu":"","inscripcions":"https:\/\/www.cyberhealthandpharma.com\/es\/cyberhealthandpharma\/incio\/"},"programa":{"titol":"","items":false}},"yoast_head":"<!-- This site is optimized with the Yoast SEO plugin v27.1.1 - https:\/\/yoast.com\/product\/yoast-seo-wordpress\/ -->\n<title>CyberHealth&amp;Pharma Summit 2023 - Fundaci\u00f3 TIC Salut i Social<\/title>\n<meta name=\"robots\" content=\"index, follow, max-snippet:-1, max-image-preview:large, max-video-preview:-1\" \/>\n<link rel=\"canonical\" href=\"https:\/\/ticsalutsocial.atoom.space\/es\/event\/cyberhealthpharma-summit-2023\/\" \/>\n<meta property=\"og:locale\" content=\"es_ES\" \/>\n<meta property=\"og:type\" content=\"article\" \/>\n<meta property=\"og:title\" content=\"CyberHealth&amp;Pharma Summit 2023 - Fundaci\u00f3 TIC Salut i Social\" \/>\n<meta property=\"og:description\" content=\"El 21 de setembre s&#8217;organitza el CyberHealth&amp;Pharma Summit 2023. Aquest t\u00e9 com a objectiu abordar amb ajuda dels experts, els principals punts sobre la seguretat de les dades i analitzar les \u00faltimes tecnologies i estrat\u00e8gies en mat\u00e8ria de Ciberseguretat i Risk Management al sector de la Salut i Pharma. El f\u00f2rum no nom\u00e9s aborda una [&hellip;]\" \/>\n<meta property=\"og:url\" content=\"https:\/\/ticsalutsocial.atoom.space\/es\/event\/cyberhealthpharma-summit-2023\/\" \/>\n<meta property=\"og:site_name\" content=\"Fundaci\u00f3 TIC Salut i Social\" \/>\n<meta property=\"article:modified_time\" content=\"2023-06-19T10:50:30+00:00\" \/>\n<meta property=\"og:image\" content=\"https:\/\/ticsalutsocial.atoom.space\/wp-content\/uploads\/2023\/06\/Captura-4.png\" \/>\n\t<meta property=\"og:image:width\" content=\"1386\" \/>\n\t<meta property=\"og:image:height\" content=\"667\" \/>\n\t<meta property=\"og:image:type\" content=\"image\/png\" \/>\n<meta name=\"twitter:card\" content=\"summary_large_image\" \/>\n<meta name=\"twitter:label1\" content=\"Tiempo de lectura\" \/>\n\t<meta name=\"twitter:data1\" content=\"1 minuto\" \/>\n<script type=\"application\/ld+json\" class=\"yoast-schema-graph\">{\"@context\":\"https:\/\/schema.org\",\"@graph\":[{\"@type\":\"WebPage\",\"@id\":\"https:\/\/ticsalutsocial.atoom.space\/es\/event\/cyberhealthpharma-summit-2023\/\",\"url\":\"https:\/\/ticsalutsocial.atoom.space\/es\/event\/cyberhealthpharma-summit-2023\/\",\"name\":\"CyberHealth&amp;Pharma Summit 2023 - Fundaci\u00f3 TIC Salut i Social\",\"isPartOf\":{\"@id\":\"https:\/\/ticsalutsocial.atoom.space\/es\/#website\"},\"primaryImageOfPage\":{\"@id\":\"https:\/\/ticsalutsocial.atoom.space\/es\/event\/cyberhealthpharma-summit-2023\/#primaryimage\"},\"image\":{\"@id\":\"https:\/\/ticsalutsocial.atoom.space\/es\/event\/cyberhealthpharma-summit-2023\/#primaryimage\"},\"thumbnailUrl\":\"https:\/\/ticsalutsocial.atoom.space\/wp-content\/uploads\/2023\/06\/Captura-4.png\",\"datePublished\":\"2023-06-19T10:50:10+00:00\",\"dateModified\":\"2023-06-19T10:50:30+00:00\",\"breadcrumb\":{\"@id\":\"https:\/\/ticsalutsocial.atoom.space\/es\/event\/cyberhealthpharma-summit-2023\/#breadcrumb\"},\"inLanguage\":\"es\",\"potentialAction\":[{\"@type\":\"ReadAction\",\"target\":[\"https:\/\/ticsalutsocial.atoom.space\/es\/event\/cyberhealthpharma-summit-2023\/\"]}]},{\"@type\":\"ImageObject\",\"inLanguage\":\"es\",\"@id\":\"https:\/\/ticsalutsocial.atoom.space\/es\/event\/cyberhealthpharma-summit-2023\/#primaryimage\",\"url\":\"https:\/\/ticsalutsocial.atoom.space\/wp-content\/uploads\/2023\/06\/Captura-4.png\",\"contentUrl\":\"https:\/\/ticsalutsocial.atoom.space\/wp-content\/uploads\/2023\/06\/Captura-4.png\",\"width\":1386,\"height\":667},{\"@type\":\"BreadcrumbList\",\"@id\":\"https:\/\/ticsalutsocial.atoom.space\/es\/event\/cyberhealthpharma-summit-2023\/#breadcrumb\",\"itemListElement\":[{\"@type\":\"ListItem\",\"position\":1,\"name\":\"Inici\",\"item\":\"https:\/\/ticsalutsocial.atoom.space\/es\/\"},{\"@type\":\"ListItem\",\"position\":2,\"name\":\"CyberHealth&amp;Pharma Summit 2023\"}]},{\"@type\":\"WebSite\",\"@id\":\"https:\/\/ticsalutsocial.atoom.space\/es\/#website\",\"url\":\"https:\/\/ticsalutsocial.atoom.space\/es\/\",\"name\":\"Fundaci\u00f3 TIC Salut i Social\",\"description\":\"\",\"potentialAction\":[{\"@type\":\"SearchAction\",\"target\":{\"@type\":\"EntryPoint\",\"urlTemplate\":\"https:\/\/ticsalutsocial.atoom.space\/es\/?s={search_term_string}\"},\"query-input\":{\"@type\":\"PropertyValueSpecification\",\"valueRequired\":true,\"valueName\":\"search_term_string\"}}],\"inLanguage\":\"es\"}]}<\/script>\n<!-- \/ Yoast SEO plugin. -->","yoast_head_json":{"title":"CyberHealth&amp;Pharma Summit 2023 - Fundaci\u00f3 TIC Salut i Social","robots":{"index":"index","follow":"follow","max-snippet":"max-snippet:-1","max-image-preview":"max-image-preview:large","max-video-preview":"max-video-preview:-1"},"canonical":"https:\/\/ticsalutsocial.atoom.space\/es\/event\/cyberhealthpharma-summit-2023\/","og_locale":"es_ES","og_type":"article","og_title":"CyberHealth&amp;Pharma Summit 2023 - Fundaci\u00f3 TIC Salut i Social","og_description":"El 21 de setembre s&#8217;organitza el CyberHealth&amp;Pharma Summit 2023. Aquest t\u00e9 com a objectiu abordar amb ajuda dels experts, els principals punts sobre la seguretat de les dades i analitzar les \u00faltimes tecnologies i estrat\u00e8gies en mat\u00e8ria de Ciberseguretat i Risk Management al sector de la Salut i Pharma. El f\u00f2rum no nom\u00e9s aborda una [&hellip;]","og_url":"https:\/\/ticsalutsocial.atoom.space\/es\/event\/cyberhealthpharma-summit-2023\/","og_site_name":"Fundaci\u00f3 TIC Salut i Social","article_modified_time":"2023-06-19T10:50:30+00:00","og_image":[{"width":1386,"height":667,"url":"https:\/\/ticsalutsocial.atoom.space\/wp-content\/uploads\/2023\/06\/Captura-4.png","type":"image\/png"}],"twitter_card":"summary_large_image","twitter_misc":{"Tiempo de lectura":"1 minuto"},"schema":{"@context":"https:\/\/schema.org","@graph":[{"@type":"WebPage","@id":"https:\/\/ticsalutsocial.atoom.space\/es\/event\/cyberhealthpharma-summit-2023\/","url":"https:\/\/ticsalutsocial.atoom.space\/es\/event\/cyberhealthpharma-summit-2023\/","name":"CyberHealth&amp;Pharma Summit 2023 - Fundaci\u00f3 TIC Salut i Social","isPartOf":{"@id":"https:\/\/ticsalutsocial.atoom.space\/es\/#website"},"primaryImageOfPage":{"@id":"https:\/\/ticsalutsocial.atoom.space\/es\/event\/cyberhealthpharma-summit-2023\/#primaryimage"},"image":{"@id":"https:\/\/ticsalutsocial.atoom.space\/es\/event\/cyberhealthpharma-summit-2023\/#primaryimage"},"thumbnailUrl":"https:\/\/ticsalutsocial.atoom.space\/wp-content\/uploads\/2023\/06\/Captura-4.png","datePublished":"2023-06-19T10:50:10+00:00","dateModified":"2023-06-19T10:50:30+00:00","breadcrumb":{"@id":"https:\/\/ticsalutsocial.atoom.space\/es\/event\/cyberhealthpharma-summit-2023\/#breadcrumb"},"inLanguage":"es","potentialAction":[{"@type":"ReadAction","target":["https:\/\/ticsalutsocial.atoom.space\/es\/event\/cyberhealthpharma-summit-2023\/"]}]},{"@type":"ImageObject","inLanguage":"es","@id":"https:\/\/ticsalutsocial.atoom.space\/es\/event\/cyberhealthpharma-summit-2023\/#primaryimage","url":"https:\/\/ticsalutsocial.atoom.space\/wp-content\/uploads\/2023\/06\/Captura-4.png","contentUrl":"https:\/\/ticsalutsocial.atoom.space\/wp-content\/uploads\/2023\/06\/Captura-4.png","width":1386,"height":667},{"@type":"BreadcrumbList","@id":"https:\/\/ticsalutsocial.atoom.space\/es\/event\/cyberhealthpharma-summit-2023\/#breadcrumb","itemListElement":[{"@type":"ListItem","position":1,"name":"Inici","item":"https:\/\/ticsalutsocial.atoom.space\/es\/"},{"@type":"ListItem","position":2,"name":"CyberHealth&amp;Pharma Summit 2023"}]},{"@type":"WebSite","@id":"https:\/\/ticsalutsocial.atoom.space\/es\/#website","url":"https:\/\/ticsalutsocial.atoom.space\/es\/","name":"Fundaci\u00f3 TIC Salut i Social","description":"","potentialAction":[{"@type":"SearchAction","target":{"@type":"EntryPoint","urlTemplate":"https:\/\/ticsalutsocial.atoom.space\/es\/?s={search_term_string}"},"query-input":{"@type":"PropertyValueSpecification","valueRequired":true,"valueName":"search_term_string"}}],"inLanguage":"es"}]}},"_links":{"self":[{"href":"https:\/\/ticsalutsocial.atoom.space\/es\/wp-json\/wp\/v2\/event\/21459","targetHints":{"allow":["GET"]}}],"collection":[{"href":"https:\/\/ticsalutsocial.atoom.space\/es\/wp-json\/wp\/v2\/event"}],"about":[{"href":"https:\/\/ticsalutsocial.atoom.space\/es\/wp-json\/wp\/v2\/types\/event"}],"wp:featuredmedia":[{"embeddable":true,"href":"https:\/\/ticsalutsocial.atoom.space\/es\/wp-json\/wp\/v2\/media\/21457"}],"wp:attachment":[{"href":"https:\/\/ticsalutsocial.atoom.space\/es\/wp-json\/wp\/v2\/media?parent=21459"}],"wp:term":[{"taxonomy":"tipus","embeddable":true,"href":"https:\/\/ticsalutsocial.atoom.space\/es\/wp-json\/wp\/v2\/tipus?post=21459"},{"taxonomy":"topic","embeddable":true,"href":"https:\/\/ticsalutsocial.atoom.space\/es\/wp-json\/wp\/v2\/topic?post=21459"}],"curies":[{"name":"wp","href":"https:\/\/api.w.org\/{rel}","templated":true}]}}

<p>El 21 de setembre s&#8217;organitza el CyberHealth&amp;Pharma Summit 2023. Aquest té com a objectiu abordar amb ajuda dels experts, els principals punts sobre la seguretat de les dades i analitzar les últimes tecnologies i estratègies en matèria de Ciberseguretat i Risk Management al sector de la Salut i Pharma.</p>



<p>El fòrum no només aborda una àmplia gamma de qüestions tecnològiques de l&#8217;espectre de la seguretat informàtica, sinó que també va més enllà, demostrant una perspectiva completa de tots els aspectes del sector. Des d&#8217;una perspectiva jurídica fins a l&#8217;adquisició de coneixements i d&#8217;aptituds empresarials.</p>



<p>La Miriam Mendez, coordinadora de Protecció de Dades de la Fundació, participarà al Panell 4 (Directrius reglamentàries &#8211; Regulació de Dades).</p>



<p></p>



<p>Consulta el programa <a href="https://www.cyberhealthandpharma.com/es/cyberhealthandpharma/Programa/" target="_blank" rel="noreferrer noopener">aquí</a>.</p>

<!-- This site is optimized with the Yoast SEO plugin v27.1.1 - https://yoast.com/product/yoast-seo-wordpress/ -->
<title>CyberHealth&amp;Pharma Summit 2023 - Fundació TIC Salut i Social</title>
<meta name="robots" content="index, follow, max-snippet:-1, max-image-preview:large, max-video-preview:-1" />
<link rel="canonical" href="https://ticsalutsocial.atoom.space/es/event/cyberhealthpharma-summit-2023/" />
<meta property="og:locale" content="es_ES" />
<meta property="og:type" content="article" />
<meta property="og:title" content="CyberHealth&amp;Pharma Summit 2023 - Fundació TIC Salut i Social" />
<meta property="og:description" content="El 21 de setembre s&#8217;organitza el CyberHealth&amp;Pharma Summit 2023. Aquest té com a objectiu abordar amb ajuda dels experts, els principals punts sobre la seguretat de les dades i analitzar les últimes tecnologies i estratègies en matèria de Ciberseguretat i Risk Management al sector de la Salut i Pharma. El fòrum no només aborda una [&hellip;]" />
<meta property="og:url" content="https://ticsalutsocial.atoom.space/es/event/cyberhealthpharma-summit-2023/" />
<meta property="og:site_name" content="Fundació TIC Salut i Social" />
<meta property="article:modified_time" content="2023-06-19T10:50:30+00:00" />
<meta property="og:image" content="https://ticsalutsocial.atoom.space/wp-content/uploads/2023/06/Captura-4.png" />
	<meta property="og:image:width" content="1386" />
	<meta property="og:image:height" content="667" />
	<meta property="og:image:type" content="image/png" />
<meta name="twitter:card" content="summary_large_image" />
<meta name="twitter:label1" content="Tiempo de lectura" />
	<meta name="twitter:data1" content="1 minuto" />
<script type="application/ld+json" class="yoast-schema-graph">{"@context":"https://schema.org","@graph":[{"@type":"WebPage","@id":"https://ticsalutsocial.atoom.space/es/event/cyberhealthpharma-summit-2023/","url":"https://ticsalutsocial.atoom.space/es/event/cyberhealthpharma-summit-2023/","name":"CyberHealth&amp;Pharma Summit 2023 - Fundació TIC Salut i Social","isPartOf":{"@id":"https://ticsalutsocial.atoom.space/es/#website"},"primaryImageOfPage":{"@id":"https://ticsalutsocial.atoom.space/es/event/cyberhealthpharma-summit-2023/#primaryimage"},"image":{"@id":"https://ticsalutsocial.atoom.space/es/event/cyberhealthpharma-summit-2023/#primaryimage"},"thumbnailUrl":"https://ticsalutsocial.atoom.space/wp-content/uploads/2023/06/Captura-4.png","datePublished":"2023-06-19T10:50:10+00:00","dateModified":"2023-06-19T10:50:30+00:00","breadcrumb":{"@id":"https://ticsalutsocial.atoom.space/es/event/cyberhealthpharma-summit-2023/#breadcrumb"},"inLanguage":"es","potentialAction":[{"@type":"ReadAction","target":["https://ticsalutsocial.atoom.space/es/event/cyberhealthpharma-summit-2023/"]}]},{"@type":"ImageObject","inLanguage":"es","@id":"https://ticsalutsocial.atoom.space/es/event/cyberhealthpharma-summit-2023/#primaryimage","url":"https://ticsalutsocial.atoom.space/wp-content/uploads/2023/06/Captura-4.png","contentUrl":"https://ticsalutsocial.atoom.space/wp-content/uploads/2023/06/Captura-4.png","width":1386,"height":667},{"@type":"BreadcrumbList","@id":"https://ticsalutsocial.atoom.space/es/event/cyberhealthpharma-summit-2023/#breadcrumb","itemListElement":[{"@type":"ListItem","position":1,"name":"Inici","item":"https://ticsalutsocial.atoom.space/es/"},{"@type":"ListItem","position":2,"name":"CyberHealth&amp;Pharma Summit 2023"}]},{"@type":"WebSite","@id":"https://ticsalutsocial.atoom.space/es/#website","url":"https://ticsalutsocial.atoom.space/es/","name":"Fundació TIC Salut i Social","description":"","potentialAction":[{"@type":"SearchAction","target":{"@type":"EntryPoint","urlTemplate":"https://ticsalutsocial.atoom.space/es/?s={search_term_string}"},"query-input":{"@type":"PropertyValueSpecification","valueRequired":true,"valueName":"search_term_string"}}],"inLanguage":"es"}]}</script>
<!-- / Yoast SEO plugin. -->

CyberHealth&amp;Pharma Summit 2023 - Fundació TIC Salut i Social

El 21 de setembre s&#8217;organitza el CyberHealth&amp;Pharma Summit 2023. Aquest té com a objectiu abordar amb ajuda dels experts, els principals punts sobre la seguretat de les dades i analitzar les últimes tecnologies i estratègies en matèria de Ciberseguretat i Risk Management al sector de la Salut i Pharma. El fòrum no només aborda una [&hellip;]

Fundació TIC Salut i Social
