
{"id":21500,"date":"2023-06-26T09:19:54","date_gmt":"2023-06-26T07:19:54","guid":{"rendered":"https:\/\/ticsalutsocial.atoom.space\/?post_type=event&#038;p=21500"},"modified":"2023-07-05T12:48:27","modified_gmt":"2023-07-05T10:48:27","slug":"solucions-dia-per-a-proporcionar-informacio-de-medicaments-a-la-ciutadania","status":"publish","type":"event","link":"https:\/\/ticsalutsocial.atoom.space\/es\/event\/solucions-dia-per-a-proporcionar-informacio-de-medicaments-a-la-ciutadania\/","title":{"rendered":"Soluciones de IA para proporcionar informaci\u00f3n de medicamentos a la ciudadan\u00eda"},"content":{"rendered":"\n<p>El Programa Salud\/IA organiza una consulta abierta al mercado para integrar en el Sistema de Salud de Catalu\u00f1a soluciones basadas en IA para proporcionar informaci\u00f3n de los medicamentos a la ciudadan\u00eda.<\/p>\n\n\n\n<p>El d\u00eda 12 de julio te esperamos en el sal\u00f3n de actos del Edificio Salvany. Calle Roc Boronat, 81-95, planta baja. 08005, Barcelona.<\/p>\n\n\n\n<hr class=\"wp-block-separator has-alpha-channel-opacity\"\/>\n\n\n\n<h2 class=\"wp-block-heading has-text-align-left\"><strong>PROGRAMA<\/strong><\/h2>\n\n\n\n<p><strong>10:00h &#8211; Apertura y presentaci\u00f3n del Centro virtual de inteligencia artificial en el medicamento (CIAM).<\/strong><\/p>\n\n\n\n<ul class=\"wp-block-list\">\n<li>D\u00aa. Clara Pareja. Directora general de Ordenaci\u00f3n y Regulaci\u00f3n Sanitaria en Departamento de Salud.<\/li>\n<\/ul>\n\n\n\n<p><\/p>\n\n\n\n<p><strong>10:15h &#8211; El Programa Salut\/IA y la implementaci\u00f3n de la inteligencia artificial en el Sistema de Salud de Catalunya.<\/strong><\/p>\n\n\n\n<ul class=\"wp-block-list\">\n<li>Sr. Joan Guanyabens. Director de la Fundaci\u00f3n TIC Salut Social.<\/li>\n<\/ul>\n\n\n\n<p><\/p>\n\n\n\n<p><strong>10:30h &#8211; La importancia de proporcionar adecuadamente informaci\u00f3n de los medicamentos a los pacientes, cuidadores y ciudadan\u00eda.<\/strong><\/p>\n\n\n\n<ul class=\"wp-block-list\">\n<li>Sr. Josep Maria Guiu. Director del \u00c1rea de Farmacia y Medicamento del Consorcio de Salud y Social de Catalunya.<\/li>\n<\/ul>\n\n\n\n<p><\/p>\n\n\n\n<p><strong>10:45h &#8211; Estado del arte de los asistentes virtuales en el \u00e1mbito del medicamento y los principios FUTURE-AI.<\/strong><\/p>\n\n\n\n<ul class=\"wp-block-list\">\n<li>D\u00aa. Sussana Auss\u00f3. Responsable de inteligencia artificial de la Fundaci\u00f3n TIC Salut Social y secretaria t\u00e9cnica del Programa Salut\/IA.<\/li>\n<\/ul>\n\n\n\n<p><\/p>\n\n\n\n<p><strong>11:00h &#8211; El Proceso de la Consulta Preliminar en el Mercado.<\/strong><\/p>\n\n\n\n<ul class=\"wp-block-list\">\n<li>Sr. Ramon Maspons. Director Estrat\u00e9gico de la Comisi\u00f3n Departamental de Innovaci\u00f3n y Transformaci\u00f3n y del \u00c1rea de Innovaci\u00f3n y Prospectiva de la Agencia de Calidad y Evaluaci\u00f3n Sanitarias (AQuAS).<\/li>\n<\/ul>\n\n\n\n<p><\/p>\n\n\n\n<p><strong>11:15h &#8211; Turno abierto de preguntas.<\/strong><\/p>\n\n\n\n<p><\/p>\n\n\n\n<p><strong>11:30h &#8211; Clausura.<\/strong><\/p>\n","protected":false},"featured_media":21565,"menu_order":0,"template":"","meta":{"_acf_changed":false,"inline_featured_image":false},"tipus":[879],"topic":[],"class_list":["post-21500","event","type-event","status-publish","has-post-thumbnail","hentry","tipus-inteligencia-artificial"],"acf":{"imatge":21565,"informacio":{"ubicacio":" Sala d'actes de l'Edifici Salvany. Carrer Roc Boronat, 81-95","data":"12\/07\/2023","hora":"10:00h","preu":"","inscripcions":"https:\/\/www.eventbrite.es\/e\/entradas-solucions-dia-per-a-proporcionar-informacio-de-medicaments-a-la-ciutadania-665161725627?aff=oddtdtcreator"},"programa":{"titol":"","items":false},"documents":false},"yoast_head":"<!-- This site is optimized with the Yoast SEO plugin v27.1.1 - https:\/\/yoast.com\/product\/yoast-seo-wordpress\/ -->\n<title>Soluciones de IA para proporcionar informaci\u00f3n de medicamentos a la ciudadan\u00eda - Fundaci\u00f3 TIC Salut i Social<\/title>\n<meta name=\"robots\" content=\"index, follow, max-snippet:-1, max-image-preview:large, max-video-preview:-1\" \/>\n<link rel=\"canonical\" href=\"https:\/\/ticsalutsocial.atoom.space\/es\/event\/solucions-dia-per-a-proporcionar-informacio-de-medicaments-a-la-ciutadania\/\" \/>\n<meta property=\"og:locale\" content=\"es_ES\" \/>\n<meta property=\"og:type\" content=\"article\" \/>\n<meta property=\"og:title\" content=\"Soluciones de IA para proporcionar informaci\u00f3n de medicamentos a la ciudadan\u00eda - Fundaci\u00f3 TIC Salut i Social\" \/>\n<meta property=\"og:description\" content=\"El Programa Salud\/IA organiza una consulta abierta al mercado para integrar en el Sistema de Salud de Catalu\u00f1a soluciones basadas en IA para proporcionar informaci\u00f3n de los medicamentos a la ciudadan\u00eda. El d\u00eda 12 de julio te esperamos en el sal\u00f3n de actos del Edificio Salvany. Calle Roc Boronat, 81-95, planta baja. 08005, Barcelona. PROGRAMA [&hellip;]\" \/>\n<meta property=\"og:url\" content=\"https:\/\/ticsalutsocial.atoom.space\/es\/event\/solucions-dia-per-a-proporcionar-informacio-de-medicaments-a-la-ciutadania\/\" \/>\n<meta property=\"og:site_name\" content=\"Fundaci\u00f3 TIC Salut i Social\" \/>\n<meta property=\"article:modified_time\" content=\"2023-07-05T10:48:27+00:00\" \/>\n<meta property=\"og:image\" content=\"https:\/\/ticsalutsocial.atoom.space\/wp-content\/uploads\/2023\/06\/imatge-logos-3.png\" \/>\n\t<meta property=\"og:image:width\" content=\"1600\" \/>\n\t<meta property=\"og:image:height\" content=\"900\" \/>\n\t<meta property=\"og:image:type\" content=\"image\/png\" \/>\n<meta name=\"twitter:card\" content=\"summary_large_image\" \/>\n<meta name=\"twitter:label1\" content=\"Tiempo de lectura\" \/>\n\t<meta name=\"twitter:data1\" content=\"1 minuto\" \/>\n<script type=\"application\/ld+json\" class=\"yoast-schema-graph\">{\"@context\":\"https:\/\/schema.org\",\"@graph\":[{\"@type\":\"WebPage\",\"@id\":\"https:\/\/ticsalutsocial.atoom.space\/es\/event\/solucions-dia-per-a-proporcionar-informacio-de-medicaments-a-la-ciutadania\/\",\"url\":\"https:\/\/ticsalutsocial.atoom.space\/es\/event\/solucions-dia-per-a-proporcionar-informacio-de-medicaments-a-la-ciutadania\/\",\"name\":\"Soluciones de IA para proporcionar informaci\u00f3n de medicamentos a la ciudadan\u00eda - Fundaci\u00f3 TIC Salut i Social\",\"isPartOf\":{\"@id\":\"https:\/\/ticsalutsocial.atoom.space\/es\/#website\"},\"primaryImageOfPage\":{\"@id\":\"https:\/\/ticsalutsocial.atoom.space\/es\/event\/solucions-dia-per-a-proporcionar-informacio-de-medicaments-a-la-ciutadania\/#primaryimage\"},\"image\":{\"@id\":\"https:\/\/ticsalutsocial.atoom.space\/es\/event\/solucions-dia-per-a-proporcionar-informacio-de-medicaments-a-la-ciutadania\/#primaryimage\"},\"thumbnailUrl\":\"https:\/\/ticsalutsocial.atoom.space\/wp-content\/uploads\/2023\/06\/imatge-logos-3.png\",\"datePublished\":\"2023-06-26T07:19:54+00:00\",\"dateModified\":\"2023-07-05T10:48:27+00:00\",\"breadcrumb\":{\"@id\":\"https:\/\/ticsalutsocial.atoom.space\/es\/event\/solucions-dia-per-a-proporcionar-informacio-de-medicaments-a-la-ciutadania\/#breadcrumb\"},\"inLanguage\":\"es\",\"potentialAction\":[{\"@type\":\"ReadAction\",\"target\":[\"https:\/\/ticsalutsocial.atoom.space\/es\/event\/solucions-dia-per-a-proporcionar-informacio-de-medicaments-a-la-ciutadania\/\"]}]},{\"@type\":\"ImageObject\",\"inLanguage\":\"es\",\"@id\":\"https:\/\/ticsalutsocial.atoom.space\/es\/event\/solucions-dia-per-a-proporcionar-informacio-de-medicaments-a-la-ciutadania\/#primaryimage\",\"url\":\"https:\/\/ticsalutsocial.atoom.space\/wp-content\/uploads\/2023\/06\/imatge-logos-3.png\",\"contentUrl\":\"https:\/\/ticsalutsocial.atoom.space\/wp-content\/uploads\/2023\/06\/imatge-logos-3.png\",\"width\":1600,\"height\":900},{\"@type\":\"BreadcrumbList\",\"@id\":\"https:\/\/ticsalutsocial.atoom.space\/es\/event\/solucions-dia-per-a-proporcionar-informacio-de-medicaments-a-la-ciutadania\/#breadcrumb\",\"itemListElement\":[{\"@type\":\"ListItem\",\"position\":1,\"name\":\"Inici\",\"item\":\"https:\/\/ticsalutsocial.atoom.space\/es\/\"},{\"@type\":\"ListItem\",\"position\":2,\"name\":\"Soluciones de IA para proporcionar informaci\u00f3n de medicamentos a la ciudadan\u00eda\"}]},{\"@type\":\"WebSite\",\"@id\":\"https:\/\/ticsalutsocial.atoom.space\/es\/#website\",\"url\":\"https:\/\/ticsalutsocial.atoom.space\/es\/\",\"name\":\"Fundaci\u00f3 TIC Salut i Social\",\"description\":\"\",\"potentialAction\":[{\"@type\":\"SearchAction\",\"target\":{\"@type\":\"EntryPoint\",\"urlTemplate\":\"https:\/\/ticsalutsocial.atoom.space\/es\/?s={search_term_string}\"},\"query-input\":{\"@type\":\"PropertyValueSpecification\",\"valueRequired\":true,\"valueName\":\"search_term_string\"}}],\"inLanguage\":\"es\"}]}<\/script>\n<!-- \/ Yoast SEO plugin. -->","yoast_head_json":{"title":"Soluciones de IA para proporcionar informaci\u00f3n de medicamentos a la ciudadan\u00eda - Fundaci\u00f3 TIC Salut i Social","robots":{"index":"index","follow":"follow","max-snippet":"max-snippet:-1","max-image-preview":"max-image-preview:large","max-video-preview":"max-video-preview:-1"},"canonical":"https:\/\/ticsalutsocial.atoom.space\/es\/event\/solucions-dia-per-a-proporcionar-informacio-de-medicaments-a-la-ciutadania\/","og_locale":"es_ES","og_type":"article","og_title":"Soluciones de IA para proporcionar informaci\u00f3n de medicamentos a la ciudadan\u00eda - Fundaci\u00f3 TIC Salut i Social","og_description":"El Programa Salud\/IA organiza una consulta abierta al mercado para integrar en el Sistema de Salud de Catalu\u00f1a soluciones basadas en IA para proporcionar informaci\u00f3n de los medicamentos a la ciudadan\u00eda. El d\u00eda 12 de julio te esperamos en el sal\u00f3n de actos del Edificio Salvany. Calle Roc Boronat, 81-95, planta baja. 08005, Barcelona. PROGRAMA [&hellip;]","og_url":"https:\/\/ticsalutsocial.atoom.space\/es\/event\/solucions-dia-per-a-proporcionar-informacio-de-medicaments-a-la-ciutadania\/","og_site_name":"Fundaci\u00f3 TIC Salut i Social","article_modified_time":"2023-07-05T10:48:27+00:00","og_image":[{"width":1600,"height":900,"url":"https:\/\/ticsalutsocial.atoom.space\/wp-content\/uploads\/2023\/06\/imatge-logos-3.png","type":"image\/png"}],"twitter_card":"summary_large_image","twitter_misc":{"Tiempo de lectura":"1 minuto"},"schema":{"@context":"https:\/\/schema.org","@graph":[{"@type":"WebPage","@id":"https:\/\/ticsalutsocial.atoom.space\/es\/event\/solucions-dia-per-a-proporcionar-informacio-de-medicaments-a-la-ciutadania\/","url":"https:\/\/ticsalutsocial.atoom.space\/es\/event\/solucions-dia-per-a-proporcionar-informacio-de-medicaments-a-la-ciutadania\/","name":"Soluciones de IA para proporcionar informaci\u00f3n de medicamentos a la ciudadan\u00eda - Fundaci\u00f3 TIC Salut i Social","isPartOf":{"@id":"https:\/\/ticsalutsocial.atoom.space\/es\/#website"},"primaryImageOfPage":{"@id":"https:\/\/ticsalutsocial.atoom.space\/es\/event\/solucions-dia-per-a-proporcionar-informacio-de-medicaments-a-la-ciutadania\/#primaryimage"},"image":{"@id":"https:\/\/ticsalutsocial.atoom.space\/es\/event\/solucions-dia-per-a-proporcionar-informacio-de-medicaments-a-la-ciutadania\/#primaryimage"},"thumbnailUrl":"https:\/\/ticsalutsocial.atoom.space\/wp-content\/uploads\/2023\/06\/imatge-logos-3.png","datePublished":"2023-06-26T07:19:54+00:00","dateModified":"2023-07-05T10:48:27+00:00","breadcrumb":{"@id":"https:\/\/ticsalutsocial.atoom.space\/es\/event\/solucions-dia-per-a-proporcionar-informacio-de-medicaments-a-la-ciutadania\/#breadcrumb"},"inLanguage":"es","potentialAction":[{"@type":"ReadAction","target":["https:\/\/ticsalutsocial.atoom.space\/es\/event\/solucions-dia-per-a-proporcionar-informacio-de-medicaments-a-la-ciutadania\/"]}]},{"@type":"ImageObject","inLanguage":"es","@id":"https:\/\/ticsalutsocial.atoom.space\/es\/event\/solucions-dia-per-a-proporcionar-informacio-de-medicaments-a-la-ciutadania\/#primaryimage","url":"https:\/\/ticsalutsocial.atoom.space\/wp-content\/uploads\/2023\/06\/imatge-logos-3.png","contentUrl":"https:\/\/ticsalutsocial.atoom.space\/wp-content\/uploads\/2023\/06\/imatge-logos-3.png","width":1600,"height":900},{"@type":"BreadcrumbList","@id":"https:\/\/ticsalutsocial.atoom.space\/es\/event\/solucions-dia-per-a-proporcionar-informacio-de-medicaments-a-la-ciutadania\/#breadcrumb","itemListElement":[{"@type":"ListItem","position":1,"name":"Inici","item":"https:\/\/ticsalutsocial.atoom.space\/es\/"},{"@type":"ListItem","position":2,"name":"Soluciones de IA para proporcionar informaci\u00f3n de medicamentos a la ciudadan\u00eda"}]},{"@type":"WebSite","@id":"https:\/\/ticsalutsocial.atoom.space\/es\/#website","url":"https:\/\/ticsalutsocial.atoom.space\/es\/","name":"Fundaci\u00f3 TIC Salut i Social","description":"","potentialAction":[{"@type":"SearchAction","target":{"@type":"EntryPoint","urlTemplate":"https:\/\/ticsalutsocial.atoom.space\/es\/?s={search_term_string}"},"query-input":{"@type":"PropertyValueSpecification","valueRequired":true,"valueName":"search_term_string"}}],"inLanguage":"es"}]}},"_links":{"self":[{"href":"https:\/\/ticsalutsocial.atoom.space\/es\/wp-json\/wp\/v2\/event\/21500","targetHints":{"allow":["GET"]}}],"collection":[{"href":"https:\/\/ticsalutsocial.atoom.space\/es\/wp-json\/wp\/v2\/event"}],"about":[{"href":"https:\/\/ticsalutsocial.atoom.space\/es\/wp-json\/wp\/v2\/types\/event"}],"wp:featuredmedia":[{"embeddable":true,"href":"https:\/\/ticsalutsocial.atoom.space\/es\/wp-json\/wp\/v2\/media\/21565"}],"wp:attachment":[{"href":"https:\/\/ticsalutsocial.atoom.space\/es\/wp-json\/wp\/v2\/media?parent=21500"}],"wp:term":[{"taxonomy":"tipus","embeddable":true,"href":"https:\/\/ticsalutsocial.atoom.space\/es\/wp-json\/wp\/v2\/tipus?post=21500"},{"taxonomy":"topic","embeddable":true,"href":"https:\/\/ticsalutsocial.atoom.space\/es\/wp-json\/wp\/v2\/topic?post=21500"}],"curies":[{"name":"wp","href":"https:\/\/api.w.org\/{rel}","templated":true}]}}

Soluciones de IA para proporcionar información de medicamentos a la ciudadanía

<p>El Programa Salud/IA organiza una consulta abierta al mercado para integrar en el Sistema de Salud de Cataluña soluciones basadas en IA para proporcionar información de los medicamentos a la ciudadanía.</p>



<p>El día 12 de julio te esperamos en el salón de actos del Edificio Salvany. Calle Roc Boronat, 81-95, planta baja. 08005, Barcelona.</p>



<hr class="wp-block-separator has-alpha-channel-opacity"/>



<h2 class="wp-block-heading has-text-align-left"><strong>PROGRAMA</strong></h2>



<p><strong>10:00h &#8211; Apertura y presentación del Centro virtual de inteligencia artificial en el medicamento (CIAM).</strong></p>



<ul class="wp-block-list">
<li>Dª. Clara Pareja. Directora general de Ordenación y Regulación Sanitaria en Departamento de Salud.</li>
</ul>



<p></p>



<p><strong>10:15h &#8211; El Programa Salut/IA y la implementación de la inteligencia artificial en el Sistema de Salud de Catalunya.</strong></p>



<ul class="wp-block-list">
<li>Sr. Joan Guanyabens. Director de la Fundación TIC Salut Social.</li>
</ul>



<p></p>



<p><strong>10:30h &#8211; La importancia de proporcionar adecuadamente información de los medicamentos a los pacientes, cuidadores y ciudadanía.</strong></p>



<ul class="wp-block-list">
<li>Sr. Josep Maria Guiu. Director del Área de Farmacia y Medicamento del Consorcio de Salud y Social de Catalunya.</li>
</ul>



<p></p>



<p><strong>10:45h &#8211; Estado del arte de los asistentes virtuales en el ámbito del medicamento y los principios FUTURE-AI.</strong></p>



<ul class="wp-block-list">
<li>Dª. Sussana Aussó. Responsable de inteligencia artificial de la Fundación TIC Salut Social y secretaria técnica del Programa Salut/IA.</li>
</ul>



<p></p>



<p><strong>11:00h &#8211; El Proceso de la Consulta Preliminar en el Mercado.</strong></p>



<ul class="wp-block-list">
<li>Sr. Ramon Maspons. Director Estratégico de la Comisión Departamental de Innovación y Transformación y del Área de Innovación y Prospectiva de la Agencia de Calidad y Evaluación Sanitarias (AQuAS).</li>
</ul>



<p></p>



<p><strong>11:15h &#8211; Turno abierto de preguntas.</strong></p>



<p></p>



<p><strong>11:30h &#8211; Clausura.</strong></p>

<!-- This site is optimized with the Yoast SEO plugin v27.1.1 - https://yoast.com/product/yoast-seo-wordpress/ -->
<title>Soluciones de IA para proporcionar información de medicamentos a la ciudadanía - Fundació TIC Salut i Social</title>
<meta name="robots" content="index, follow, max-snippet:-1, max-image-preview:large, max-video-preview:-1" />
<link rel="canonical" href="https://ticsalutsocial.atoom.space/es/event/solucions-dia-per-a-proporcionar-informacio-de-medicaments-a-la-ciutadania/" />
<meta property="og:locale" content="es_ES" />
<meta property="og:type" content="article" />
<meta property="og:title" content="Soluciones de IA para proporcionar información de medicamentos a la ciudadanía - Fundació TIC Salut i Social" />
<meta property="og:description" content="El Programa Salud/IA organiza una consulta abierta al mercado para integrar en el Sistema de Salud de Cataluña soluciones basadas en IA para proporcionar información de los medicamentos a la ciudadanía. El día 12 de julio te esperamos en el salón de actos del Edificio Salvany. Calle Roc Boronat, 81-95, planta baja. 08005, Barcelona. PROGRAMA [&hellip;]" />
<meta property="og:url" content="https://ticsalutsocial.atoom.space/es/event/solucions-dia-per-a-proporcionar-informacio-de-medicaments-a-la-ciutadania/" />
<meta property="og:site_name" content="Fundació TIC Salut i Social" />
<meta property="article:modified_time" content="2023-07-05T10:48:27+00:00" />
<meta property="og:image" content="https://ticsalutsocial.atoom.space/wp-content/uploads/2023/06/imatge-logos-3.png" />
	<meta property="og:image:width" content="1600" />
	<meta property="og:image:height" content="900" />
	<meta property="og:image:type" content="image/png" />
<meta name="twitter:card" content="summary_large_image" />
<meta name="twitter:label1" content="Tiempo de lectura" />
	<meta name="twitter:data1" content="1 minuto" />
<script type="application/ld+json" class="yoast-schema-graph">{"@context":"https://schema.org","@graph":[{"@type":"WebPage","@id":"https://ticsalutsocial.atoom.space/es/event/solucions-dia-per-a-proporcionar-informacio-de-medicaments-a-la-ciutadania/","url":"https://ticsalutsocial.atoom.space/es/event/solucions-dia-per-a-proporcionar-informacio-de-medicaments-a-la-ciutadania/","name":"Soluciones de IA para proporcionar información de medicamentos a la ciudadanía - Fundació TIC Salut i Social","isPartOf":{"@id":"https://ticsalutsocial.atoom.space/es/#website"},"primaryImageOfPage":{"@id":"https://ticsalutsocial.atoom.space/es/event/solucions-dia-per-a-proporcionar-informacio-de-medicaments-a-la-ciutadania/#primaryimage"},"image":{"@id":"https://ticsalutsocial.atoom.space/es/event/solucions-dia-per-a-proporcionar-informacio-de-medicaments-a-la-ciutadania/#primaryimage"},"thumbnailUrl":"https://ticsalutsocial.atoom.space/wp-content/uploads/2023/06/imatge-logos-3.png","datePublished":"2023-06-26T07:19:54+00:00","dateModified":"2023-07-05T10:48:27+00:00","breadcrumb":{"@id":"https://ticsalutsocial.atoom.space/es/event/solucions-dia-per-a-proporcionar-informacio-de-medicaments-a-la-ciutadania/#breadcrumb"},"inLanguage":"es","potentialAction":[{"@type":"ReadAction","target":["https://ticsalutsocial.atoom.space/es/event/solucions-dia-per-a-proporcionar-informacio-de-medicaments-a-la-ciutadania/"]}]},{"@type":"ImageObject","inLanguage":"es","@id":"https://ticsalutsocial.atoom.space/es/event/solucions-dia-per-a-proporcionar-informacio-de-medicaments-a-la-ciutadania/#primaryimage","url":"https://ticsalutsocial.atoom.space/wp-content/uploads/2023/06/imatge-logos-3.png","contentUrl":"https://ticsalutsocial.atoom.space/wp-content/uploads/2023/06/imatge-logos-3.png","width":1600,"height":900},{"@type":"BreadcrumbList","@id":"https://ticsalutsocial.atoom.space/es/event/solucions-dia-per-a-proporcionar-informacio-de-medicaments-a-la-ciutadania/#breadcrumb","itemListElement":[{"@type":"ListItem","position":1,"name":"Inici","item":"https://ticsalutsocial.atoom.space/es/"},{"@type":"ListItem","position":2,"name":"Soluciones de IA para proporcionar información de medicamentos a la ciudadanía"}]},{"@type":"WebSite","@id":"https://ticsalutsocial.atoom.space/es/#website","url":"https://ticsalutsocial.atoom.space/es/","name":"Fundació TIC Salut i Social","description":"","potentialAction":[{"@type":"SearchAction","target":{"@type":"EntryPoint","urlTemplate":"https://ticsalutsocial.atoom.space/es/?s={search_term_string}"},"query-input":{"@type":"PropertyValueSpecification","valueRequired":true,"valueName":"search_term_string"}}],"inLanguage":"es"}]}</script>
<!-- / Yoast SEO plugin. -->

Soluciones de IA para proporcionar información de medicamentos a la ciudadanía - Fundació TIC Salut i Social

El Programa Salud/IA organiza una consulta abierta al mercado para integrar en el Sistema de Salud de Cataluña soluciones basadas en IA para proporcionar información de los medicamentos a la ciudadanía. El día 12 de julio te esperamos en el salón de actos del Edificio Salvany. Calle Roc Boronat, 81-95, planta baja. 08005, Barcelona. PROGRAMA [&hellip;]

Fundació TIC Salut i Social
