
{"id":21520,"date":"2023-06-27T12:13:57","date_gmt":"2023-06-27T10:13:57","guid":{"rendered":"https:\/\/ticsalutsocial.atoom.space\/?post_type=event&#038;p=21520"},"modified":"2023-06-27T12:14:18","modified_gmt":"2023-06-27T10:14:18","slug":"xpatient-barcelona-congress-3","status":"publish","type":"event","link":"https:\/\/ticsalutsocial.atoom.space\/es\/event\/xpatient-barcelona-congress-3\/","title":{"rendered":"XPAtient Barcelona Congress"},"content":{"rendered":"\n<p>El 21 de setembre se celebra la 8a edici\u00f3 del congr\u00e9s XPAtient Barcelona, on es tractar\u00e0 sobre projectes del segle XXI centrats en l&#8217;experi\u00e8ncia del pacient.<\/p>\n\n\n\n<hr class=\"wp-block-separator has-alpha-channel-opacity\"\/>\n\n\n\n<p>Programa<\/p>\n\n\n\n<p><strong>8:45 &#8211;<\/strong> Inauguraci\u00f3.<br><strong>9:00 &#8211; <\/strong>Qu\u00e8 \u00e9s i com es fa un projecte del segle XXI?<br><strong>9:30 &#8211;<\/strong> La participaci\u00f3 i els elements clau en l\u2019Experi\u00e8ncia de Pacient.<br><strong>11:00 &#8211; <\/strong>Caf\u00e8<br><strong>11:30 &#8211;<\/strong> Presentaci\u00f3 de projectes referents.<br><strong>12:15 &#8211;<\/strong> L\u2019avaluaci\u00f3 de l\u2019Experi\u00e8ncia de Pacient.<br><strong>13:30 &#8211;<\/strong> Dinar<br><strong>15:00 &#8211; <\/strong>Presentaci\u00f3 de projectes destacats.<br><strong>15:45 &#8211; <\/strong>Sessi\u00f3 participativa: Elements prioritaris.<br><strong>16:15 &#8211; <\/strong>Experi\u00e8ncies dels pacients (testimonis).<br><strong>17:00 &#8211; <\/strong>La millora de l\u2019Experi\u00e8ncia de Pacient: El nou repte hol\u00edstic en l\u2019\u00e0mbit de la salut.<br><strong>18:15 &#8211; <\/strong>Cloenda.<\/p>\n\n\n\n<p><br><\/p>\n","protected":false},"featured_media":21518,"menu_order":0,"template":"","meta":{"_acf_changed":false,"inline_featured_image":false},"tipus":[],"topic":[],"class_list":["post-21520","event","type-event","status-publish","has-post-thumbnail","hentry"],"acf":{"informacio":{"ubicacio":"Caixa F\u00f2rum","data":"21\/09\/2023","hora":"8:45","preu":"","inscripcions":"https:\/\/forms.office.com\/pages\/responsepage.aspx?id=JHvvqo_OVUeXPZKi1Z1hPMggjj6yxcpFu0VoRBusZRZUQ01NMVZKOTQyQ0xGQUNVQ08xN1hFWFVMTS4u"},"programa":{"titol":"","items":false},"imatge":21515},"yoast_head":"<!-- This site is optimized with the Yoast SEO plugin v27.1.1 - https:\/\/yoast.com\/product\/yoast-seo-wordpress\/ -->\n<title>XPAtient Barcelona Congress - Fundaci\u00f3 TIC Salut i Social<\/title>\n<meta name=\"robots\" content=\"index, follow, max-snippet:-1, max-image-preview:large, max-video-preview:-1\" \/>\n<link rel=\"canonical\" href=\"https:\/\/ticsalutsocial.atoom.space\/es\/event\/xpatient-barcelona-congress-3\/\" \/>\n<meta property=\"og:locale\" content=\"es_ES\" \/>\n<meta property=\"og:type\" content=\"article\" \/>\n<meta property=\"og:title\" content=\"XPAtient Barcelona Congress - Fundaci\u00f3 TIC Salut i Social\" \/>\n<meta property=\"og:description\" content=\"El 21 de setembre se celebra la 8a edici\u00f3 del congr\u00e9s XPAtient Barcelona, on es tractar\u00e0 sobre projectes del segle XXI centrats en l&#8217;experi\u00e8ncia del pacient. Programa 8:45 &#8211; Inauguraci\u00f3.9:00 &#8211; Qu\u00e8 \u00e9s i com es fa un projecte del segle XXI?9:30 &#8211; La participaci\u00f3 i els elements clau en l\u2019Experi\u00e8ncia de Pacient.11:00 &#8211; Caf\u00e811:30 [&hellip;]\" \/>\n<meta property=\"og:url\" content=\"https:\/\/ticsalutsocial.atoom.space\/es\/event\/xpatient-barcelona-congress-3\/\" \/>\n<meta property=\"og:site_name\" content=\"Fundaci\u00f3 TIC Salut i Social\" \/>\n<meta property=\"article:modified_time\" content=\"2023-06-27T10:14:18+00:00\" \/>\n<meta property=\"og:image\" content=\"https:\/\/ticsalutsocial.atoom.space\/wp-content\/uploads\/2023\/06\/Captura-7.png\" \/>\n\t<meta property=\"og:image:width\" content=\"1542\" \/>\n\t<meta property=\"og:image:height\" content=\"629\" \/>\n\t<meta property=\"og:image:type\" content=\"image\/png\" \/>\n<meta name=\"twitter:card\" content=\"summary_large_image\" \/>\n<meta name=\"twitter:label1\" content=\"Tiempo de lectura\" \/>\n\t<meta name=\"twitter:data1\" content=\"1 minuto\" \/>\n<script type=\"application\/ld+json\" class=\"yoast-schema-graph\">{\"@context\":\"https:\/\/schema.org\",\"@graph\":[{\"@type\":\"WebPage\",\"@id\":\"https:\/\/ticsalutsocial.atoom.space\/es\/event\/xpatient-barcelona-congress-3\/\",\"url\":\"https:\/\/ticsalutsocial.atoom.space\/es\/event\/xpatient-barcelona-congress-3\/\",\"name\":\"XPAtient Barcelona Congress - Fundaci\u00f3 TIC Salut i Social\",\"isPartOf\":{\"@id\":\"https:\/\/ticsalutsocial.atoom.space\/es\/#website\"},\"primaryImageOfPage\":{\"@id\":\"https:\/\/ticsalutsocial.atoom.space\/es\/event\/xpatient-barcelona-congress-3\/#primaryimage\"},\"image\":{\"@id\":\"https:\/\/ticsalutsocial.atoom.space\/es\/event\/xpatient-barcelona-congress-3\/#primaryimage\"},\"thumbnailUrl\":\"https:\/\/ticsalutsocial.atoom.space\/wp-content\/uploads\/2023\/06\/Captura-7.png\",\"datePublished\":\"2023-06-27T10:13:57+00:00\",\"dateModified\":\"2023-06-27T10:14:18+00:00\",\"breadcrumb\":{\"@id\":\"https:\/\/ticsalutsocial.atoom.space\/es\/event\/xpatient-barcelona-congress-3\/#breadcrumb\"},\"inLanguage\":\"es\",\"potentialAction\":[{\"@type\":\"ReadAction\",\"target\":[\"https:\/\/ticsalutsocial.atoom.space\/es\/event\/xpatient-barcelona-congress-3\/\"]}]},{\"@type\":\"ImageObject\",\"inLanguage\":\"es\",\"@id\":\"https:\/\/ticsalutsocial.atoom.space\/es\/event\/xpatient-barcelona-congress-3\/#primaryimage\",\"url\":\"https:\/\/ticsalutsocial.atoom.space\/wp-content\/uploads\/2023\/06\/Captura-7.png\",\"contentUrl\":\"https:\/\/ticsalutsocial.atoom.space\/wp-content\/uploads\/2023\/06\/Captura-7.png\",\"width\":1542,\"height\":629},{\"@type\":\"BreadcrumbList\",\"@id\":\"https:\/\/ticsalutsocial.atoom.space\/es\/event\/xpatient-barcelona-congress-3\/#breadcrumb\",\"itemListElement\":[{\"@type\":\"ListItem\",\"position\":1,\"name\":\"Inici\",\"item\":\"https:\/\/ticsalutsocial.atoom.space\/es\/\"},{\"@type\":\"ListItem\",\"position\":2,\"name\":\"XPAtient Barcelona Congress\"}]},{\"@type\":\"WebSite\",\"@id\":\"https:\/\/ticsalutsocial.atoom.space\/es\/#website\",\"url\":\"https:\/\/ticsalutsocial.atoom.space\/es\/\",\"name\":\"Fundaci\u00f3 TIC Salut i Social\",\"description\":\"\",\"potentialAction\":[{\"@type\":\"SearchAction\",\"target\":{\"@type\":\"EntryPoint\",\"urlTemplate\":\"https:\/\/ticsalutsocial.atoom.space\/es\/?s={search_term_string}\"},\"query-input\":{\"@type\":\"PropertyValueSpecification\",\"valueRequired\":true,\"valueName\":\"search_term_string\"}}],\"inLanguage\":\"es\"}]}<\/script>\n<!-- \/ Yoast SEO plugin. -->","yoast_head_json":{"title":"XPAtient Barcelona Congress - Fundaci\u00f3 TIC Salut i Social","robots":{"index":"index","follow":"follow","max-snippet":"max-snippet:-1","max-image-preview":"max-image-preview:large","max-video-preview":"max-video-preview:-1"},"canonical":"https:\/\/ticsalutsocial.atoom.space\/es\/event\/xpatient-barcelona-congress-3\/","og_locale":"es_ES","og_type":"article","og_title":"XPAtient Barcelona Congress - Fundaci\u00f3 TIC Salut i Social","og_description":"El 21 de setembre se celebra la 8a edici\u00f3 del congr\u00e9s XPAtient Barcelona, on es tractar\u00e0 sobre projectes del segle XXI centrats en l&#8217;experi\u00e8ncia del pacient. Programa 8:45 &#8211; Inauguraci\u00f3.9:00 &#8211; Qu\u00e8 \u00e9s i com es fa un projecte del segle XXI?9:30 &#8211; La participaci\u00f3 i els elements clau en l\u2019Experi\u00e8ncia de Pacient.11:00 &#8211; Caf\u00e811:30 [&hellip;]","og_url":"https:\/\/ticsalutsocial.atoom.space\/es\/event\/xpatient-barcelona-congress-3\/","og_site_name":"Fundaci\u00f3 TIC Salut i Social","article_modified_time":"2023-06-27T10:14:18+00:00","og_image":[{"width":1542,"height":629,"url":"https:\/\/ticsalutsocial.atoom.space\/wp-content\/uploads\/2023\/06\/Captura-7.png","type":"image\/png"}],"twitter_card":"summary_large_image","twitter_misc":{"Tiempo de lectura":"1 minuto"},"schema":{"@context":"https:\/\/schema.org","@graph":[{"@type":"WebPage","@id":"https:\/\/ticsalutsocial.atoom.space\/es\/event\/xpatient-barcelona-congress-3\/","url":"https:\/\/ticsalutsocial.atoom.space\/es\/event\/xpatient-barcelona-congress-3\/","name":"XPAtient Barcelona Congress - Fundaci\u00f3 TIC Salut i Social","isPartOf":{"@id":"https:\/\/ticsalutsocial.atoom.space\/es\/#website"},"primaryImageOfPage":{"@id":"https:\/\/ticsalutsocial.atoom.space\/es\/event\/xpatient-barcelona-congress-3\/#primaryimage"},"image":{"@id":"https:\/\/ticsalutsocial.atoom.space\/es\/event\/xpatient-barcelona-congress-3\/#primaryimage"},"thumbnailUrl":"https:\/\/ticsalutsocial.atoom.space\/wp-content\/uploads\/2023\/06\/Captura-7.png","datePublished":"2023-06-27T10:13:57+00:00","dateModified":"2023-06-27T10:14:18+00:00","breadcrumb":{"@id":"https:\/\/ticsalutsocial.atoom.space\/es\/event\/xpatient-barcelona-congress-3\/#breadcrumb"},"inLanguage":"es","potentialAction":[{"@type":"ReadAction","target":["https:\/\/ticsalutsocial.atoom.space\/es\/event\/xpatient-barcelona-congress-3\/"]}]},{"@type":"ImageObject","inLanguage":"es","@id":"https:\/\/ticsalutsocial.atoom.space\/es\/event\/xpatient-barcelona-congress-3\/#primaryimage","url":"https:\/\/ticsalutsocial.atoom.space\/wp-content\/uploads\/2023\/06\/Captura-7.png","contentUrl":"https:\/\/ticsalutsocial.atoom.space\/wp-content\/uploads\/2023\/06\/Captura-7.png","width":1542,"height":629},{"@type":"BreadcrumbList","@id":"https:\/\/ticsalutsocial.atoom.space\/es\/event\/xpatient-barcelona-congress-3\/#breadcrumb","itemListElement":[{"@type":"ListItem","position":1,"name":"Inici","item":"https:\/\/ticsalutsocial.atoom.space\/es\/"},{"@type":"ListItem","position":2,"name":"XPAtient Barcelona Congress"}]},{"@type":"WebSite","@id":"https:\/\/ticsalutsocial.atoom.space\/es\/#website","url":"https:\/\/ticsalutsocial.atoom.space\/es\/","name":"Fundaci\u00f3 TIC Salut i Social","description":"","potentialAction":[{"@type":"SearchAction","target":{"@type":"EntryPoint","urlTemplate":"https:\/\/ticsalutsocial.atoom.space\/es\/?s={search_term_string}"},"query-input":{"@type":"PropertyValueSpecification","valueRequired":true,"valueName":"search_term_string"}}],"inLanguage":"es"}]}},"_links":{"self":[{"href":"https:\/\/ticsalutsocial.atoom.space\/es\/wp-json\/wp\/v2\/event\/21520","targetHints":{"allow":["GET"]}}],"collection":[{"href":"https:\/\/ticsalutsocial.atoom.space\/es\/wp-json\/wp\/v2\/event"}],"about":[{"href":"https:\/\/ticsalutsocial.atoom.space\/es\/wp-json\/wp\/v2\/types\/event"}],"wp:featuredmedia":[{"embeddable":true,"href":"https:\/\/ticsalutsocial.atoom.space\/es\/wp-json\/wp\/v2\/media\/21518"}],"wp:attachment":[{"href":"https:\/\/ticsalutsocial.atoom.space\/es\/wp-json\/wp\/v2\/media?parent=21520"}],"wp:term":[{"taxonomy":"tipus","embeddable":true,"href":"https:\/\/ticsalutsocial.atoom.space\/es\/wp-json\/wp\/v2\/tipus?post=21520"},{"taxonomy":"topic","embeddable":true,"href":"https:\/\/ticsalutsocial.atoom.space\/es\/wp-json\/wp\/v2\/topic?post=21520"}],"curies":[{"name":"wp","href":"https:\/\/api.w.org\/{rel}","templated":true}]}}

<p>El 21 de setembre se celebra la 8a edició del congrés XPAtient Barcelona, on es tractarà sobre projectes del segle XXI centrats en l&#8217;experiència del pacient.</p>



<hr class="wp-block-separator has-alpha-channel-opacity"/>



<p>Programa</p>



<p><strong>8:45 &#8211;</strong> Inauguració.<br><strong>9:00 &#8211; </strong>Què és i com es fa un projecte del segle XXI?<br><strong>9:30 &#8211;</strong> La participació i els elements clau en l’Experiència de Pacient.<br><strong>11:00 &#8211; </strong>Cafè<br><strong>11:30 &#8211;</strong> Presentació de projectes referents.<br><strong>12:15 &#8211;</strong> L’avaluació de l’Experiència de Pacient.<br><strong>13:30 &#8211;</strong> Dinar<br><strong>15:00 &#8211; </strong>Presentació de projectes destacats.<br><strong>15:45 &#8211; </strong>Sessió participativa: Elements prioritaris.<br><strong>16:15 &#8211; </strong>Experiències dels pacients (testimonis).<br><strong>17:00 &#8211; </strong>La millora de l’Experiència de Pacient: El nou repte holístic en l’àmbit de la salut.<br><strong>18:15 &#8211; </strong>Cloenda.</p>



<p><br></p>

Caixa Fòrum

<!-- This site is optimized with the Yoast SEO plugin v27.1.1 - https://yoast.com/product/yoast-seo-wordpress/ -->
<title>XPAtient Barcelona Congress - Fundació TIC Salut i Social</title>
<meta name="robots" content="index, follow, max-snippet:-1, max-image-preview:large, max-video-preview:-1" />
<link rel="canonical" href="https://ticsalutsocial.atoom.space/es/event/xpatient-barcelona-congress-3/" />
<meta property="og:locale" content="es_ES" />
<meta property="og:type" content="article" />
<meta property="og:title" content="XPAtient Barcelona Congress - Fundació TIC Salut i Social" />
<meta property="og:description" content="El 21 de setembre se celebra la 8a edició del congrés XPAtient Barcelona, on es tractarà sobre projectes del segle XXI centrats en l&#8217;experiència del pacient. Programa 8:45 &#8211; Inauguració.9:00 &#8211; Què és i com es fa un projecte del segle XXI?9:30 &#8211; La participació i els elements clau en l’Experiència de Pacient.11:00 &#8211; Cafè11:30 [&hellip;]" />
<meta property="og:url" content="https://ticsalutsocial.atoom.space/es/event/xpatient-barcelona-congress-3/" />
<meta property="og:site_name" content="Fundació TIC Salut i Social" />
<meta property="article:modified_time" content="2023-06-27T10:14:18+00:00" />
<meta property="og:image" content="https://ticsalutsocial.atoom.space/wp-content/uploads/2023/06/Captura-7.png" />
	<meta property="og:image:width" content="1542" />
	<meta property="og:image:height" content="629" />
	<meta property="og:image:type" content="image/png" />
<meta name="twitter:card" content="summary_large_image" />
<meta name="twitter:label1" content="Tiempo de lectura" />
	<meta name="twitter:data1" content="1 minuto" />
<script type="application/ld+json" class="yoast-schema-graph">{"@context":"https://schema.org","@graph":[{"@type":"WebPage","@id":"https://ticsalutsocial.atoom.space/es/event/xpatient-barcelona-congress-3/","url":"https://ticsalutsocial.atoom.space/es/event/xpatient-barcelona-congress-3/","name":"XPAtient Barcelona Congress - Fundació TIC Salut i Social","isPartOf":{"@id":"https://ticsalutsocial.atoom.space/es/#website"},"primaryImageOfPage":{"@id":"https://ticsalutsocial.atoom.space/es/event/xpatient-barcelona-congress-3/#primaryimage"},"image":{"@id":"https://ticsalutsocial.atoom.space/es/event/xpatient-barcelona-congress-3/#primaryimage"},"thumbnailUrl":"https://ticsalutsocial.atoom.space/wp-content/uploads/2023/06/Captura-7.png","datePublished":"2023-06-27T10:13:57+00:00","dateModified":"2023-06-27T10:14:18+00:00","breadcrumb":{"@id":"https://ticsalutsocial.atoom.space/es/event/xpatient-barcelona-congress-3/#breadcrumb"},"inLanguage":"es","potentialAction":[{"@type":"ReadAction","target":["https://ticsalutsocial.atoom.space/es/event/xpatient-barcelona-congress-3/"]}]},{"@type":"ImageObject","inLanguage":"es","@id":"https://ticsalutsocial.atoom.space/es/event/xpatient-barcelona-congress-3/#primaryimage","url":"https://ticsalutsocial.atoom.space/wp-content/uploads/2023/06/Captura-7.png","contentUrl":"https://ticsalutsocial.atoom.space/wp-content/uploads/2023/06/Captura-7.png","width":1542,"height":629},{"@type":"BreadcrumbList","@id":"https://ticsalutsocial.atoom.space/es/event/xpatient-barcelona-congress-3/#breadcrumb","itemListElement":[{"@type":"ListItem","position":1,"name":"Inici","item":"https://ticsalutsocial.atoom.space/es/"},{"@type":"ListItem","position":2,"name":"XPAtient Barcelona Congress"}]},{"@type":"WebSite","@id":"https://ticsalutsocial.atoom.space/es/#website","url":"https://ticsalutsocial.atoom.space/es/","name":"Fundació TIC Salut i Social","description":"","potentialAction":[{"@type":"SearchAction","target":{"@type":"EntryPoint","urlTemplate":"https://ticsalutsocial.atoom.space/es/?s={search_term_string}"},"query-input":{"@type":"PropertyValueSpecification","valueRequired":true,"valueName":"search_term_string"}}],"inLanguage":"es"}]}</script>
<!-- / Yoast SEO plugin. -->

XPAtient Barcelona Congress - Fundació TIC Salut i Social

El 21 de setembre se celebra la 8a edició del congrés XPAtient Barcelona, on es tractarà sobre projectes del segle XXI centrats en l&#8217;experiència del pacient. Programa 8:45 &#8211; Inauguració.9:00 &#8211; Què és i com es fa un projecte del segle XXI?9:30 &#8211; La participació i els elements clau en l’Experiència de Pacient.11:00 &#8211; Cafè11:30 [&hellip;]

Fundació TIC Salut i Social
