
{"id":21664,"date":"2023-07-17T09:35:21","date_gmt":"2023-07-17T07:35:21","guid":{"rendered":"https:\/\/ticsalutsocial.atoom.space\/?post_type=event&#038;p=21664"},"modified":"2023-07-17T09:37:26","modified_gmt":"2023-07-17T07:37:26","slug":"jornada-hi-haura-un-eeds-per-a-tothom-us-secundari-de-les-dades-de-salut","status":"publish","type":"event","link":"https:\/\/ticsalutsocial.atoom.space\/es\/event\/jornada-hi-haura-un-eeds-per-a-tothom-us-secundari-de-les-dades-de-salut\/","title":{"rendered":"Jornada: Hi haur\u00e0 un EEDS per a tothom? \u00das secundari de les dades de salut"},"content":{"rendered":"\n<p>Uneix-te a aquest esdeveniment sobre l&#8217;\u00fas secundari de les dades de salut! Se celebrar\u00e0 el dia&nbsp;<strong>20 de juliol<\/strong>&nbsp;al<strong>&nbsp;Barcelona Health Hub<\/strong>.&nbsp;<\/p>\n\n\n\n<p>La jornada reunir\u00e0 destacades empreses de salut digital que presentaran els seus projectes innovadors en un format de pitch. Despr\u00e9s de les presentacions, es realitzar\u00e0 una taula rodona&nbsp; on destacats experts del camp exploraran en detall els desafiaments i oportunitats de l&#8217;\u00fas secundari de les dades de salut. A m\u00e9s, aprofundiran com l&#8217;espai europeu de dades sanit\u00e0ries pot impulsar la innovaci\u00f3 en l&#8217;\u00e0mbit de la salut digital.<\/p>\n\n\n\n<p><\/p>\n\n\n\n<h2 class=\"wp-block-heading has-text-align-left\"><strong>Programa<\/strong><\/h2>\n\n\n\n<p>10.00 a 10.15.<strong>\u00a0Presentaci\u00f3 de la jornada i del projecte EDAH<\/strong>\u00a0<\/p>\n\n\n\n<ul class=\"wp-block-list\">\n<li>Montse Daban (Directora de Pol\u00edtica Cient\u00edfica i Internacionalitzaci\u00f3 de Biocat)<\/li>\n<\/ul>\n\n\n\n<p><\/p>\n\n\n\n<p>10.15 a 10.30. Presentaci\u00f3 del Barcelona Health Hub<\/p>\n\n\n\n<p>10.30 a 11.00.&nbsp;<strong>Pitch d&#8217;empreses<\/strong>&nbsp;ubicades al Barcelona Health Hub<\/p>\n\n\n\n<p>11.00 a 11.30. Coffee Break<\/p>\n\n\n\n<p>11.30 a 13.00.\u00a0<strong>Taula rodona: \u00abExplorant el Potencial de l&#8217;\u00das Secundari de Dades Sanit\u00e0ries\u00bb\u00a0<\/strong><\/p>\n\n\n\n<ul class=\"wp-block-list\">\n<li>\u00c1ngeles Barrios (Responsable d&#8217;Afers P\u00fablics i Relacions d&#8217;EIT Health); Sanitari)<\/li>\n\n\n\n<li>M\u00edriam M\u00e9ndez Garc\u00eda (Responsable de recerca i innovaci\u00f3 de l&#8217;Oficina del Delegat de Protecci\u00f3 de Dades de Salut de la Fundaci\u00f3 TIC Salut Social) <\/li>\n\n\n\n<li>Pedro Carrascal (Director General de la Plataforma d&#8217;Organitzacions de Pacients). <\/li>\n\n\n\n<li>Modera Alba Jim\u00e9nez (Biocat, responsable del projecte EDAH)<\/li>\n<\/ul>\n","protected":false},"featured_media":21662,"menu_order":0,"template":"","meta":{"_acf_changed":false,"inline_featured_image":false},"tipus":[],"topic":[],"class_list":["post-21664","event","type-event","status-publish","has-post-thumbnail","hentry"],"acf":{"imatge":21662,"informacio":{"ubicacio":"Barcelona Health Hub","data":"20\/07\/2023","hora":"10:00","preu":"","inscripcions":"https:\/\/www.eventbrite.es\/e\/entradas-habra-un-eeds-para-tods-673094633167"},"programa":{"titol":"","items":false}},"yoast_head":"<!-- This site is optimized with the Yoast SEO plugin v27.1.1 - https:\/\/yoast.com\/product\/yoast-seo-wordpress\/ -->\n<title>Jornada: Hi haur\u00e0 un EEDS per a tothom? \u00das secundari de les dades de salut - Fundaci\u00f3 TIC Salut i Social<\/title>\n<meta name=\"robots\" content=\"index, follow, max-snippet:-1, max-image-preview:large, max-video-preview:-1\" \/>\n<link rel=\"canonical\" href=\"https:\/\/ticsalutsocial.atoom.space\/es\/event\/jornada-hi-haura-un-eeds-per-a-tothom-us-secundari-de-les-dades-de-salut\/\" \/>\n<meta property=\"og:locale\" content=\"es_ES\" \/>\n<meta property=\"og:type\" content=\"article\" \/>\n<meta property=\"og:title\" content=\"Jornada: Hi haur\u00e0 un EEDS per a tothom? \u00das secundari de les dades de salut - Fundaci\u00f3 TIC Salut i Social\" \/>\n<meta property=\"og:description\" content=\"Uneix-te a aquest esdeveniment sobre l&#8217;\u00fas secundari de les dades de salut! Se celebrar\u00e0 el dia&nbsp;20 de juliol&nbsp;al&nbsp;Barcelona Health Hub.&nbsp; La jornada reunir\u00e0 destacades empreses de salut digital que presentaran els seus projectes innovadors en un format de pitch. Despr\u00e9s de les presentacions, es realitzar\u00e0 una taula rodona&nbsp; on destacats experts del camp exploraran en [&hellip;]\" \/>\n<meta property=\"og:url\" content=\"https:\/\/ticsalutsocial.atoom.space\/es\/event\/jornada-hi-haura-un-eeds-per-a-tothom-us-secundari-de-les-dades-de-salut\/\" \/>\n<meta property=\"og:site_name\" content=\"Fundaci\u00f3 TIC Salut i Social\" \/>\n<meta property=\"article:modified_time\" content=\"2023-07-17T07:37:26+00:00\" \/>\n<meta property=\"og:image\" content=\"https:\/\/ticsalutsocial.atoom.space\/wp-content\/uploads\/2023\/07\/microsoftteams-image_6_1.png\" \/>\n\t<meta property=\"og:image:width\" content=\"2160\" \/>\n\t<meta property=\"og:image:height\" content=\"1080\" \/>\n\t<meta property=\"og:image:type\" content=\"image\/png\" \/>\n<meta name=\"twitter:card\" content=\"summary_large_image\" \/>\n<meta name=\"twitter:label1\" content=\"Tiempo de lectura\" \/>\n\t<meta name=\"twitter:data1\" content=\"1 minuto\" \/>\n<script type=\"application\/ld+json\" class=\"yoast-schema-graph\">{\"@context\":\"https:\/\/schema.org\",\"@graph\":[{\"@type\":\"WebPage\",\"@id\":\"https:\/\/ticsalutsocial.atoom.space\/es\/event\/jornada-hi-haura-un-eeds-per-a-tothom-us-secundari-de-les-dades-de-salut\/\",\"url\":\"https:\/\/ticsalutsocial.atoom.space\/es\/event\/jornada-hi-haura-un-eeds-per-a-tothom-us-secundari-de-les-dades-de-salut\/\",\"name\":\"Jornada: Hi haur\u00e0 un EEDS per a tothom? \u00das secundari de les dades de salut - Fundaci\u00f3 TIC Salut i Social\",\"isPartOf\":{\"@id\":\"https:\/\/ticsalutsocial.atoom.space\/es\/#website\"},\"primaryImageOfPage\":{\"@id\":\"https:\/\/ticsalutsocial.atoom.space\/es\/event\/jornada-hi-haura-un-eeds-per-a-tothom-us-secundari-de-les-dades-de-salut\/#primaryimage\"},\"image\":{\"@id\":\"https:\/\/ticsalutsocial.atoom.space\/es\/event\/jornada-hi-haura-un-eeds-per-a-tothom-us-secundari-de-les-dades-de-salut\/#primaryimage\"},\"thumbnailUrl\":\"https:\/\/ticsalutsocial.atoom.space\/wp-content\/uploads\/2023\/07\/microsoftteams-image_6_1.png\",\"datePublished\":\"2023-07-17T07:35:21+00:00\",\"dateModified\":\"2023-07-17T07:37:26+00:00\",\"breadcrumb\":{\"@id\":\"https:\/\/ticsalutsocial.atoom.space\/es\/event\/jornada-hi-haura-un-eeds-per-a-tothom-us-secundari-de-les-dades-de-salut\/#breadcrumb\"},\"inLanguage\":\"es\",\"potentialAction\":[{\"@type\":\"ReadAction\",\"target\":[\"https:\/\/ticsalutsocial.atoom.space\/es\/event\/jornada-hi-haura-un-eeds-per-a-tothom-us-secundari-de-les-dades-de-salut\/\"]}]},{\"@type\":\"ImageObject\",\"inLanguage\":\"es\",\"@id\":\"https:\/\/ticsalutsocial.atoom.space\/es\/event\/jornada-hi-haura-un-eeds-per-a-tothom-us-secundari-de-les-dades-de-salut\/#primaryimage\",\"url\":\"https:\/\/ticsalutsocial.atoom.space\/wp-content\/uploads\/2023\/07\/microsoftteams-image_6_1.png\",\"contentUrl\":\"https:\/\/ticsalutsocial.atoom.space\/wp-content\/uploads\/2023\/07\/microsoftteams-image_6_1.png\",\"width\":2160,\"height\":1080},{\"@type\":\"BreadcrumbList\",\"@id\":\"https:\/\/ticsalutsocial.atoom.space\/es\/event\/jornada-hi-haura-un-eeds-per-a-tothom-us-secundari-de-les-dades-de-salut\/#breadcrumb\",\"itemListElement\":[{\"@type\":\"ListItem\",\"position\":1,\"name\":\"Inici\",\"item\":\"https:\/\/ticsalutsocial.atoom.space\/es\/\"},{\"@type\":\"ListItem\",\"position\":2,\"name\":\"Jornada: Hi haur\u00e0 un EEDS per a tothom? \u00das secundari de les dades de salut\"}]},{\"@type\":\"WebSite\",\"@id\":\"https:\/\/ticsalutsocial.atoom.space\/es\/#website\",\"url\":\"https:\/\/ticsalutsocial.atoom.space\/es\/\",\"name\":\"Fundaci\u00f3 TIC Salut i Social\",\"description\":\"\",\"potentialAction\":[{\"@type\":\"SearchAction\",\"target\":{\"@type\":\"EntryPoint\",\"urlTemplate\":\"https:\/\/ticsalutsocial.atoom.space\/es\/?s={search_term_string}\"},\"query-input\":{\"@type\":\"PropertyValueSpecification\",\"valueRequired\":true,\"valueName\":\"search_term_string\"}}],\"inLanguage\":\"es\"}]}<\/script>\n<!-- \/ Yoast SEO plugin. -->","yoast_head_json":{"title":"Jornada: Hi haur\u00e0 un EEDS per a tothom? \u00das secundari de les dades de salut - Fundaci\u00f3 TIC Salut i Social","robots":{"index":"index","follow":"follow","max-snippet":"max-snippet:-1","max-image-preview":"max-image-preview:large","max-video-preview":"max-video-preview:-1"},"canonical":"https:\/\/ticsalutsocial.atoom.space\/es\/event\/jornada-hi-haura-un-eeds-per-a-tothom-us-secundari-de-les-dades-de-salut\/","og_locale":"es_ES","og_type":"article","og_title":"Jornada: Hi haur\u00e0 un EEDS per a tothom? \u00das secundari de les dades de salut - Fundaci\u00f3 TIC Salut i Social","og_description":"Uneix-te a aquest esdeveniment sobre l&#8217;\u00fas secundari de les dades de salut! Se celebrar\u00e0 el dia&nbsp;20 de juliol&nbsp;al&nbsp;Barcelona Health Hub.&nbsp; La jornada reunir\u00e0 destacades empreses de salut digital que presentaran els seus projectes innovadors en un format de pitch. Despr\u00e9s de les presentacions, es realitzar\u00e0 una taula rodona&nbsp; on destacats experts del camp exploraran en [&hellip;]","og_url":"https:\/\/ticsalutsocial.atoom.space\/es\/event\/jornada-hi-haura-un-eeds-per-a-tothom-us-secundari-de-les-dades-de-salut\/","og_site_name":"Fundaci\u00f3 TIC Salut i Social","article_modified_time":"2023-07-17T07:37:26+00:00","og_image":[{"width":2160,"height":1080,"url":"https:\/\/ticsalutsocial.atoom.space\/wp-content\/uploads\/2023\/07\/microsoftteams-image_6_1.png","type":"image\/png"}],"twitter_card":"summary_large_image","twitter_misc":{"Tiempo de lectura":"1 minuto"},"schema":{"@context":"https:\/\/schema.org","@graph":[{"@type":"WebPage","@id":"https:\/\/ticsalutsocial.atoom.space\/es\/event\/jornada-hi-haura-un-eeds-per-a-tothom-us-secundari-de-les-dades-de-salut\/","url":"https:\/\/ticsalutsocial.atoom.space\/es\/event\/jornada-hi-haura-un-eeds-per-a-tothom-us-secundari-de-les-dades-de-salut\/","name":"Jornada: Hi haur\u00e0 un EEDS per a tothom? \u00das secundari de les dades de salut - Fundaci\u00f3 TIC Salut i Social","isPartOf":{"@id":"https:\/\/ticsalutsocial.atoom.space\/es\/#website"},"primaryImageOfPage":{"@id":"https:\/\/ticsalutsocial.atoom.space\/es\/event\/jornada-hi-haura-un-eeds-per-a-tothom-us-secundari-de-les-dades-de-salut\/#primaryimage"},"image":{"@id":"https:\/\/ticsalutsocial.atoom.space\/es\/event\/jornada-hi-haura-un-eeds-per-a-tothom-us-secundari-de-les-dades-de-salut\/#primaryimage"},"thumbnailUrl":"https:\/\/ticsalutsocial.atoom.space\/wp-content\/uploads\/2023\/07\/microsoftteams-image_6_1.png","datePublished":"2023-07-17T07:35:21+00:00","dateModified":"2023-07-17T07:37:26+00:00","breadcrumb":{"@id":"https:\/\/ticsalutsocial.atoom.space\/es\/event\/jornada-hi-haura-un-eeds-per-a-tothom-us-secundari-de-les-dades-de-salut\/#breadcrumb"},"inLanguage":"es","potentialAction":[{"@type":"ReadAction","target":["https:\/\/ticsalutsocial.atoom.space\/es\/event\/jornada-hi-haura-un-eeds-per-a-tothom-us-secundari-de-les-dades-de-salut\/"]}]},{"@type":"ImageObject","inLanguage":"es","@id":"https:\/\/ticsalutsocial.atoom.space\/es\/event\/jornada-hi-haura-un-eeds-per-a-tothom-us-secundari-de-les-dades-de-salut\/#primaryimage","url":"https:\/\/ticsalutsocial.atoom.space\/wp-content\/uploads\/2023\/07\/microsoftteams-image_6_1.png","contentUrl":"https:\/\/ticsalutsocial.atoom.space\/wp-content\/uploads\/2023\/07\/microsoftteams-image_6_1.png","width":2160,"height":1080},{"@type":"BreadcrumbList","@id":"https:\/\/ticsalutsocial.atoom.space\/es\/event\/jornada-hi-haura-un-eeds-per-a-tothom-us-secundari-de-les-dades-de-salut\/#breadcrumb","itemListElement":[{"@type":"ListItem","position":1,"name":"Inici","item":"https:\/\/ticsalutsocial.atoom.space\/es\/"},{"@type":"ListItem","position":2,"name":"Jornada: Hi haur\u00e0 un EEDS per a tothom? \u00das secundari de les dades de salut"}]},{"@type":"WebSite","@id":"https:\/\/ticsalutsocial.atoom.space\/es\/#website","url":"https:\/\/ticsalutsocial.atoom.space\/es\/","name":"Fundaci\u00f3 TIC Salut i Social","description":"","potentialAction":[{"@type":"SearchAction","target":{"@type":"EntryPoint","urlTemplate":"https:\/\/ticsalutsocial.atoom.space\/es\/?s={search_term_string}"},"query-input":{"@type":"PropertyValueSpecification","valueRequired":true,"valueName":"search_term_string"}}],"inLanguage":"es"}]}},"_links":{"self":[{"href":"https:\/\/ticsalutsocial.atoom.space\/es\/wp-json\/wp\/v2\/event\/21664","targetHints":{"allow":["GET"]}}],"collection":[{"href":"https:\/\/ticsalutsocial.atoom.space\/es\/wp-json\/wp\/v2\/event"}],"about":[{"href":"https:\/\/ticsalutsocial.atoom.space\/es\/wp-json\/wp\/v2\/types\/event"}],"wp:featuredmedia":[{"embeddable":true,"href":"https:\/\/ticsalutsocial.atoom.space\/es\/wp-json\/wp\/v2\/media\/21662"}],"wp:attachment":[{"href":"https:\/\/ticsalutsocial.atoom.space\/es\/wp-json\/wp\/v2\/media?parent=21664"}],"wp:term":[{"taxonomy":"tipus","embeddable":true,"href":"https:\/\/ticsalutsocial.atoom.space\/es\/wp-json\/wp\/v2\/tipus?post=21664"},{"taxonomy":"topic","embeddable":true,"href":"https:\/\/ticsalutsocial.atoom.space\/es\/wp-json\/wp\/v2\/topic?post=21664"}],"curies":[{"name":"wp","href":"https:\/\/api.w.org\/{rel}","templated":true}]}}

Jornada: Hi haurà un EEDS per a tothom? Ús secundari de les dades de salut

<p>Uneix-te a aquest esdeveniment sobre l&#8217;ús secundari de les dades de salut! Se celebrarà el dia&nbsp;<strong>20 de juliol</strong>&nbsp;al<strong>&nbsp;Barcelona Health Hub</strong>.&nbsp;</p>



<p>La jornada reunirà destacades empreses de salut digital que presentaran els seus projectes innovadors en un format de pitch. Després de les presentacions, es realitzarà una taula rodona&nbsp; on destacats experts del camp exploraran en detall els desafiaments i oportunitats de l&#8217;ús secundari de les dades de salut. A més, aprofundiran com l&#8217;espai europeu de dades sanitàries pot impulsar la innovació en l&#8217;àmbit de la salut digital.</p>



<p></p>



<h2 class="wp-block-heading has-text-align-left"><strong>Programa</strong></h2>



<p>10.00 a 10.15.<strong> Presentació de la jornada i del projecte EDAH</strong> </p>



<ul class="wp-block-list">
<li>Montse Daban (Directora de Política Científica i Internacionalització de Biocat)</li>
</ul>



<p></p>



<p>10.15 a 10.30. Presentació del Barcelona Health Hub</p>



<p>10.30 a 11.00.&nbsp;<strong>Pitch d&#8217;empreses</strong>&nbsp;ubicades al Barcelona Health Hub</p>



<p>11.00 a 11.30. Coffee Break</p>



<p>11.30 a 13.00. <strong>Taula rodona: «Explorant el Potencial de l&#8217;Ús Secundari de Dades Sanitàries» </strong></p>



<ul class="wp-block-list">
<li>Ángeles Barrios (Responsable d&#8217;Afers Públics i Relacions d&#8217;EIT Health); Sanitari)</li>



<li>Míriam Méndez García (Responsable de recerca i innovació de l&#8217;Oficina del Delegat de Protecció de Dades de Salut de la Fundació TIC Salut Social) </li>



<li>Pedro Carrascal (Director General de la Plataforma d&#8217;Organitzacions de Pacients). </li>



<li>Modera Alba Jiménez (Biocat, responsable del projecte EDAH)</li>
</ul>

<!-- This site is optimized with the Yoast SEO plugin v27.1.1 - https://yoast.com/product/yoast-seo-wordpress/ -->
<title>Jornada: Hi haurà un EEDS per a tothom? Ús secundari de les dades de salut - Fundació TIC Salut i Social</title>
<meta name="robots" content="index, follow, max-snippet:-1, max-image-preview:large, max-video-preview:-1" />
<link rel="canonical" href="https://ticsalutsocial.atoom.space/es/event/jornada-hi-haura-un-eeds-per-a-tothom-us-secundari-de-les-dades-de-salut/" />
<meta property="og:locale" content="es_ES" />
<meta property="og:type" content="article" />
<meta property="og:title" content="Jornada: Hi haurà un EEDS per a tothom? Ús secundari de les dades de salut - Fundació TIC Salut i Social" />
<meta property="og:description" content="Uneix-te a aquest esdeveniment sobre l&#8217;ús secundari de les dades de salut! Se celebrarà el dia&nbsp;20 de juliol&nbsp;al&nbsp;Barcelona Health Hub.&nbsp; La jornada reunirà destacades empreses de salut digital que presentaran els seus projectes innovadors en un format de pitch. Després de les presentacions, es realitzarà una taula rodona&nbsp; on destacats experts del camp exploraran en [&hellip;]" />
<meta property="og:url" content="https://ticsalutsocial.atoom.space/es/event/jornada-hi-haura-un-eeds-per-a-tothom-us-secundari-de-les-dades-de-salut/" />
<meta property="og:site_name" content="Fundació TIC Salut i Social" />
<meta property="article:modified_time" content="2023-07-17T07:37:26+00:00" />
<meta property="og:image" content="https://ticsalutsocial.atoom.space/wp-content/uploads/2023/07/microsoftteams-image_6_1.png" />
	<meta property="og:image:width" content="2160" />
	<meta property="og:image:height" content="1080" />
	<meta property="og:image:type" content="image/png" />
<meta name="twitter:card" content="summary_large_image" />
<meta name="twitter:label1" content="Tiempo de lectura" />
	<meta name="twitter:data1" content="1 minuto" />
<script type="application/ld+json" class="yoast-schema-graph">{"@context":"https://schema.org","@graph":[{"@type":"WebPage","@id":"https://ticsalutsocial.atoom.space/es/event/jornada-hi-haura-un-eeds-per-a-tothom-us-secundari-de-les-dades-de-salut/","url":"https://ticsalutsocial.atoom.space/es/event/jornada-hi-haura-un-eeds-per-a-tothom-us-secundari-de-les-dades-de-salut/","name":"Jornada: Hi haurà un EEDS per a tothom? Ús secundari de les dades de salut - Fundació TIC Salut i Social","isPartOf":{"@id":"https://ticsalutsocial.atoom.space/es/#website"},"primaryImageOfPage":{"@id":"https://ticsalutsocial.atoom.space/es/event/jornada-hi-haura-un-eeds-per-a-tothom-us-secundari-de-les-dades-de-salut/#primaryimage"},"image":{"@id":"https://ticsalutsocial.atoom.space/es/event/jornada-hi-haura-un-eeds-per-a-tothom-us-secundari-de-les-dades-de-salut/#primaryimage"},"thumbnailUrl":"https://ticsalutsocial.atoom.space/wp-content/uploads/2023/07/microsoftteams-image_6_1.png","datePublished":"2023-07-17T07:35:21+00:00","dateModified":"2023-07-17T07:37:26+00:00","breadcrumb":{"@id":"https://ticsalutsocial.atoom.space/es/event/jornada-hi-haura-un-eeds-per-a-tothom-us-secundari-de-les-dades-de-salut/#breadcrumb"},"inLanguage":"es","potentialAction":[{"@type":"ReadAction","target":["https://ticsalutsocial.atoom.space/es/event/jornada-hi-haura-un-eeds-per-a-tothom-us-secundari-de-les-dades-de-salut/"]}]},{"@type":"ImageObject","inLanguage":"es","@id":"https://ticsalutsocial.atoom.space/es/event/jornada-hi-haura-un-eeds-per-a-tothom-us-secundari-de-les-dades-de-salut/#primaryimage","url":"https://ticsalutsocial.atoom.space/wp-content/uploads/2023/07/microsoftteams-image_6_1.png","contentUrl":"https://ticsalutsocial.atoom.space/wp-content/uploads/2023/07/microsoftteams-image_6_1.png","width":2160,"height":1080},{"@type":"BreadcrumbList","@id":"https://ticsalutsocial.atoom.space/es/event/jornada-hi-haura-un-eeds-per-a-tothom-us-secundari-de-les-dades-de-salut/#breadcrumb","itemListElement":[{"@type":"ListItem","position":1,"name":"Inici","item":"https://ticsalutsocial.atoom.space/es/"},{"@type":"ListItem","position":2,"name":"Jornada: Hi haurà un EEDS per a tothom? Ús secundari de les dades de salut"}]},{"@type":"WebSite","@id":"https://ticsalutsocial.atoom.space/es/#website","url":"https://ticsalutsocial.atoom.space/es/","name":"Fundació TIC Salut i Social","description":"","potentialAction":[{"@type":"SearchAction","target":{"@type":"EntryPoint","urlTemplate":"https://ticsalutsocial.atoom.space/es/?s={search_term_string}"},"query-input":{"@type":"PropertyValueSpecification","valueRequired":true,"valueName":"search_term_string"}}],"inLanguage":"es"}]}</script>
<!-- / Yoast SEO plugin. -->

Jornada: Hi haurà un EEDS per a tothom? Ús secundari de les dades de salut - Fundació TIC Salut i Social

Uneix-te a aquest esdeveniment sobre l&#8217;ús secundari de les dades de salut! Se celebrarà el dia&nbsp;20 de juliol&nbsp;al&nbsp;Barcelona Health Hub.&nbsp; La jornada reunirà destacades empreses de salut digital que presentaran els seus projectes innovadors en un format de pitch. Després de les presentacions, es realitzarà una taula rodona&nbsp; on destacats experts del camp exploraran en [&hellip;]

Fundació TIC Salut i Social
