
{"id":22398,"date":"2023-10-06T12:30:36","date_gmt":"2023-10-06T10:30:36","guid":{"rendered":"https:\/\/ticsalutsocial.atoom.space\/?post_type=event&#038;p=22398"},"modified":"2023-10-06T12:31:13","modified_gmt":"2023-10-06T10:31:13","slug":"conferencia-de-lepta-2023","status":"publish","type":"event","link":"https:\/\/ticsalutsocial.atoom.space\/es\/event\/conferencia-de-lepta-2023\/","title":{"rendered":"CONFER\u00c8NCIA DE L&#8217;EPTA 2023"},"content":{"rendered":"\n<h2 class=\"wp-block-heading\">Intel\u00b7lig\u00e8ncia artificial generativa. Oportunitats, riscos i reptes en pol\u00edtiques p\u00fabliques<\/h2>\n\n\n\n<p>Els grans models d\u2019intel\u00b7lig\u00e8ncia artificial generativa (IA), com ara ChatGPT, s\u2019han tornat extremadament populars en nom\u00e9s uns mesos, i s\u2019han convertit en l\u2019aplicaci\u00f3 en l\u00ednia amb un creixement m\u00e9s r\u00e0pid de la hist\u00f2ria. Com a tals, sorgeixen com una for\u00e7a transformadora amb profundes implicacions en les democr\u00e0cies i la societat civil. La IA generativa \u00e9s una promesa o un perill per a les democr\u00e0cies o, fins i tot, per a l\u2019exist\u00e8ncia humana?<\/p>\n\n\n\n<p>La confer\u00e8ncia anual de l\u2019EPTA explorar\u00e0 els reptes socials i legals que la IA generativa planteja als responsables pol\u00edtics, la societat civil i els reguladors.<\/p>\n\n\n\n<p>Consulta el programa <a href=\"https:\/\/www.parlament.cat\/document\/composicio\/391443487.pdf\">aqu\u00ed<\/a><\/p>\n\n\n\n<p><\/p>\n","protected":false},"featured_media":0,"menu_order":0,"template":"","meta":{"_acf_changed":false,"inline_featured_image":false},"tipus":[879],"topic":[],"class_list":["post-22398","event","type-event","status-publish","hentry","tipus-inteligencia-artificial"],"acf":{"imatge":22396,"informacio":{"ubicacio":"Parlament de Catalunya","data":"09\/10\/2023","hora":"","preu":"","inscripcions":"https:\/\/www.parlament.cat\/pcat\/epta-2023\/"},"programa":{"titol":"","items":false}},"yoast_head":"<!-- This site is optimized with the Yoast SEO plugin v27.1.1 - https:\/\/yoast.com\/product\/yoast-seo-wordpress\/ -->\n<title>CONFER\u00c8NCIA DE L&#039;EPTA 2023 - Fundaci\u00f3 TIC Salut i Social<\/title>\n<meta name=\"robots\" content=\"index, follow, max-snippet:-1, max-image-preview:large, max-video-preview:-1\" \/>\n<link rel=\"canonical\" href=\"https:\/\/ticsalutsocial.atoom.space\/es\/event\/conferencia-de-lepta-2023\/\" \/>\n<meta property=\"og:locale\" content=\"es_ES\" \/>\n<meta property=\"og:type\" content=\"article\" \/>\n<meta property=\"og:title\" content=\"CONFER\u00c8NCIA DE L&#039;EPTA 2023 - Fundaci\u00f3 TIC Salut i Social\" \/>\n<meta property=\"og:description\" content=\"Intel\u00b7lig\u00e8ncia artificial generativa. Oportunitats, riscos i reptes en pol\u00edtiques p\u00fabliques Els grans models d\u2019intel\u00b7lig\u00e8ncia artificial generativa (IA), com ara ChatGPT, s\u2019han tornat extremadament populars en nom\u00e9s uns mesos, i s\u2019han convertit en l\u2019aplicaci\u00f3 en l\u00ednia amb un creixement m\u00e9s r\u00e0pid de la hist\u00f2ria. Com a tals, sorgeixen com una for\u00e7a transformadora amb profundes implicacions en [&hellip;]\" \/>\n<meta property=\"og:url\" content=\"https:\/\/ticsalutsocial.atoom.space\/es\/event\/conferencia-de-lepta-2023\/\" \/>\n<meta property=\"og:site_name\" content=\"Fundaci\u00f3 TIC Salut i Social\" \/>\n<meta property=\"article:modified_time\" content=\"2023-10-06T10:31:13+00:00\" \/>\n<meta name=\"twitter:card\" content=\"summary_large_image\" \/>\n<meta name=\"twitter:label1\" content=\"Tiempo de lectura\" \/>\n\t<meta name=\"twitter:data1\" content=\"1 minuto\" \/>\n<script type=\"application\/ld+json\" class=\"yoast-schema-graph\">{\"@context\":\"https:\/\/schema.org\",\"@graph\":[{\"@type\":\"WebPage\",\"@id\":\"https:\/\/ticsalutsocial.atoom.space\/es\/event\/conferencia-de-lepta-2023\/\",\"url\":\"https:\/\/ticsalutsocial.atoom.space\/es\/event\/conferencia-de-lepta-2023\/\",\"name\":\"CONFER\u00c8NCIA DE L'EPTA 2023 - Fundaci\u00f3 TIC Salut i Social\",\"isPartOf\":{\"@id\":\"https:\/\/ticsalutsocial.atoom.space\/es\/#website\"},\"datePublished\":\"2023-10-06T10:30:36+00:00\",\"dateModified\":\"2023-10-06T10:31:13+00:00\",\"breadcrumb\":{\"@id\":\"https:\/\/ticsalutsocial.atoom.space\/es\/event\/conferencia-de-lepta-2023\/#breadcrumb\"},\"inLanguage\":\"es\",\"potentialAction\":[{\"@type\":\"ReadAction\",\"target\":[\"https:\/\/ticsalutsocial.atoom.space\/es\/event\/conferencia-de-lepta-2023\/\"]}]},{\"@type\":\"BreadcrumbList\",\"@id\":\"https:\/\/ticsalutsocial.atoom.space\/es\/event\/conferencia-de-lepta-2023\/#breadcrumb\",\"itemListElement\":[{\"@type\":\"ListItem\",\"position\":1,\"name\":\"Inici\",\"item\":\"https:\/\/ticsalutsocial.atoom.space\/es\/\"},{\"@type\":\"ListItem\",\"position\":2,\"name\":\"CONFER\u00c8NCIA DE L&#8217;EPTA 2023\"}]},{\"@type\":\"WebSite\",\"@id\":\"https:\/\/ticsalutsocial.atoom.space\/es\/#website\",\"url\":\"https:\/\/ticsalutsocial.atoom.space\/es\/\",\"name\":\"Fundaci\u00f3 TIC Salut i Social\",\"description\":\"\",\"potentialAction\":[{\"@type\":\"SearchAction\",\"target\":{\"@type\":\"EntryPoint\",\"urlTemplate\":\"https:\/\/ticsalutsocial.atoom.space\/es\/?s={search_term_string}\"},\"query-input\":{\"@type\":\"PropertyValueSpecification\",\"valueRequired\":true,\"valueName\":\"search_term_string\"}}],\"inLanguage\":\"es\"}]}<\/script>\n<!-- \/ Yoast SEO plugin. -->","yoast_head_json":{"title":"CONFER\u00c8NCIA DE L'EPTA 2023 - Fundaci\u00f3 TIC Salut i Social","robots":{"index":"index","follow":"follow","max-snippet":"max-snippet:-1","max-image-preview":"max-image-preview:large","max-video-preview":"max-video-preview:-1"},"canonical":"https:\/\/ticsalutsocial.atoom.space\/es\/event\/conferencia-de-lepta-2023\/","og_locale":"es_ES","og_type":"article","og_title":"CONFER\u00c8NCIA DE L'EPTA 2023 - Fundaci\u00f3 TIC Salut i Social","og_description":"Intel\u00b7lig\u00e8ncia artificial generativa. Oportunitats, riscos i reptes en pol\u00edtiques p\u00fabliques Els grans models d\u2019intel\u00b7lig\u00e8ncia artificial generativa (IA), com ara ChatGPT, s\u2019han tornat extremadament populars en nom\u00e9s uns mesos, i s\u2019han convertit en l\u2019aplicaci\u00f3 en l\u00ednia amb un creixement m\u00e9s r\u00e0pid de la hist\u00f2ria. Com a tals, sorgeixen com una for\u00e7a transformadora amb profundes implicacions en [&hellip;]","og_url":"https:\/\/ticsalutsocial.atoom.space\/es\/event\/conferencia-de-lepta-2023\/","og_site_name":"Fundaci\u00f3 TIC Salut i Social","article_modified_time":"2023-10-06T10:31:13+00:00","twitter_card":"summary_large_image","twitter_misc":{"Tiempo de lectura":"1 minuto"},"schema":{"@context":"https:\/\/schema.org","@graph":[{"@type":"WebPage","@id":"https:\/\/ticsalutsocial.atoom.space\/es\/event\/conferencia-de-lepta-2023\/","url":"https:\/\/ticsalutsocial.atoom.space\/es\/event\/conferencia-de-lepta-2023\/","name":"CONFER\u00c8NCIA DE L'EPTA 2023 - Fundaci\u00f3 TIC Salut i Social","isPartOf":{"@id":"https:\/\/ticsalutsocial.atoom.space\/es\/#website"},"datePublished":"2023-10-06T10:30:36+00:00","dateModified":"2023-10-06T10:31:13+00:00","breadcrumb":{"@id":"https:\/\/ticsalutsocial.atoom.space\/es\/event\/conferencia-de-lepta-2023\/#breadcrumb"},"inLanguage":"es","potentialAction":[{"@type":"ReadAction","target":["https:\/\/ticsalutsocial.atoom.space\/es\/event\/conferencia-de-lepta-2023\/"]}]},{"@type":"BreadcrumbList","@id":"https:\/\/ticsalutsocial.atoom.space\/es\/event\/conferencia-de-lepta-2023\/#breadcrumb","itemListElement":[{"@type":"ListItem","position":1,"name":"Inici","item":"https:\/\/ticsalutsocial.atoom.space\/es\/"},{"@type":"ListItem","position":2,"name":"CONFER\u00c8NCIA DE L&#8217;EPTA 2023"}]},{"@type":"WebSite","@id":"https:\/\/ticsalutsocial.atoom.space\/es\/#website","url":"https:\/\/ticsalutsocial.atoom.space\/es\/","name":"Fundaci\u00f3 TIC Salut i Social","description":"","potentialAction":[{"@type":"SearchAction","target":{"@type":"EntryPoint","urlTemplate":"https:\/\/ticsalutsocial.atoom.space\/es\/?s={search_term_string}"},"query-input":{"@type":"PropertyValueSpecification","valueRequired":true,"valueName":"search_term_string"}}],"inLanguage":"es"}]}},"_links":{"self":[{"href":"https:\/\/ticsalutsocial.atoom.space\/es\/wp-json\/wp\/v2\/event\/22398","targetHints":{"allow":["GET"]}}],"collection":[{"href":"https:\/\/ticsalutsocial.atoom.space\/es\/wp-json\/wp\/v2\/event"}],"about":[{"href":"https:\/\/ticsalutsocial.atoom.space\/es\/wp-json\/wp\/v2\/types\/event"}],"wp:attachment":[{"href":"https:\/\/ticsalutsocial.atoom.space\/es\/wp-json\/wp\/v2\/media?parent=22398"}],"wp:term":[{"taxonomy":"tipus","embeddable":true,"href":"https:\/\/ticsalutsocial.atoom.space\/es\/wp-json\/wp\/v2\/tipus?post=22398"},{"taxonomy":"topic","embeddable":true,"href":"https:\/\/ticsalutsocial.atoom.space\/es\/wp-json\/wp\/v2\/topic?post=22398"}],"curies":[{"name":"wp","href":"https:\/\/api.w.org\/{rel}","templated":true}]}}

CONFERÈNCIA DE L&#8217;EPTA 2023

<h2 class="wp-block-heading">Intel·ligència artificial generativa. Oportunitats, riscos i reptes en polítiques públiques</h2>



<p>Els grans models d’intel·ligència artificial generativa (IA), com ara ChatGPT, s’han tornat extremadament populars en només uns mesos, i s’han convertit en l’aplicació en línia amb un creixement més ràpid de la història. Com a tals, sorgeixen com una força transformadora amb profundes implicacions en les democràcies i la societat civil. La IA generativa és una promesa o un perill per a les democràcies o, fins i tot, per a l’existència humana?</p>



<p>La conferència anual de l’EPTA explorarà els reptes socials i legals que la IA generativa planteja als responsables polítics, la societat civil i els reguladors.</p>



<p>Consulta el programa <a href="https://www.parlament.cat/document/composicio/391443487.pdf">aquí</a></p>



<p></p>

<!-- This site is optimized with the Yoast SEO plugin v27.1.1 - https://yoast.com/product/yoast-seo-wordpress/ -->
<title>CONFERÈNCIA DE L&#039;EPTA 2023 - Fundació TIC Salut i Social</title>
<meta name="robots" content="index, follow, max-snippet:-1, max-image-preview:large, max-video-preview:-1" />
<link rel="canonical" href="https://ticsalutsocial.atoom.space/es/event/conferencia-de-lepta-2023/" />
<meta property="og:locale" content="es_ES" />
<meta property="og:type" content="article" />
<meta property="og:title" content="CONFERÈNCIA DE L&#039;EPTA 2023 - Fundació TIC Salut i Social" />
<meta property="og:description" content="Intel·ligència artificial generativa. Oportunitats, riscos i reptes en polítiques públiques Els grans models d’intel·ligència artificial generativa (IA), com ara ChatGPT, s’han tornat extremadament populars en només uns mesos, i s’han convertit en l’aplicació en línia amb un creixement més ràpid de la història. Com a tals, sorgeixen com una força transformadora amb profundes implicacions en [&hellip;]" />
<meta property="og:url" content="https://ticsalutsocial.atoom.space/es/event/conferencia-de-lepta-2023/" />
<meta property="og:site_name" content="Fundació TIC Salut i Social" />
<meta property="article:modified_time" content="2023-10-06T10:31:13+00:00" />
<meta name="twitter:card" content="summary_large_image" />
<meta name="twitter:label1" content="Tiempo de lectura" />
	<meta name="twitter:data1" content="1 minuto" />
<script type="application/ld+json" class="yoast-schema-graph">{"@context":"https://schema.org","@graph":[{"@type":"WebPage","@id":"https://ticsalutsocial.atoom.space/es/event/conferencia-de-lepta-2023/","url":"https://ticsalutsocial.atoom.space/es/event/conferencia-de-lepta-2023/","name":"CONFERÈNCIA DE L'EPTA 2023 - Fundació TIC Salut i Social","isPartOf":{"@id":"https://ticsalutsocial.atoom.space/es/#website"},"datePublished":"2023-10-06T10:30:36+00:00","dateModified":"2023-10-06T10:31:13+00:00","breadcrumb":{"@id":"https://ticsalutsocial.atoom.space/es/event/conferencia-de-lepta-2023/#breadcrumb"},"inLanguage":"es","potentialAction":[{"@type":"ReadAction","target":["https://ticsalutsocial.atoom.space/es/event/conferencia-de-lepta-2023/"]}]},{"@type":"BreadcrumbList","@id":"https://ticsalutsocial.atoom.space/es/event/conferencia-de-lepta-2023/#breadcrumb","itemListElement":[{"@type":"ListItem","position":1,"name":"Inici","item":"https://ticsalutsocial.atoom.space/es/"},{"@type":"ListItem","position":2,"name":"CONFERÈNCIA DE L&#8217;EPTA 2023"}]},{"@type":"WebSite","@id":"https://ticsalutsocial.atoom.space/es/#website","url":"https://ticsalutsocial.atoom.space/es/","name":"Fundació TIC Salut i Social","description":"","potentialAction":[{"@type":"SearchAction","target":{"@type":"EntryPoint","urlTemplate":"https://ticsalutsocial.atoom.space/es/?s={search_term_string}"},"query-input":{"@type":"PropertyValueSpecification","valueRequired":true,"valueName":"search_term_string"}}],"inLanguage":"es"}]}</script>
<!-- / Yoast SEO plugin. -->

CONFERÈNCIA DE L'EPTA 2023 - Fundació TIC Salut i Social

Intel·ligència artificial generativa. Oportunitats, riscos i reptes en polítiques públiques Els grans models d’intel·ligència artificial generativa (IA), com ara ChatGPT, s’han tornat extremadament populars en només uns mesos, i s’han convertit en l’aplicació en línia amb un creixement més ràpid de la història. Com a tals, sorgeixen com una força transformadora amb profundes implicacions en [&hellip;]

Fundació TIC Salut i Social
