
{"id":22492,"date":"2023-10-11T14:58:04","date_gmt":"2023-10-11T12:58:04","guid":{"rendered":"https:\/\/ticsalutsocial.atoom.space\/?post_type=event&#038;p=22492"},"modified":"2023-10-27T12:48:46","modified_gmt":"2023-10-27T10:48:46","slug":"taller-sobre-la-utilitzacio-de-les-terapies-digitals-i-la-intelligencia-artificial-en-latencio-sanitaria","status":"publish","type":"event","link":"https:\/\/ticsalutsocial.atoom.space\/es\/event\/taller-sobre-la-utilitzacio-de-les-terapies-digitals-i-la-intelligencia-artificial-en-latencio-sanitaria\/","title":{"rendered":"Taller sobre la utilitzaci\u00f3 de les ter\u00e0pies digitals i la intel\u00b7lig\u00e8ncia artificial en l&#8217;atenci\u00f3 sanit\u00e0ria"},"content":{"rendered":"\n<p>L&#8217;\u00c0rea d&#8217;Innovaci\u00f3 i Partenariat del Consorci de Salut i Social de Catalunya (CSC) organitza un taller sobre la utilitzaci\u00f3 de les ter\u00e0pies digitals i la intel\u00b7lig\u00e8ncia artificial en l&#8217;atenci\u00f3 sanit\u00e0ria, que tindr\u00e0 lloc entre el 8 i el 9 de novembre a la seu del CSC.<\/p>\n\n\n\n<p>Les inscripcions per assistir a aquestes jornades ja estan obertes tant per a&nbsp;<a href=\"http:\/\/inscripcions.consorci.org\/Jornades\/index.asp?id=23.11.08_AIP\" target=\"_blank\" rel=\"noreferrer noopener\">associats al CSC<\/a>&nbsp;com per a&nbsp;<a href=\"http:\/\/inscripcions.consorci.org\/Jornades\/index.asp?id=23.11.08_AIP_NA\" target=\"_blank\" rel=\"noreferrer noopener\">no associats<\/a>.<\/p>\n\n\n\n<p>El Joan Guanyabens, director de la Fundaci\u00f3 TIC Salut Social, i la Susanna Auss\u00f3, responsable de l&#8217;\u00e0rea d&#8217;Intel\u00b7lig\u00e8ncia Artificial de la Fundaci\u00f3, participen a la la taula \u00abFonaments de les ter\u00e0pies digitals i la intel\u00b7lig\u00e8ncia artificial\u00bb el 8 de novembre a les 10:30h.<\/p>\n\n\n\n<p>Consulta el programa en aquest <a href=\"https:\/\/www.consorci.org\/actualitat\/activitats-i-agenda\/986\/11\/2023\/taller-sobre-la-utilitzacio-de-les-terapies-digitals-i-la-intelligencia-artificial-en-latencio-sanitaria\" target=\"_blank\" rel=\"noreferrer noopener\">enlla\u00e7<\/a>.<\/p>\n","protected":false},"featured_media":22490,"menu_order":0,"template":"","meta":{"_acf_changed":false,"inline_featured_image":false},"tipus":[879],"topic":[],"class_list":["post-22492","event","type-event","status-publish","has-post-thumbnail","hentry","tipus-inteligencia-artificial"],"acf":{"informacio":{"ubicacio":"Seu del CSC (Av. Tibidabo, 21)","data":"08\/11\/2023","hora":"","preu":"","inscripcions":"https:\/\/www.consorci.org\/actualitat\/activitats-i-agenda\/986\/11\/2023\/taller-sobre-la-utilitzacio-de-les-terapies-digitals-i-la-intelligencia-artificial-en-latencio-sanitaria"},"programa":{"titol":"","items":false},"imatge":22490},"yoast_head":"<!-- This site is optimized with the Yoast SEO plugin v27.1.1 - https:\/\/yoast.com\/product\/yoast-seo-wordpress\/ -->\n<title>Taller sobre la utilitzaci\u00f3 de les ter\u00e0pies digitals i la intel\u00b7lig\u00e8ncia artificial en l&#039;atenci\u00f3 sanit\u00e0ria - Fundaci\u00f3 TIC Salut i Social<\/title>\n<meta name=\"robots\" content=\"index, follow, max-snippet:-1, max-image-preview:large, max-video-preview:-1\" \/>\n<link rel=\"canonical\" href=\"https:\/\/ticsalutsocial.atoom.space\/es\/event\/taller-sobre-la-utilitzacio-de-les-terapies-digitals-i-la-intelligencia-artificial-en-latencio-sanitaria\/\" \/>\n<meta property=\"og:locale\" content=\"es_ES\" \/>\n<meta property=\"og:type\" content=\"article\" \/>\n<meta property=\"og:title\" content=\"Taller sobre la utilitzaci\u00f3 de les ter\u00e0pies digitals i la intel\u00b7lig\u00e8ncia artificial en l&#039;atenci\u00f3 sanit\u00e0ria - Fundaci\u00f3 TIC Salut i Social\" \/>\n<meta property=\"og:description\" content=\"L&#8217;\u00c0rea d&#8217;Innovaci\u00f3 i Partenariat del Consorci de Salut i Social de Catalunya (CSC) organitza un taller sobre la utilitzaci\u00f3 de les ter\u00e0pies digitals i la intel\u00b7lig\u00e8ncia artificial en l&#8217;atenci\u00f3 sanit\u00e0ria, que tindr\u00e0 lloc entre el 8 i el 9 de novembre a la seu del CSC. Les inscripcions per assistir a aquestes jornades ja estan [&hellip;]\" \/>\n<meta property=\"og:url\" content=\"https:\/\/ticsalutsocial.atoom.space\/es\/event\/taller-sobre-la-utilitzacio-de-les-terapies-digitals-i-la-intelligencia-artificial-en-latencio-sanitaria\/\" \/>\n<meta property=\"og:site_name\" content=\"Fundaci\u00f3 TIC Salut i Social\" \/>\n<meta property=\"article:modified_time\" content=\"2023-10-27T10:48:46+00:00\" \/>\n<meta property=\"og:image\" content=\"https:\/\/ticsalutsocial.atoom.space\/wp-content\/uploads\/2023\/10\/csc.png\" \/>\n\t<meta property=\"og:image:width\" content=\"1109\" \/>\n\t<meta property=\"og:image:height\" content=\"783\" \/>\n\t<meta property=\"og:image:type\" content=\"image\/png\" \/>\n<meta name=\"twitter:card\" content=\"summary_large_image\" \/>\n<meta name=\"twitter:label1\" content=\"Tiempo de lectura\" \/>\n\t<meta name=\"twitter:data1\" content=\"1 minuto\" \/>\n<script type=\"application\/ld+json\" class=\"yoast-schema-graph\">{\"@context\":\"https:\/\/schema.org\",\"@graph\":[{\"@type\":\"WebPage\",\"@id\":\"https:\/\/ticsalutsocial.atoom.space\/es\/event\/taller-sobre-la-utilitzacio-de-les-terapies-digitals-i-la-intelligencia-artificial-en-latencio-sanitaria\/\",\"url\":\"https:\/\/ticsalutsocial.atoom.space\/es\/event\/taller-sobre-la-utilitzacio-de-les-terapies-digitals-i-la-intelligencia-artificial-en-latencio-sanitaria\/\",\"name\":\"Taller sobre la utilitzaci\u00f3 de les ter\u00e0pies digitals i la intel\u00b7lig\u00e8ncia artificial en l'atenci\u00f3 sanit\u00e0ria - Fundaci\u00f3 TIC Salut i Social\",\"isPartOf\":{\"@id\":\"https:\/\/ticsalutsocial.atoom.space\/es\/#website\"},\"primaryImageOfPage\":{\"@id\":\"https:\/\/ticsalutsocial.atoom.space\/es\/event\/taller-sobre-la-utilitzacio-de-les-terapies-digitals-i-la-intelligencia-artificial-en-latencio-sanitaria\/#primaryimage\"},\"image\":{\"@id\":\"https:\/\/ticsalutsocial.atoom.space\/es\/event\/taller-sobre-la-utilitzacio-de-les-terapies-digitals-i-la-intelligencia-artificial-en-latencio-sanitaria\/#primaryimage\"},\"thumbnailUrl\":\"https:\/\/ticsalutsocial.atoom.space\/wp-content\/uploads\/2023\/10\/csc.png\",\"datePublished\":\"2023-10-11T12:58:04+00:00\",\"dateModified\":\"2023-10-27T10:48:46+00:00\",\"breadcrumb\":{\"@id\":\"https:\/\/ticsalutsocial.atoom.space\/es\/event\/taller-sobre-la-utilitzacio-de-les-terapies-digitals-i-la-intelligencia-artificial-en-latencio-sanitaria\/#breadcrumb\"},\"inLanguage\":\"es\",\"potentialAction\":[{\"@type\":\"ReadAction\",\"target\":[\"https:\/\/ticsalutsocial.atoom.space\/es\/event\/taller-sobre-la-utilitzacio-de-les-terapies-digitals-i-la-intelligencia-artificial-en-latencio-sanitaria\/\"]}]},{\"@type\":\"ImageObject\",\"inLanguage\":\"es\",\"@id\":\"https:\/\/ticsalutsocial.atoom.space\/es\/event\/taller-sobre-la-utilitzacio-de-les-terapies-digitals-i-la-intelligencia-artificial-en-latencio-sanitaria\/#primaryimage\",\"url\":\"https:\/\/ticsalutsocial.atoom.space\/wp-content\/uploads\/2023\/10\/csc.png\",\"contentUrl\":\"https:\/\/ticsalutsocial.atoom.space\/wp-content\/uploads\/2023\/10\/csc.png\",\"width\":1109,\"height\":783},{\"@type\":\"BreadcrumbList\",\"@id\":\"https:\/\/ticsalutsocial.atoom.space\/es\/event\/taller-sobre-la-utilitzacio-de-les-terapies-digitals-i-la-intelligencia-artificial-en-latencio-sanitaria\/#breadcrumb\",\"itemListElement\":[{\"@type\":\"ListItem\",\"position\":1,\"name\":\"Inici\",\"item\":\"https:\/\/ticsalutsocial.atoom.space\/es\/\"},{\"@type\":\"ListItem\",\"position\":2,\"name\":\"Taller sobre la utilitzaci\u00f3 de les ter\u00e0pies digitals i la intel\u00b7lig\u00e8ncia artificial en l&#8217;atenci\u00f3 sanit\u00e0ria\"}]},{\"@type\":\"WebSite\",\"@id\":\"https:\/\/ticsalutsocial.atoom.space\/es\/#website\",\"url\":\"https:\/\/ticsalutsocial.atoom.space\/es\/\",\"name\":\"Fundaci\u00f3 TIC Salut i Social\",\"description\":\"\",\"potentialAction\":[{\"@type\":\"SearchAction\",\"target\":{\"@type\":\"EntryPoint\",\"urlTemplate\":\"https:\/\/ticsalutsocial.atoom.space\/es\/?s={search_term_string}\"},\"query-input\":{\"@type\":\"PropertyValueSpecification\",\"valueRequired\":true,\"valueName\":\"search_term_string\"}}],\"inLanguage\":\"es\"}]}<\/script>\n<!-- \/ Yoast SEO plugin. -->","yoast_head_json":{"title":"Taller sobre la utilitzaci\u00f3 de les ter\u00e0pies digitals i la intel\u00b7lig\u00e8ncia artificial en l'atenci\u00f3 sanit\u00e0ria - Fundaci\u00f3 TIC Salut i Social","robots":{"index":"index","follow":"follow","max-snippet":"max-snippet:-1","max-image-preview":"max-image-preview:large","max-video-preview":"max-video-preview:-1"},"canonical":"https:\/\/ticsalutsocial.atoom.space\/es\/event\/taller-sobre-la-utilitzacio-de-les-terapies-digitals-i-la-intelligencia-artificial-en-latencio-sanitaria\/","og_locale":"es_ES","og_type":"article","og_title":"Taller sobre la utilitzaci\u00f3 de les ter\u00e0pies digitals i la intel\u00b7lig\u00e8ncia artificial en l'atenci\u00f3 sanit\u00e0ria - Fundaci\u00f3 TIC Salut i Social","og_description":"L&#8217;\u00c0rea d&#8217;Innovaci\u00f3 i Partenariat del Consorci de Salut i Social de Catalunya (CSC) organitza un taller sobre la utilitzaci\u00f3 de les ter\u00e0pies digitals i la intel\u00b7lig\u00e8ncia artificial en l&#8217;atenci\u00f3 sanit\u00e0ria, que tindr\u00e0 lloc entre el 8 i el 9 de novembre a la seu del CSC. Les inscripcions per assistir a aquestes jornades ja estan [&hellip;]","og_url":"https:\/\/ticsalutsocial.atoom.space\/es\/event\/taller-sobre-la-utilitzacio-de-les-terapies-digitals-i-la-intelligencia-artificial-en-latencio-sanitaria\/","og_site_name":"Fundaci\u00f3 TIC Salut i Social","article_modified_time":"2023-10-27T10:48:46+00:00","og_image":[{"width":1109,"height":783,"url":"https:\/\/ticsalutsocial.atoom.space\/wp-content\/uploads\/2023\/10\/csc.png","type":"image\/png"}],"twitter_card":"summary_large_image","twitter_misc":{"Tiempo de lectura":"1 minuto"},"schema":{"@context":"https:\/\/schema.org","@graph":[{"@type":"WebPage","@id":"https:\/\/ticsalutsocial.atoom.space\/es\/event\/taller-sobre-la-utilitzacio-de-les-terapies-digitals-i-la-intelligencia-artificial-en-latencio-sanitaria\/","url":"https:\/\/ticsalutsocial.atoom.space\/es\/event\/taller-sobre-la-utilitzacio-de-les-terapies-digitals-i-la-intelligencia-artificial-en-latencio-sanitaria\/","name":"Taller sobre la utilitzaci\u00f3 de les ter\u00e0pies digitals i la intel\u00b7lig\u00e8ncia artificial en l'atenci\u00f3 sanit\u00e0ria - Fundaci\u00f3 TIC Salut i Social","isPartOf":{"@id":"https:\/\/ticsalutsocial.atoom.space\/es\/#website"},"primaryImageOfPage":{"@id":"https:\/\/ticsalutsocial.atoom.space\/es\/event\/taller-sobre-la-utilitzacio-de-les-terapies-digitals-i-la-intelligencia-artificial-en-latencio-sanitaria\/#primaryimage"},"image":{"@id":"https:\/\/ticsalutsocial.atoom.space\/es\/event\/taller-sobre-la-utilitzacio-de-les-terapies-digitals-i-la-intelligencia-artificial-en-latencio-sanitaria\/#primaryimage"},"thumbnailUrl":"https:\/\/ticsalutsocial.atoom.space\/wp-content\/uploads\/2023\/10\/csc.png","datePublished":"2023-10-11T12:58:04+00:00","dateModified":"2023-10-27T10:48:46+00:00","breadcrumb":{"@id":"https:\/\/ticsalutsocial.atoom.space\/es\/event\/taller-sobre-la-utilitzacio-de-les-terapies-digitals-i-la-intelligencia-artificial-en-latencio-sanitaria\/#breadcrumb"},"inLanguage":"es","potentialAction":[{"@type":"ReadAction","target":["https:\/\/ticsalutsocial.atoom.space\/es\/event\/taller-sobre-la-utilitzacio-de-les-terapies-digitals-i-la-intelligencia-artificial-en-latencio-sanitaria\/"]}]},{"@type":"ImageObject","inLanguage":"es","@id":"https:\/\/ticsalutsocial.atoom.space\/es\/event\/taller-sobre-la-utilitzacio-de-les-terapies-digitals-i-la-intelligencia-artificial-en-latencio-sanitaria\/#primaryimage","url":"https:\/\/ticsalutsocial.atoom.space\/wp-content\/uploads\/2023\/10\/csc.png","contentUrl":"https:\/\/ticsalutsocial.atoom.space\/wp-content\/uploads\/2023\/10\/csc.png","width":1109,"height":783},{"@type":"BreadcrumbList","@id":"https:\/\/ticsalutsocial.atoom.space\/es\/event\/taller-sobre-la-utilitzacio-de-les-terapies-digitals-i-la-intelligencia-artificial-en-latencio-sanitaria\/#breadcrumb","itemListElement":[{"@type":"ListItem","position":1,"name":"Inici","item":"https:\/\/ticsalutsocial.atoom.space\/es\/"},{"@type":"ListItem","position":2,"name":"Taller sobre la utilitzaci\u00f3 de les ter\u00e0pies digitals i la intel\u00b7lig\u00e8ncia artificial en l&#8217;atenci\u00f3 sanit\u00e0ria"}]},{"@type":"WebSite","@id":"https:\/\/ticsalutsocial.atoom.space\/es\/#website","url":"https:\/\/ticsalutsocial.atoom.space\/es\/","name":"Fundaci\u00f3 TIC Salut i Social","description":"","potentialAction":[{"@type":"SearchAction","target":{"@type":"EntryPoint","urlTemplate":"https:\/\/ticsalutsocial.atoom.space\/es\/?s={search_term_string}"},"query-input":{"@type":"PropertyValueSpecification","valueRequired":true,"valueName":"search_term_string"}}],"inLanguage":"es"}]}},"_links":{"self":[{"href":"https:\/\/ticsalutsocial.atoom.space\/es\/wp-json\/wp\/v2\/event\/22492","targetHints":{"allow":["GET"]}}],"collection":[{"href":"https:\/\/ticsalutsocial.atoom.space\/es\/wp-json\/wp\/v2\/event"}],"about":[{"href":"https:\/\/ticsalutsocial.atoom.space\/es\/wp-json\/wp\/v2\/types\/event"}],"wp:featuredmedia":[{"embeddable":true,"href":"https:\/\/ticsalutsocial.atoom.space\/es\/wp-json\/wp\/v2\/media\/22490"}],"wp:attachment":[{"href":"https:\/\/ticsalutsocial.atoom.space\/es\/wp-json\/wp\/v2\/media?parent=22492"}],"wp:term":[{"taxonomy":"tipus","embeddable":true,"href":"https:\/\/ticsalutsocial.atoom.space\/es\/wp-json\/wp\/v2\/tipus?post=22492"},{"taxonomy":"topic","embeddable":true,"href":"https:\/\/ticsalutsocial.atoom.space\/es\/wp-json\/wp\/v2\/topic?post=22492"}],"curies":[{"name":"wp","href":"https:\/\/api.w.org\/{rel}","templated":true}]}}

Taller sobre la utilització de les teràpies digitals i la intel·ligència artificial en l&#8217;atenció sanitària

<p>L&#8217;Àrea d&#8217;Innovació i Partenariat del Consorci de Salut i Social de Catalunya (CSC) organitza un taller sobre la utilització de les teràpies digitals i la intel·ligència artificial en l&#8217;atenció sanitària, que tindrà lloc entre el 8 i el 9 de novembre a la seu del CSC.</p>



<p>Les inscripcions per assistir a aquestes jornades ja estan obertes tant per a&nbsp;<a href="http://inscripcions.consorci.org/Jornades/index.asp?id=23.11.08_AIP" target="_blank" rel="noreferrer noopener">associats al CSC</a>&nbsp;com per a&nbsp;<a href="http://inscripcions.consorci.org/Jornades/index.asp?id=23.11.08_AIP_NA" target="_blank" rel="noreferrer noopener">no associats</a>.</p>



<p>El Joan Guanyabens, director de la Fundació TIC Salut Social, i la Susanna Aussó, responsable de l&#8217;àrea d&#8217;Intel·ligència Artificial de la Fundació, participen a la la taula «Fonaments de les teràpies digitals i la intel·ligència artificial» el 8 de novembre a les 10:30h.</p>



<p>Consulta el programa en aquest <a href="https://www.consorci.org/actualitat/activitats-i-agenda/986/11/2023/taller-sobre-la-utilitzacio-de-les-terapies-digitals-i-la-intelligencia-artificial-en-latencio-sanitaria" target="_blank" rel="noreferrer noopener">enllaç</a>.</p>

<!-- This site is optimized with the Yoast SEO plugin v27.1.1 - https://yoast.com/product/yoast-seo-wordpress/ -->
<title>Taller sobre la utilització de les teràpies digitals i la intel·ligència artificial en l&#039;atenció sanitària - Fundació TIC Salut i Social</title>
<meta name="robots" content="index, follow, max-snippet:-1, max-image-preview:large, max-video-preview:-1" />
<link rel="canonical" href="https://ticsalutsocial.atoom.space/es/event/taller-sobre-la-utilitzacio-de-les-terapies-digitals-i-la-intelligencia-artificial-en-latencio-sanitaria/" />
<meta property="og:locale" content="es_ES" />
<meta property="og:type" content="article" />
<meta property="og:title" content="Taller sobre la utilització de les teràpies digitals i la intel·ligència artificial en l&#039;atenció sanitària - Fundació TIC Salut i Social" />
<meta property="og:description" content="L&#8217;Àrea d&#8217;Innovació i Partenariat del Consorci de Salut i Social de Catalunya (CSC) organitza un taller sobre la utilització de les teràpies digitals i la intel·ligència artificial en l&#8217;atenció sanitària, que tindrà lloc entre el 8 i el 9 de novembre a la seu del CSC. Les inscripcions per assistir a aquestes jornades ja estan [&hellip;]" />
<meta property="og:url" content="https://ticsalutsocial.atoom.space/es/event/taller-sobre-la-utilitzacio-de-les-terapies-digitals-i-la-intelligencia-artificial-en-latencio-sanitaria/" />
<meta property="og:site_name" content="Fundació TIC Salut i Social" />
<meta property="article:modified_time" content="2023-10-27T10:48:46+00:00" />
<meta property="og:image" content="https://ticsalutsocial.atoom.space/wp-content/uploads/2023/10/csc.png" />
	<meta property="og:image:width" content="1109" />
	<meta property="og:image:height" content="783" />
	<meta property="og:image:type" content="image/png" />
<meta name="twitter:card" content="summary_large_image" />
<meta name="twitter:label1" content="Tiempo de lectura" />
	<meta name="twitter:data1" content="1 minuto" />
<script type="application/ld+json" class="yoast-schema-graph">{"@context":"https://schema.org","@graph":[{"@type":"WebPage","@id":"https://ticsalutsocial.atoom.space/es/event/taller-sobre-la-utilitzacio-de-les-terapies-digitals-i-la-intelligencia-artificial-en-latencio-sanitaria/","url":"https://ticsalutsocial.atoom.space/es/event/taller-sobre-la-utilitzacio-de-les-terapies-digitals-i-la-intelligencia-artificial-en-latencio-sanitaria/","name":"Taller sobre la utilització de les teràpies digitals i la intel·ligència artificial en l'atenció sanitària - Fundació TIC Salut i Social","isPartOf":{"@id":"https://ticsalutsocial.atoom.space/es/#website"},"primaryImageOfPage":{"@id":"https://ticsalutsocial.atoom.space/es/event/taller-sobre-la-utilitzacio-de-les-terapies-digitals-i-la-intelligencia-artificial-en-latencio-sanitaria/#primaryimage"},"image":{"@id":"https://ticsalutsocial.atoom.space/es/event/taller-sobre-la-utilitzacio-de-les-terapies-digitals-i-la-intelligencia-artificial-en-latencio-sanitaria/#primaryimage"},"thumbnailUrl":"https://ticsalutsocial.atoom.space/wp-content/uploads/2023/10/csc.png","datePublished":"2023-10-11T12:58:04+00:00","dateModified":"2023-10-27T10:48:46+00:00","breadcrumb":{"@id":"https://ticsalutsocial.atoom.space/es/event/taller-sobre-la-utilitzacio-de-les-terapies-digitals-i-la-intelligencia-artificial-en-latencio-sanitaria/#breadcrumb"},"inLanguage":"es","potentialAction":[{"@type":"ReadAction","target":["https://ticsalutsocial.atoom.space/es/event/taller-sobre-la-utilitzacio-de-les-terapies-digitals-i-la-intelligencia-artificial-en-latencio-sanitaria/"]}]},{"@type":"ImageObject","inLanguage":"es","@id":"https://ticsalutsocial.atoom.space/es/event/taller-sobre-la-utilitzacio-de-les-terapies-digitals-i-la-intelligencia-artificial-en-latencio-sanitaria/#primaryimage","url":"https://ticsalutsocial.atoom.space/wp-content/uploads/2023/10/csc.png","contentUrl":"https://ticsalutsocial.atoom.space/wp-content/uploads/2023/10/csc.png","width":1109,"height":783},{"@type":"BreadcrumbList","@id":"https://ticsalutsocial.atoom.space/es/event/taller-sobre-la-utilitzacio-de-les-terapies-digitals-i-la-intelligencia-artificial-en-latencio-sanitaria/#breadcrumb","itemListElement":[{"@type":"ListItem","position":1,"name":"Inici","item":"https://ticsalutsocial.atoom.space/es/"},{"@type":"ListItem","position":2,"name":"Taller sobre la utilització de les teràpies digitals i la intel·ligència artificial en l&#8217;atenció sanitària"}]},{"@type":"WebSite","@id":"https://ticsalutsocial.atoom.space/es/#website","url":"https://ticsalutsocial.atoom.space/es/","name":"Fundació TIC Salut i Social","description":"","potentialAction":[{"@type":"SearchAction","target":{"@type":"EntryPoint","urlTemplate":"https://ticsalutsocial.atoom.space/es/?s={search_term_string}"},"query-input":{"@type":"PropertyValueSpecification","valueRequired":true,"valueName":"search_term_string"}}],"inLanguage":"es"}]}</script>
<!-- / Yoast SEO plugin. -->

Taller sobre la utilització de les teràpies digitals i la intel·ligència artificial en l'atenció sanitària - Fundació TIC Salut i Social

L&#8217;Àrea d&#8217;Innovació i Partenariat del Consorci de Salut i Social de Catalunya (CSC) organitza un taller sobre la utilització de les teràpies digitals i la intel·ligència artificial en l&#8217;atenció sanitària, que tindrà lloc entre el 8 i el 9 de novembre a la seu del CSC. Les inscripcions per assistir a aquestes jornades ja estan [&hellip;]

Fundació TIC Salut i Social
