
{"id":23958,"date":"2023-12-04T10:34:44","date_gmt":"2023-12-04T08:34:44","guid":{"rendered":"https:\/\/ticsalutsocial.atoom.space\/?post_type=event&#038;p=23958"},"modified":"2023-12-04T10:53:06","modified_gmt":"2023-12-04T08:53:06","slug":"xiv-jornadas-tecnicas-avisa-20-anos-implantando-tic-en-sanidad","status":"publish","type":"event","link":"https:\/\/ticsalutsocial.atoom.space\/es\/event\/xiv-jornadas-tecnicas-avisa-20-anos-implantando-tic-en-sanidad\/","title":{"rendered":"XIV Jornadas T\u00e9cnicas AVISA \u00ab20 a\u00f1os implantando TIC en sanidad\u00bb"},"content":{"rendered":"\n<p>Las <strong>Jornadas T\u00e9cnicas de AVISA<\/strong>, que se vienen celebrando con asiduidad durante los \u00faltimos a\u00f1os, se han convertido en el principal foro de debate de gesti\u00f3n de las tecnolog\u00edas de la informaci\u00f3n y la comunicaci\u00f3n en el \u00e1mbito sanitario de la Comunidad Valenciana. <\/p>\n\n\n\n<p>Las\u00a0<strong>XIV Jornadas T\u00e9cnicas de AVISA<\/strong>, que en esta ocasi\u00f3n tendr\u00e1n lugar en el\u00a0<strong>Hotel Meli\u00e1 Villaitana de Benidorm,\u00a0<\/strong>se celebran los d\u00edas\u00a0<strong>9\u00a0y 10 de febrero de 2024\u00a0<\/strong>con el lema\u00a0<em>\u201c20 a\u00f1os implantando TIC en sanidad\u201d<\/em>. Las jornadas tratar\u00e1n sobre el Gobierno del dato y la inteligencia artificial aplicada a la sanidad.\u00a0<\/p>\n\n\n\n<p><strong>Carlos Gallego<\/strong>, director de Transformaci\u00f3n Digital de la Fundaci\u00f3n, participa en la mesa redonda \u201c<strong>Inteligencia Artificial en Sanidad<\/strong>\u201d, el s\u00e1bado 10 de febrero a las 12:15.<\/p>\n\n\n\n<p>Consulta el programa <a href=\"https:\/\/www.avisados.org\/web\/sites\/default\/files\/programaxivjtavisa.pdf\" target=\"_blank\" rel=\"noreferrer noopener\">aqu\u00ed<\/a>.<\/p>\n","protected":false},"featured_media":23956,"menu_order":0,"template":"","meta":{"_acf_changed":false,"inline_featured_image":false},"tipus":[879],"topic":[],"class_list":["post-23958","event","type-event","status-publish","has-post-thumbnail","hentry","tipus-inteligencia-artificial"],"acf":{"imatge":23956,"informacio":{"ubicacio":"Hotel Meli\u00e1 Villaitana Benidorm, Alicante","data":"09\/02\/2024","hora":"16:30","preu":"","inscripcions":"https:\/\/www.avisados.org\/web\/contenido\/xiv-jornadas-tecnicas-avisa-20-anos-implantando-tic-en-sanidad"},"programa":{"titol":"","items":false}},"yoast_head":"<!-- This site is optimized with the Yoast SEO plugin v27.1.1 - https:\/\/yoast.com\/product\/yoast-seo-wordpress\/ -->\n<title>XIV Jornadas T\u00e9cnicas AVISA &quot;20 a\u00f1os implantando TIC en sanidad&quot; - Fundaci\u00f3 TIC Salut i Social<\/title>\n<meta name=\"description\" content=\"Las\u00a0XIV Jornadas T\u00e9cnicas de AVISA, que en esta ocasi\u00f3n tendr\u00e1n lugar en el\u00a0Hotel Meli\u00e1 Villaitana de Benidorm,\u00a0se celebran los d\u00edas\u00a09\u00a0y 10 de febrero de 2024\" \/>\n<meta name=\"robots\" content=\"index, follow, max-snippet:-1, max-image-preview:large, max-video-preview:-1\" \/>\n<link rel=\"canonical\" href=\"https:\/\/ticsalutsocial.atoom.space\/es\/event\/xiv-jornadas-tecnicas-avisa-20-anos-implantando-tic-en-sanidad\/\" \/>\n<meta property=\"og:locale\" content=\"es_ES\" \/>\n<meta property=\"og:type\" content=\"article\" \/>\n<meta property=\"og:title\" content=\"XIV Jornadas T\u00e9cnicas AVISA &quot;20 a\u00f1os implantando TIC en sanidad&quot; - Fundaci\u00f3 TIC Salut i Social\" \/>\n<meta property=\"og:description\" content=\"Las\u00a0XIV Jornadas T\u00e9cnicas de AVISA, que en esta ocasi\u00f3n tendr\u00e1n lugar en el\u00a0Hotel Meli\u00e1 Villaitana de Benidorm,\u00a0se celebran los d\u00edas\u00a09\u00a0y 10 de febrero de 2024\" \/>\n<meta property=\"og:url\" content=\"https:\/\/ticsalutsocial.atoom.space\/es\/event\/xiv-jornadas-tecnicas-avisa-20-anos-implantando-tic-en-sanidad\/\" \/>\n<meta property=\"og:site_name\" content=\"Fundaci\u00f3 TIC Salut i Social\" \/>\n<meta property=\"article:modified_time\" content=\"2023-12-04T08:53:06+00:00\" \/>\n<meta property=\"og:image\" content=\"https:\/\/ticsalutsocial.atoom.space\/wp-content\/uploads\/2023\/12\/02_avisa_2024_20_anos_implantando_tic_en_sanidad_0.jpg\" \/>\n\t<meta property=\"og:image:width\" content=\"480\" \/>\n\t<meta property=\"og:image:height\" content=\"196\" \/>\n\t<meta property=\"og:image:type\" content=\"image\/jpeg\" \/>\n<meta name=\"twitter:card\" content=\"summary_large_image\" \/>\n<meta name=\"twitter:label1\" content=\"Tiempo de lectura\" \/>\n\t<meta name=\"twitter:data1\" content=\"1 minuto\" \/>\n<script type=\"application\/ld+json\" class=\"yoast-schema-graph\">{\"@context\":\"https:\/\/schema.org\",\"@graph\":[{\"@type\":\"WebPage\",\"@id\":\"https:\/\/ticsalutsocial.atoom.space\/es\/event\/xiv-jornadas-tecnicas-avisa-20-anos-implantando-tic-en-sanidad\/\",\"url\":\"https:\/\/ticsalutsocial.atoom.space\/es\/event\/xiv-jornadas-tecnicas-avisa-20-anos-implantando-tic-en-sanidad\/\",\"name\":\"XIV Jornadas T\u00e9cnicas AVISA \\\"20 a\u00f1os implantando TIC en sanidad\\\" - Fundaci\u00f3 TIC Salut i Social\",\"isPartOf\":{\"@id\":\"https:\/\/ticsalutsocial.atoom.space\/es\/#website\"},\"primaryImageOfPage\":{\"@id\":\"https:\/\/ticsalutsocial.atoom.space\/es\/event\/xiv-jornadas-tecnicas-avisa-20-anos-implantando-tic-en-sanidad\/#primaryimage\"},\"image\":{\"@id\":\"https:\/\/ticsalutsocial.atoom.space\/es\/event\/xiv-jornadas-tecnicas-avisa-20-anos-implantando-tic-en-sanidad\/#primaryimage\"},\"thumbnailUrl\":\"https:\/\/ticsalutsocial.atoom.space\/wp-content\/uploads\/2023\/12\/02_avisa_2024_20_anos_implantando_tic_en_sanidad_0.jpg\",\"datePublished\":\"2023-12-04T08:34:44+00:00\",\"dateModified\":\"2023-12-04T08:53:06+00:00\",\"description\":\"Las\u00a0XIV Jornadas T\u00e9cnicas de AVISA, que en esta ocasi\u00f3n tendr\u00e1n lugar en el\u00a0Hotel Meli\u00e1 Villaitana de Benidorm,\u00a0se celebran los d\u00edas\u00a09\u00a0y 10 de febrero de 2024\",\"breadcrumb\":{\"@id\":\"https:\/\/ticsalutsocial.atoom.space\/es\/event\/xiv-jornadas-tecnicas-avisa-20-anos-implantando-tic-en-sanidad\/#breadcrumb\"},\"inLanguage\":\"es\",\"potentialAction\":[{\"@type\":\"ReadAction\",\"target\":[\"https:\/\/ticsalutsocial.atoom.space\/es\/event\/xiv-jornadas-tecnicas-avisa-20-anos-implantando-tic-en-sanidad\/\"]}]},{\"@type\":\"ImageObject\",\"inLanguage\":\"es\",\"@id\":\"https:\/\/ticsalutsocial.atoom.space\/es\/event\/xiv-jornadas-tecnicas-avisa-20-anos-implantando-tic-en-sanidad\/#primaryimage\",\"url\":\"https:\/\/ticsalutsocial.atoom.space\/wp-content\/uploads\/2023\/12\/02_avisa_2024_20_anos_implantando_tic_en_sanidad_0.jpg\",\"contentUrl\":\"https:\/\/ticsalutsocial.atoom.space\/wp-content\/uploads\/2023\/12\/02_avisa_2024_20_anos_implantando_tic_en_sanidad_0.jpg\",\"width\":480,\"height\":196},{\"@type\":\"BreadcrumbList\",\"@id\":\"https:\/\/ticsalutsocial.atoom.space\/es\/event\/xiv-jornadas-tecnicas-avisa-20-anos-implantando-tic-en-sanidad\/#breadcrumb\",\"itemListElement\":[{\"@type\":\"ListItem\",\"position\":1,\"name\":\"Inici\",\"item\":\"https:\/\/ticsalutsocial.atoom.space\/es\/\"},{\"@type\":\"ListItem\",\"position\":2,\"name\":\"XIV Jornadas T\u00e9cnicas AVISA &#8220;20 a\u00f1os implantando TIC en sanidad&#8221;\"}]},{\"@type\":\"WebSite\",\"@id\":\"https:\/\/ticsalutsocial.atoom.space\/es\/#website\",\"url\":\"https:\/\/ticsalutsocial.atoom.space\/es\/\",\"name\":\"Fundaci\u00f3 TIC Salut i Social\",\"description\":\"\",\"potentialAction\":[{\"@type\":\"SearchAction\",\"target\":{\"@type\":\"EntryPoint\",\"urlTemplate\":\"https:\/\/ticsalutsocial.atoom.space\/es\/?s={search_term_string}\"},\"query-input\":{\"@type\":\"PropertyValueSpecification\",\"valueRequired\":true,\"valueName\":\"search_term_string\"}}],\"inLanguage\":\"es\"}]}<\/script>\n<!-- \/ Yoast SEO plugin. -->","yoast_head_json":{"title":"XIV Jornadas T\u00e9cnicas AVISA \"20 a\u00f1os implantando TIC en sanidad\" - Fundaci\u00f3 TIC Salut i Social","description":"Las\u00a0XIV Jornadas T\u00e9cnicas de AVISA, que en esta ocasi\u00f3n tendr\u00e1n lugar en el\u00a0Hotel Meli\u00e1 Villaitana de Benidorm,\u00a0se celebran los d\u00edas\u00a09\u00a0y 10 de febrero de 2024","robots":{"index":"index","follow":"follow","max-snippet":"max-snippet:-1","max-image-preview":"max-image-preview:large","max-video-preview":"max-video-preview:-1"},"canonical":"https:\/\/ticsalutsocial.atoom.space\/es\/event\/xiv-jornadas-tecnicas-avisa-20-anos-implantando-tic-en-sanidad\/","og_locale":"es_ES","og_type":"article","og_title":"XIV Jornadas T\u00e9cnicas AVISA \"20 a\u00f1os implantando TIC en sanidad\" - Fundaci\u00f3 TIC Salut i Social","og_description":"Las\u00a0XIV Jornadas T\u00e9cnicas de AVISA, que en esta ocasi\u00f3n tendr\u00e1n lugar en el\u00a0Hotel Meli\u00e1 Villaitana de Benidorm,\u00a0se celebran los d\u00edas\u00a09\u00a0y 10 de febrero de 2024","og_url":"https:\/\/ticsalutsocial.atoom.space\/es\/event\/xiv-jornadas-tecnicas-avisa-20-anos-implantando-tic-en-sanidad\/","og_site_name":"Fundaci\u00f3 TIC Salut i Social","article_modified_time":"2023-12-04T08:53:06+00:00","og_image":[{"width":480,"height":196,"url":"https:\/\/ticsalutsocial.atoom.space\/wp-content\/uploads\/2023\/12\/02_avisa_2024_20_anos_implantando_tic_en_sanidad_0.jpg","type":"image\/jpeg"}],"twitter_card":"summary_large_image","twitter_misc":{"Tiempo de lectura":"1 minuto"},"schema":{"@context":"https:\/\/schema.org","@graph":[{"@type":"WebPage","@id":"https:\/\/ticsalutsocial.atoom.space\/es\/event\/xiv-jornadas-tecnicas-avisa-20-anos-implantando-tic-en-sanidad\/","url":"https:\/\/ticsalutsocial.atoom.space\/es\/event\/xiv-jornadas-tecnicas-avisa-20-anos-implantando-tic-en-sanidad\/","name":"XIV Jornadas T\u00e9cnicas AVISA \"20 a\u00f1os implantando TIC en sanidad\" - Fundaci\u00f3 TIC Salut i Social","isPartOf":{"@id":"https:\/\/ticsalutsocial.atoom.space\/es\/#website"},"primaryImageOfPage":{"@id":"https:\/\/ticsalutsocial.atoom.space\/es\/event\/xiv-jornadas-tecnicas-avisa-20-anos-implantando-tic-en-sanidad\/#primaryimage"},"image":{"@id":"https:\/\/ticsalutsocial.atoom.space\/es\/event\/xiv-jornadas-tecnicas-avisa-20-anos-implantando-tic-en-sanidad\/#primaryimage"},"thumbnailUrl":"https:\/\/ticsalutsocial.atoom.space\/wp-content\/uploads\/2023\/12\/02_avisa_2024_20_anos_implantando_tic_en_sanidad_0.jpg","datePublished":"2023-12-04T08:34:44+00:00","dateModified":"2023-12-04T08:53:06+00:00","description":"Las\u00a0XIV Jornadas T\u00e9cnicas de AVISA, que en esta ocasi\u00f3n tendr\u00e1n lugar en el\u00a0Hotel Meli\u00e1 Villaitana de Benidorm,\u00a0se celebran los d\u00edas\u00a09\u00a0y 10 de febrero de 2024","breadcrumb":{"@id":"https:\/\/ticsalutsocial.atoom.space\/es\/event\/xiv-jornadas-tecnicas-avisa-20-anos-implantando-tic-en-sanidad\/#breadcrumb"},"inLanguage":"es","potentialAction":[{"@type":"ReadAction","target":["https:\/\/ticsalutsocial.atoom.space\/es\/event\/xiv-jornadas-tecnicas-avisa-20-anos-implantando-tic-en-sanidad\/"]}]},{"@type":"ImageObject","inLanguage":"es","@id":"https:\/\/ticsalutsocial.atoom.space\/es\/event\/xiv-jornadas-tecnicas-avisa-20-anos-implantando-tic-en-sanidad\/#primaryimage","url":"https:\/\/ticsalutsocial.atoom.space\/wp-content\/uploads\/2023\/12\/02_avisa_2024_20_anos_implantando_tic_en_sanidad_0.jpg","contentUrl":"https:\/\/ticsalutsocial.atoom.space\/wp-content\/uploads\/2023\/12\/02_avisa_2024_20_anos_implantando_tic_en_sanidad_0.jpg","width":480,"height":196},{"@type":"BreadcrumbList","@id":"https:\/\/ticsalutsocial.atoom.space\/es\/event\/xiv-jornadas-tecnicas-avisa-20-anos-implantando-tic-en-sanidad\/#breadcrumb","itemListElement":[{"@type":"ListItem","position":1,"name":"Inici","item":"https:\/\/ticsalutsocial.atoom.space\/es\/"},{"@type":"ListItem","position":2,"name":"XIV Jornadas T\u00e9cnicas AVISA &#8220;20 a\u00f1os implantando TIC en sanidad&#8221;"}]},{"@type":"WebSite","@id":"https:\/\/ticsalutsocial.atoom.space\/es\/#website","url":"https:\/\/ticsalutsocial.atoom.space\/es\/","name":"Fundaci\u00f3 TIC Salut i Social","description":"","potentialAction":[{"@type":"SearchAction","target":{"@type":"EntryPoint","urlTemplate":"https:\/\/ticsalutsocial.atoom.space\/es\/?s={search_term_string}"},"query-input":{"@type":"PropertyValueSpecification","valueRequired":true,"valueName":"search_term_string"}}],"inLanguage":"es"}]}},"_links":{"self":[{"href":"https:\/\/ticsalutsocial.atoom.space\/es\/wp-json\/wp\/v2\/event\/23958","targetHints":{"allow":["GET"]}}],"collection":[{"href":"https:\/\/ticsalutsocial.atoom.space\/es\/wp-json\/wp\/v2\/event"}],"about":[{"href":"https:\/\/ticsalutsocial.atoom.space\/es\/wp-json\/wp\/v2\/types\/event"}],"wp:featuredmedia":[{"embeddable":true,"href":"https:\/\/ticsalutsocial.atoom.space\/es\/wp-json\/wp\/v2\/media\/23956"}],"wp:attachment":[{"href":"https:\/\/ticsalutsocial.atoom.space\/es\/wp-json\/wp\/v2\/media?parent=23958"}],"wp:term":[{"taxonomy":"tipus","embeddable":true,"href":"https:\/\/ticsalutsocial.atoom.space\/es\/wp-json\/wp\/v2\/tipus?post=23958"},{"taxonomy":"topic","embeddable":true,"href":"https:\/\/ticsalutsocial.atoom.space\/es\/wp-json\/wp\/v2\/topic?post=23958"}],"curies":[{"name":"wp","href":"https:\/\/api.w.org\/{rel}","templated":true}]}}

XIV Jornadas Técnicas AVISA «20 años implantando TIC en sanidad»

<p>Las <strong>Jornadas Técnicas de AVISA</strong>, que se vienen celebrando con asiduidad durante los últimos años, se han convertido en el principal foro de debate de gestión de las tecnologías de la información y la comunicación en el ámbito sanitario de la Comunidad Valenciana. </p>



<p>Las <strong>XIV Jornadas Técnicas de AVISA</strong>, que en esta ocasión tendrán lugar en el <strong>Hotel Meliá Villaitana de Benidorm, </strong>se celebran los días <strong>9 y 10 de febrero de 2024 </strong>con el lema <em>“20 años implantando TIC en sanidad”</em>. Las jornadas tratarán sobre el Gobierno del dato y la inteligencia artificial aplicada a la sanidad. </p>



<p><strong>Carlos Gallego</strong>, director de Transformación Digital de la Fundación, participa en la mesa redonda “<strong>Inteligencia Artificial en Sanidad</strong>”, el sábado 10 de febrero a las 12:15.</p>



<p>Consulta el programa <a href="https://www.avisados.org/web/sites/default/files/programaxivjtavisa.pdf" target="_blank" rel="noreferrer noopener">aquí</a>.</p>

Hotel Meliá Villaitana Benidorm, Alicante

<!-- This site is optimized with the Yoast SEO plugin v27.1.1 - https://yoast.com/product/yoast-seo-wordpress/ -->
<title>XIV Jornadas Técnicas AVISA &quot;20 años implantando TIC en sanidad&quot; - Fundació TIC Salut i Social</title>
<meta name="description" content="Las XIV Jornadas Técnicas de AVISA, que en esta ocasión tendrán lugar en el Hotel Meliá Villaitana de Benidorm, se celebran los días 9 y 10 de febrero de 2024" />
<meta name="robots" content="index, follow, max-snippet:-1, max-image-preview:large, max-video-preview:-1" />
<link rel="canonical" href="https://ticsalutsocial.atoom.space/es/event/xiv-jornadas-tecnicas-avisa-20-anos-implantando-tic-en-sanidad/" />
<meta property="og:locale" content="es_ES" />
<meta property="og:type" content="article" />
<meta property="og:title" content="XIV Jornadas Técnicas AVISA &quot;20 años implantando TIC en sanidad&quot; - Fundació TIC Salut i Social" />
<meta property="og:description" content="Las XIV Jornadas Técnicas de AVISA, que en esta ocasión tendrán lugar en el Hotel Meliá Villaitana de Benidorm, se celebran los días 9 y 10 de febrero de 2024" />
<meta property="og:url" content="https://ticsalutsocial.atoom.space/es/event/xiv-jornadas-tecnicas-avisa-20-anos-implantando-tic-en-sanidad/" />
<meta property="og:site_name" content="Fundació TIC Salut i Social" />
<meta property="article:modified_time" content="2023-12-04T08:53:06+00:00" />
<meta property="og:image" content="https://ticsalutsocial.atoom.space/wp-content/uploads/2023/12/02_avisa_2024_20_anos_implantando_tic_en_sanidad_0.jpg" />
	<meta property="og:image:width" content="480" />
	<meta property="og:image:height" content="196" />
	<meta property="og:image:type" content="image/jpeg" />
<meta name="twitter:card" content="summary_large_image" />
<meta name="twitter:label1" content="Tiempo de lectura" />
	<meta name="twitter:data1" content="1 minuto" />
<script type="application/ld+json" class="yoast-schema-graph">{"@context":"https://schema.org","@graph":[{"@type":"WebPage","@id":"https://ticsalutsocial.atoom.space/es/event/xiv-jornadas-tecnicas-avisa-20-anos-implantando-tic-en-sanidad/","url":"https://ticsalutsocial.atoom.space/es/event/xiv-jornadas-tecnicas-avisa-20-anos-implantando-tic-en-sanidad/","name":"XIV Jornadas Técnicas AVISA \"20 años implantando TIC en sanidad\" - Fundació TIC Salut i Social","isPartOf":{"@id":"https://ticsalutsocial.atoom.space/es/#website"},"primaryImageOfPage":{"@id":"https://ticsalutsocial.atoom.space/es/event/xiv-jornadas-tecnicas-avisa-20-anos-implantando-tic-en-sanidad/#primaryimage"},"image":{"@id":"https://ticsalutsocial.atoom.space/es/event/xiv-jornadas-tecnicas-avisa-20-anos-implantando-tic-en-sanidad/#primaryimage"},"thumbnailUrl":"https://ticsalutsocial.atoom.space/wp-content/uploads/2023/12/02_avisa_2024_20_anos_implantando_tic_en_sanidad_0.jpg","datePublished":"2023-12-04T08:34:44+00:00","dateModified":"2023-12-04T08:53:06+00:00","description":"Las XIV Jornadas Técnicas de AVISA, que en esta ocasión tendrán lugar en el Hotel Meliá Villaitana de Benidorm, se celebran los días 9 y 10 de febrero de 2024","breadcrumb":{"@id":"https://ticsalutsocial.atoom.space/es/event/xiv-jornadas-tecnicas-avisa-20-anos-implantando-tic-en-sanidad/#breadcrumb"},"inLanguage":"es","potentialAction":[{"@type":"ReadAction","target":["https://ticsalutsocial.atoom.space/es/event/xiv-jornadas-tecnicas-avisa-20-anos-implantando-tic-en-sanidad/"]}]},{"@type":"ImageObject","inLanguage":"es","@id":"https://ticsalutsocial.atoom.space/es/event/xiv-jornadas-tecnicas-avisa-20-anos-implantando-tic-en-sanidad/#primaryimage","url":"https://ticsalutsocial.atoom.space/wp-content/uploads/2023/12/02_avisa_2024_20_anos_implantando_tic_en_sanidad_0.jpg","contentUrl":"https://ticsalutsocial.atoom.space/wp-content/uploads/2023/12/02_avisa_2024_20_anos_implantando_tic_en_sanidad_0.jpg","width":480,"height":196},{"@type":"BreadcrumbList","@id":"https://ticsalutsocial.atoom.space/es/event/xiv-jornadas-tecnicas-avisa-20-anos-implantando-tic-en-sanidad/#breadcrumb","itemListElement":[{"@type":"ListItem","position":1,"name":"Inici","item":"https://ticsalutsocial.atoom.space/es/"},{"@type":"ListItem","position":2,"name":"XIV Jornadas Técnicas AVISA &#8220;20 años implantando TIC en sanidad&#8221;"}]},{"@type":"WebSite","@id":"https://ticsalutsocial.atoom.space/es/#website","url":"https://ticsalutsocial.atoom.space/es/","name":"Fundació TIC Salut i Social","description":"","potentialAction":[{"@type":"SearchAction","target":{"@type":"EntryPoint","urlTemplate":"https://ticsalutsocial.atoom.space/es/?s={search_term_string}"},"query-input":{"@type":"PropertyValueSpecification","valueRequired":true,"valueName":"search_term_string"}}],"inLanguage":"es"}]}</script>
<!-- / Yoast SEO plugin. -->

XIV Jornadas Técnicas AVISA "20 años implantando TIC en sanidad" - Fundació TIC Salut i Social

Las XIV Jornadas Técnicas de AVISA, que en esta ocasión tendrán lugar en el Hotel Meliá Villaitana de Benidorm, se celebran los días 9 y 10 de febrero de 2024

Fundació TIC Salut i Social

XIV Jornadas Técnicas AVISA &#8220;20 años implantando TIC en sanidad&#8221;
