
{"id":23998,"date":"2023-12-05T11:05:17","date_gmt":"2023-12-05T09:05:17","guid":{"rendered":"https:\/\/ticsalutsocial.atoom.space\/?post_type=event&#038;p=23998"},"modified":"2023-12-05T14:15:00","modified_gmt":"2023-12-05T12:15:00","slug":"european-health-data-space-aspectes-clau-de-la-proteccio-de-dades","status":"publish","type":"event","link":"https:\/\/ticsalutsocial.atoom.space\/es\/event\/european-health-data-space-aspectes-clau-de-la-proteccio-de-dades\/","title":{"rendered":"European Health Data Space: Aspectes clau de la protecci\u00f3 de dades"},"content":{"rendered":"\n<p>El 18 de desembre, l&#8217;Oficina de Protecci\u00f3 de Dades celebra la Jornada \u00abEuropean Health Data Space: Aspectes clau de la protecci\u00f3 de dades\u00bb. <\/p>\n\n\n\n<p>Tindr\u00e0 lloc a la <em>Sala d\u2019Actes\u00a0Edifici Salvany,\u00a0Carrer Roc Boronat, 81-95<\/em>, 08005 Barcelona.<\/p>\n\n\n\n<p>La jornada estar\u00e0 dedicada a l&#8217;Espai Europeu de Dades de Salut amb motiu de la inminent aprovaci\u00f3 de la normativa corresponent a aquest \u00e0mbit i que incidir\u00e0 de manera significativa en el tractament de les dades de salut amb canvis rellevants en les entitats del sector sanitari.<\/p>\n\n\n\n<hr class=\"wp-block-separator has-alpha-channel-opacity\"\/>\n\n\n\n<h2 class=\"wp-block-heading\"><strong>Programa<\/strong><\/h2>\n\n\n\n<p>10:00 h. Inauguraci\u00f3.<\/p>\n\n\n\n<ul class=\"wp-block-list\">\n<li>Sra. Maria Jose Campo. Directora de la Oficina del Delegat de Protecci\u00f3 de Dades de la Fundaci\u00f3 TIC Salut Social.<\/li>\n<\/ul>\n\n\n\n<p><\/p>\n\n\n\n<p>10:15 h. Aspectes clau de la protecci\u00f3 de dades i el European Health Data Space.<\/p>\n\n\n\n<ul class=\"wp-block-list\">\n<li>Sr. Francesc Xavier Urios. Cap de l\u2019Assessoria Jur\u00eddica de l\u2019APDCAT.<\/li>\n<\/ul>\n\n\n\n<p><\/p>\n\n\n\n<p>11:00 h. Reptes i oportunitats del Eurpean Health Data Space per a l\u2019\u00fas secundari de dades.<\/p>\n\n\n\n<ul class=\"wp-block-list\">\n<li>Sr. Francisco Lupi\u00e1\u00f1ez-Villanueva, Profesor de la Universitat Oberta de Catalunya i director associat de Predictby Research and Consulting.<\/li>\n<\/ul>\n\n\n\n<p><\/p>\n\n\n\n<p>11:45 h. Iniciatives existents en mat\u00e8ria del Espai de dades de salut.<\/p>\n\n\n\n<ul class=\"wp-block-list\">\n<li>Sr. Carlos Gallego. Director de transformaci\u00f3 digital de la Fundaci\u00f3 Tic Salut Social.<\/li>\n<\/ul>\n\n\n\n<p><\/p>\n\n\n\n<p>12:15 h. Cloenda.<\/p>\n\n\n\n<ul class=\"wp-block-list\">\n<li>Sr. Joan Guanyabens, Director Fundaci\u00f3 TIC Salut Social.<\/li>\n<\/ul>\n","protected":false},"featured_media":23996,"menu_order":0,"template":"","meta":{"_acf_changed":false,"inline_featured_image":false},"tipus":[106],"topic":[],"class_list":["post-23998","event","type-event","status-publish","has-post-thumbnail","hentry","tipus-dpd-salud"],"acf":{"informacio":{"ubicacio":"Sala d\u2019Actes Edifici Salvany, Carrer Roc Boronat, 81-95, 08005 Barcelona.","data":"18\/12\/2023","hora":"10:00","preu":"","inscripcions":"https:\/\/www.eventbrite.es\/e\/entradas-european-health-data-space-aspectes-clau-de-la-proteccio-de-dades-770196547607?aff=oddtdtcreator"},"programa":{"titol":"","items":false},"imatge":23996},"yoast_head":"<!-- This site is optimized with the Yoast SEO plugin v27.1.1 - https:\/\/yoast.com\/product\/yoast-seo-wordpress\/ -->\n<title>European Health Data Space: Aspectes clau de la protecci\u00f3 de dades - Fundaci\u00f3 TIC Salut i Social<\/title>\n<meta name=\"description\" content=\"El 18 de desembre, l&#039;Oficina de Protecci\u00f3 de Dades celebra la Jornada &quot;European Health Data Space: Aspectes clau de la protecci\u00f3 de dades&quot;.\" \/>\n<meta name=\"robots\" content=\"index, follow, max-snippet:-1, max-image-preview:large, max-video-preview:-1\" \/>\n<link rel=\"canonical\" href=\"https:\/\/ticsalutsocial.atoom.space\/es\/event\/european-health-data-space-aspectes-clau-de-la-proteccio-de-dades\/\" \/>\n<meta property=\"og:locale\" content=\"es_ES\" \/>\n<meta property=\"og:type\" content=\"article\" \/>\n<meta property=\"og:title\" content=\"European Health Data Space: Aspectes clau de la protecci\u00f3 de dades - Fundaci\u00f3 TIC Salut i Social\" \/>\n<meta property=\"og:description\" content=\"El 18 de desembre, l&#039;Oficina de Protecci\u00f3 de Dades celebra la Jornada &quot;European Health Data Space: Aspectes clau de la protecci\u00f3 de dades&quot;.\" \/>\n<meta property=\"og:url\" content=\"https:\/\/ticsalutsocial.atoom.space\/es\/event\/european-health-data-space-aspectes-clau-de-la-proteccio-de-dades\/\" \/>\n<meta property=\"og:site_name\" content=\"Fundaci\u00f3 TIC Salut i Social\" \/>\n<meta property=\"article:modified_time\" content=\"2023-12-05T12:15:00+00:00\" \/>\n<meta property=\"og:image\" content=\"https:\/\/ticsalutsocial.atoom.space\/wp-content\/uploads\/2023\/12\/Mesa-de-trabajo-3.png\" \/>\n\t<meta property=\"og:image:width\" content=\"1920\" \/>\n\t<meta property=\"og:image:height\" content=\"1080\" \/>\n\t<meta property=\"og:image:type\" content=\"image\/png\" \/>\n<meta name=\"twitter:card\" content=\"summary_large_image\" \/>\n<meta name=\"twitter:label1\" content=\"Tiempo de lectura\" \/>\n\t<meta name=\"twitter:data1\" content=\"1 minuto\" \/>\n<script type=\"application\/ld+json\" class=\"yoast-schema-graph\">{\"@context\":\"https:\/\/schema.org\",\"@graph\":[{\"@type\":\"WebPage\",\"@id\":\"https:\/\/ticsalutsocial.atoom.space\/es\/event\/european-health-data-space-aspectes-clau-de-la-proteccio-de-dades\/\",\"url\":\"https:\/\/ticsalutsocial.atoom.space\/es\/event\/european-health-data-space-aspectes-clau-de-la-proteccio-de-dades\/\",\"name\":\"European Health Data Space: Aspectes clau de la protecci\u00f3 de dades - Fundaci\u00f3 TIC Salut i Social\",\"isPartOf\":{\"@id\":\"https:\/\/ticsalutsocial.atoom.space\/es\/#website\"},\"primaryImageOfPage\":{\"@id\":\"https:\/\/ticsalutsocial.atoom.space\/es\/event\/european-health-data-space-aspectes-clau-de-la-proteccio-de-dades\/#primaryimage\"},\"image\":{\"@id\":\"https:\/\/ticsalutsocial.atoom.space\/es\/event\/european-health-data-space-aspectes-clau-de-la-proteccio-de-dades\/#primaryimage\"},\"thumbnailUrl\":\"https:\/\/ticsalutsocial.atoom.space\/wp-content\/uploads\/2023\/12\/Mesa-de-trabajo-3.png\",\"datePublished\":\"2023-12-05T09:05:17+00:00\",\"dateModified\":\"2023-12-05T12:15:00+00:00\",\"description\":\"El 18 de desembre, l'Oficina de Protecci\u00f3 de Dades celebra la Jornada \\\"European Health Data Space: Aspectes clau de la protecci\u00f3 de dades\\\".\",\"breadcrumb\":{\"@id\":\"https:\/\/ticsalutsocial.atoom.space\/es\/event\/european-health-data-space-aspectes-clau-de-la-proteccio-de-dades\/#breadcrumb\"},\"inLanguage\":\"es\",\"potentialAction\":[{\"@type\":\"ReadAction\",\"target\":[\"https:\/\/ticsalutsocial.atoom.space\/es\/event\/european-health-data-space-aspectes-clau-de-la-proteccio-de-dades\/\"]}]},{\"@type\":\"ImageObject\",\"inLanguage\":\"es\",\"@id\":\"https:\/\/ticsalutsocial.atoom.space\/es\/event\/european-health-data-space-aspectes-clau-de-la-proteccio-de-dades\/#primaryimage\",\"url\":\"https:\/\/ticsalutsocial.atoom.space\/wp-content\/uploads\/2023\/12\/Mesa-de-trabajo-3.png\",\"contentUrl\":\"https:\/\/ticsalutsocial.atoom.space\/wp-content\/uploads\/2023\/12\/Mesa-de-trabajo-3.png\",\"width\":1920,\"height\":1080},{\"@type\":\"BreadcrumbList\",\"@id\":\"https:\/\/ticsalutsocial.atoom.space\/es\/event\/european-health-data-space-aspectes-clau-de-la-proteccio-de-dades\/#breadcrumb\",\"itemListElement\":[{\"@type\":\"ListItem\",\"position\":1,\"name\":\"Inici\",\"item\":\"https:\/\/ticsalutsocial.atoom.space\/es\/\"},{\"@type\":\"ListItem\",\"position\":2,\"name\":\"European Health Data Space: Aspectes clau de la protecci\u00f3 de dades\"}]},{\"@type\":\"WebSite\",\"@id\":\"https:\/\/ticsalutsocial.atoom.space\/es\/#website\",\"url\":\"https:\/\/ticsalutsocial.atoom.space\/es\/\",\"name\":\"Fundaci\u00f3 TIC Salut i Social\",\"description\":\"\",\"potentialAction\":[{\"@type\":\"SearchAction\",\"target\":{\"@type\":\"EntryPoint\",\"urlTemplate\":\"https:\/\/ticsalutsocial.atoom.space\/es\/?s={search_term_string}\"},\"query-input\":{\"@type\":\"PropertyValueSpecification\",\"valueRequired\":true,\"valueName\":\"search_term_string\"}}],\"inLanguage\":\"es\"}]}<\/script>\n<!-- \/ Yoast SEO plugin. -->","yoast_head_json":{"title":"European Health Data Space: Aspectes clau de la protecci\u00f3 de dades - Fundaci\u00f3 TIC Salut i Social","description":"El 18 de desembre, l'Oficina de Protecci\u00f3 de Dades celebra la Jornada \"European Health Data Space: Aspectes clau de la protecci\u00f3 de dades\".","robots":{"index":"index","follow":"follow","max-snippet":"max-snippet:-1","max-image-preview":"max-image-preview:large","max-video-preview":"max-video-preview:-1"},"canonical":"https:\/\/ticsalutsocial.atoom.space\/es\/event\/european-health-data-space-aspectes-clau-de-la-proteccio-de-dades\/","og_locale":"es_ES","og_type":"article","og_title":"European Health Data Space: Aspectes clau de la protecci\u00f3 de dades - Fundaci\u00f3 TIC Salut i Social","og_description":"El 18 de desembre, l'Oficina de Protecci\u00f3 de Dades celebra la Jornada \"European Health Data Space: Aspectes clau de la protecci\u00f3 de dades\".","og_url":"https:\/\/ticsalutsocial.atoom.space\/es\/event\/european-health-data-space-aspectes-clau-de-la-proteccio-de-dades\/","og_site_name":"Fundaci\u00f3 TIC Salut i Social","article_modified_time":"2023-12-05T12:15:00+00:00","og_image":[{"width":1920,"height":1080,"url":"https:\/\/ticsalutsocial.atoom.space\/wp-content\/uploads\/2023\/12\/Mesa-de-trabajo-3.png","type":"image\/png"}],"twitter_card":"summary_large_image","twitter_misc":{"Tiempo de lectura":"1 minuto"},"schema":{"@context":"https:\/\/schema.org","@graph":[{"@type":"WebPage","@id":"https:\/\/ticsalutsocial.atoom.space\/es\/event\/european-health-data-space-aspectes-clau-de-la-proteccio-de-dades\/","url":"https:\/\/ticsalutsocial.atoom.space\/es\/event\/european-health-data-space-aspectes-clau-de-la-proteccio-de-dades\/","name":"European Health Data Space: Aspectes clau de la protecci\u00f3 de dades - Fundaci\u00f3 TIC Salut i Social","isPartOf":{"@id":"https:\/\/ticsalutsocial.atoom.space\/es\/#website"},"primaryImageOfPage":{"@id":"https:\/\/ticsalutsocial.atoom.space\/es\/event\/european-health-data-space-aspectes-clau-de-la-proteccio-de-dades\/#primaryimage"},"image":{"@id":"https:\/\/ticsalutsocial.atoom.space\/es\/event\/european-health-data-space-aspectes-clau-de-la-proteccio-de-dades\/#primaryimage"},"thumbnailUrl":"https:\/\/ticsalutsocial.atoom.space\/wp-content\/uploads\/2023\/12\/Mesa-de-trabajo-3.png","datePublished":"2023-12-05T09:05:17+00:00","dateModified":"2023-12-05T12:15:00+00:00","description":"El 18 de desembre, l'Oficina de Protecci\u00f3 de Dades celebra la Jornada \"European Health Data Space: Aspectes clau de la protecci\u00f3 de dades\".","breadcrumb":{"@id":"https:\/\/ticsalutsocial.atoom.space\/es\/event\/european-health-data-space-aspectes-clau-de-la-proteccio-de-dades\/#breadcrumb"},"inLanguage":"es","potentialAction":[{"@type":"ReadAction","target":["https:\/\/ticsalutsocial.atoom.space\/es\/event\/european-health-data-space-aspectes-clau-de-la-proteccio-de-dades\/"]}]},{"@type":"ImageObject","inLanguage":"es","@id":"https:\/\/ticsalutsocial.atoom.space\/es\/event\/european-health-data-space-aspectes-clau-de-la-proteccio-de-dades\/#primaryimage","url":"https:\/\/ticsalutsocial.atoom.space\/wp-content\/uploads\/2023\/12\/Mesa-de-trabajo-3.png","contentUrl":"https:\/\/ticsalutsocial.atoom.space\/wp-content\/uploads\/2023\/12\/Mesa-de-trabajo-3.png","width":1920,"height":1080},{"@type":"BreadcrumbList","@id":"https:\/\/ticsalutsocial.atoom.space\/es\/event\/european-health-data-space-aspectes-clau-de-la-proteccio-de-dades\/#breadcrumb","itemListElement":[{"@type":"ListItem","position":1,"name":"Inici","item":"https:\/\/ticsalutsocial.atoom.space\/es\/"},{"@type":"ListItem","position":2,"name":"European Health Data Space: Aspectes clau de la protecci\u00f3 de dades"}]},{"@type":"WebSite","@id":"https:\/\/ticsalutsocial.atoom.space\/es\/#website","url":"https:\/\/ticsalutsocial.atoom.space\/es\/","name":"Fundaci\u00f3 TIC Salut i Social","description":"","potentialAction":[{"@type":"SearchAction","target":{"@type":"EntryPoint","urlTemplate":"https:\/\/ticsalutsocial.atoom.space\/es\/?s={search_term_string}"},"query-input":{"@type":"PropertyValueSpecification","valueRequired":true,"valueName":"search_term_string"}}],"inLanguage":"es"}]}},"_links":{"self":[{"href":"https:\/\/ticsalutsocial.atoom.space\/es\/wp-json\/wp\/v2\/event\/23998","targetHints":{"allow":["GET"]}}],"collection":[{"href":"https:\/\/ticsalutsocial.atoom.space\/es\/wp-json\/wp\/v2\/event"}],"about":[{"href":"https:\/\/ticsalutsocial.atoom.space\/es\/wp-json\/wp\/v2\/types\/event"}],"wp:featuredmedia":[{"embeddable":true,"href":"https:\/\/ticsalutsocial.atoom.space\/es\/wp-json\/wp\/v2\/media\/23996"}],"wp:attachment":[{"href":"https:\/\/ticsalutsocial.atoom.space\/es\/wp-json\/wp\/v2\/media?parent=23998"}],"wp:term":[{"taxonomy":"tipus","embeddable":true,"href":"https:\/\/ticsalutsocial.atoom.space\/es\/wp-json\/wp\/v2\/tipus?post=23998"},{"taxonomy":"topic","embeddable":true,"href":"https:\/\/ticsalutsocial.atoom.space\/es\/wp-json\/wp\/v2\/topic?post=23998"}],"curies":[{"name":"wp","href":"https:\/\/api.w.org\/{rel}","templated":true}]}}

European Health Data Space: Aspectes clau de la protecció de dades

<p>El 18 de desembre, l&#8217;Oficina de Protecció de Dades celebra la Jornada «European Health Data Space: Aspectes clau de la protecció de dades». </p>



<p>Tindrà lloc a la <em>Sala d’Actes Edifici Salvany, Carrer Roc Boronat, 81-95</em>, 08005 Barcelona.</p>



<p>La jornada estarà dedicada a l&#8217;Espai Europeu de Dades de Salut amb motiu de la inminent aprovació de la normativa corresponent a aquest àmbit i que incidirà de manera significativa en el tractament de les dades de salut amb canvis rellevants en les entitats del sector sanitari.</p>



<hr class="wp-block-separator has-alpha-channel-opacity"/>



<h2 class="wp-block-heading"><strong>Programa</strong></h2>



<p>10:00 h. Inauguració.</p>



<ul class="wp-block-list">
<li>Sra. Maria Jose Campo. Directora de la Oficina del Delegat de Protecció de Dades de la Fundació TIC Salut Social.</li>
</ul>



<p></p>



<p>10:15 h. Aspectes clau de la protecció de dades i el European Health Data Space.</p>



<ul class="wp-block-list">
<li>Sr. Francesc Xavier Urios. Cap de l’Assessoria Jurídica de l’APDCAT.</li>
</ul>



<p></p>



<p>11:00 h. Reptes i oportunitats del Eurpean Health Data Space per a l’ús secundari de dades.</p>



<ul class="wp-block-list">
<li>Sr. Francisco Lupiáñez-Villanueva, Profesor de la Universitat Oberta de Catalunya i director associat de Predictby Research and Consulting.</li>
</ul>



<p></p>



<p>11:45 h. Iniciatives existents en matèria del Espai de dades de salut.</p>



<ul class="wp-block-list">
<li>Sr. Carlos Gallego. Director de transformació digital de la Fundació Tic Salut Social.</li>
</ul>



<p></p>



<p>12:15 h. Cloenda.</p>



<ul class="wp-block-list">
<li>Sr. Joan Guanyabens, Director Fundació TIC Salut Social.</li>
</ul>

<!-- This site is optimized with the Yoast SEO plugin v27.1.1 - https://yoast.com/product/yoast-seo-wordpress/ -->
<title>European Health Data Space: Aspectes clau de la protecció de dades - Fundació TIC Salut i Social</title>
<meta name="description" content="El 18 de desembre, l&#039;Oficina de Protecció de Dades celebra la Jornada &quot;European Health Data Space: Aspectes clau de la protecció de dades&quot;." />
<meta name="robots" content="index, follow, max-snippet:-1, max-image-preview:large, max-video-preview:-1" />
<link rel="canonical" href="https://ticsalutsocial.atoom.space/es/event/european-health-data-space-aspectes-clau-de-la-proteccio-de-dades/" />
<meta property="og:locale" content="es_ES" />
<meta property="og:type" content="article" />
<meta property="og:title" content="European Health Data Space: Aspectes clau de la protecció de dades - Fundació TIC Salut i Social" />
<meta property="og:description" content="El 18 de desembre, l&#039;Oficina de Protecció de Dades celebra la Jornada &quot;European Health Data Space: Aspectes clau de la protecció de dades&quot;." />
<meta property="og:url" content="https://ticsalutsocial.atoom.space/es/event/european-health-data-space-aspectes-clau-de-la-proteccio-de-dades/" />
<meta property="og:site_name" content="Fundació TIC Salut i Social" />
<meta property="article:modified_time" content="2023-12-05T12:15:00+00:00" />
<meta property="og:image" content="https://ticsalutsocial.atoom.space/wp-content/uploads/2023/12/Mesa-de-trabajo-3.png" />
	<meta property="og:image:width" content="1920" />
	<meta property="og:image:height" content="1080" />
	<meta property="og:image:type" content="image/png" />
<meta name="twitter:card" content="summary_large_image" />
<meta name="twitter:label1" content="Tiempo de lectura" />
	<meta name="twitter:data1" content="1 minuto" />
<script type="application/ld+json" class="yoast-schema-graph">{"@context":"https://schema.org","@graph":[{"@type":"WebPage","@id":"https://ticsalutsocial.atoom.space/es/event/european-health-data-space-aspectes-clau-de-la-proteccio-de-dades/","url":"https://ticsalutsocial.atoom.space/es/event/european-health-data-space-aspectes-clau-de-la-proteccio-de-dades/","name":"European Health Data Space: Aspectes clau de la protecció de dades - Fundació TIC Salut i Social","isPartOf":{"@id":"https://ticsalutsocial.atoom.space/es/#website"},"primaryImageOfPage":{"@id":"https://ticsalutsocial.atoom.space/es/event/european-health-data-space-aspectes-clau-de-la-proteccio-de-dades/#primaryimage"},"image":{"@id":"https://ticsalutsocial.atoom.space/es/event/european-health-data-space-aspectes-clau-de-la-proteccio-de-dades/#primaryimage"},"thumbnailUrl":"https://ticsalutsocial.atoom.space/wp-content/uploads/2023/12/Mesa-de-trabajo-3.png","datePublished":"2023-12-05T09:05:17+00:00","dateModified":"2023-12-05T12:15:00+00:00","description":"El 18 de desembre, l'Oficina de Protecció de Dades celebra la Jornada \"European Health Data Space: Aspectes clau de la protecció de dades\".","breadcrumb":{"@id":"https://ticsalutsocial.atoom.space/es/event/european-health-data-space-aspectes-clau-de-la-proteccio-de-dades/#breadcrumb"},"inLanguage":"es","potentialAction":[{"@type":"ReadAction","target":["https://ticsalutsocial.atoom.space/es/event/european-health-data-space-aspectes-clau-de-la-proteccio-de-dades/"]}]},{"@type":"ImageObject","inLanguage":"es","@id":"https://ticsalutsocial.atoom.space/es/event/european-health-data-space-aspectes-clau-de-la-proteccio-de-dades/#primaryimage","url":"https://ticsalutsocial.atoom.space/wp-content/uploads/2023/12/Mesa-de-trabajo-3.png","contentUrl":"https://ticsalutsocial.atoom.space/wp-content/uploads/2023/12/Mesa-de-trabajo-3.png","width":1920,"height":1080},{"@type":"BreadcrumbList","@id":"https://ticsalutsocial.atoom.space/es/event/european-health-data-space-aspectes-clau-de-la-proteccio-de-dades/#breadcrumb","itemListElement":[{"@type":"ListItem","position":1,"name":"Inici","item":"https://ticsalutsocial.atoom.space/es/"},{"@type":"ListItem","position":2,"name":"European Health Data Space: Aspectes clau de la protecció de dades"}]},{"@type":"WebSite","@id":"https://ticsalutsocial.atoom.space/es/#website","url":"https://ticsalutsocial.atoom.space/es/","name":"Fundació TIC Salut i Social","description":"","potentialAction":[{"@type":"SearchAction","target":{"@type":"EntryPoint","urlTemplate":"https://ticsalutsocial.atoom.space/es/?s={search_term_string}"},"query-input":{"@type":"PropertyValueSpecification","valueRequired":true,"valueName":"search_term_string"}}],"inLanguage":"es"}]}</script>
<!-- / Yoast SEO plugin. -->

European Health Data Space: Aspectes clau de la protecció de dades - Fundació TIC Salut i Social

El 18 de desembre, l'Oficina de Protecció de Dades celebra la Jornada "European Health Data Space: Aspectes clau de la protecció de dades".

Fundació TIC Salut i Social
