
{"id":24759,"date":"2024-01-18T14:27:04","date_gmt":"2024-01-18T12:27:04","guid":{"rendered":"https:\/\/ticsalutsocial.atoom.space\/?post_type=event&#038;p=24759"},"modified":"2024-01-18T14:27:59","modified_gmt":"2024-01-18T12:27:59","slug":"ix-jornada-asd-la-revolucio-de-la-ia-en-salut","status":"publish","type":"event","link":"https:\/\/ticsalutsocial.atoom.space\/es\/event\/ix-jornada-asd-la-revolucio-de-la-ia-en-salut\/","title":{"rendered":"IX Jornada ASD: La (R)evoluci\u00f3 de la IA en Salut"},"content":{"rendered":"\n<p>El 14 de febrer, l&#8217;<em>Asociaci\u00f3n de Salud Digital<\/em> (ASD), celebra la I<em>X Jornada ASD: La (R)evoluci\u00f3n de la IA en Salud<\/em>. <\/p>\n\n\n\n<p>Aquesta IX Jornada se celebrar\u00e0 a Madrid, a la seu d&#8217;EY (Ernst &amp; Young), situada al c\/ Raimundo Fern\u00e1ndez Villaverde, n\u00ba65.<\/p>\n\n\n\n<p>La jornada es podr\u00e0 seguir de forma presencial o a trav\u00e9s de streaming:<\/p>\n\n\n\n<ul class=\"wp-block-list\">\n<li><a href=\"https:\/\/www.eventbrite.es\/e\/registro-ix-jornada-asd-la-revolucion-de-la-ia-en-la-salud-presencial-788921213587?aff=oddtdtcreator\" target=\"_blank\" rel=\"noreferrer noopener\">Inscripci\u00f3 presencial<\/a><\/li>\n\n\n\n<li><a href=\"https:\/\/www.eventbrite.es\/e\/entradas-ix-jornada-asd-la-revolucion-de-la-ia-en-la-salud-online-788939387947?aff=oddtdtcreator\" target=\"_blank\" rel=\"noreferrer noopener\">Inscripci\u00f3 online<\/a><\/li>\n<\/ul>\n\n\n\n<p><\/p>\n\n\n\n<p>Consulta el programa <a href=\"https:\/\/salud-digital.es\/portfolio\/ix-jornada-asd\/\" target=\"_blank\" rel=\"noreferrer noopener\">aqu\u00ed<\/a>.<\/p>\n","protected":false},"featured_media":24757,"menu_order":0,"template":"","meta":{"_acf_changed":false,"inline_featured_image":false},"tipus":[879],"topic":[],"class_list":["post-24759","event","type-event","status-publish","has-post-thumbnail","hentry","tipus-inteligencia-artificial"],"acf":{"informacio":{"ubicacio":"Auditori EY (Ernst & Young). Planta 20. c\/ Raimundo Fern\u00e1ndez Villaverde 65, 28006 Madrid","data":"14\/02\/2024","hora":"","preu":"","inscripcions":""},"programa":{"titol":"","items":false},"imatge":24757},"yoast_head":"<!-- This site is optimized with the Yoast SEO plugin v27.1.1 - https:\/\/yoast.com\/product\/yoast-seo-wordpress\/ -->\n<title>IX Jornada ASD: La (R)evoluci\u00f3 de la IA en Salut - Fundaci\u00f3 TIC Salut i Social<\/title>\n<meta name=\"robots\" content=\"index, follow, max-snippet:-1, max-image-preview:large, max-video-preview:-1\" \/>\n<link rel=\"canonical\" href=\"https:\/\/ticsalutsocial.atoom.space\/es\/event\/ix-jornada-asd-la-revolucio-de-la-ia-en-salut\/\" \/>\n<meta property=\"og:locale\" content=\"es_ES\" \/>\n<meta property=\"og:type\" content=\"article\" \/>\n<meta property=\"og:title\" content=\"IX Jornada ASD: La (R)evoluci\u00f3 de la IA en Salut - Fundaci\u00f3 TIC Salut i Social\" \/>\n<meta property=\"og:description\" content=\"El 14 de febrer, l&#8217;Asociaci\u00f3n de Salud Digital (ASD), celebra la IX Jornada ASD: La (R)evoluci\u00f3n de la IA en Salud. Aquesta IX Jornada se celebrar\u00e0 a Madrid, a la seu d&#8217;EY (Ernst &amp; Young), situada al c\/ Raimundo Fern\u00e1ndez Villaverde, n\u00ba65. La jornada es podr\u00e0 seguir de forma presencial o a trav\u00e9s de streaming: [&hellip;]\" \/>\n<meta property=\"og:url\" content=\"https:\/\/ticsalutsocial.atoom.space\/es\/event\/ix-jornada-asd-la-revolucio-de-la-ia-en-salut\/\" \/>\n<meta property=\"og:site_name\" content=\"Fundaci\u00f3 TIC Salut i Social\" \/>\n<meta property=\"article:modified_time\" content=\"2024-01-18T12:27:59+00:00\" \/>\n<meta name=\"twitter:card\" content=\"summary_large_image\" \/>\n<script type=\"application\/ld+json\" class=\"yoast-schema-graph\">{\"@context\":\"https:\/\/schema.org\",\"@graph\":[{\"@type\":\"WebPage\",\"@id\":\"https:\/\/ticsalutsocial.atoom.space\/es\/event\/ix-jornada-asd-la-revolucio-de-la-ia-en-salut\/\",\"url\":\"https:\/\/ticsalutsocial.atoom.space\/es\/event\/ix-jornada-asd-la-revolucio-de-la-ia-en-salut\/\",\"name\":\"IX Jornada ASD: La (R)evoluci\u00f3 de la IA en Salut - Fundaci\u00f3 TIC Salut i Social\",\"isPartOf\":{\"@id\":\"https:\/\/ticsalutsocial.atoom.space\/es\/#website\"},\"primaryImageOfPage\":{\"@id\":\"https:\/\/ticsalutsocial.atoom.space\/es\/event\/ix-jornada-asd-la-revolucio-de-la-ia-en-salut\/#primaryimage\"},\"image\":{\"@id\":\"https:\/\/ticsalutsocial.atoom.space\/es\/event\/ix-jornada-asd-la-revolucio-de-la-ia-en-salut\/#primaryimage\"},\"thumbnailUrl\":\"https:\/\/ticsalutsocial.atoom.space\/wp-content\/uploads\/2024\/01\/IX_jornada_ASD_14feb_2024_800x775-qihksxnov397l74v5ch7eisrsbgbeqrqoo2241y6h2.webp\",\"datePublished\":\"2024-01-18T12:27:04+00:00\",\"dateModified\":\"2024-01-18T12:27:59+00:00\",\"breadcrumb\":{\"@id\":\"https:\/\/ticsalutsocial.atoom.space\/es\/event\/ix-jornada-asd-la-revolucio-de-la-ia-en-salut\/#breadcrumb\"},\"inLanguage\":\"es\",\"potentialAction\":[{\"@type\":\"ReadAction\",\"target\":[\"https:\/\/ticsalutsocial.atoom.space\/es\/event\/ix-jornada-asd-la-revolucio-de-la-ia-en-salut\/\"]}]},{\"@type\":\"ImageObject\",\"inLanguage\":\"es\",\"@id\":\"https:\/\/ticsalutsocial.atoom.space\/es\/event\/ix-jornada-asd-la-revolucio-de-la-ia-en-salut\/#primaryimage\",\"url\":\"https:\/\/ticsalutsocial.atoom.space\/wp-content\/uploads\/2024\/01\/IX_jornada_ASD_14feb_2024_800x775-qihksxnov397l74v5ch7eisrsbgbeqrqoo2241y6h2.webp\",\"contentUrl\":\"https:\/\/ticsalutsocial.atoom.space\/wp-content\/uploads\/2024\/01\/IX_jornada_ASD_14feb_2024_800x775-qihksxnov397l74v5ch7eisrsbgbeqrqoo2241y6h2.webp\",\"width\":800,\"height\":775},{\"@type\":\"BreadcrumbList\",\"@id\":\"https:\/\/ticsalutsocial.atoom.space\/es\/event\/ix-jornada-asd-la-revolucio-de-la-ia-en-salut\/#breadcrumb\",\"itemListElement\":[{\"@type\":\"ListItem\",\"position\":1,\"name\":\"Inici\",\"item\":\"https:\/\/ticsalutsocial.atoom.space\/es\/\"},{\"@type\":\"ListItem\",\"position\":2,\"name\":\"IX Jornada ASD: La (R)evoluci\u00f3 de la IA en Salut\"}]},{\"@type\":\"WebSite\",\"@id\":\"https:\/\/ticsalutsocial.atoom.space\/es\/#website\",\"url\":\"https:\/\/ticsalutsocial.atoom.space\/es\/\",\"name\":\"Fundaci\u00f3 TIC Salut i Social\",\"description\":\"\",\"potentialAction\":[{\"@type\":\"SearchAction\",\"target\":{\"@type\":\"EntryPoint\",\"urlTemplate\":\"https:\/\/ticsalutsocial.atoom.space\/es\/?s={search_term_string}\"},\"query-input\":{\"@type\":\"PropertyValueSpecification\",\"valueRequired\":true,\"valueName\":\"search_term_string\"}}],\"inLanguage\":\"es\"}]}<\/script>\n<!-- \/ Yoast SEO plugin. -->","yoast_head_json":{"title":"IX Jornada ASD: La (R)evoluci\u00f3 de la IA en Salut - Fundaci\u00f3 TIC Salut i Social","robots":{"index":"index","follow":"follow","max-snippet":"max-snippet:-1","max-image-preview":"max-image-preview:large","max-video-preview":"max-video-preview:-1"},"canonical":"https:\/\/ticsalutsocial.atoom.space\/es\/event\/ix-jornada-asd-la-revolucio-de-la-ia-en-salut\/","og_locale":"es_ES","og_type":"article","og_title":"IX Jornada ASD: La (R)evoluci\u00f3 de la IA en Salut - Fundaci\u00f3 TIC Salut i Social","og_description":"El 14 de febrer, l&#8217;Asociaci\u00f3n de Salud Digital (ASD), celebra la IX Jornada ASD: La (R)evoluci\u00f3n de la IA en Salud. Aquesta IX Jornada se celebrar\u00e0 a Madrid, a la seu d&#8217;EY (Ernst &amp; Young), situada al c\/ Raimundo Fern\u00e1ndez Villaverde, n\u00ba65. La jornada es podr\u00e0 seguir de forma presencial o a trav\u00e9s de streaming: [&hellip;]","og_url":"https:\/\/ticsalutsocial.atoom.space\/es\/event\/ix-jornada-asd-la-revolucio-de-la-ia-en-salut\/","og_site_name":"Fundaci\u00f3 TIC Salut i Social","article_modified_time":"2024-01-18T12:27:59+00:00","twitter_card":"summary_large_image","schema":{"@context":"https:\/\/schema.org","@graph":[{"@type":"WebPage","@id":"https:\/\/ticsalutsocial.atoom.space\/es\/event\/ix-jornada-asd-la-revolucio-de-la-ia-en-salut\/","url":"https:\/\/ticsalutsocial.atoom.space\/es\/event\/ix-jornada-asd-la-revolucio-de-la-ia-en-salut\/","name":"IX Jornada ASD: La (R)evoluci\u00f3 de la IA en Salut - Fundaci\u00f3 TIC Salut i Social","isPartOf":{"@id":"https:\/\/ticsalutsocial.atoom.space\/es\/#website"},"primaryImageOfPage":{"@id":"https:\/\/ticsalutsocial.atoom.space\/es\/event\/ix-jornada-asd-la-revolucio-de-la-ia-en-salut\/#primaryimage"},"image":{"@id":"https:\/\/ticsalutsocial.atoom.space\/es\/event\/ix-jornada-asd-la-revolucio-de-la-ia-en-salut\/#primaryimage"},"thumbnailUrl":"https:\/\/ticsalutsocial.atoom.space\/wp-content\/uploads\/2024\/01\/IX_jornada_ASD_14feb_2024_800x775-qihksxnov397l74v5ch7eisrsbgbeqrqoo2241y6h2.webp","datePublished":"2024-01-18T12:27:04+00:00","dateModified":"2024-01-18T12:27:59+00:00","breadcrumb":{"@id":"https:\/\/ticsalutsocial.atoom.space\/es\/event\/ix-jornada-asd-la-revolucio-de-la-ia-en-salut\/#breadcrumb"},"inLanguage":"es","potentialAction":[{"@type":"ReadAction","target":["https:\/\/ticsalutsocial.atoom.space\/es\/event\/ix-jornada-asd-la-revolucio-de-la-ia-en-salut\/"]}]},{"@type":"ImageObject","inLanguage":"es","@id":"https:\/\/ticsalutsocial.atoom.space\/es\/event\/ix-jornada-asd-la-revolucio-de-la-ia-en-salut\/#primaryimage","url":"https:\/\/ticsalutsocial.atoom.space\/wp-content\/uploads\/2024\/01\/IX_jornada_ASD_14feb_2024_800x775-qihksxnov397l74v5ch7eisrsbgbeqrqoo2241y6h2.webp","contentUrl":"https:\/\/ticsalutsocial.atoom.space\/wp-content\/uploads\/2024\/01\/IX_jornada_ASD_14feb_2024_800x775-qihksxnov397l74v5ch7eisrsbgbeqrqoo2241y6h2.webp","width":800,"height":775},{"@type":"BreadcrumbList","@id":"https:\/\/ticsalutsocial.atoom.space\/es\/event\/ix-jornada-asd-la-revolucio-de-la-ia-en-salut\/#breadcrumb","itemListElement":[{"@type":"ListItem","position":1,"name":"Inici","item":"https:\/\/ticsalutsocial.atoom.space\/es\/"},{"@type":"ListItem","position":2,"name":"IX Jornada ASD: La (R)evoluci\u00f3 de la IA en Salut"}]},{"@type":"WebSite","@id":"https:\/\/ticsalutsocial.atoom.space\/es\/#website","url":"https:\/\/ticsalutsocial.atoom.space\/es\/","name":"Fundaci\u00f3 TIC Salut i Social","description":"","potentialAction":[{"@type":"SearchAction","target":{"@type":"EntryPoint","urlTemplate":"https:\/\/ticsalutsocial.atoom.space\/es\/?s={search_term_string}"},"query-input":{"@type":"PropertyValueSpecification","valueRequired":true,"valueName":"search_term_string"}}],"inLanguage":"es"}]}},"_links":{"self":[{"href":"https:\/\/ticsalutsocial.atoom.space\/es\/wp-json\/wp\/v2\/event\/24759","targetHints":{"allow":["GET"]}}],"collection":[{"href":"https:\/\/ticsalutsocial.atoom.space\/es\/wp-json\/wp\/v2\/event"}],"about":[{"href":"https:\/\/ticsalutsocial.atoom.space\/es\/wp-json\/wp\/v2\/types\/event"}],"wp:featuredmedia":[{"embeddable":true,"href":"https:\/\/ticsalutsocial.atoom.space\/es\/wp-json\/wp\/v2\/media\/24757"}],"wp:attachment":[{"href":"https:\/\/ticsalutsocial.atoom.space\/es\/wp-json\/wp\/v2\/media?parent=24759"}],"wp:term":[{"taxonomy":"tipus","embeddable":true,"href":"https:\/\/ticsalutsocial.atoom.space\/es\/wp-json\/wp\/v2\/tipus?post=24759"},{"taxonomy":"topic","embeddable":true,"href":"https:\/\/ticsalutsocial.atoom.space\/es\/wp-json\/wp\/v2\/topic?post=24759"}],"curies":[{"name":"wp","href":"https:\/\/api.w.org\/{rel}","templated":true}]}}

IX Jornada ASD: La (R)evolució de la IA en Salut

<p>El 14 de febrer, l&#8217;<em>Asociación de Salud Digital</em> (ASD), celebra la I<em>X Jornada ASD: La (R)evolución de la IA en Salud</em>. </p>



<p>Aquesta IX Jornada se celebrarà a Madrid, a la seu d&#8217;EY (Ernst &amp; Young), situada al c/ Raimundo Fernández Villaverde, nº65.</p>



<p>La jornada es podrà seguir de forma presencial o a través de streaming:</p>



<ul class="wp-block-list">
<li><a href="https://www.eventbrite.es/e/registro-ix-jornada-asd-la-revolucion-de-la-ia-en-la-salud-presencial-788921213587?aff=oddtdtcreator" target="_blank" rel="noreferrer noopener">Inscripció presencial</a></li>



<li><a href="https://www.eventbrite.es/e/entradas-ix-jornada-asd-la-revolucion-de-la-ia-en-la-salud-online-788939387947?aff=oddtdtcreator" target="_blank" rel="noreferrer noopener">Inscripció online</a></li>
</ul>



<p></p>



<p>Consulta el programa <a href="https://salud-digital.es/portfolio/ix-jornada-asd/" target="_blank" rel="noreferrer noopener">aquí</a>.</p>

Auditori EY (Ernst & Young). Planta 20. c/ Raimundo Fernández Villaverde 65, 28006 Madrid

<!-- This site is optimized with the Yoast SEO plugin v27.1.1 - https://yoast.com/product/yoast-seo-wordpress/ -->
<title>IX Jornada ASD: La (R)evolució de la IA en Salut - Fundació TIC Salut i Social</title>
<meta name="robots" content="index, follow, max-snippet:-1, max-image-preview:large, max-video-preview:-1" />
<link rel="canonical" href="https://ticsalutsocial.atoom.space/es/event/ix-jornada-asd-la-revolucio-de-la-ia-en-salut/" />
<meta property="og:locale" content="es_ES" />
<meta property="og:type" content="article" />
<meta property="og:title" content="IX Jornada ASD: La (R)evolució de la IA en Salut - Fundació TIC Salut i Social" />
<meta property="og:description" content="El 14 de febrer, l&#8217;Asociación de Salud Digital (ASD), celebra la IX Jornada ASD: La (R)evolución de la IA en Salud. Aquesta IX Jornada se celebrarà a Madrid, a la seu d&#8217;EY (Ernst &amp; Young), situada al c/ Raimundo Fernández Villaverde, nº65. La jornada es podrà seguir de forma presencial o a través de streaming: [&hellip;]" />
<meta property="og:url" content="https://ticsalutsocial.atoom.space/es/event/ix-jornada-asd-la-revolucio-de-la-ia-en-salut/" />
<meta property="og:site_name" content="Fundació TIC Salut i Social" />
<meta property="article:modified_time" content="2024-01-18T12:27:59+00:00" />
<meta name="twitter:card" content="summary_large_image" />
<script type="application/ld+json" class="yoast-schema-graph">{"@context":"https://schema.org","@graph":[{"@type":"WebPage","@id":"https://ticsalutsocial.atoom.space/es/event/ix-jornada-asd-la-revolucio-de-la-ia-en-salut/","url":"https://ticsalutsocial.atoom.space/es/event/ix-jornada-asd-la-revolucio-de-la-ia-en-salut/","name":"IX Jornada ASD: La (R)evolució de la IA en Salut - Fundació TIC Salut i Social","isPartOf":{"@id":"https://ticsalutsocial.atoom.space/es/#website"},"primaryImageOfPage":{"@id":"https://ticsalutsocial.atoom.space/es/event/ix-jornada-asd-la-revolucio-de-la-ia-en-salut/#primaryimage"},"image":{"@id":"https://ticsalutsocial.atoom.space/es/event/ix-jornada-asd-la-revolucio-de-la-ia-en-salut/#primaryimage"},"thumbnailUrl":"https://ticsalutsocial.atoom.space/wp-content/uploads/2024/01/IX_jornada_ASD_14feb_2024_800x775-qihksxnov397l74v5ch7eisrsbgbeqrqoo2241y6h2.webp","datePublished":"2024-01-18T12:27:04+00:00","dateModified":"2024-01-18T12:27:59+00:00","breadcrumb":{"@id":"https://ticsalutsocial.atoom.space/es/event/ix-jornada-asd-la-revolucio-de-la-ia-en-salut/#breadcrumb"},"inLanguage":"es","potentialAction":[{"@type":"ReadAction","target":["https://ticsalutsocial.atoom.space/es/event/ix-jornada-asd-la-revolucio-de-la-ia-en-salut/"]}]},{"@type":"ImageObject","inLanguage":"es","@id":"https://ticsalutsocial.atoom.space/es/event/ix-jornada-asd-la-revolucio-de-la-ia-en-salut/#primaryimage","url":"https://ticsalutsocial.atoom.space/wp-content/uploads/2024/01/IX_jornada_ASD_14feb_2024_800x775-qihksxnov397l74v5ch7eisrsbgbeqrqoo2241y6h2.webp","contentUrl":"https://ticsalutsocial.atoom.space/wp-content/uploads/2024/01/IX_jornada_ASD_14feb_2024_800x775-qihksxnov397l74v5ch7eisrsbgbeqrqoo2241y6h2.webp","width":800,"height":775},{"@type":"BreadcrumbList","@id":"https://ticsalutsocial.atoom.space/es/event/ix-jornada-asd-la-revolucio-de-la-ia-en-salut/#breadcrumb","itemListElement":[{"@type":"ListItem","position":1,"name":"Inici","item":"https://ticsalutsocial.atoom.space/es/"},{"@type":"ListItem","position":2,"name":"IX Jornada ASD: La (R)evolució de la IA en Salut"}]},{"@type":"WebSite","@id":"https://ticsalutsocial.atoom.space/es/#website","url":"https://ticsalutsocial.atoom.space/es/","name":"Fundació TIC Salut i Social","description":"","potentialAction":[{"@type":"SearchAction","target":{"@type":"EntryPoint","urlTemplate":"https://ticsalutsocial.atoom.space/es/?s={search_term_string}"},"query-input":{"@type":"PropertyValueSpecification","valueRequired":true,"valueName":"search_term_string"}}],"inLanguage":"es"}]}</script>
<!-- / Yoast SEO plugin. -->

IX Jornada ASD: La (R)evolució de la IA en Salut - Fundació TIC Salut i Social

El 14 de febrer, l&#8217;Asociación de Salud Digital (ASD), celebra la IX Jornada ASD: La (R)evolución de la IA en Salud. Aquesta IX Jornada se celebrarà a Madrid, a la seu d&#8217;EY (Ernst &amp; Young), situada al c/ Raimundo Fernández Villaverde, nº65. La jornada es podrà seguir de forma presencial o a través de streaming: [&hellip;]

Fundació TIC Salut i Social
