
{"id":24773,"date":"2024-01-10T10:52:19","date_gmt":"2024-01-10T08:52:19","guid":{"rendered":"https:\/\/ticsalutsocial.atoom.space\/event\/health-data-talent\/"},"modified":"2024-01-24T10:46:12","modified_gmt":"2024-01-24T08:46:12","slug":"health-data-talent","status":"publish","type":"event","link":"https:\/\/ticsalutsocial.atoom.space\/es\/event\/health-data-talent\/","title":{"rendered":"Health Data Talent"},"content":{"rendered":"\n<p><strong>[Acto no organizado por la Fundaci\u00f3n TIC Salut Social]<\/strong><\/p>\n\n\n\n<p>El pr\u00f3ximo 8 de febrero en el Recinto Modernista de San Pablo \u2013 Sala Francesc Camb\u00f3 se celebra el Health Data Talent.<\/p>\n\n\n\n<p>El director de la Fundaci\u00f3n TIC Salud Social participar\u00e1 en la mesa inaugural a partir de las 9:30.<\/p>\n\n\n\n<p>Un espacio en el que los l\u00edderes en salud y datos pueden reunirse, aprender y colaborar. Este acto \u00fanico es una oportunidad para la innovaci\u00f3n, conectando a profesionales de la salud y expertos en datos para aprovechar las \u00faltimas tendencias tecnol\u00f3gicas en un sector en evoluci\u00f3n constante.<\/p>\n\n\n\n<p>Haga clic en inscripciones para reservar plaza y ampliar informaci\u00f3n.<\/p>\n","protected":false},"featured_media":24931,"menu_order":0,"template":"","meta":{"_acf_changed":false,"inline_featured_image":false},"tipus":[],"topic":[119],"class_list":["post-24773","event","type-event","status-publish","has-post-thumbnail","hentry","topic-innovacion"],"acf":{"informacio":{"ubicacio":"Recinte Modernista de Sant Pau (Barcelona) \u2013 Sala Francesc Camb\u00f3","data":"08\/02\/2024","hora":"9:30 - 14:30","preu":"","inscripcions":"https:\/\/campushealthtech.com\/health-data-talent\/#informacion"},"programa":{"titol":"","items":false},"documents":false,"imatge":24931},"yoast_head":"<!-- This site is optimized with the Yoast SEO plugin v27.1.1 - https:\/\/yoast.com\/product\/yoast-seo-wordpress\/ -->\n<title>Health Data Talent - Fundaci\u00f3 TIC Salut i Social<\/title>\n<meta name=\"robots\" content=\"index, follow, max-snippet:-1, max-image-preview:large, max-video-preview:-1\" \/>\n<link rel=\"canonical\" href=\"https:\/\/ticsalutsocial.atoom.space\/es\/event\/health-data-talent\/\" \/>\n<meta property=\"og:locale\" content=\"es_ES\" \/>\n<meta property=\"og:type\" content=\"article\" \/>\n<meta property=\"og:title\" content=\"Health Data Talent - Fundaci\u00f3 TIC Salut i Social\" \/>\n<meta property=\"og:description\" content=\"[Acto no organizado por la Fundaci\u00f3n TIC Salut Social] El pr\u00f3ximo 8 de febrero en el Recinto Modernista de San Pablo \u2013 Sala Francesc Camb\u00f3 se celebra el Health Data Talent. El director de la Fundaci\u00f3n TIC Salud Social participar\u00e1 en la mesa inaugural a partir de las 9:30. Un espacio en el que los [&hellip;]\" \/>\n<meta property=\"og:url\" content=\"https:\/\/ticsalutsocial.atoom.space\/es\/event\/health-data-talent\/\" \/>\n<meta property=\"og:site_name\" content=\"Fundaci\u00f3 TIC Salut i Social\" \/>\n<meta property=\"article:modified_time\" content=\"2024-01-24T08:46:12+00:00\" \/>\n<meta property=\"og:image\" content=\"https:\/\/ticsalutsocial.atoom.space\/wp-content\/uploads\/2024\/01\/Health_Data_Talent_2024_1920x1200-900x313-1.webp\" \/>\n\t<meta property=\"og:image:width\" content=\"900\" \/>\n\t<meta property=\"og:image:height\" content=\"313\" \/>\n\t<meta property=\"og:image:type\" content=\"image\/webp\" \/>\n<meta name=\"twitter:card\" content=\"summary_large_image\" \/>\n<meta name=\"twitter:label1\" content=\"Tiempo de lectura\" \/>\n\t<meta name=\"twitter:data1\" content=\"1 minuto\" \/>\n<script type=\"application\/ld+json\" class=\"yoast-schema-graph\">{\"@context\":\"https:\/\/schema.org\",\"@graph\":[{\"@type\":\"WebPage\",\"@id\":\"https:\/\/ticsalutsocial.atoom.space\/es\/event\/health-data-talent\/\",\"url\":\"https:\/\/ticsalutsocial.atoom.space\/es\/event\/health-data-talent\/\",\"name\":\"Health Data Talent - Fundaci\u00f3 TIC Salut i Social\",\"isPartOf\":{\"@id\":\"https:\/\/ticsalutsocial.atoom.space\/es\/#website\"},\"primaryImageOfPage\":{\"@id\":\"https:\/\/ticsalutsocial.atoom.space\/es\/event\/health-data-talent\/#primaryimage\"},\"image\":{\"@id\":\"https:\/\/ticsalutsocial.atoom.space\/es\/event\/health-data-talent\/#primaryimage\"},\"thumbnailUrl\":\"https:\/\/ticsalutsocial.atoom.space\/wp-content\/uploads\/2024\/01\/Health_Data_Talent_2024_1920x1200-900x313-1.webp\",\"datePublished\":\"2024-01-10T08:52:19+00:00\",\"dateModified\":\"2024-01-24T08:46:12+00:00\",\"breadcrumb\":{\"@id\":\"https:\/\/ticsalutsocial.atoom.space\/es\/event\/health-data-talent\/#breadcrumb\"},\"inLanguage\":\"es\",\"potentialAction\":[{\"@type\":\"ReadAction\",\"target\":[\"https:\/\/ticsalutsocial.atoom.space\/es\/event\/health-data-talent\/\"]}]},{\"@type\":\"ImageObject\",\"inLanguage\":\"es\",\"@id\":\"https:\/\/ticsalutsocial.atoom.space\/es\/event\/health-data-talent\/#primaryimage\",\"url\":\"https:\/\/ticsalutsocial.atoom.space\/wp-content\/uploads\/2024\/01\/Health_Data_Talent_2024_1920x1200-900x313-1.webp\",\"contentUrl\":\"https:\/\/ticsalutsocial.atoom.space\/wp-content\/uploads\/2024\/01\/Health_Data_Talent_2024_1920x1200-900x313-1.webp\",\"width\":900,\"height\":313},{\"@type\":\"BreadcrumbList\",\"@id\":\"https:\/\/ticsalutsocial.atoom.space\/es\/event\/health-data-talent\/#breadcrumb\",\"itemListElement\":[{\"@type\":\"ListItem\",\"position\":1,\"name\":\"Inici\",\"item\":\"https:\/\/ticsalutsocial.atoom.space\/es\/\"},{\"@type\":\"ListItem\",\"position\":2,\"name\":\"Health Data Talent\"}]},{\"@type\":\"WebSite\",\"@id\":\"https:\/\/ticsalutsocial.atoom.space\/es\/#website\",\"url\":\"https:\/\/ticsalutsocial.atoom.space\/es\/\",\"name\":\"Fundaci\u00f3 TIC Salut i Social\",\"description\":\"\",\"potentialAction\":[{\"@type\":\"SearchAction\",\"target\":{\"@type\":\"EntryPoint\",\"urlTemplate\":\"https:\/\/ticsalutsocial.atoom.space\/es\/?s={search_term_string}\"},\"query-input\":{\"@type\":\"PropertyValueSpecification\",\"valueRequired\":true,\"valueName\":\"search_term_string\"}}],\"inLanguage\":\"es\"}]}<\/script>\n<!-- \/ Yoast SEO plugin. -->","yoast_head_json":{"title":"Health Data Talent - Fundaci\u00f3 TIC Salut i Social","robots":{"index":"index","follow":"follow","max-snippet":"max-snippet:-1","max-image-preview":"max-image-preview:large","max-video-preview":"max-video-preview:-1"},"canonical":"https:\/\/ticsalutsocial.atoom.space\/es\/event\/health-data-talent\/","og_locale":"es_ES","og_type":"article","og_title":"Health Data Talent - Fundaci\u00f3 TIC Salut i Social","og_description":"[Acto no organizado por la Fundaci\u00f3n TIC Salut Social] El pr\u00f3ximo 8 de febrero en el Recinto Modernista de San Pablo \u2013 Sala Francesc Camb\u00f3 se celebra el Health Data Talent. El director de la Fundaci\u00f3n TIC Salud Social participar\u00e1 en la mesa inaugural a partir de las 9:30. Un espacio en el que los [&hellip;]","og_url":"https:\/\/ticsalutsocial.atoom.space\/es\/event\/health-data-talent\/","og_site_name":"Fundaci\u00f3 TIC Salut i Social","article_modified_time":"2024-01-24T08:46:12+00:00","og_image":[{"width":900,"height":313,"url":"https:\/\/ticsalutsocial.atoom.space\/wp-content\/uploads\/2024\/01\/Health_Data_Talent_2024_1920x1200-900x313-1.webp","type":"image\/webp"}],"twitter_card":"summary_large_image","twitter_misc":{"Tiempo de lectura":"1 minuto"},"schema":{"@context":"https:\/\/schema.org","@graph":[{"@type":"WebPage","@id":"https:\/\/ticsalutsocial.atoom.space\/es\/event\/health-data-talent\/","url":"https:\/\/ticsalutsocial.atoom.space\/es\/event\/health-data-talent\/","name":"Health Data Talent - Fundaci\u00f3 TIC Salut i Social","isPartOf":{"@id":"https:\/\/ticsalutsocial.atoom.space\/es\/#website"},"primaryImageOfPage":{"@id":"https:\/\/ticsalutsocial.atoom.space\/es\/event\/health-data-talent\/#primaryimage"},"image":{"@id":"https:\/\/ticsalutsocial.atoom.space\/es\/event\/health-data-talent\/#primaryimage"},"thumbnailUrl":"https:\/\/ticsalutsocial.atoom.space\/wp-content\/uploads\/2024\/01\/Health_Data_Talent_2024_1920x1200-900x313-1.webp","datePublished":"2024-01-10T08:52:19+00:00","dateModified":"2024-01-24T08:46:12+00:00","breadcrumb":{"@id":"https:\/\/ticsalutsocial.atoom.space\/es\/event\/health-data-talent\/#breadcrumb"},"inLanguage":"es","potentialAction":[{"@type":"ReadAction","target":["https:\/\/ticsalutsocial.atoom.space\/es\/event\/health-data-talent\/"]}]},{"@type":"ImageObject","inLanguage":"es","@id":"https:\/\/ticsalutsocial.atoom.space\/es\/event\/health-data-talent\/#primaryimage","url":"https:\/\/ticsalutsocial.atoom.space\/wp-content\/uploads\/2024\/01\/Health_Data_Talent_2024_1920x1200-900x313-1.webp","contentUrl":"https:\/\/ticsalutsocial.atoom.space\/wp-content\/uploads\/2024\/01\/Health_Data_Talent_2024_1920x1200-900x313-1.webp","width":900,"height":313},{"@type":"BreadcrumbList","@id":"https:\/\/ticsalutsocial.atoom.space\/es\/event\/health-data-talent\/#breadcrumb","itemListElement":[{"@type":"ListItem","position":1,"name":"Inici","item":"https:\/\/ticsalutsocial.atoom.space\/es\/"},{"@type":"ListItem","position":2,"name":"Health Data Talent"}]},{"@type":"WebSite","@id":"https:\/\/ticsalutsocial.atoom.space\/es\/#website","url":"https:\/\/ticsalutsocial.atoom.space\/es\/","name":"Fundaci\u00f3 TIC Salut i Social","description":"","potentialAction":[{"@type":"SearchAction","target":{"@type":"EntryPoint","urlTemplate":"https:\/\/ticsalutsocial.atoom.space\/es\/?s={search_term_string}"},"query-input":{"@type":"PropertyValueSpecification","valueRequired":true,"valueName":"search_term_string"}}],"inLanguage":"es"}]}},"_links":{"self":[{"href":"https:\/\/ticsalutsocial.atoom.space\/es\/wp-json\/wp\/v2\/event\/24773","targetHints":{"allow":["GET"]}}],"collection":[{"href":"https:\/\/ticsalutsocial.atoom.space\/es\/wp-json\/wp\/v2\/event"}],"about":[{"href":"https:\/\/ticsalutsocial.atoom.space\/es\/wp-json\/wp\/v2\/types\/event"}],"wp:featuredmedia":[{"embeddable":true,"href":"https:\/\/ticsalutsocial.atoom.space\/es\/wp-json\/wp\/v2\/media\/24931"}],"wp:attachment":[{"href":"https:\/\/ticsalutsocial.atoom.space\/es\/wp-json\/wp\/v2\/media?parent=24773"}],"wp:term":[{"taxonomy":"tipus","embeddable":true,"href":"https:\/\/ticsalutsocial.atoom.space\/es\/wp-json\/wp\/v2\/tipus?post=24773"},{"taxonomy":"topic","embeddable":true,"href":"https:\/\/ticsalutsocial.atoom.space\/es\/wp-json\/wp\/v2\/topic?post=24773"}],"curies":[{"name":"wp","href":"https:\/\/api.w.org\/{rel}","templated":true}]}}

<p><strong>[Acto no organizado por la Fundación TIC Salut Social]</strong></p>



<p>El próximo 8 de febrero en el Recinto Modernista de San Pablo – Sala Francesc Cambó se celebra el Health Data Talent.</p>



<p>El director de la Fundación TIC Salud Social participará en la mesa inaugural a partir de las 9:30.</p>



<p>Un espacio en el que los líderes en salud y datos pueden reunirse, aprender y colaborar. Este acto único es una oportunidad para la innovación, conectando a profesionales de la salud y expertos en datos para aprovechar las últimas tendencias tecnológicas en un sector en evolución constante.</p>



<p>Haga clic en inscripciones para reservar plaza y ampliar información.</p>

Recinte Modernista de Sant Pau (Barcelona) – Sala Francesc Cambó

<!-- This site is optimized with the Yoast SEO plugin v27.1.1 - https://yoast.com/product/yoast-seo-wordpress/ -->
<title>Health Data Talent - Fundació TIC Salut i Social</title>
<meta name="robots" content="index, follow, max-snippet:-1, max-image-preview:large, max-video-preview:-1" />
<link rel="canonical" href="https://ticsalutsocial.atoom.space/es/event/health-data-talent/" />
<meta property="og:locale" content="es_ES" />
<meta property="og:type" content="article" />
<meta property="og:title" content="Health Data Talent - Fundació TIC Salut i Social" />
<meta property="og:description" content="[Acto no organizado por la Fundación TIC Salut Social] El próximo 8 de febrero en el Recinto Modernista de San Pablo – Sala Francesc Cambó se celebra el Health Data Talent. El director de la Fundación TIC Salud Social participará en la mesa inaugural a partir de las 9:30. Un espacio en el que los [&hellip;]" />
<meta property="og:url" content="https://ticsalutsocial.atoom.space/es/event/health-data-talent/" />
<meta property="og:site_name" content="Fundació TIC Salut i Social" />
<meta property="article:modified_time" content="2024-01-24T08:46:12+00:00" />
<meta property="og:image" content="https://ticsalutsocial.atoom.space/wp-content/uploads/2024/01/Health_Data_Talent_2024_1920x1200-900x313-1.webp" />
	<meta property="og:image:width" content="900" />
	<meta property="og:image:height" content="313" />
	<meta property="og:image:type" content="image/webp" />
<meta name="twitter:card" content="summary_large_image" />
<meta name="twitter:label1" content="Tiempo de lectura" />
	<meta name="twitter:data1" content="1 minuto" />
<script type="application/ld+json" class="yoast-schema-graph">{"@context":"https://schema.org","@graph":[{"@type":"WebPage","@id":"https://ticsalutsocial.atoom.space/es/event/health-data-talent/","url":"https://ticsalutsocial.atoom.space/es/event/health-data-talent/","name":"Health Data Talent - Fundació TIC Salut i Social","isPartOf":{"@id":"https://ticsalutsocial.atoom.space/es/#website"},"primaryImageOfPage":{"@id":"https://ticsalutsocial.atoom.space/es/event/health-data-talent/#primaryimage"},"image":{"@id":"https://ticsalutsocial.atoom.space/es/event/health-data-talent/#primaryimage"},"thumbnailUrl":"https://ticsalutsocial.atoom.space/wp-content/uploads/2024/01/Health_Data_Talent_2024_1920x1200-900x313-1.webp","datePublished":"2024-01-10T08:52:19+00:00","dateModified":"2024-01-24T08:46:12+00:00","breadcrumb":{"@id":"https://ticsalutsocial.atoom.space/es/event/health-data-talent/#breadcrumb"},"inLanguage":"es","potentialAction":[{"@type":"ReadAction","target":["https://ticsalutsocial.atoom.space/es/event/health-data-talent/"]}]},{"@type":"ImageObject","inLanguage":"es","@id":"https://ticsalutsocial.atoom.space/es/event/health-data-talent/#primaryimage","url":"https://ticsalutsocial.atoom.space/wp-content/uploads/2024/01/Health_Data_Talent_2024_1920x1200-900x313-1.webp","contentUrl":"https://ticsalutsocial.atoom.space/wp-content/uploads/2024/01/Health_Data_Talent_2024_1920x1200-900x313-1.webp","width":900,"height":313},{"@type":"BreadcrumbList","@id":"https://ticsalutsocial.atoom.space/es/event/health-data-talent/#breadcrumb","itemListElement":[{"@type":"ListItem","position":1,"name":"Inici","item":"https://ticsalutsocial.atoom.space/es/"},{"@type":"ListItem","position":2,"name":"Health Data Talent"}]},{"@type":"WebSite","@id":"https://ticsalutsocial.atoom.space/es/#website","url":"https://ticsalutsocial.atoom.space/es/","name":"Fundació TIC Salut i Social","description":"","potentialAction":[{"@type":"SearchAction","target":{"@type":"EntryPoint","urlTemplate":"https://ticsalutsocial.atoom.space/es/?s={search_term_string}"},"query-input":{"@type":"PropertyValueSpecification","valueRequired":true,"valueName":"search_term_string"}}],"inLanguage":"es"}]}</script>
<!-- / Yoast SEO plugin. -->

Health Data Talent - Fundació TIC Salut i Social

[Acto no organizado por la Fundación TIC Salut Social] El próximo 8 de febrero en el Recinto Modernista de San Pablo – Sala Francesc Cambó se celebra el Health Data Talent. El director de la Fundación TIC Salud Social participará en la mesa inaugural a partir de las 9:30. Un espacio en el que los [&hellip;]

Fundació TIC Salut i Social
