
{"id":24826,"date":"2024-01-22T12:48:41","date_gmt":"2024-01-22T10:48:41","guid":{"rendered":"https:\/\/ticsalutsocial.atoom.space\/?post_type=event&#038;p=24826"},"modified":"2024-05-02T15:30:56","modified_gmt":"2024-05-02T13:30:56","slug":"xvi-congres-societat-catalana-danatomia-patologica","status":"publish","type":"event","link":"https:\/\/ticsalutsocial.atoom.space\/es\/event\/xvi-congres-societat-catalana-danatomia-patologica\/","title":{"rendered":"XVI Congreso Sociedad Catalana de Anatom\u00eda Patol\u00f3gica"},"content":{"rendered":"\n<p>La Sociedad Catalana de Anatom\u00eda Patol\u00f3gica organiza el \u00ab<strong>XVI Congreso Sociedad Catalana de Anatom\u00eda Patol\u00f3gica<\/strong>\u00bb los d\u00edas <strong>24 y 25 de mayo<\/strong>. El congreso tendr\u00e1 lugar en la <strong>Facultad de Medicina de Reus (c\/ Sant Lloren\u00e7, 21 Reus).<\/strong><\/p>\n\n\n\n<p>El director de la Fundaci\u00f3n, <strong>Joan Guanyabens<\/strong>, participa en el simposio Patolog\u00eda e IA, en la charla \u00ab\u00bfC\u00f3mo ser\u00e1 la medicina en el futuro?\u00bb el 25 de mayo a las 11:15 h.<\/p>\n\n\n\n<p>Consulta toda la informaci\u00f3n del evento <a href=\"http:\/\/webs.academia.cat\/societats\/anatomia\/?p=page\/html\/detallactivitat\/id\/25396\" target=\"_blank\" rel=\"noreferrer noopener\">aqu\u00ed<\/a>.<\/p>\n","protected":false},"featured_media":24824,"menu_order":0,"template":"","meta":{"_acf_changed":true,"inline_featured_image":false},"tipus":[],"topic":[],"class_list":["post-24826","event","type-event","status-publish","has-post-thumbnail","hentry"],"acf":{"imatge":24824,"informacio":{"ubicacio":"Facultad de Medicina de Reus (c\/ Sant Lloren\u00e7, 21 Reus)","data":"24\/05\/2024","hora":"","preu":"","inscripcions":"https:\/\/inscripcions.academia.cat\/form.php?id=2463"},"programa":{"titol":"","items":false},"documents":false},"yoast_head":"<!-- This site is optimized with the Yoast SEO plugin v27.1.1 - https:\/\/yoast.com\/product\/yoast-seo-wordpress\/ -->\n<title>XVI Congreso Sociedad Catalana de Anatom\u00eda Patol\u00f3gica - Fundaci\u00f3 TIC Salut i Social<\/title>\n<meta name=\"description\" content=\"XVI Congr\u00e9s Societat Catalana d&#039;Anatomia Patol\u00f2gica els dies 24 i 25 de maig a la Facultat de Medicina de Reus (c\/ Sant Lloren\u00e7, 21 Reus).\" \/>\n<meta name=\"robots\" content=\"index, follow, max-snippet:-1, max-image-preview:large, max-video-preview:-1\" \/>\n<link rel=\"canonical\" href=\"https:\/\/ticsalutsocial.atoom.space\/es\/event\/xvi-congres-societat-catalana-danatomia-patologica\/\" \/>\n<meta property=\"og:locale\" content=\"es_ES\" \/>\n<meta property=\"og:type\" content=\"article\" \/>\n<meta property=\"og:title\" content=\"XVI Congreso Sociedad Catalana de Anatom\u00eda Patol\u00f3gica - Fundaci\u00f3 TIC Salut i Social\" \/>\n<meta property=\"og:description\" content=\"XVI Congr\u00e9s Societat Catalana d&#039;Anatomia Patol\u00f2gica els dies 24 i 25 de maig a la Facultat de Medicina de Reus (c\/ Sant Lloren\u00e7, 21 Reus).\" \/>\n<meta property=\"og:url\" content=\"https:\/\/ticsalutsocial.atoom.space\/es\/event\/xvi-congres-societat-catalana-danatomia-patologica\/\" \/>\n<meta property=\"og:site_name\" content=\"Fundaci\u00f3 TIC Salut i Social\" \/>\n<meta property=\"article:modified_time\" content=\"2024-05-02T13:30:56+00:00\" \/>\n<meta property=\"og:image\" content=\"https:\/\/ticsalutsocial.atoom.space\/wp-content\/uploads\/2024\/01\/banner_congres_2024.jpg\" \/>\n\t<meta property=\"og:image:width\" content=\"400\" \/>\n\t<meta property=\"og:image:height\" content=\"556\" \/>\n\t<meta property=\"og:image:type\" content=\"image\/jpeg\" \/>\n<meta name=\"twitter:card\" content=\"summary_large_image\" \/>\n<meta name=\"twitter:label1\" content=\"Tiempo de lectura\" \/>\n\t<meta name=\"twitter:data1\" content=\"1 minuto\" \/>\n<script type=\"application\/ld+json\" class=\"yoast-schema-graph\">{\"@context\":\"https:\/\/schema.org\",\"@graph\":[{\"@type\":\"WebPage\",\"@id\":\"https:\/\/ticsalutsocial.atoom.space\/es\/event\/xvi-congres-societat-catalana-danatomia-patologica\/\",\"url\":\"https:\/\/ticsalutsocial.atoom.space\/es\/event\/xvi-congres-societat-catalana-danatomia-patologica\/\",\"name\":\"XVI Congreso Sociedad Catalana de Anatom\u00eda Patol\u00f3gica - Fundaci\u00f3 TIC Salut i Social\",\"isPartOf\":{\"@id\":\"https:\/\/ticsalutsocial.atoom.space\/es\/#website\"},\"primaryImageOfPage\":{\"@id\":\"https:\/\/ticsalutsocial.atoom.space\/es\/event\/xvi-congres-societat-catalana-danatomia-patologica\/#primaryimage\"},\"image\":{\"@id\":\"https:\/\/ticsalutsocial.atoom.space\/es\/event\/xvi-congres-societat-catalana-danatomia-patologica\/#primaryimage\"},\"thumbnailUrl\":\"https:\/\/ticsalutsocial.atoom.space\/wp-content\/uploads\/2024\/01\/banner_congres_2024.jpg\",\"datePublished\":\"2024-01-22T10:48:41+00:00\",\"dateModified\":\"2024-05-02T13:30:56+00:00\",\"description\":\"XVI Congr\u00e9s Societat Catalana d'Anatomia Patol\u00f2gica els dies 24 i 25 de maig a la Facultat de Medicina de Reus (c\/ Sant Lloren\u00e7, 21 Reus).\",\"breadcrumb\":{\"@id\":\"https:\/\/ticsalutsocial.atoom.space\/es\/event\/xvi-congres-societat-catalana-danatomia-patologica\/#breadcrumb\"},\"inLanguage\":\"es\",\"potentialAction\":[{\"@type\":\"ReadAction\",\"target\":[\"https:\/\/ticsalutsocial.atoom.space\/es\/event\/xvi-congres-societat-catalana-danatomia-patologica\/\"]}]},{\"@type\":\"ImageObject\",\"inLanguage\":\"es\",\"@id\":\"https:\/\/ticsalutsocial.atoom.space\/es\/event\/xvi-congres-societat-catalana-danatomia-patologica\/#primaryimage\",\"url\":\"https:\/\/ticsalutsocial.atoom.space\/wp-content\/uploads\/2024\/01\/banner_congres_2024.jpg\",\"contentUrl\":\"https:\/\/ticsalutsocial.atoom.space\/wp-content\/uploads\/2024\/01\/banner_congres_2024.jpg\",\"width\":400,\"height\":556,\"caption\":\"XVI Congr\u00e9s Societat Catalana d'Anatomia Patol\u00f2gica\"},{\"@type\":\"BreadcrumbList\",\"@id\":\"https:\/\/ticsalutsocial.atoom.space\/es\/event\/xvi-congres-societat-catalana-danatomia-patologica\/#breadcrumb\",\"itemListElement\":[{\"@type\":\"ListItem\",\"position\":1,\"name\":\"Inici\",\"item\":\"https:\/\/ticsalutsocial.atoom.space\/es\/\"},{\"@type\":\"ListItem\",\"position\":2,\"name\":\"XVI Congreso Sociedad Catalana de Anatom\u00eda Patol\u00f3gica\"}]},{\"@type\":\"WebSite\",\"@id\":\"https:\/\/ticsalutsocial.atoom.space\/es\/#website\",\"url\":\"https:\/\/ticsalutsocial.atoom.space\/es\/\",\"name\":\"Fundaci\u00f3 TIC Salut i Social\",\"description\":\"\",\"potentialAction\":[{\"@type\":\"SearchAction\",\"target\":{\"@type\":\"EntryPoint\",\"urlTemplate\":\"https:\/\/ticsalutsocial.atoom.space\/es\/?s={search_term_string}\"},\"query-input\":{\"@type\":\"PropertyValueSpecification\",\"valueRequired\":true,\"valueName\":\"search_term_string\"}}],\"inLanguage\":\"es\"}]}<\/script>\n<!-- \/ Yoast SEO plugin. -->","yoast_head_json":{"title":"XVI Congreso Sociedad Catalana de Anatom\u00eda Patol\u00f3gica - Fundaci\u00f3 TIC Salut i Social","description":"XVI Congr\u00e9s Societat Catalana d'Anatomia Patol\u00f2gica els dies 24 i 25 de maig a la Facultat de Medicina de Reus (c\/ Sant Lloren\u00e7, 21 Reus).","robots":{"index":"index","follow":"follow","max-snippet":"max-snippet:-1","max-image-preview":"max-image-preview:large","max-video-preview":"max-video-preview:-1"},"canonical":"https:\/\/ticsalutsocial.atoom.space\/es\/event\/xvi-congres-societat-catalana-danatomia-patologica\/","og_locale":"es_ES","og_type":"article","og_title":"XVI Congreso Sociedad Catalana de Anatom\u00eda Patol\u00f3gica - Fundaci\u00f3 TIC Salut i Social","og_description":"XVI Congr\u00e9s Societat Catalana d'Anatomia Patol\u00f2gica els dies 24 i 25 de maig a la Facultat de Medicina de Reus (c\/ Sant Lloren\u00e7, 21 Reus).","og_url":"https:\/\/ticsalutsocial.atoom.space\/es\/event\/xvi-congres-societat-catalana-danatomia-patologica\/","og_site_name":"Fundaci\u00f3 TIC Salut i Social","article_modified_time":"2024-05-02T13:30:56+00:00","og_image":[{"width":400,"height":556,"url":"https:\/\/ticsalutsocial.atoom.space\/wp-content\/uploads\/2024\/01\/banner_congres_2024.jpg","type":"image\/jpeg"}],"twitter_card":"summary_large_image","twitter_misc":{"Tiempo de lectura":"1 minuto"},"schema":{"@context":"https:\/\/schema.org","@graph":[{"@type":"WebPage","@id":"https:\/\/ticsalutsocial.atoom.space\/es\/event\/xvi-congres-societat-catalana-danatomia-patologica\/","url":"https:\/\/ticsalutsocial.atoom.space\/es\/event\/xvi-congres-societat-catalana-danatomia-patologica\/","name":"XVI Congreso Sociedad Catalana de Anatom\u00eda Patol\u00f3gica - Fundaci\u00f3 TIC Salut i Social","isPartOf":{"@id":"https:\/\/ticsalutsocial.atoom.space\/es\/#website"},"primaryImageOfPage":{"@id":"https:\/\/ticsalutsocial.atoom.space\/es\/event\/xvi-congres-societat-catalana-danatomia-patologica\/#primaryimage"},"image":{"@id":"https:\/\/ticsalutsocial.atoom.space\/es\/event\/xvi-congres-societat-catalana-danatomia-patologica\/#primaryimage"},"thumbnailUrl":"https:\/\/ticsalutsocial.atoom.space\/wp-content\/uploads\/2024\/01\/banner_congres_2024.jpg","datePublished":"2024-01-22T10:48:41+00:00","dateModified":"2024-05-02T13:30:56+00:00","description":"XVI Congr\u00e9s Societat Catalana d'Anatomia Patol\u00f2gica els dies 24 i 25 de maig a la Facultat de Medicina de Reus (c\/ Sant Lloren\u00e7, 21 Reus).","breadcrumb":{"@id":"https:\/\/ticsalutsocial.atoom.space\/es\/event\/xvi-congres-societat-catalana-danatomia-patologica\/#breadcrumb"},"inLanguage":"es","potentialAction":[{"@type":"ReadAction","target":["https:\/\/ticsalutsocial.atoom.space\/es\/event\/xvi-congres-societat-catalana-danatomia-patologica\/"]}]},{"@type":"ImageObject","inLanguage":"es","@id":"https:\/\/ticsalutsocial.atoom.space\/es\/event\/xvi-congres-societat-catalana-danatomia-patologica\/#primaryimage","url":"https:\/\/ticsalutsocial.atoom.space\/wp-content\/uploads\/2024\/01\/banner_congres_2024.jpg","contentUrl":"https:\/\/ticsalutsocial.atoom.space\/wp-content\/uploads\/2024\/01\/banner_congres_2024.jpg","width":400,"height":556,"caption":"XVI Congr\u00e9s Societat Catalana d'Anatomia Patol\u00f2gica"},{"@type":"BreadcrumbList","@id":"https:\/\/ticsalutsocial.atoom.space\/es\/event\/xvi-congres-societat-catalana-danatomia-patologica\/#breadcrumb","itemListElement":[{"@type":"ListItem","position":1,"name":"Inici","item":"https:\/\/ticsalutsocial.atoom.space\/es\/"},{"@type":"ListItem","position":2,"name":"XVI Congreso Sociedad Catalana de Anatom\u00eda Patol\u00f3gica"}]},{"@type":"WebSite","@id":"https:\/\/ticsalutsocial.atoom.space\/es\/#website","url":"https:\/\/ticsalutsocial.atoom.space\/es\/","name":"Fundaci\u00f3 TIC Salut i Social","description":"","potentialAction":[{"@type":"SearchAction","target":{"@type":"EntryPoint","urlTemplate":"https:\/\/ticsalutsocial.atoom.space\/es\/?s={search_term_string}"},"query-input":{"@type":"PropertyValueSpecification","valueRequired":true,"valueName":"search_term_string"}}],"inLanguage":"es"}]}},"_links":{"self":[{"href":"https:\/\/ticsalutsocial.atoom.space\/es\/wp-json\/wp\/v2\/event\/24826","targetHints":{"allow":["GET"]}}],"collection":[{"href":"https:\/\/ticsalutsocial.atoom.space\/es\/wp-json\/wp\/v2\/event"}],"about":[{"href":"https:\/\/ticsalutsocial.atoom.space\/es\/wp-json\/wp\/v2\/types\/event"}],"wp:featuredmedia":[{"embeddable":true,"href":"https:\/\/ticsalutsocial.atoom.space\/es\/wp-json\/wp\/v2\/media\/24824"}],"wp:attachment":[{"href":"https:\/\/ticsalutsocial.atoom.space\/es\/wp-json\/wp\/v2\/media?parent=24826"}],"wp:term":[{"taxonomy":"tipus","embeddable":true,"href":"https:\/\/ticsalutsocial.atoom.space\/es\/wp-json\/wp\/v2\/tipus?post=24826"},{"taxonomy":"topic","embeddable":true,"href":"https:\/\/ticsalutsocial.atoom.space\/es\/wp-json\/wp\/v2\/topic?post=24826"}],"curies":[{"name":"wp","href":"https:\/\/api.w.org\/{rel}","templated":true}]}}

XVI Congreso Sociedad Catalana de Anatomía Patológica

<p>La Sociedad Catalana de Anatomía Patológica organiza el «<strong>XVI Congreso Sociedad Catalana de Anatomía Patológica</strong>» los días <strong>24 y 25 de mayo</strong>. El congreso tendrá lugar en la <strong>Facultad de Medicina de Reus (c/ Sant Llorenç, 21 Reus).</strong></p>



<p>El director de la Fundación, <strong>Joan Guanyabens</strong>, participa en el simposio Patología e IA, en la charla «¿Cómo será la medicina en el futuro?» el 25 de mayo a las 11:15 h.</p>



<p>Consulta toda la información del evento <a href="http://webs.academia.cat/societats/anatomia/?p=page/html/detallactivitat/id/25396" target="_blank" rel="noreferrer noopener">aquí</a>.</p>

Facultad de Medicina de Reus (c/ Sant Llorenç, 21 Reus)

<!-- This site is optimized with the Yoast SEO plugin v27.1.1 - https://yoast.com/product/yoast-seo-wordpress/ -->
<title>XVI Congreso Sociedad Catalana de Anatomía Patológica - Fundació TIC Salut i Social</title>
<meta name="description" content="XVI Congrés Societat Catalana d&#039;Anatomia Patològica els dies 24 i 25 de maig a la Facultat de Medicina de Reus (c/ Sant Llorenç, 21 Reus)." />
<meta name="robots" content="index, follow, max-snippet:-1, max-image-preview:large, max-video-preview:-1" />
<link rel="canonical" href="https://ticsalutsocial.atoom.space/es/event/xvi-congres-societat-catalana-danatomia-patologica/" />
<meta property="og:locale" content="es_ES" />
<meta property="og:type" content="article" />
<meta property="og:title" content="XVI Congreso Sociedad Catalana de Anatomía Patológica - Fundació TIC Salut i Social" />
<meta property="og:description" content="XVI Congrés Societat Catalana d&#039;Anatomia Patològica els dies 24 i 25 de maig a la Facultat de Medicina de Reus (c/ Sant Llorenç, 21 Reus)." />
<meta property="og:url" content="https://ticsalutsocial.atoom.space/es/event/xvi-congres-societat-catalana-danatomia-patologica/" />
<meta property="og:site_name" content="Fundació TIC Salut i Social" />
<meta property="article:modified_time" content="2024-05-02T13:30:56+00:00" />
<meta property="og:image" content="https://ticsalutsocial.atoom.space/wp-content/uploads/2024/01/banner_congres_2024.jpg" />
	<meta property="og:image:width" content="400" />
	<meta property="og:image:height" content="556" />
	<meta property="og:image:type" content="image/jpeg" />
<meta name="twitter:card" content="summary_large_image" />
<meta name="twitter:label1" content="Tiempo de lectura" />
	<meta name="twitter:data1" content="1 minuto" />
<script type="application/ld+json" class="yoast-schema-graph">{"@context":"https://schema.org","@graph":[{"@type":"WebPage","@id":"https://ticsalutsocial.atoom.space/es/event/xvi-congres-societat-catalana-danatomia-patologica/","url":"https://ticsalutsocial.atoom.space/es/event/xvi-congres-societat-catalana-danatomia-patologica/","name":"XVI Congreso Sociedad Catalana de Anatomía Patológica - Fundació TIC Salut i Social","isPartOf":{"@id":"https://ticsalutsocial.atoom.space/es/#website"},"primaryImageOfPage":{"@id":"https://ticsalutsocial.atoom.space/es/event/xvi-congres-societat-catalana-danatomia-patologica/#primaryimage"},"image":{"@id":"https://ticsalutsocial.atoom.space/es/event/xvi-congres-societat-catalana-danatomia-patologica/#primaryimage"},"thumbnailUrl":"https://ticsalutsocial.atoom.space/wp-content/uploads/2024/01/banner_congres_2024.jpg","datePublished":"2024-01-22T10:48:41+00:00","dateModified":"2024-05-02T13:30:56+00:00","description":"XVI Congrés Societat Catalana d'Anatomia Patològica els dies 24 i 25 de maig a la Facultat de Medicina de Reus (c/ Sant Llorenç, 21 Reus).","breadcrumb":{"@id":"https://ticsalutsocial.atoom.space/es/event/xvi-congres-societat-catalana-danatomia-patologica/#breadcrumb"},"inLanguage":"es","potentialAction":[{"@type":"ReadAction","target":["https://ticsalutsocial.atoom.space/es/event/xvi-congres-societat-catalana-danatomia-patologica/"]}]},{"@type":"ImageObject","inLanguage":"es","@id":"https://ticsalutsocial.atoom.space/es/event/xvi-congres-societat-catalana-danatomia-patologica/#primaryimage","url":"https://ticsalutsocial.atoom.space/wp-content/uploads/2024/01/banner_congres_2024.jpg","contentUrl":"https://ticsalutsocial.atoom.space/wp-content/uploads/2024/01/banner_congres_2024.jpg","width":400,"height":556,"caption":"XVI Congrés Societat Catalana d'Anatomia Patològica"},{"@type":"BreadcrumbList","@id":"https://ticsalutsocial.atoom.space/es/event/xvi-congres-societat-catalana-danatomia-patologica/#breadcrumb","itemListElement":[{"@type":"ListItem","position":1,"name":"Inici","item":"https://ticsalutsocial.atoom.space/es/"},{"@type":"ListItem","position":2,"name":"XVI Congreso Sociedad Catalana de Anatomía Patológica"}]},{"@type":"WebSite","@id":"https://ticsalutsocial.atoom.space/es/#website","url":"https://ticsalutsocial.atoom.space/es/","name":"Fundació TIC Salut i Social","description":"","potentialAction":[{"@type":"SearchAction","target":{"@type":"EntryPoint","urlTemplate":"https://ticsalutsocial.atoom.space/es/?s={search_term_string}"},"query-input":{"@type":"PropertyValueSpecification","valueRequired":true,"valueName":"search_term_string"}}],"inLanguage":"es"}]}</script>
<!-- / Yoast SEO plugin. -->

XVI Congreso Sociedad Catalana de Anatomía Patológica - Fundació TIC Salut i Social

XVI Congrés Societat Catalana d'Anatomia Patològica els dies 24 i 25 de maig a la Facultat de Medicina de Reus (c/ Sant Llorenç, 21 Reus).

Fundació TIC Salut i Social

XVI Congrés Societat Catalana d'Anatomia Patològica
