
{"id":24926,"date":"2024-01-24T10:32:48","date_gmt":"2024-01-24T08:32:48","guid":{"rendered":"https:\/\/ticsalutsocial.atoom.space\/?post_type=event&#038;p=24926"},"modified":"2024-01-24T10:33:56","modified_gmt":"2024-01-24T08:33:56","slug":"acte-de-presentacio-de-la-nova-oficina-dinnovacio-promoguda-per-pacients-i-cuidadors-oipc","status":"publish","type":"event","link":"https:\/\/ticsalutsocial.atoom.space\/es\/event\/acte-de-presentacio-de-la-nova-oficina-dinnovacio-promoguda-per-pacients-i-cuidadors-oipc\/","title":{"rendered":"Acte de presentaci\u00f3 de la nova Oficina d\u2019Innovaci\u00f3 promoguda per Pacients i Cuidadors (OIPC)"},"content":{"rendered":"\n<p>L&#8217;1 de febrer tindr\u00e0 lloc la\u00a0presentaci\u00f3 de la nova Oficina d&#8217;Innovaci\u00f3 promoguda per Pacients i Cuidadors que s&#8217;est\u00e0 consolidant a l&#8217;Hospital Cl\u00ednic de Barcelona.\u00a0<\/p>\n\n\n\n<p>L&#8217;acte tindr\u00e0 lloc de 12:00 a 14:00 a l&#8217;Hospital Cl\u00ednic de Barcelona.<\/p>\n","protected":false},"featured_media":24919,"menu_order":0,"template":"","meta":{"_acf_changed":false,"inline_featured_image":false},"tipus":[],"topic":[],"class_list":["post-24926","event","type-event","status-publish","has-post-thumbnail","hentry"],"acf":{"informacio":{"ubicacio":"Sala Farreras Valent\u00ed (Hospital Cl\u00ednic Barcelona)","data":"01\/02\/2024","hora":"12:00","preu":"","inscripcions":""},"programa":{"titol":"Programa","items":[{"titol":"12:00 Obertura de l\u2019acte","contingut":"Josep Maria Campistol \u2013 director general de l\u2019hospital Cl\u00ednic Barcelona.<br \/>\r\nOlga Rubio \u2013 responsable de l\u2019equip d\u2019Experi\u00e8ncia de Pacient de l\u2019hospital Cl\u00ednic Barcelona.<br \/>\r\nLina Williamson \u2013 cap d\u2019emprenedoria de l\u2019hospital Cl\u00ednic Barcelona"},{"titol":"12:15 Pacients i cuidadors com a motors d\u2019innovaci\u00f3 en la prestaci\u00f3 de serveis","contingut":"Joan Escarrabill \u2013 consultor em\u00e8rit. Observatori de l\u2019Experi\u00e8ncia de Pacient de l\u2019hospital Cl\u00ednic Barcelona"},{"titol":"Taula de debat","contingut":"Moderaci\u00f3: Joan Escarrabill<br \/>\r\nDavid Mar\u00ed - director de la Unitat de Salut Digital. Eurecat.<br \/>\r\nCristina Bustillo - cap de transformaci\u00f3 digital de la Fundaci\u00f3 TIC Salut Social.<br \/>\r\nPilar Navarro - directora de projectes de Fenin Catalunya.<br \/>\r\nMontse Moharra - Direcci\u00f3 d\u2019estrat\u00e8gia d\u2019AQuAS"},{"titol":"13:00 La perspectiva de pacient en la innovaci\u00f3 de serveis","contingut":"Moderaci\u00f3: Olga Rubio<br \/>\r\nMaria Constanza Lucero - directora M\u00e8dica Bielglasses."},{"titol":"13:30 Presentaci\u00f3 de la OIPC i obertura de la convocat\u00f2ria de projectes","contingut":"Joan Fernando \u2013 unitat d\u2019Experi\u00e8ncia de Pacient de l\u2019hospital Cl\u00ednic Barcelona.<br \/>\r\nLina Williamson - cap d\u2019emprenedoria de l\u2019hospital Cl\u00ednic Barcelona"},{"titol":"13:45 Torn obert de preguntes","contingut":""}]},"imatge":24919},"yoast_head":"<!-- This site is optimized with the Yoast SEO plugin v27.1.1 - https:\/\/yoast.com\/product\/yoast-seo-wordpress\/ -->\n<title>Acte de presentaci\u00f3 de la nova Oficina d\u2019Innovaci\u00f3 promoguda per Pacients i Cuidadors (OIPC) - Fundaci\u00f3 TIC Salut i Social<\/title>\n<meta name=\"robots\" content=\"index, follow, max-snippet:-1, max-image-preview:large, max-video-preview:-1\" \/>\n<link rel=\"canonical\" href=\"https:\/\/ticsalutsocial.atoom.space\/es\/event\/acte-de-presentacio-de-la-nova-oficina-dinnovacio-promoguda-per-pacients-i-cuidadors-oipc\/\" \/>\n<meta property=\"og:locale\" content=\"es_ES\" \/>\n<meta property=\"og:type\" content=\"article\" \/>\n<meta property=\"og:title\" content=\"Acte de presentaci\u00f3 de la nova Oficina d\u2019Innovaci\u00f3 promoguda per Pacients i Cuidadors (OIPC) - Fundaci\u00f3 TIC Salut i Social\" \/>\n<meta property=\"og:description\" content=\"L&#8217;1 de febrer tindr\u00e0 lloc la\u00a0presentaci\u00f3 de la nova Oficina d&#8217;Innovaci\u00f3 promoguda per Pacients i Cuidadors que s&#8217;est\u00e0 consolidant a l&#8217;Hospital Cl\u00ednic de Barcelona.\u00a0 L&#8217;acte tindr\u00e0 lloc de 12:00 a 14:00 a l&#8217;Hospital Cl\u00ednic de Barcelona.\" \/>\n<meta property=\"og:url\" content=\"https:\/\/ticsalutsocial.atoom.space\/es\/event\/acte-de-presentacio-de-la-nova-oficina-dinnovacio-promoguda-per-pacients-i-cuidadors-oipc\/\" \/>\n<meta property=\"og:site_name\" content=\"Fundaci\u00f3 TIC Salut i Social\" \/>\n<meta property=\"article:modified_time\" content=\"2024-01-24T08:33:56+00:00\" \/>\n<meta name=\"twitter:card\" content=\"summary_large_image\" \/>\n<script type=\"application\/ld+json\" class=\"yoast-schema-graph\">{\"@context\":\"https:\/\/schema.org\",\"@graph\":[{\"@type\":\"WebPage\",\"@id\":\"https:\/\/ticsalutsocial.atoom.space\/es\/event\/acte-de-presentacio-de-la-nova-oficina-dinnovacio-promoguda-per-pacients-i-cuidadors-oipc\/\",\"url\":\"https:\/\/ticsalutsocial.atoom.space\/es\/event\/acte-de-presentacio-de-la-nova-oficina-dinnovacio-promoguda-per-pacients-i-cuidadors-oipc\/\",\"name\":\"Acte de presentaci\u00f3 de la nova Oficina d\u2019Innovaci\u00f3 promoguda per Pacients i Cuidadors (OIPC) - Fundaci\u00f3 TIC Salut i Social\",\"isPartOf\":{\"@id\":\"https:\/\/ticsalutsocial.atoom.space\/es\/#website\"},\"primaryImageOfPage\":{\"@id\":\"https:\/\/ticsalutsocial.atoom.space\/es\/event\/acte-de-presentacio-de-la-nova-oficina-dinnovacio-promoguda-per-pacients-i-cuidadors-oipc\/#primaryimage\"},\"image\":{\"@id\":\"https:\/\/ticsalutsocial.atoom.space\/es\/event\/acte-de-presentacio-de-la-nova-oficina-dinnovacio-promoguda-per-pacients-i-cuidadors-oipc\/#primaryimage\"},\"thumbnailUrl\":\"https:\/\/ticsalutsocial.atoom.space\/wp-content\/uploads\/2024\/01\/oipc.png\",\"datePublished\":\"2024-01-24T08:32:48+00:00\",\"dateModified\":\"2024-01-24T08:33:56+00:00\",\"breadcrumb\":{\"@id\":\"https:\/\/ticsalutsocial.atoom.space\/es\/event\/acte-de-presentacio-de-la-nova-oficina-dinnovacio-promoguda-per-pacients-i-cuidadors-oipc\/#breadcrumb\"},\"inLanguage\":\"es\",\"potentialAction\":[{\"@type\":\"ReadAction\",\"target\":[\"https:\/\/ticsalutsocial.atoom.space\/es\/event\/acte-de-presentacio-de-la-nova-oficina-dinnovacio-promoguda-per-pacients-i-cuidadors-oipc\/\"]}]},{\"@type\":\"ImageObject\",\"inLanguage\":\"es\",\"@id\":\"https:\/\/ticsalutsocial.atoom.space\/es\/event\/acte-de-presentacio-de-la-nova-oficina-dinnovacio-promoguda-per-pacients-i-cuidadors-oipc\/#primaryimage\",\"url\":\"https:\/\/ticsalutsocial.atoom.space\/wp-content\/uploads\/2024\/01\/oipc.png\",\"contentUrl\":\"https:\/\/ticsalutsocial.atoom.space\/wp-content\/uploads\/2024\/01\/oipc.png\",\"width\":786,\"height\":343},{\"@type\":\"BreadcrumbList\",\"@id\":\"https:\/\/ticsalutsocial.atoom.space\/es\/event\/acte-de-presentacio-de-la-nova-oficina-dinnovacio-promoguda-per-pacients-i-cuidadors-oipc\/#breadcrumb\",\"itemListElement\":[{\"@type\":\"ListItem\",\"position\":1,\"name\":\"Inici\",\"item\":\"https:\/\/ticsalutsocial.atoom.space\/es\/\"},{\"@type\":\"ListItem\",\"position\":2,\"name\":\"Acte de presentaci\u00f3 de la nova Oficina d\u2019Innovaci\u00f3 promoguda per Pacients i Cuidadors (OIPC)\"}]},{\"@type\":\"WebSite\",\"@id\":\"https:\/\/ticsalutsocial.atoom.space\/es\/#website\",\"url\":\"https:\/\/ticsalutsocial.atoom.space\/es\/\",\"name\":\"Fundaci\u00f3 TIC Salut i Social\",\"description\":\"\",\"potentialAction\":[{\"@type\":\"SearchAction\",\"target\":{\"@type\":\"EntryPoint\",\"urlTemplate\":\"https:\/\/ticsalutsocial.atoom.space\/es\/?s={search_term_string}\"},\"query-input\":{\"@type\":\"PropertyValueSpecification\",\"valueRequired\":true,\"valueName\":\"search_term_string\"}}],\"inLanguage\":\"es\"}]}<\/script>\n<!-- \/ Yoast SEO plugin. -->","yoast_head_json":{"title":"Acte de presentaci\u00f3 de la nova Oficina d\u2019Innovaci\u00f3 promoguda per Pacients i Cuidadors (OIPC) - Fundaci\u00f3 TIC Salut i Social","robots":{"index":"index","follow":"follow","max-snippet":"max-snippet:-1","max-image-preview":"max-image-preview:large","max-video-preview":"max-video-preview:-1"},"canonical":"https:\/\/ticsalutsocial.atoom.space\/es\/event\/acte-de-presentacio-de-la-nova-oficina-dinnovacio-promoguda-per-pacients-i-cuidadors-oipc\/","og_locale":"es_ES","og_type":"article","og_title":"Acte de presentaci\u00f3 de la nova Oficina d\u2019Innovaci\u00f3 promoguda per Pacients i Cuidadors (OIPC) - Fundaci\u00f3 TIC Salut i Social","og_description":"L&#8217;1 de febrer tindr\u00e0 lloc la\u00a0presentaci\u00f3 de la nova Oficina d&#8217;Innovaci\u00f3 promoguda per Pacients i Cuidadors que s&#8217;est\u00e0 consolidant a l&#8217;Hospital Cl\u00ednic de Barcelona.\u00a0 L&#8217;acte tindr\u00e0 lloc de 12:00 a 14:00 a l&#8217;Hospital Cl\u00ednic de Barcelona.","og_url":"https:\/\/ticsalutsocial.atoom.space\/es\/event\/acte-de-presentacio-de-la-nova-oficina-dinnovacio-promoguda-per-pacients-i-cuidadors-oipc\/","og_site_name":"Fundaci\u00f3 TIC Salut i Social","article_modified_time":"2024-01-24T08:33:56+00:00","twitter_card":"summary_large_image","schema":{"@context":"https:\/\/schema.org","@graph":[{"@type":"WebPage","@id":"https:\/\/ticsalutsocial.atoom.space\/es\/event\/acte-de-presentacio-de-la-nova-oficina-dinnovacio-promoguda-per-pacients-i-cuidadors-oipc\/","url":"https:\/\/ticsalutsocial.atoom.space\/es\/event\/acte-de-presentacio-de-la-nova-oficina-dinnovacio-promoguda-per-pacients-i-cuidadors-oipc\/","name":"Acte de presentaci\u00f3 de la nova Oficina d\u2019Innovaci\u00f3 promoguda per Pacients i Cuidadors (OIPC) - Fundaci\u00f3 TIC Salut i Social","isPartOf":{"@id":"https:\/\/ticsalutsocial.atoom.space\/es\/#website"},"primaryImageOfPage":{"@id":"https:\/\/ticsalutsocial.atoom.space\/es\/event\/acte-de-presentacio-de-la-nova-oficina-dinnovacio-promoguda-per-pacients-i-cuidadors-oipc\/#primaryimage"},"image":{"@id":"https:\/\/ticsalutsocial.atoom.space\/es\/event\/acte-de-presentacio-de-la-nova-oficina-dinnovacio-promoguda-per-pacients-i-cuidadors-oipc\/#primaryimage"},"thumbnailUrl":"https:\/\/ticsalutsocial.atoom.space\/wp-content\/uploads\/2024\/01\/oipc.png","datePublished":"2024-01-24T08:32:48+00:00","dateModified":"2024-01-24T08:33:56+00:00","breadcrumb":{"@id":"https:\/\/ticsalutsocial.atoom.space\/es\/event\/acte-de-presentacio-de-la-nova-oficina-dinnovacio-promoguda-per-pacients-i-cuidadors-oipc\/#breadcrumb"},"inLanguage":"es","potentialAction":[{"@type":"ReadAction","target":["https:\/\/ticsalutsocial.atoom.space\/es\/event\/acte-de-presentacio-de-la-nova-oficina-dinnovacio-promoguda-per-pacients-i-cuidadors-oipc\/"]}]},{"@type":"ImageObject","inLanguage":"es","@id":"https:\/\/ticsalutsocial.atoom.space\/es\/event\/acte-de-presentacio-de-la-nova-oficina-dinnovacio-promoguda-per-pacients-i-cuidadors-oipc\/#primaryimage","url":"https:\/\/ticsalutsocial.atoom.space\/wp-content\/uploads\/2024\/01\/oipc.png","contentUrl":"https:\/\/ticsalutsocial.atoom.space\/wp-content\/uploads\/2024\/01\/oipc.png","width":786,"height":343},{"@type":"BreadcrumbList","@id":"https:\/\/ticsalutsocial.atoom.space\/es\/event\/acte-de-presentacio-de-la-nova-oficina-dinnovacio-promoguda-per-pacients-i-cuidadors-oipc\/#breadcrumb","itemListElement":[{"@type":"ListItem","position":1,"name":"Inici","item":"https:\/\/ticsalutsocial.atoom.space\/es\/"},{"@type":"ListItem","position":2,"name":"Acte de presentaci\u00f3 de la nova Oficina d\u2019Innovaci\u00f3 promoguda per Pacients i Cuidadors (OIPC)"}]},{"@type":"WebSite","@id":"https:\/\/ticsalutsocial.atoom.space\/es\/#website","url":"https:\/\/ticsalutsocial.atoom.space\/es\/","name":"Fundaci\u00f3 TIC Salut i Social","description":"","potentialAction":[{"@type":"SearchAction","target":{"@type":"EntryPoint","urlTemplate":"https:\/\/ticsalutsocial.atoom.space\/es\/?s={search_term_string}"},"query-input":{"@type":"PropertyValueSpecification","valueRequired":true,"valueName":"search_term_string"}}],"inLanguage":"es"}]}},"_links":{"self":[{"href":"https:\/\/ticsalutsocial.atoom.space\/es\/wp-json\/wp\/v2\/event\/24926","targetHints":{"allow":["GET"]}}],"collection":[{"href":"https:\/\/ticsalutsocial.atoom.space\/es\/wp-json\/wp\/v2\/event"}],"about":[{"href":"https:\/\/ticsalutsocial.atoom.space\/es\/wp-json\/wp\/v2\/types\/event"}],"wp:featuredmedia":[{"embeddable":true,"href":"https:\/\/ticsalutsocial.atoom.space\/es\/wp-json\/wp\/v2\/media\/24919"}],"wp:attachment":[{"href":"https:\/\/ticsalutsocial.atoom.space\/es\/wp-json\/wp\/v2\/media?parent=24926"}],"wp:term":[{"taxonomy":"tipus","embeddable":true,"href":"https:\/\/ticsalutsocial.atoom.space\/es\/wp-json\/wp\/v2\/tipus?post=24926"},{"taxonomy":"topic","embeddable":true,"href":"https:\/\/ticsalutsocial.atoom.space\/es\/wp-json\/wp\/v2\/topic?post=24926"}],"curies":[{"name":"wp","href":"https:\/\/api.w.org\/{rel}","templated":true}]}}

Acte de presentació de la nova Oficina d’Innovació promoguda per Pacients i Cuidadors (OIPC)

<p>L&#8217;1 de febrer tindrà lloc la presentació de la nova Oficina d&#8217;Innovació promoguda per Pacients i Cuidadors que s&#8217;està consolidant a l&#8217;Hospital Clínic de Barcelona. </p>



<p>L&#8217;acte tindrà lloc de 12:00 a 14:00 a l&#8217;Hospital Clínic de Barcelona.</p>

Sala Farreras Valentí (Hospital Clínic Barcelona)

Josep Maria Campistol – director general de l’hospital Clínic Barcelona.<br />
Olga Rubio – responsable de l’equip d’Experiència de Pacient de l’hospital Clínic Barcelona.<br />
Lina Williamson – cap d’emprenedoria de l’hospital Clínic Barcelona

12:15 Pacients i cuidadors com a motors d’innovació en la prestació de serveis

Joan Escarrabill – consultor emèrit. Observatori de l’Experiència de Pacient de l’hospital Clínic Barcelona

Moderació: Joan Escarrabill<br />
David Marí - director de la Unitat de Salut Digital. Eurecat.<br />
Cristina Bustillo - cap de transformació digital de la Fundació TIC Salut Social.<br />
Pilar Navarro - directora de projectes de Fenin Catalunya.<br />
Montse Moharra - Direcció d’estratègia d’AQuAS

13:00 La perspectiva de pacient en la innovació de serveis

Moderació: Olga Rubio<br />
Maria Constanza Lucero - directora Mèdica Bielglasses.

13:30 Presentació de la OIPC i obertura de la convocatòria de projectes

Joan Fernando – unitat d’Experiència de Pacient de l’hospital Clínic Barcelona.<br />
Lina Williamson - cap d’emprenedoria de l’hospital Clínic Barcelona

<!-- This site is optimized with the Yoast SEO plugin v27.1.1 - https://yoast.com/product/yoast-seo-wordpress/ -->
<title>Acte de presentació de la nova Oficina d’Innovació promoguda per Pacients i Cuidadors (OIPC) - Fundació TIC Salut i Social</title>
<meta name="robots" content="index, follow, max-snippet:-1, max-image-preview:large, max-video-preview:-1" />
<link rel="canonical" href="https://ticsalutsocial.atoom.space/es/event/acte-de-presentacio-de-la-nova-oficina-dinnovacio-promoguda-per-pacients-i-cuidadors-oipc/" />
<meta property="og:locale" content="es_ES" />
<meta property="og:type" content="article" />
<meta property="og:title" content="Acte de presentació de la nova Oficina d’Innovació promoguda per Pacients i Cuidadors (OIPC) - Fundació TIC Salut i Social" />
<meta property="og:description" content="L&#8217;1 de febrer tindrà lloc la presentació de la nova Oficina d&#8217;Innovació promoguda per Pacients i Cuidadors que s&#8217;està consolidant a l&#8217;Hospital Clínic de Barcelona.  L&#8217;acte tindrà lloc de 12:00 a 14:00 a l&#8217;Hospital Clínic de Barcelona." />
<meta property="og:url" content="https://ticsalutsocial.atoom.space/es/event/acte-de-presentacio-de-la-nova-oficina-dinnovacio-promoguda-per-pacients-i-cuidadors-oipc/" />
<meta property="og:site_name" content="Fundació TIC Salut i Social" />
<meta property="article:modified_time" content="2024-01-24T08:33:56+00:00" />
<meta name="twitter:card" content="summary_large_image" />
<script type="application/ld+json" class="yoast-schema-graph">{"@context":"https://schema.org","@graph":[{"@type":"WebPage","@id":"https://ticsalutsocial.atoom.space/es/event/acte-de-presentacio-de-la-nova-oficina-dinnovacio-promoguda-per-pacients-i-cuidadors-oipc/","url":"https://ticsalutsocial.atoom.space/es/event/acte-de-presentacio-de-la-nova-oficina-dinnovacio-promoguda-per-pacients-i-cuidadors-oipc/","name":"Acte de presentació de la nova Oficina d’Innovació promoguda per Pacients i Cuidadors (OIPC) - Fundació TIC Salut i Social","isPartOf":{"@id":"https://ticsalutsocial.atoom.space/es/#website"},"primaryImageOfPage":{"@id":"https://ticsalutsocial.atoom.space/es/event/acte-de-presentacio-de-la-nova-oficina-dinnovacio-promoguda-per-pacients-i-cuidadors-oipc/#primaryimage"},"image":{"@id":"https://ticsalutsocial.atoom.space/es/event/acte-de-presentacio-de-la-nova-oficina-dinnovacio-promoguda-per-pacients-i-cuidadors-oipc/#primaryimage"},"thumbnailUrl":"https://ticsalutsocial.atoom.space/wp-content/uploads/2024/01/oipc.png","datePublished":"2024-01-24T08:32:48+00:00","dateModified":"2024-01-24T08:33:56+00:00","breadcrumb":{"@id":"https://ticsalutsocial.atoom.space/es/event/acte-de-presentacio-de-la-nova-oficina-dinnovacio-promoguda-per-pacients-i-cuidadors-oipc/#breadcrumb"},"inLanguage":"es","potentialAction":[{"@type":"ReadAction","target":["https://ticsalutsocial.atoom.space/es/event/acte-de-presentacio-de-la-nova-oficina-dinnovacio-promoguda-per-pacients-i-cuidadors-oipc/"]}]},{"@type":"ImageObject","inLanguage":"es","@id":"https://ticsalutsocial.atoom.space/es/event/acte-de-presentacio-de-la-nova-oficina-dinnovacio-promoguda-per-pacients-i-cuidadors-oipc/#primaryimage","url":"https://ticsalutsocial.atoom.space/wp-content/uploads/2024/01/oipc.png","contentUrl":"https://ticsalutsocial.atoom.space/wp-content/uploads/2024/01/oipc.png","width":786,"height":343},{"@type":"BreadcrumbList","@id":"https://ticsalutsocial.atoom.space/es/event/acte-de-presentacio-de-la-nova-oficina-dinnovacio-promoguda-per-pacients-i-cuidadors-oipc/#breadcrumb","itemListElement":[{"@type":"ListItem","position":1,"name":"Inici","item":"https://ticsalutsocial.atoom.space/es/"},{"@type":"ListItem","position":2,"name":"Acte de presentació de la nova Oficina d’Innovació promoguda per Pacients i Cuidadors (OIPC)"}]},{"@type":"WebSite","@id":"https://ticsalutsocial.atoom.space/es/#website","url":"https://ticsalutsocial.atoom.space/es/","name":"Fundació TIC Salut i Social","description":"","potentialAction":[{"@type":"SearchAction","target":{"@type":"EntryPoint","urlTemplate":"https://ticsalutsocial.atoom.space/es/?s={search_term_string}"},"query-input":{"@type":"PropertyValueSpecification","valueRequired":true,"valueName":"search_term_string"}}],"inLanguage":"es"}]}</script>
<!-- / Yoast SEO plugin. -->

Acte de presentació de la nova Oficina d’Innovació promoguda per Pacients i Cuidadors (OIPC) - Fundació TIC Salut i Social

L&#8217;1 de febrer tindrà lloc la presentació de la nova Oficina d&#8217;Innovació promoguda per Pacients i Cuidadors que s&#8217;està consolidant a l&#8217;Hospital Clínic de Barcelona.  L&#8217;acte tindrà lloc de 12:00 a 14:00 a l&#8217;Hospital Clínic de Barcelona.

Fundació TIC Salut i Social
