
{"id":25980,"date":"2024-03-15T10:18:00","date_gmt":"2024-03-15T08:18:00","guid":{"rendered":"https:\/\/ticsalutsocial.atoom.space\/?post_type=event&#038;p=25980"},"modified":"2024-03-15T10:19:08","modified_gmt":"2024-03-15T08:19:08","slug":"connection-day-2024","status":"publish","type":"event","link":"https:\/\/ticsalutsocial.atoom.space\/es\/event\/connection-day-2024\/","title":{"rendered":"Connection Day 2024"},"content":{"rendered":"\n<p><strong>CataloniaBio &amp; HealthTech<\/strong>\u00a0celebrar\u00e0 la segona edici\u00f3 del\u00a0<strong>Connection Day\u00a0<\/strong>el dimarts\u00a0<strong>7 de maig<\/strong>, a La Farga Congress, a l\u2019Hospitalet de Llobregat.<\/p>\n\n\n\n<p>L\u2019objectiu d\u2019aquesta jornada \u00e9s ser un espai\u00a0<strong>referent de connexi\u00f3 B2B del sector salut<\/strong>, on els m\u00e9s de 225 membres de la comunitat CataloniaBio &amp; HealthTech, aix\u00ed com entitats de l\u2019ecosistema, puguin explorar sin\u00e8rgies i ponts de col\u00b7laboraci\u00f3 en els productes, serveis o solucions que ofereixen. S\u2019habilitar\u00e0\u00a0<strong>una zona d\u2019expositors<\/strong>\u00a0on les entitats podran promocionar-se i fomentar el\u00a0<em><strong>partnering\u00a0<\/strong><\/em><strong>amb la resta d\u2019assistents<\/strong>. Es complementar\u00e0 amb\u00a0<strong>sessions de presentaci\u00f3 d\u2019iniciatives empresarials en salut<\/strong>\u00a0i un\u00a0<strong>mercat de treball especialitzat<\/strong>. La jornada est\u00e0 dirigida a tot tipus d\u2019empreses del sector salut (biotech, medtech, pharma, salut digital iserveis), aix\u00ed com generadors de coneixement que vulguin valoritzar la seva tecnologia i\/o innovaci\u00f3.<\/p>\n","protected":false},"featured_media":0,"menu_order":0,"template":"","meta":{"_acf_changed":false,"inline_featured_image":false},"tipus":[],"topic":[],"class_list":["post-25980","event","type-event","status-publish","hentry"],"acf":{"informacio":{"ubicacio":"La Farga Congress (L'Hospitalet de Llobregat)","data":"07\/05\/2024","hora":"","preu":"","inscripcions":"https:\/\/cataloniabioht.org\/events\/connection-day-2024\/?lang=ca"},"programa":{"titol":"","items":false},"imatge":25978},"yoast_head":"<!-- This site is optimized with the Yoast SEO plugin v27.1.1 - https:\/\/yoast.com\/product\/yoast-seo-wordpress\/ -->\n<title>Connection Day 2024 - Fundaci\u00f3 TIC Salut i Social<\/title>\n<meta name=\"robots\" content=\"index, follow, max-snippet:-1, max-image-preview:large, max-video-preview:-1\" \/>\n<link rel=\"canonical\" href=\"https:\/\/ticsalutsocial.atoom.space\/es\/event\/connection-day-2024\/\" \/>\n<meta property=\"og:locale\" content=\"es_ES\" \/>\n<meta property=\"og:type\" content=\"article\" \/>\n<meta property=\"og:title\" content=\"Connection Day 2024 - Fundaci\u00f3 TIC Salut i Social\" \/>\n<meta property=\"og:description\" content=\"CataloniaBio &amp; HealthTech\u00a0celebrar\u00e0 la segona edici\u00f3 del\u00a0Connection Day\u00a0el dimarts\u00a07 de maig, a La Farga Congress, a l\u2019Hospitalet de Llobregat. L\u2019objectiu d\u2019aquesta jornada \u00e9s ser un espai\u00a0referent de connexi\u00f3 B2B del sector salut, on els m\u00e9s de 225 membres de la comunitat CataloniaBio &amp; HealthTech, aix\u00ed com entitats de l\u2019ecosistema, puguin explorar sin\u00e8rgies i ponts de [&hellip;]\" \/>\n<meta property=\"og:url\" content=\"https:\/\/ticsalutsocial.atoom.space\/es\/event\/connection-day-2024\/\" \/>\n<meta property=\"og:site_name\" content=\"Fundaci\u00f3 TIC Salut i Social\" \/>\n<meta property=\"article:modified_time\" content=\"2024-03-15T08:19:08+00:00\" \/>\n<meta name=\"twitter:card\" content=\"summary_large_image\" \/>\n<meta name=\"twitter:label1\" content=\"Tiempo de lectura\" \/>\n\t<meta name=\"twitter:data1\" content=\"1 minuto\" \/>\n<script type=\"application\/ld+json\" class=\"yoast-schema-graph\">{\"@context\":\"https:\/\/schema.org\",\"@graph\":[{\"@type\":\"WebPage\",\"@id\":\"https:\/\/ticsalutsocial.atoom.space\/es\/event\/connection-day-2024\/\",\"url\":\"https:\/\/ticsalutsocial.atoom.space\/es\/event\/connection-day-2024\/\",\"name\":\"Connection Day 2024 - Fundaci\u00f3 TIC Salut i Social\",\"isPartOf\":{\"@id\":\"https:\/\/ticsalutsocial.atoom.space\/es\/#website\"},\"datePublished\":\"2024-03-15T08:18:00+00:00\",\"dateModified\":\"2024-03-15T08:19:08+00:00\",\"breadcrumb\":{\"@id\":\"https:\/\/ticsalutsocial.atoom.space\/es\/event\/connection-day-2024\/#breadcrumb\"},\"inLanguage\":\"es\",\"potentialAction\":[{\"@type\":\"ReadAction\",\"target\":[\"https:\/\/ticsalutsocial.atoom.space\/es\/event\/connection-day-2024\/\"]}]},{\"@type\":\"BreadcrumbList\",\"@id\":\"https:\/\/ticsalutsocial.atoom.space\/es\/event\/connection-day-2024\/#breadcrumb\",\"itemListElement\":[{\"@type\":\"ListItem\",\"position\":1,\"name\":\"Inici\",\"item\":\"https:\/\/ticsalutsocial.atoom.space\/es\/\"},{\"@type\":\"ListItem\",\"position\":2,\"name\":\"Connection Day 2024\"}]},{\"@type\":\"WebSite\",\"@id\":\"https:\/\/ticsalutsocial.atoom.space\/es\/#website\",\"url\":\"https:\/\/ticsalutsocial.atoom.space\/es\/\",\"name\":\"Fundaci\u00f3 TIC Salut i Social\",\"description\":\"\",\"potentialAction\":[{\"@type\":\"SearchAction\",\"target\":{\"@type\":\"EntryPoint\",\"urlTemplate\":\"https:\/\/ticsalutsocial.atoom.space\/es\/?s={search_term_string}\"},\"query-input\":{\"@type\":\"PropertyValueSpecification\",\"valueRequired\":true,\"valueName\":\"search_term_string\"}}],\"inLanguage\":\"es\"}]}<\/script>\n<!-- \/ Yoast SEO plugin. -->","yoast_head_json":{"title":"Connection Day 2024 - Fundaci\u00f3 TIC Salut i Social","robots":{"index":"index","follow":"follow","max-snippet":"max-snippet:-1","max-image-preview":"max-image-preview:large","max-video-preview":"max-video-preview:-1"},"canonical":"https:\/\/ticsalutsocial.atoom.space\/es\/event\/connection-day-2024\/","og_locale":"es_ES","og_type":"article","og_title":"Connection Day 2024 - Fundaci\u00f3 TIC Salut i Social","og_description":"CataloniaBio &amp; HealthTech\u00a0celebrar\u00e0 la segona edici\u00f3 del\u00a0Connection Day\u00a0el dimarts\u00a07 de maig, a La Farga Congress, a l\u2019Hospitalet de Llobregat. L\u2019objectiu d\u2019aquesta jornada \u00e9s ser un espai\u00a0referent de connexi\u00f3 B2B del sector salut, on els m\u00e9s de 225 membres de la comunitat CataloniaBio &amp; HealthTech, aix\u00ed com entitats de l\u2019ecosistema, puguin explorar sin\u00e8rgies i ponts de [&hellip;]","og_url":"https:\/\/ticsalutsocial.atoom.space\/es\/event\/connection-day-2024\/","og_site_name":"Fundaci\u00f3 TIC Salut i Social","article_modified_time":"2024-03-15T08:19:08+00:00","twitter_card":"summary_large_image","twitter_misc":{"Tiempo de lectura":"1 minuto"},"schema":{"@context":"https:\/\/schema.org","@graph":[{"@type":"WebPage","@id":"https:\/\/ticsalutsocial.atoom.space\/es\/event\/connection-day-2024\/","url":"https:\/\/ticsalutsocial.atoom.space\/es\/event\/connection-day-2024\/","name":"Connection Day 2024 - Fundaci\u00f3 TIC Salut i Social","isPartOf":{"@id":"https:\/\/ticsalutsocial.atoom.space\/es\/#website"},"datePublished":"2024-03-15T08:18:00+00:00","dateModified":"2024-03-15T08:19:08+00:00","breadcrumb":{"@id":"https:\/\/ticsalutsocial.atoom.space\/es\/event\/connection-day-2024\/#breadcrumb"},"inLanguage":"es","potentialAction":[{"@type":"ReadAction","target":["https:\/\/ticsalutsocial.atoom.space\/es\/event\/connection-day-2024\/"]}]},{"@type":"BreadcrumbList","@id":"https:\/\/ticsalutsocial.atoom.space\/es\/event\/connection-day-2024\/#breadcrumb","itemListElement":[{"@type":"ListItem","position":1,"name":"Inici","item":"https:\/\/ticsalutsocial.atoom.space\/es\/"},{"@type":"ListItem","position":2,"name":"Connection Day 2024"}]},{"@type":"WebSite","@id":"https:\/\/ticsalutsocial.atoom.space\/es\/#website","url":"https:\/\/ticsalutsocial.atoom.space\/es\/","name":"Fundaci\u00f3 TIC Salut i Social","description":"","potentialAction":[{"@type":"SearchAction","target":{"@type":"EntryPoint","urlTemplate":"https:\/\/ticsalutsocial.atoom.space\/es\/?s={search_term_string}"},"query-input":{"@type":"PropertyValueSpecification","valueRequired":true,"valueName":"search_term_string"}}],"inLanguage":"es"}]}},"_links":{"self":[{"href":"https:\/\/ticsalutsocial.atoom.space\/es\/wp-json\/wp\/v2\/event\/25980","targetHints":{"allow":["GET"]}}],"collection":[{"href":"https:\/\/ticsalutsocial.atoom.space\/es\/wp-json\/wp\/v2\/event"}],"about":[{"href":"https:\/\/ticsalutsocial.atoom.space\/es\/wp-json\/wp\/v2\/types\/event"}],"wp:attachment":[{"href":"https:\/\/ticsalutsocial.atoom.space\/es\/wp-json\/wp\/v2\/media?parent=25980"}],"wp:term":[{"taxonomy":"tipus","embeddable":true,"href":"https:\/\/ticsalutsocial.atoom.space\/es\/wp-json\/wp\/v2\/tipus?post=25980"},{"taxonomy":"topic","embeddable":true,"href":"https:\/\/ticsalutsocial.atoom.space\/es\/wp-json\/wp\/v2\/topic?post=25980"}],"curies":[{"name":"wp","href":"https:\/\/api.w.org\/{rel}","templated":true}]}}

<p><strong>CataloniaBio &amp; HealthTech</strong> celebrarà la segona edició del <strong>Connection Day </strong>el dimarts <strong>7 de maig</strong>, a La Farga Congress, a l’Hospitalet de Llobregat.</p>



<p>L’objectiu d’aquesta jornada és ser un espai <strong>referent de connexió B2B del sector salut</strong>, on els més de 225 membres de la comunitat CataloniaBio &amp; HealthTech, així com entitats de l’ecosistema, puguin explorar sinèrgies i ponts de col·laboració en els productes, serveis o solucions que ofereixen. S’habilitarà <strong>una zona d’expositors</strong> on les entitats podran promocionar-se i fomentar el <em><strong>partnering </strong></em><strong>amb la resta d’assistents</strong>. Es complementarà amb <strong>sessions de presentació d’iniciatives empresarials en salut</strong> i un <strong>mercat de treball especialitzat</strong>. La jornada està dirigida a tot tipus d’empreses del sector salut (biotech, medtech, pharma, salut digital iserveis), així com generadors de coneixement que vulguin valoritzar la seva tecnologia i/o innovació.</p>

<!-- This site is optimized with the Yoast SEO plugin v27.1.1 - https://yoast.com/product/yoast-seo-wordpress/ -->
<title>Connection Day 2024 - Fundació TIC Salut i Social</title>
<meta name="robots" content="index, follow, max-snippet:-1, max-image-preview:large, max-video-preview:-1" />
<link rel="canonical" href="https://ticsalutsocial.atoom.space/es/event/connection-day-2024/" />
<meta property="og:locale" content="es_ES" />
<meta property="og:type" content="article" />
<meta property="og:title" content="Connection Day 2024 - Fundació TIC Salut i Social" />
<meta property="og:description" content="CataloniaBio &amp; HealthTech celebrarà la segona edició del Connection Day el dimarts 7 de maig, a La Farga Congress, a l’Hospitalet de Llobregat. L’objectiu d’aquesta jornada és ser un espai referent de connexió B2B del sector salut, on els més de 225 membres de la comunitat CataloniaBio &amp; HealthTech, així com entitats de l’ecosistema, puguin explorar sinèrgies i ponts de [&hellip;]" />
<meta property="og:url" content="https://ticsalutsocial.atoom.space/es/event/connection-day-2024/" />
<meta property="og:site_name" content="Fundació TIC Salut i Social" />
<meta property="article:modified_time" content="2024-03-15T08:19:08+00:00" />
<meta name="twitter:card" content="summary_large_image" />
<meta name="twitter:label1" content="Tiempo de lectura" />
	<meta name="twitter:data1" content="1 minuto" />
<script type="application/ld+json" class="yoast-schema-graph">{"@context":"https://schema.org","@graph":[{"@type":"WebPage","@id":"https://ticsalutsocial.atoom.space/es/event/connection-day-2024/","url":"https://ticsalutsocial.atoom.space/es/event/connection-day-2024/","name":"Connection Day 2024 - Fundació TIC Salut i Social","isPartOf":{"@id":"https://ticsalutsocial.atoom.space/es/#website"},"datePublished":"2024-03-15T08:18:00+00:00","dateModified":"2024-03-15T08:19:08+00:00","breadcrumb":{"@id":"https://ticsalutsocial.atoom.space/es/event/connection-day-2024/#breadcrumb"},"inLanguage":"es","potentialAction":[{"@type":"ReadAction","target":["https://ticsalutsocial.atoom.space/es/event/connection-day-2024/"]}]},{"@type":"BreadcrumbList","@id":"https://ticsalutsocial.atoom.space/es/event/connection-day-2024/#breadcrumb","itemListElement":[{"@type":"ListItem","position":1,"name":"Inici","item":"https://ticsalutsocial.atoom.space/es/"},{"@type":"ListItem","position":2,"name":"Connection Day 2024"}]},{"@type":"WebSite","@id":"https://ticsalutsocial.atoom.space/es/#website","url":"https://ticsalutsocial.atoom.space/es/","name":"Fundació TIC Salut i Social","description":"","potentialAction":[{"@type":"SearchAction","target":{"@type":"EntryPoint","urlTemplate":"https://ticsalutsocial.atoom.space/es/?s={search_term_string}"},"query-input":{"@type":"PropertyValueSpecification","valueRequired":true,"valueName":"search_term_string"}}],"inLanguage":"es"}]}</script>
<!-- / Yoast SEO plugin. -->

Connection Day 2024 - Fundació TIC Salut i Social

CataloniaBio &amp; HealthTech celebrarà la segona edició del Connection Day el dimarts 7 de maig, a La Farga Congress, a l’Hospitalet de Llobregat. L’objectiu d’aquesta jornada és ser un espai referent de connexió B2B del sector salut, on els més de 225 membres de la comunitat CataloniaBio &amp; HealthTech, així com entitats de l’ecosistema, puguin explorar sinèrgies i ponts de [&hellip;]

Fundació TIC Salut i Social
