
{"id":26007,"date":"2024-03-20T16:28:18","date_gmt":"2024-03-20T14:28:18","guid":{"rendered":"https:\/\/ticsalutsocial.atoom.space\/event\/4a-edicio-del-congres-de-competencies-digitals\/"},"modified":"2024-04-03T09:27:26","modified_gmt":"2024-04-03T07:27:26","slug":"4a-edicio-del-congres-de-competencies-digitals","status":"publish","type":"event","link":"https:\/\/ticsalutsocial.atoom.space\/es\/event\/4a-edicio-del-congres-de-competencies-digitals\/","title":{"rendered":"4\u00aa Edici\u00f3n del Congreso de Competencias Digitales"},"content":{"rendered":"\n<p>El <strong>10 de abril de 2024<\/strong>, el Cibern\u00e0rium de Barcelona Activa acoger\u00e1 la cuarta edici\u00f3n del Congreso de competencias digitales, que este a\u00f1o se articula bajo el lema \u201c<strong>Autonom\u00eda digital a lo largo de la vida<\/strong>\u201d. El evento, que en esta edici\u00f3n tendr\u00e1 formato h\u00edbrido, contar\u00e1 tambi\u00e9n con distintos talleres virtuales de tipo metodol\u00f3gico y tecnol\u00f3gico previstos durante la semana de celebraci\u00f3n del congreso.<\/p>\n\n\n\n<p>El&nbsp;<a href=\"https:\/\/actic.gencat.cat\/ca\/congres\/programa\/\" target=\"_blank\" rel=\"noreferrer noopener\">programa<\/a>&nbsp;inclou confer\u00e8ncies i taules rodones presencials, aix\u00ed com diferents&nbsp;<a href=\"https:\/\/actic.gencat.cat\/ca\/congres\/tallers\/\" target=\"_blank\" rel=\"noreferrer noopener\">tallers pr\u00e0ctics i virtuals<\/a>.<\/p>\n\n\n\n<p>El <a href=\"https:\/\/actic.gencat.cat\/ca\/congres\/programa\/\" target=\"_blank\" rel=\"noreferrer noopener\">programa<\/a> incluye conferencias y mesas redondas presenciales, as\u00ed como diferentes <a href=\"https:\/\/actic.gencat.cat\/ca\/congres\/tallers\/\" target=\"_blank\" rel=\"noreferrer noopener\">talleres pr\u00e1cticos y virtuales.<\/a><\/p>\n\n\n\n<p>El Congreso de competencias digitales es una iniciativa conjunta del Departamento de Empresa y Trabajo de la Generalidad de Catalu\u00f1a, Barcelona Activa, Blanquerna &#8211; Universidad Ramon Llull y la Universidad Abierta de Catalu\u00f1a. Esta edici\u00f3n cuenta con el soporte de Eurecat.<\/p>\n\n\n\n<p>El <strong>Joan Guanyabens<\/strong>, director de la Fundaci\u00f3, presenta la sessi\u00f3 <strong>\u00abTIC i salut\u00bb<\/strong>, on la <strong>Elisenda Reixach<\/strong>,&nbsp;responsable Imatge M\u00e8dica i Formaci\u00f3 de la Fundaci\u00f3, parlar\u00e0 sobre &nbsp;<strong>Com millorar les compet\u00e8ncies digitals dels professionals de la salut<\/strong>.<\/p>\n\n\n\n<p><strong>Elisenda Reixach<\/strong>, responsable de Imagen M\u00e9dica y Formaci\u00f3n de la Fundaci\u00f3n, hablar\u00e1 sobre <strong>C\u00f3mo mejorar las competencias digitales de los profesionales de la salud<\/strong>.<\/p>\n","protected":false},"featured_media":26005,"menu_order":0,"template":"","meta":{"_acf_changed":false,"inline_featured_image":false},"tipus":[],"topic":[],"class_list":["post-26007","event","type-event","status-publish","has-post-thumbnail","hentry"],"acf":{"imatge":26005,"informacio":{"ubicacio":"Cibern\u00e0rium de Barcelona","data":"10\/04\/2024","hora":"","preu":"","inscripcions":"https:\/\/cibernarium.barcelonactiva.cat\/web\/guest\/ficha-actividad?activityId=1314175"},"programa":{"titol":"","items":false},"documents":false},"yoast_head":"<!-- This site is optimized with the Yoast SEO plugin v27.1.1 - https:\/\/yoast.com\/product\/yoast-seo-wordpress\/ -->\n<title>4\u00aa Edici\u00f3n del Congreso de Competencias Digitales - Fundaci\u00f3 TIC Salut i Social<\/title>\n<meta name=\"description\" content=\"La 4a edici\u00f3 del Congr\u00e9s de Compet\u00e8ncies Digitals ser\u00e0 el 10 d\u2019abril de 2024, i es realitzar\u00e0 en format h\u00edbrid.\" \/>\n<meta name=\"robots\" content=\"index, follow, max-snippet:-1, max-image-preview:large, max-video-preview:-1\" \/>\n<link rel=\"canonical\" href=\"https:\/\/ticsalutsocial.atoom.space\/es\/event\/4a-edicio-del-congres-de-competencies-digitals\/\" \/>\n<meta property=\"og:locale\" content=\"es_ES\" \/>\n<meta property=\"og:type\" content=\"article\" \/>\n<meta property=\"og:title\" content=\"4\u00aa Edici\u00f3n del Congreso de Competencias Digitales - Fundaci\u00f3 TIC Salut i Social\" \/>\n<meta property=\"og:description\" content=\"La 4a edici\u00f3 del Congr\u00e9s de Compet\u00e8ncies Digitals ser\u00e0 el 10 d\u2019abril de 2024, i es realitzar\u00e0 en format h\u00edbrid.\" \/>\n<meta property=\"og:url\" content=\"https:\/\/ticsalutsocial.atoom.space\/es\/event\/4a-edicio-del-congres-de-competencies-digitals\/\" \/>\n<meta property=\"og:site_name\" content=\"Fundaci\u00f3 TIC Salut i Social\" \/>\n<meta property=\"article:modified_time\" content=\"2024-04-03T07:27:26+00:00\" \/>\n<meta property=\"og:image\" content=\"https:\/\/ticsalutsocial.atoom.space\/wp-content\/uploads\/2024\/03\/23-TWITTER-1200X627-CAT-scaled.jpg\" \/>\n\t<meta property=\"og:image:width\" content=\"2560\" \/>\n\t<meta property=\"og:image:height\" content=\"1440\" \/>\n\t<meta property=\"og:image:type\" content=\"image\/jpeg\" \/>\n<meta name=\"twitter:card\" content=\"summary_large_image\" \/>\n<meta name=\"twitter:label1\" content=\"Tiempo de lectura\" \/>\n\t<meta name=\"twitter:data1\" content=\"2 minutos\" \/>\n<script type=\"application\/ld+json\" class=\"yoast-schema-graph\">{\"@context\":\"https:\/\/schema.org\",\"@graph\":[{\"@type\":\"WebPage\",\"@id\":\"https:\/\/ticsalutsocial.atoom.space\/es\/event\/4a-edicio-del-congres-de-competencies-digitals\/\",\"url\":\"https:\/\/ticsalutsocial.atoom.space\/es\/event\/4a-edicio-del-congres-de-competencies-digitals\/\",\"name\":\"4\u00aa Edici\u00f3n del Congreso de Competencias Digitales - Fundaci\u00f3 TIC Salut i Social\",\"isPartOf\":{\"@id\":\"https:\/\/ticsalutsocial.atoom.space\/es\/#website\"},\"primaryImageOfPage\":{\"@id\":\"https:\/\/ticsalutsocial.atoom.space\/es\/event\/4a-edicio-del-congres-de-competencies-digitals\/#primaryimage\"},\"image\":{\"@id\":\"https:\/\/ticsalutsocial.atoom.space\/es\/event\/4a-edicio-del-congres-de-competencies-digitals\/#primaryimage\"},\"thumbnailUrl\":\"https:\/\/ticsalutsocial.atoom.space\/wp-content\/uploads\/2024\/03\/23-TWITTER-1200X627-CAT-scaled.jpg\",\"datePublished\":\"2024-03-20T14:28:18+00:00\",\"dateModified\":\"2024-04-03T07:27:26+00:00\",\"description\":\"La 4a edici\u00f3 del Congr\u00e9s de Compet\u00e8ncies Digitals ser\u00e0 el 10 d\u2019abril de 2024, i es realitzar\u00e0 en format h\u00edbrid.\",\"breadcrumb\":{\"@id\":\"https:\/\/ticsalutsocial.atoom.space\/es\/event\/4a-edicio-del-congres-de-competencies-digitals\/#breadcrumb\"},\"inLanguage\":\"es\",\"potentialAction\":[{\"@type\":\"ReadAction\",\"target\":[\"https:\/\/ticsalutsocial.atoom.space\/es\/event\/4a-edicio-del-congres-de-competencies-digitals\/\"]}]},{\"@type\":\"ImageObject\",\"inLanguage\":\"es\",\"@id\":\"https:\/\/ticsalutsocial.atoom.space\/es\/event\/4a-edicio-del-congres-de-competencies-digitals\/#primaryimage\",\"url\":\"https:\/\/ticsalutsocial.atoom.space\/wp-content\/uploads\/2024\/03\/23-TWITTER-1200X627-CAT-scaled.jpg\",\"contentUrl\":\"https:\/\/ticsalutsocial.atoom.space\/wp-content\/uploads\/2024\/03\/23-TWITTER-1200X627-CAT-scaled.jpg\",\"width\":2560,\"height\":1440,\"caption\":\"4a Edici\u00f3 del Congr\u00e9s de Compet\u00e8ncies Digitals\"},{\"@type\":\"BreadcrumbList\",\"@id\":\"https:\/\/ticsalutsocial.atoom.space\/es\/event\/4a-edicio-del-congres-de-competencies-digitals\/#breadcrumb\",\"itemListElement\":[{\"@type\":\"ListItem\",\"position\":1,\"name\":\"Inici\",\"item\":\"https:\/\/ticsalutsocial.atoom.space\/es\/\"},{\"@type\":\"ListItem\",\"position\":2,\"name\":\"4\u00aa Edici\u00f3n del Congreso de Competencias Digitales\"}]},{\"@type\":\"WebSite\",\"@id\":\"https:\/\/ticsalutsocial.atoom.space\/es\/#website\",\"url\":\"https:\/\/ticsalutsocial.atoom.space\/es\/\",\"name\":\"Fundaci\u00f3 TIC Salut i Social\",\"description\":\"\",\"potentialAction\":[{\"@type\":\"SearchAction\",\"target\":{\"@type\":\"EntryPoint\",\"urlTemplate\":\"https:\/\/ticsalutsocial.atoom.space\/es\/?s={search_term_string}\"},\"query-input\":{\"@type\":\"PropertyValueSpecification\",\"valueRequired\":true,\"valueName\":\"search_term_string\"}}],\"inLanguage\":\"es\"}]}<\/script>\n<!-- \/ Yoast SEO plugin. -->","yoast_head_json":{"title":"4\u00aa Edici\u00f3n del Congreso de Competencias Digitales - Fundaci\u00f3 TIC Salut i Social","description":"La 4a edici\u00f3 del Congr\u00e9s de Compet\u00e8ncies Digitals ser\u00e0 el 10 d\u2019abril de 2024, i es realitzar\u00e0 en format h\u00edbrid.","robots":{"index":"index","follow":"follow","max-snippet":"max-snippet:-1","max-image-preview":"max-image-preview:large","max-video-preview":"max-video-preview:-1"},"canonical":"https:\/\/ticsalutsocial.atoom.space\/es\/event\/4a-edicio-del-congres-de-competencies-digitals\/","og_locale":"es_ES","og_type":"article","og_title":"4\u00aa Edici\u00f3n del Congreso de Competencias Digitales - Fundaci\u00f3 TIC Salut i Social","og_description":"La 4a edici\u00f3 del Congr\u00e9s de Compet\u00e8ncies Digitals ser\u00e0 el 10 d\u2019abril de 2024, i es realitzar\u00e0 en format h\u00edbrid.","og_url":"https:\/\/ticsalutsocial.atoom.space\/es\/event\/4a-edicio-del-congres-de-competencies-digitals\/","og_site_name":"Fundaci\u00f3 TIC Salut i Social","article_modified_time":"2024-04-03T07:27:26+00:00","og_image":[{"width":2560,"height":1440,"url":"https:\/\/ticsalutsocial.atoom.space\/wp-content\/uploads\/2024\/03\/23-TWITTER-1200X627-CAT-scaled.jpg","type":"image\/jpeg"}],"twitter_card":"summary_large_image","twitter_misc":{"Tiempo de lectura":"2 minutos"},"schema":{"@context":"https:\/\/schema.org","@graph":[{"@type":"WebPage","@id":"https:\/\/ticsalutsocial.atoom.space\/es\/event\/4a-edicio-del-congres-de-competencies-digitals\/","url":"https:\/\/ticsalutsocial.atoom.space\/es\/event\/4a-edicio-del-congres-de-competencies-digitals\/","name":"4\u00aa Edici\u00f3n del Congreso de Competencias Digitales - Fundaci\u00f3 TIC Salut i Social","isPartOf":{"@id":"https:\/\/ticsalutsocial.atoom.space\/es\/#website"},"primaryImageOfPage":{"@id":"https:\/\/ticsalutsocial.atoom.space\/es\/event\/4a-edicio-del-congres-de-competencies-digitals\/#primaryimage"},"image":{"@id":"https:\/\/ticsalutsocial.atoom.space\/es\/event\/4a-edicio-del-congres-de-competencies-digitals\/#primaryimage"},"thumbnailUrl":"https:\/\/ticsalutsocial.atoom.space\/wp-content\/uploads\/2024\/03\/23-TWITTER-1200X627-CAT-scaled.jpg","datePublished":"2024-03-20T14:28:18+00:00","dateModified":"2024-04-03T07:27:26+00:00","description":"La 4a edici\u00f3 del Congr\u00e9s de Compet\u00e8ncies Digitals ser\u00e0 el 10 d\u2019abril de 2024, i es realitzar\u00e0 en format h\u00edbrid.","breadcrumb":{"@id":"https:\/\/ticsalutsocial.atoom.space\/es\/event\/4a-edicio-del-congres-de-competencies-digitals\/#breadcrumb"},"inLanguage":"es","potentialAction":[{"@type":"ReadAction","target":["https:\/\/ticsalutsocial.atoom.space\/es\/event\/4a-edicio-del-congres-de-competencies-digitals\/"]}]},{"@type":"ImageObject","inLanguage":"es","@id":"https:\/\/ticsalutsocial.atoom.space\/es\/event\/4a-edicio-del-congres-de-competencies-digitals\/#primaryimage","url":"https:\/\/ticsalutsocial.atoom.space\/wp-content\/uploads\/2024\/03\/23-TWITTER-1200X627-CAT-scaled.jpg","contentUrl":"https:\/\/ticsalutsocial.atoom.space\/wp-content\/uploads\/2024\/03\/23-TWITTER-1200X627-CAT-scaled.jpg","width":2560,"height":1440,"caption":"4a Edici\u00f3 del Congr\u00e9s de Compet\u00e8ncies Digitals"},{"@type":"BreadcrumbList","@id":"https:\/\/ticsalutsocial.atoom.space\/es\/event\/4a-edicio-del-congres-de-competencies-digitals\/#breadcrumb","itemListElement":[{"@type":"ListItem","position":1,"name":"Inici","item":"https:\/\/ticsalutsocial.atoom.space\/es\/"},{"@type":"ListItem","position":2,"name":"4\u00aa Edici\u00f3n del Congreso de Competencias Digitales"}]},{"@type":"WebSite","@id":"https:\/\/ticsalutsocial.atoom.space\/es\/#website","url":"https:\/\/ticsalutsocial.atoom.space\/es\/","name":"Fundaci\u00f3 TIC Salut i Social","description":"","potentialAction":[{"@type":"SearchAction","target":{"@type":"EntryPoint","urlTemplate":"https:\/\/ticsalutsocial.atoom.space\/es\/?s={search_term_string}"},"query-input":{"@type":"PropertyValueSpecification","valueRequired":true,"valueName":"search_term_string"}}],"inLanguage":"es"}]}},"_links":{"self":[{"href":"https:\/\/ticsalutsocial.atoom.space\/es\/wp-json\/wp\/v2\/event\/26007","targetHints":{"allow":["GET"]}}],"collection":[{"href":"https:\/\/ticsalutsocial.atoom.space\/es\/wp-json\/wp\/v2\/event"}],"about":[{"href":"https:\/\/ticsalutsocial.atoom.space\/es\/wp-json\/wp\/v2\/types\/event"}],"wp:featuredmedia":[{"embeddable":true,"href":"https:\/\/ticsalutsocial.atoom.space\/es\/wp-json\/wp\/v2\/media\/26005"}],"wp:attachment":[{"href":"https:\/\/ticsalutsocial.atoom.space\/es\/wp-json\/wp\/v2\/media?parent=26007"}],"wp:term":[{"taxonomy":"tipus","embeddable":true,"href":"https:\/\/ticsalutsocial.atoom.space\/es\/wp-json\/wp\/v2\/tipus?post=26007"},{"taxonomy":"topic","embeddable":true,"href":"https:\/\/ticsalutsocial.atoom.space\/es\/wp-json\/wp\/v2\/topic?post=26007"}],"curies":[{"name":"wp","href":"https:\/\/api.w.org\/{rel}","templated":true}]}}

4ª Edición del Congreso de Competencias Digitales

<p>El <strong>10 de abril de 2024</strong>, el Cibernàrium de Barcelona Activa acogerá la cuarta edición del Congreso de competencias digitales, que este año se articula bajo el lema “<strong>Autonomía digital a lo largo de la vida</strong>”. El evento, que en esta edición tendrá formato híbrido, contará también con distintos talleres virtuales de tipo metodológico y tecnológico previstos durante la semana de celebración del congreso.</p>



<p>El&nbsp;<a href="https://actic.gencat.cat/ca/congres/programa/" target="_blank" rel="noreferrer noopener">programa</a>&nbsp;inclou conferències i taules rodones presencials, així com diferents&nbsp;<a href="https://actic.gencat.cat/ca/congres/tallers/" target="_blank" rel="noreferrer noopener">tallers pràctics i virtuals</a>.</p>



<p>El <a href="https://actic.gencat.cat/ca/congres/programa/" target="_blank" rel="noreferrer noopener">programa</a> incluye conferencias y mesas redondas presenciales, así como diferentes <a href="https://actic.gencat.cat/ca/congres/tallers/" target="_blank" rel="noreferrer noopener">talleres prácticos y virtuales.</a></p>



<p>El Congreso de competencias digitales es una iniciativa conjunta del Departamento de Empresa y Trabajo de la Generalidad de Cataluña, Barcelona Activa, Blanquerna &#8211; Universidad Ramon Llull y la Universidad Abierta de Cataluña. Esta edición cuenta con el soporte de Eurecat.</p>



<p>El <strong>Joan Guanyabens</strong>, director de la Fundació, presenta la sessió <strong>«TIC i salut»</strong>, on la <strong>Elisenda Reixach</strong>,&nbsp;responsable Imatge Mèdica i Formació de la Fundació, parlarà sobre &nbsp;<strong>Com millorar les competències digitals dels professionals de la salut</strong>.</p>



<p><strong>Elisenda Reixach</strong>, responsable de Imagen Médica y Formación de la Fundación, hablará sobre <strong>Cómo mejorar las competencias digitales de los profesionales de la salud</strong>.</p>

Cibernàrium de Barcelona

<!-- This site is optimized with the Yoast SEO plugin v27.1.1 - https://yoast.com/product/yoast-seo-wordpress/ -->
<title>4ª Edición del Congreso de Competencias Digitales - Fundació TIC Salut i Social</title>
<meta name="description" content="La 4a edició del Congrés de Competències Digitals serà el 10 d’abril de 2024, i es realitzarà en format híbrid." />
<meta name="robots" content="index, follow, max-snippet:-1, max-image-preview:large, max-video-preview:-1" />
<link rel="canonical" href="https://ticsalutsocial.atoom.space/es/event/4a-edicio-del-congres-de-competencies-digitals/" />
<meta property="og:locale" content="es_ES" />
<meta property="og:type" content="article" />
<meta property="og:title" content="4ª Edición del Congreso de Competencias Digitales - Fundació TIC Salut i Social" />
<meta property="og:description" content="La 4a edició del Congrés de Competències Digitals serà el 10 d’abril de 2024, i es realitzarà en format híbrid." />
<meta property="og:url" content="https://ticsalutsocial.atoom.space/es/event/4a-edicio-del-congres-de-competencies-digitals/" />
<meta property="og:site_name" content="Fundació TIC Salut i Social" />
<meta property="article:modified_time" content="2024-04-03T07:27:26+00:00" />
<meta property="og:image" content="https://ticsalutsocial.atoom.space/wp-content/uploads/2024/03/23-TWITTER-1200X627-CAT-scaled.jpg" />
	<meta property="og:image:width" content="2560" />
	<meta property="og:image:height" content="1440" />
	<meta property="og:image:type" content="image/jpeg" />
<meta name="twitter:card" content="summary_large_image" />
<meta name="twitter:label1" content="Tiempo de lectura" />
	<meta name="twitter:data1" content="2 minutos" />
<script type="application/ld+json" class="yoast-schema-graph">{"@context":"https://schema.org","@graph":[{"@type":"WebPage","@id":"https://ticsalutsocial.atoom.space/es/event/4a-edicio-del-congres-de-competencies-digitals/","url":"https://ticsalutsocial.atoom.space/es/event/4a-edicio-del-congres-de-competencies-digitals/","name":"4ª Edición del Congreso de Competencias Digitales - Fundació TIC Salut i Social","isPartOf":{"@id":"https://ticsalutsocial.atoom.space/es/#website"},"primaryImageOfPage":{"@id":"https://ticsalutsocial.atoom.space/es/event/4a-edicio-del-congres-de-competencies-digitals/#primaryimage"},"image":{"@id":"https://ticsalutsocial.atoom.space/es/event/4a-edicio-del-congres-de-competencies-digitals/#primaryimage"},"thumbnailUrl":"https://ticsalutsocial.atoom.space/wp-content/uploads/2024/03/23-TWITTER-1200X627-CAT-scaled.jpg","datePublished":"2024-03-20T14:28:18+00:00","dateModified":"2024-04-03T07:27:26+00:00","description":"La 4a edició del Congrés de Competències Digitals serà el 10 d’abril de 2024, i es realitzarà en format híbrid.","breadcrumb":{"@id":"https://ticsalutsocial.atoom.space/es/event/4a-edicio-del-congres-de-competencies-digitals/#breadcrumb"},"inLanguage":"es","potentialAction":[{"@type":"ReadAction","target":["https://ticsalutsocial.atoom.space/es/event/4a-edicio-del-congres-de-competencies-digitals/"]}]},{"@type":"ImageObject","inLanguage":"es","@id":"https://ticsalutsocial.atoom.space/es/event/4a-edicio-del-congres-de-competencies-digitals/#primaryimage","url":"https://ticsalutsocial.atoom.space/wp-content/uploads/2024/03/23-TWITTER-1200X627-CAT-scaled.jpg","contentUrl":"https://ticsalutsocial.atoom.space/wp-content/uploads/2024/03/23-TWITTER-1200X627-CAT-scaled.jpg","width":2560,"height":1440,"caption":"4a Edició del Congrés de Competències Digitals"},{"@type":"BreadcrumbList","@id":"https://ticsalutsocial.atoom.space/es/event/4a-edicio-del-congres-de-competencies-digitals/#breadcrumb","itemListElement":[{"@type":"ListItem","position":1,"name":"Inici","item":"https://ticsalutsocial.atoom.space/es/"},{"@type":"ListItem","position":2,"name":"4ª Edición del Congreso de Competencias Digitales"}]},{"@type":"WebSite","@id":"https://ticsalutsocial.atoom.space/es/#website","url":"https://ticsalutsocial.atoom.space/es/","name":"Fundació TIC Salut i Social","description":"","potentialAction":[{"@type":"SearchAction","target":{"@type":"EntryPoint","urlTemplate":"https://ticsalutsocial.atoom.space/es/?s={search_term_string}"},"query-input":{"@type":"PropertyValueSpecification","valueRequired":true,"valueName":"search_term_string"}}],"inLanguage":"es"}]}</script>
<!-- / Yoast SEO plugin. -->

4ª Edición del Congreso de Competencias Digitales - Fundació TIC Salut i Social

La 4a edició del Congrés de Competències Digitals serà el 10 d’abril de 2024, i es realitzarà en format híbrid.

Fundació TIC Salut i Social

4a Edició del Congrés de Competències Digitals
