
{"id":26326,"date":"2024-04-08T15:24:50","date_gmt":"2024-04-08T13:24:50","guid":{"rendered":"https:\/\/ticsalutsocial.atoom.space\/event\/5e-congres-de-serveis-socials-basics-especialitzats\/"},"modified":"2024-04-09T09:42:11","modified_gmt":"2024-04-09T07:42:11","slug":"5e-congres-de-serveis-socials-basics-especialitzats","status":"publish","type":"event","link":"https:\/\/ticsalutsocial.atoom.space\/es\/event\/5e-congres-de-serveis-socials-basics-especialitzats\/","title":{"rendered":"5\u00ba Congreso de Servicios Sociales B\u00e1sicos Especializados"},"content":{"rendered":"\n<p>El 27 y 28 de mayo de 2024 se celebra en el Teatre Lliure (Barcelona) el 5\u00ba Congreso de Servicios Sociales B\u00e1sicos y Especializados.<\/p>\n\n\n\n<p>Este congreso es fruto de la colaboraci\u00f3n de cuatro colegios profesionales que trabajan conjuntamente en los distintos Comit\u00e9s que lo hacen posible.<\/p>\n\n\n\n<p>El lema que se propone:&nbsp;NAVEGAR (adelantando) en los m\u00e1rgenes de la intervenci\u00f3n social hace referencia a todos los m\u00e1rgenes, a los que se han superado ya los que todav\u00eda no. Los m\u00e1rgenes no son est\u00e1ticos, se van modificando y apareciendo a medida que se van superando. Es un concepto que se ampl\u00eda, es casi infinito cuando introducimos el pensamiento en nuestra intervenci\u00f3n.<\/p>\n\n\n\n<p>Con este Congreso se quiere ofrecer una mirada amplia del trabajo con la comunidad e interprofesional dando espacio a la metodolog\u00eda, el proceso y la evaluaci\u00f3n, tanto en la intervenci\u00f3n como en el trabajo entre servicios b\u00e1sicos y especializados.<\/p>\n\n\n\n<p>Consulta el programa <a href=\"https:\/\/cssbe.cat\/\" target=\"_blank\" rel=\"noreferrer noopener\">aqu\u00ed<\/a>.<\/p>\n","protected":false},"featured_media":26275,"menu_order":0,"template":"","meta":{"_acf_changed":true,"inline_featured_image":false},"tipus":[],"topic":[],"class_list":["post-26326","event","type-event","status-publish","has-post-thumbnail","hentry"],"acf":{"imatge":26275,"informacio":{"ubicacio":"Teatre Lliure (Barcelona)","data":"27\/05\/2024","hora":"","preu":"","inscripcions":"https:\/\/docs.google.com\/forms\/d\/e\/1FAIpQLSeIbT4SnXbNyiPaKZPTfaWz1m3ivrJz02ZzHB-ZMmPuAKk6rw\/viewform"},"programa":{"titol":"","items":false},"documents":false},"yoast_head":"<!-- This site is optimized with the Yoast SEO plugin v27.1.1 - https:\/\/yoast.com\/product\/yoast-seo-wordpress\/ -->\n<title>5\u00ba Congreso de Servicios Sociales B\u00e1sicos Especializados - Fundaci\u00f3 TIC Salut i Social<\/title>\n<meta name=\"description\" content=\"El 27 i 28 de maig de 2024 es celebra al Teatre Lliure (Barcelona) el 5\u00e8 Congr\u00e9s de Serveis Socials B\u00e0sics i Especialitzats.\" \/>\n<meta name=\"robots\" content=\"index, follow, max-snippet:-1, max-image-preview:large, max-video-preview:-1\" \/>\n<link rel=\"canonical\" href=\"https:\/\/ticsalutsocial.atoom.space\/es\/event\/5e-congres-de-serveis-socials-basics-especialitzats\/\" \/>\n<meta property=\"og:locale\" content=\"es_ES\" \/>\n<meta property=\"og:type\" content=\"article\" \/>\n<meta property=\"og:title\" content=\"5\u00ba Congreso de Servicios Sociales B\u00e1sicos Especializados - Fundaci\u00f3 TIC Salut i Social\" \/>\n<meta property=\"og:description\" content=\"El 27 i 28 de maig de 2024 es celebra al Teatre Lliure (Barcelona) el 5\u00e8 Congr\u00e9s de Serveis Socials B\u00e0sics i Especialitzats.\" \/>\n<meta property=\"og:url\" content=\"https:\/\/ticsalutsocial.atoom.space\/es\/event\/5e-congres-de-serveis-socials-basics-especialitzats\/\" \/>\n<meta property=\"og:site_name\" content=\"Fundaci\u00f3 TIC Salut i Social\" \/>\n<meta property=\"article:modified_time\" content=\"2024-04-09T07:42:11+00:00\" \/>\n<meta property=\"og:image\" content=\"https:\/\/ticsalutsocial.atoom.space\/wp-content\/uploads\/2024\/04\/ceesc.png\" \/>\n\t<meta property=\"og:image:width\" content=\"1538\" \/>\n\t<meta property=\"og:image:height\" content=\"739\" \/>\n\t<meta property=\"og:image:type\" content=\"image\/png\" \/>\n<meta name=\"twitter:card\" content=\"summary_large_image\" \/>\n<meta name=\"twitter:label1\" content=\"Tiempo de lectura\" \/>\n\t<meta name=\"twitter:data1\" content=\"2 minutos\" \/>\n<script type=\"application\/ld+json\" class=\"yoast-schema-graph\">{\"@context\":\"https:\/\/schema.org\",\"@graph\":[{\"@type\":\"WebPage\",\"@id\":\"https:\/\/ticsalutsocial.atoom.space\/es\/event\/5e-congres-de-serveis-socials-basics-especialitzats\/\",\"url\":\"https:\/\/ticsalutsocial.atoom.space\/es\/event\/5e-congres-de-serveis-socials-basics-especialitzats\/\",\"name\":\"5\u00ba Congreso de Servicios Sociales B\u00e1sicos Especializados - Fundaci\u00f3 TIC Salut i Social\",\"isPartOf\":{\"@id\":\"https:\/\/ticsalutsocial.atoom.space\/es\/#website\"},\"primaryImageOfPage\":{\"@id\":\"https:\/\/ticsalutsocial.atoom.space\/es\/event\/5e-congres-de-serveis-socials-basics-especialitzats\/#primaryimage\"},\"image\":{\"@id\":\"https:\/\/ticsalutsocial.atoom.space\/es\/event\/5e-congres-de-serveis-socials-basics-especialitzats\/#primaryimage\"},\"thumbnailUrl\":\"https:\/\/ticsalutsocial.atoom.space\/wp-content\/uploads\/2024\/04\/ceesc.png\",\"datePublished\":\"2024-04-08T13:24:50+00:00\",\"dateModified\":\"2024-04-09T07:42:11+00:00\",\"description\":\"El 27 i 28 de maig de 2024 es celebra al Teatre Lliure (Barcelona) el 5\u00e8 Congr\u00e9s de Serveis Socials B\u00e0sics i Especialitzats.\",\"breadcrumb\":{\"@id\":\"https:\/\/ticsalutsocial.atoom.space\/es\/event\/5e-congres-de-serveis-socials-basics-especialitzats\/#breadcrumb\"},\"inLanguage\":\"es\",\"potentialAction\":[{\"@type\":\"ReadAction\",\"target\":[\"https:\/\/ticsalutsocial.atoom.space\/es\/event\/5e-congres-de-serveis-socials-basics-especialitzats\/\"]}]},{\"@type\":\"ImageObject\",\"inLanguage\":\"es\",\"@id\":\"https:\/\/ticsalutsocial.atoom.space\/es\/event\/5e-congres-de-serveis-socials-basics-especialitzats\/#primaryimage\",\"url\":\"https:\/\/ticsalutsocial.atoom.space\/wp-content\/uploads\/2024\/04\/ceesc.png\",\"contentUrl\":\"https:\/\/ticsalutsocial.atoom.space\/wp-content\/uploads\/2024\/04\/ceesc.png\",\"width\":1538,\"height\":739},{\"@type\":\"BreadcrumbList\",\"@id\":\"https:\/\/ticsalutsocial.atoom.space\/es\/event\/5e-congres-de-serveis-socials-basics-especialitzats\/#breadcrumb\",\"itemListElement\":[{\"@type\":\"ListItem\",\"position\":1,\"name\":\"Inici\",\"item\":\"https:\/\/ticsalutsocial.atoom.space\/es\/\"},{\"@type\":\"ListItem\",\"position\":2,\"name\":\"5\u00ba Congreso de Servicios Sociales B\u00e1sicos Especializados\"}]},{\"@type\":\"WebSite\",\"@id\":\"https:\/\/ticsalutsocial.atoom.space\/es\/#website\",\"url\":\"https:\/\/ticsalutsocial.atoom.space\/es\/\",\"name\":\"Fundaci\u00f3 TIC Salut i Social\",\"description\":\"\",\"potentialAction\":[{\"@type\":\"SearchAction\",\"target\":{\"@type\":\"EntryPoint\",\"urlTemplate\":\"https:\/\/ticsalutsocial.atoom.space\/es\/?s={search_term_string}\"},\"query-input\":{\"@type\":\"PropertyValueSpecification\",\"valueRequired\":true,\"valueName\":\"search_term_string\"}}],\"inLanguage\":\"es\"}]}<\/script>\n<!-- \/ Yoast SEO plugin. -->","yoast_head_json":{"title":"5\u00ba Congreso de Servicios Sociales B\u00e1sicos Especializados - Fundaci\u00f3 TIC Salut i Social","description":"El 27 i 28 de maig de 2024 es celebra al Teatre Lliure (Barcelona) el 5\u00e8 Congr\u00e9s de Serveis Socials B\u00e0sics i Especialitzats.","robots":{"index":"index","follow":"follow","max-snippet":"max-snippet:-1","max-image-preview":"max-image-preview:large","max-video-preview":"max-video-preview:-1"},"canonical":"https:\/\/ticsalutsocial.atoom.space\/es\/event\/5e-congres-de-serveis-socials-basics-especialitzats\/","og_locale":"es_ES","og_type":"article","og_title":"5\u00ba Congreso de Servicios Sociales B\u00e1sicos Especializados - Fundaci\u00f3 TIC Salut i Social","og_description":"El 27 i 28 de maig de 2024 es celebra al Teatre Lliure (Barcelona) el 5\u00e8 Congr\u00e9s de Serveis Socials B\u00e0sics i Especialitzats.","og_url":"https:\/\/ticsalutsocial.atoom.space\/es\/event\/5e-congres-de-serveis-socials-basics-especialitzats\/","og_site_name":"Fundaci\u00f3 TIC Salut i Social","article_modified_time":"2024-04-09T07:42:11+00:00","og_image":[{"width":1538,"height":739,"url":"https:\/\/ticsalutsocial.atoom.space\/wp-content\/uploads\/2024\/04\/ceesc.png","type":"image\/png"}],"twitter_card":"summary_large_image","twitter_misc":{"Tiempo de lectura":"2 minutos"},"schema":{"@context":"https:\/\/schema.org","@graph":[{"@type":"WebPage","@id":"https:\/\/ticsalutsocial.atoom.space\/es\/event\/5e-congres-de-serveis-socials-basics-especialitzats\/","url":"https:\/\/ticsalutsocial.atoom.space\/es\/event\/5e-congres-de-serveis-socials-basics-especialitzats\/","name":"5\u00ba Congreso de Servicios Sociales B\u00e1sicos Especializados - Fundaci\u00f3 TIC Salut i Social","isPartOf":{"@id":"https:\/\/ticsalutsocial.atoom.space\/es\/#website"},"primaryImageOfPage":{"@id":"https:\/\/ticsalutsocial.atoom.space\/es\/event\/5e-congres-de-serveis-socials-basics-especialitzats\/#primaryimage"},"image":{"@id":"https:\/\/ticsalutsocial.atoom.space\/es\/event\/5e-congres-de-serveis-socials-basics-especialitzats\/#primaryimage"},"thumbnailUrl":"https:\/\/ticsalutsocial.atoom.space\/wp-content\/uploads\/2024\/04\/ceesc.png","datePublished":"2024-04-08T13:24:50+00:00","dateModified":"2024-04-09T07:42:11+00:00","description":"El 27 i 28 de maig de 2024 es celebra al Teatre Lliure (Barcelona) el 5\u00e8 Congr\u00e9s de Serveis Socials B\u00e0sics i Especialitzats.","breadcrumb":{"@id":"https:\/\/ticsalutsocial.atoom.space\/es\/event\/5e-congres-de-serveis-socials-basics-especialitzats\/#breadcrumb"},"inLanguage":"es","potentialAction":[{"@type":"ReadAction","target":["https:\/\/ticsalutsocial.atoom.space\/es\/event\/5e-congres-de-serveis-socials-basics-especialitzats\/"]}]},{"@type":"ImageObject","inLanguage":"es","@id":"https:\/\/ticsalutsocial.atoom.space\/es\/event\/5e-congres-de-serveis-socials-basics-especialitzats\/#primaryimage","url":"https:\/\/ticsalutsocial.atoom.space\/wp-content\/uploads\/2024\/04\/ceesc.png","contentUrl":"https:\/\/ticsalutsocial.atoom.space\/wp-content\/uploads\/2024\/04\/ceesc.png","width":1538,"height":739},{"@type":"BreadcrumbList","@id":"https:\/\/ticsalutsocial.atoom.space\/es\/event\/5e-congres-de-serveis-socials-basics-especialitzats\/#breadcrumb","itemListElement":[{"@type":"ListItem","position":1,"name":"Inici","item":"https:\/\/ticsalutsocial.atoom.space\/es\/"},{"@type":"ListItem","position":2,"name":"5\u00ba Congreso de Servicios Sociales B\u00e1sicos Especializados"}]},{"@type":"WebSite","@id":"https:\/\/ticsalutsocial.atoom.space\/es\/#website","url":"https:\/\/ticsalutsocial.atoom.space\/es\/","name":"Fundaci\u00f3 TIC Salut i Social","description":"","potentialAction":[{"@type":"SearchAction","target":{"@type":"EntryPoint","urlTemplate":"https:\/\/ticsalutsocial.atoom.space\/es\/?s={search_term_string}"},"query-input":{"@type":"PropertyValueSpecification","valueRequired":true,"valueName":"search_term_string"}}],"inLanguage":"es"}]}},"_links":{"self":[{"href":"https:\/\/ticsalutsocial.atoom.space\/es\/wp-json\/wp\/v2\/event\/26326","targetHints":{"allow":["GET"]}}],"collection":[{"href":"https:\/\/ticsalutsocial.atoom.space\/es\/wp-json\/wp\/v2\/event"}],"about":[{"href":"https:\/\/ticsalutsocial.atoom.space\/es\/wp-json\/wp\/v2\/types\/event"}],"wp:featuredmedia":[{"embeddable":true,"href":"https:\/\/ticsalutsocial.atoom.space\/es\/wp-json\/wp\/v2\/media\/26275"}],"wp:attachment":[{"href":"https:\/\/ticsalutsocial.atoom.space\/es\/wp-json\/wp\/v2\/media?parent=26326"}],"wp:term":[{"taxonomy":"tipus","embeddable":true,"href":"https:\/\/ticsalutsocial.atoom.space\/es\/wp-json\/wp\/v2\/tipus?post=26326"},{"taxonomy":"topic","embeddable":true,"href":"https:\/\/ticsalutsocial.atoom.space\/es\/wp-json\/wp\/v2\/topic?post=26326"}],"curies":[{"name":"wp","href":"https:\/\/api.w.org\/{rel}","templated":true}]}}

5º Congreso de Servicios Sociales Básicos Especializados

<p>El 27 y 28 de mayo de 2024 se celebra en el Teatre Lliure (Barcelona) el 5º Congreso de Servicios Sociales Básicos y Especializados.</p>



<p>Este congreso es fruto de la colaboración de cuatro colegios profesionales que trabajan conjuntamente en los distintos Comités que lo hacen posible.</p>



<p>El lema que se propone:&nbsp;NAVEGAR (adelantando) en los márgenes de la intervención social hace referencia a todos los márgenes, a los que se han superado ya los que todavía no. Los márgenes no son estáticos, se van modificando y apareciendo a medida que se van superando. Es un concepto que se amplía, es casi infinito cuando introducimos el pensamiento en nuestra intervención.</p>



<p>Con este Congreso se quiere ofrecer una mirada amplia del trabajo con la comunidad e interprofesional dando espacio a la metodología, el proceso y la evaluación, tanto en la intervención como en el trabajo entre servicios básicos y especializados.</p>



<p>Consulta el programa <a href="https://cssbe.cat/" target="_blank" rel="noreferrer noopener">aquí</a>.</p>

<!-- This site is optimized with the Yoast SEO plugin v27.1.1 - https://yoast.com/product/yoast-seo-wordpress/ -->
<title>5º Congreso de Servicios Sociales Básicos Especializados - Fundació TIC Salut i Social</title>
<meta name="description" content="El 27 i 28 de maig de 2024 es celebra al Teatre Lliure (Barcelona) el 5è Congrés de Serveis Socials Bàsics i Especialitzats." />
<meta name="robots" content="index, follow, max-snippet:-1, max-image-preview:large, max-video-preview:-1" />
<link rel="canonical" href="https://ticsalutsocial.atoom.space/es/event/5e-congres-de-serveis-socials-basics-especialitzats/" />
<meta property="og:locale" content="es_ES" />
<meta property="og:type" content="article" />
<meta property="og:title" content="5º Congreso de Servicios Sociales Básicos Especializados - Fundació TIC Salut i Social" />
<meta property="og:description" content="El 27 i 28 de maig de 2024 es celebra al Teatre Lliure (Barcelona) el 5è Congrés de Serveis Socials Bàsics i Especialitzats." />
<meta property="og:url" content="https://ticsalutsocial.atoom.space/es/event/5e-congres-de-serveis-socials-basics-especialitzats/" />
<meta property="og:site_name" content="Fundació TIC Salut i Social" />
<meta property="article:modified_time" content="2024-04-09T07:42:11+00:00" />
<meta property="og:image" content="https://ticsalutsocial.atoom.space/wp-content/uploads/2024/04/ceesc.png" />
	<meta property="og:image:width" content="1538" />
	<meta property="og:image:height" content="739" />
	<meta property="og:image:type" content="image/png" />
<meta name="twitter:card" content="summary_large_image" />
<meta name="twitter:label1" content="Tiempo de lectura" />
	<meta name="twitter:data1" content="2 minutos" />
<script type="application/ld+json" class="yoast-schema-graph">{"@context":"https://schema.org","@graph":[{"@type":"WebPage","@id":"https://ticsalutsocial.atoom.space/es/event/5e-congres-de-serveis-socials-basics-especialitzats/","url":"https://ticsalutsocial.atoom.space/es/event/5e-congres-de-serveis-socials-basics-especialitzats/","name":"5º Congreso de Servicios Sociales Básicos Especializados - Fundació TIC Salut i Social","isPartOf":{"@id":"https://ticsalutsocial.atoom.space/es/#website"},"primaryImageOfPage":{"@id":"https://ticsalutsocial.atoom.space/es/event/5e-congres-de-serveis-socials-basics-especialitzats/#primaryimage"},"image":{"@id":"https://ticsalutsocial.atoom.space/es/event/5e-congres-de-serveis-socials-basics-especialitzats/#primaryimage"},"thumbnailUrl":"https://ticsalutsocial.atoom.space/wp-content/uploads/2024/04/ceesc.png","datePublished":"2024-04-08T13:24:50+00:00","dateModified":"2024-04-09T07:42:11+00:00","description":"El 27 i 28 de maig de 2024 es celebra al Teatre Lliure (Barcelona) el 5è Congrés de Serveis Socials Bàsics i Especialitzats.","breadcrumb":{"@id":"https://ticsalutsocial.atoom.space/es/event/5e-congres-de-serveis-socials-basics-especialitzats/#breadcrumb"},"inLanguage":"es","potentialAction":[{"@type":"ReadAction","target":["https://ticsalutsocial.atoom.space/es/event/5e-congres-de-serveis-socials-basics-especialitzats/"]}]},{"@type":"ImageObject","inLanguage":"es","@id":"https://ticsalutsocial.atoom.space/es/event/5e-congres-de-serveis-socials-basics-especialitzats/#primaryimage","url":"https://ticsalutsocial.atoom.space/wp-content/uploads/2024/04/ceesc.png","contentUrl":"https://ticsalutsocial.atoom.space/wp-content/uploads/2024/04/ceesc.png","width":1538,"height":739},{"@type":"BreadcrumbList","@id":"https://ticsalutsocial.atoom.space/es/event/5e-congres-de-serveis-socials-basics-especialitzats/#breadcrumb","itemListElement":[{"@type":"ListItem","position":1,"name":"Inici","item":"https://ticsalutsocial.atoom.space/es/"},{"@type":"ListItem","position":2,"name":"5º Congreso de Servicios Sociales Básicos Especializados"}]},{"@type":"WebSite","@id":"https://ticsalutsocial.atoom.space/es/#website","url":"https://ticsalutsocial.atoom.space/es/","name":"Fundació TIC Salut i Social","description":"","potentialAction":[{"@type":"SearchAction","target":{"@type":"EntryPoint","urlTemplate":"https://ticsalutsocial.atoom.space/es/?s={search_term_string}"},"query-input":{"@type":"PropertyValueSpecification","valueRequired":true,"valueName":"search_term_string"}}],"inLanguage":"es"}]}</script>
<!-- / Yoast SEO plugin. -->

5º Congreso de Servicios Sociales Básicos Especializados - Fundació TIC Salut i Social

El 27 i 28 de maig de 2024 es celebra al Teatre Lliure (Barcelona) el 5è Congrés de Serveis Socials Bàsics i Especialitzats.

Fundació TIC Salut i Social
