
{"id":26327,"date":"2024-04-08T15:36:51","date_gmt":"2024-04-08T13:36:51","guid":{"rendered":"https:\/\/ticsalutsocial.atoom.space\/event\/dialegs-la-intelligencia-artificial-a-debat\/"},"modified":"2024-04-09T09:50:55","modified_gmt":"2024-04-09T07:50:55","slug":"dialegs-la-intelligencia-artificial-a-debat","status":"publish","type":"event","link":"https:\/\/ticsalutsocial.atoom.space\/es\/event\/dialegs-la-intelligencia-artificial-a-debat\/","title":{"rendered":"dIAlegs &#8211; La Inteligencia Artificial a debate"},"content":{"rendered":"\n<p>El impacto de la inteligencia artificial y las nuevas tecnolog\u00edas en el \u00e1mbito de la salud es enormemente significativo. Estas innovaciones est\u00e1n transformando radicalmente la forma en que se detectan, diagnostican y se atienden las diferentes condiciones de salud, as\u00ed como la manera en que se despliegan las pol\u00edticas de atenci\u00f3n a la salud en general y los servicios sanitarios p\u00fablicos, m\u00e1s concretamente.<\/p>\n\n\n\n<p>En <strong><em>&#8216;\u00bfQui\u00e9n nos cuidar\u00e1 el d\u00eda de ma\u00f1ana?&#8217;<\/em><\/strong> nos acompa\u00f1an <strong>Joan Guanyabens<\/strong>, director de la Fundaci\u00f3n TIC Salut Social, <strong>Montse Sol\u00e9<\/strong>, directora de Atenci\u00f3n Intermedia y Dependencia del CHV\/FHSC, y <strong>Anna Escal\u00e9<\/strong>, m\u00e9dica de familia. Modera la mesa redonda <strong>Montse Codinachs<\/strong>, directora adjunta de la C\u00e1tedra de Cuidados Paliativos de la UVic-UCC.<\/p>\n\n\n\n<p>La sesi\u00f3n est\u00e1 dirigida tanto a profesionales del \u00e1mbito asistencial y de la salud como a la ciudadan\u00eda en general porque todo el mundo, en alg\u00fan momento de su vida, necesitar\u00e1 ser cuidado y tendr\u00e1 que tomar decisiones sobre c\u00f3mo quiere ser acompa\u00f1ado y atendido.<\/p>\n\n\n\n<p>El acto complementa la programaci\u00f3n de las\u00a0<a href=\"http:\/\/jornadesrdi.cat\/\" target=\"_blank\" rel=\"noreferrer noopener\">XIII Jornades RDI TIC Salut Social, \u2018Construint inclusi\u00f3 amb IA als serveis socials\u2019<\/a> el <strong>25 de abril<\/strong> a las <strong>19:00h<\/strong> en el<strong> Casino de Vic<\/strong>.<\/p>\n","protected":false},"featured_media":0,"menu_order":0,"template":"","meta":{"_acf_changed":false,"inline_featured_image":false},"tipus":[879],"topic":[],"class_list":["post-26327","event","type-event","status-publish","hentry","tipus-inteligencia-artificial"],"acf":{"imatge":26279,"informacio":{"ubicacio":" Casino de Vic","data":"25\/04\/2024","hora":"19:00","preu":"","inscripcions":"https:\/\/form.jotform.com\/Ateneu\/dialegs-4-salut"},"programa":{"titol":"","items":false},"documents":false},"yoast_head":"<!-- This site is optimized with the Yoast SEO plugin v27.1.1 - https:\/\/yoast.com\/product\/yoast-seo-wordpress\/ -->\n<title>dIAlegs - La Inteligencia Artificial a debate - Fundaci\u00f3 TIC Salut i Social<\/title>\n<meta name=\"description\" content=\"L&#039;acte complementa la programaci\u00f3 de les\u00a0XIII Jornades RDI TIC Salut Social el 25 d&#039;abril a les 19:00h al Casino de Vic.\" \/>\n<meta name=\"robots\" content=\"index, follow, max-snippet:-1, max-image-preview:large, max-video-preview:-1\" \/>\n<link rel=\"canonical\" href=\"https:\/\/ticsalutsocial.atoom.space\/es\/event\/dialegs-la-intelligencia-artificial-a-debat\/\" \/>\n<meta property=\"og:locale\" content=\"es_ES\" \/>\n<meta property=\"og:type\" content=\"article\" \/>\n<meta property=\"og:title\" content=\"dIAlegs - La Inteligencia Artificial a debate - Fundaci\u00f3 TIC Salut i Social\" \/>\n<meta property=\"og:description\" content=\"L&#039;acte complementa la programaci\u00f3 de les\u00a0XIII Jornades RDI TIC Salut Social el 25 d&#039;abril a les 19:00h al Casino de Vic.\" \/>\n<meta property=\"og:url\" content=\"https:\/\/ticsalutsocial.atoom.space\/es\/event\/dialegs-la-intelligencia-artificial-a-debat\/\" \/>\n<meta property=\"og:site_name\" content=\"Fundaci\u00f3 TIC Salut i Social\" \/>\n<meta property=\"article:modified_time\" content=\"2024-04-09T07:50:55+00:00\" \/>\n<meta name=\"twitter:card\" content=\"summary_large_image\" \/>\n<meta name=\"twitter:label1\" content=\"Tiempo de lectura\" \/>\n\t<meta name=\"twitter:data1\" content=\"2 minutos\" \/>\n<script type=\"application\/ld+json\" class=\"yoast-schema-graph\">{\"@context\":\"https:\/\/schema.org\",\"@graph\":[{\"@type\":\"WebPage\",\"@id\":\"https:\/\/ticsalutsocial.atoom.space\/es\/event\/dialegs-la-intelligencia-artificial-a-debat\/\",\"url\":\"https:\/\/ticsalutsocial.atoom.space\/es\/event\/dialegs-la-intelligencia-artificial-a-debat\/\",\"name\":\"dIAlegs - La Inteligencia Artificial a debate - Fundaci\u00f3 TIC Salut i Social\",\"isPartOf\":{\"@id\":\"https:\/\/ticsalutsocial.atoom.space\/es\/#website\"},\"datePublished\":\"2024-04-08T13:36:51+00:00\",\"dateModified\":\"2024-04-09T07:50:55+00:00\",\"description\":\"L'acte complementa la programaci\u00f3 de les\u00a0XIII Jornades RDI TIC Salut Social el 25 d'abril a les 19:00h al Casino de Vic.\",\"breadcrumb\":{\"@id\":\"https:\/\/ticsalutsocial.atoom.space\/es\/event\/dialegs-la-intelligencia-artificial-a-debat\/#breadcrumb\"},\"inLanguage\":\"es\",\"potentialAction\":[{\"@type\":\"ReadAction\",\"target\":[\"https:\/\/ticsalutsocial.atoom.space\/es\/event\/dialegs-la-intelligencia-artificial-a-debat\/\"]}]},{\"@type\":\"BreadcrumbList\",\"@id\":\"https:\/\/ticsalutsocial.atoom.space\/es\/event\/dialegs-la-intelligencia-artificial-a-debat\/#breadcrumb\",\"itemListElement\":[{\"@type\":\"ListItem\",\"position\":1,\"name\":\"Inici\",\"item\":\"https:\/\/ticsalutsocial.atoom.space\/es\/\"},{\"@type\":\"ListItem\",\"position\":2,\"name\":\"dIAlegs &#8211; La Inteligencia Artificial a debate\"}]},{\"@type\":\"WebSite\",\"@id\":\"https:\/\/ticsalutsocial.atoom.space\/es\/#website\",\"url\":\"https:\/\/ticsalutsocial.atoom.space\/es\/\",\"name\":\"Fundaci\u00f3 TIC Salut i Social\",\"description\":\"\",\"potentialAction\":[{\"@type\":\"SearchAction\",\"target\":{\"@type\":\"EntryPoint\",\"urlTemplate\":\"https:\/\/ticsalutsocial.atoom.space\/es\/?s={search_term_string}\"},\"query-input\":{\"@type\":\"PropertyValueSpecification\",\"valueRequired\":true,\"valueName\":\"search_term_string\"}}],\"inLanguage\":\"es\"}]}<\/script>\n<!-- \/ Yoast SEO plugin. -->","yoast_head_json":{"title":"dIAlegs - La Inteligencia Artificial a debate - Fundaci\u00f3 TIC Salut i Social","description":"L'acte complementa la programaci\u00f3 de les\u00a0XIII Jornades RDI TIC Salut Social el 25 d'abril a les 19:00h al Casino de Vic.","robots":{"index":"index","follow":"follow","max-snippet":"max-snippet:-1","max-image-preview":"max-image-preview:large","max-video-preview":"max-video-preview:-1"},"canonical":"https:\/\/ticsalutsocial.atoom.space\/es\/event\/dialegs-la-intelligencia-artificial-a-debat\/","og_locale":"es_ES","og_type":"article","og_title":"dIAlegs - La Inteligencia Artificial a debate - Fundaci\u00f3 TIC Salut i Social","og_description":"L'acte complementa la programaci\u00f3 de les\u00a0XIII Jornades RDI TIC Salut Social el 25 d'abril a les 19:00h al Casino de Vic.","og_url":"https:\/\/ticsalutsocial.atoom.space\/es\/event\/dialegs-la-intelligencia-artificial-a-debat\/","og_site_name":"Fundaci\u00f3 TIC Salut i Social","article_modified_time":"2024-04-09T07:50:55+00:00","twitter_card":"summary_large_image","twitter_misc":{"Tiempo de lectura":"2 minutos"},"schema":{"@context":"https:\/\/schema.org","@graph":[{"@type":"WebPage","@id":"https:\/\/ticsalutsocial.atoom.space\/es\/event\/dialegs-la-intelligencia-artificial-a-debat\/","url":"https:\/\/ticsalutsocial.atoom.space\/es\/event\/dialegs-la-intelligencia-artificial-a-debat\/","name":"dIAlegs - La Inteligencia Artificial a debate - Fundaci\u00f3 TIC Salut i Social","isPartOf":{"@id":"https:\/\/ticsalutsocial.atoom.space\/es\/#website"},"datePublished":"2024-04-08T13:36:51+00:00","dateModified":"2024-04-09T07:50:55+00:00","description":"L'acte complementa la programaci\u00f3 de les\u00a0XIII Jornades RDI TIC Salut Social el 25 d'abril a les 19:00h al Casino de Vic.","breadcrumb":{"@id":"https:\/\/ticsalutsocial.atoom.space\/es\/event\/dialegs-la-intelligencia-artificial-a-debat\/#breadcrumb"},"inLanguage":"es","potentialAction":[{"@type":"ReadAction","target":["https:\/\/ticsalutsocial.atoom.space\/es\/event\/dialegs-la-intelligencia-artificial-a-debat\/"]}]},{"@type":"BreadcrumbList","@id":"https:\/\/ticsalutsocial.atoom.space\/es\/event\/dialegs-la-intelligencia-artificial-a-debat\/#breadcrumb","itemListElement":[{"@type":"ListItem","position":1,"name":"Inici","item":"https:\/\/ticsalutsocial.atoom.space\/es\/"},{"@type":"ListItem","position":2,"name":"dIAlegs &#8211; La Inteligencia Artificial a debate"}]},{"@type":"WebSite","@id":"https:\/\/ticsalutsocial.atoom.space\/es\/#website","url":"https:\/\/ticsalutsocial.atoom.space\/es\/","name":"Fundaci\u00f3 TIC Salut i Social","description":"","potentialAction":[{"@type":"SearchAction","target":{"@type":"EntryPoint","urlTemplate":"https:\/\/ticsalutsocial.atoom.space\/es\/?s={search_term_string}"},"query-input":{"@type":"PropertyValueSpecification","valueRequired":true,"valueName":"search_term_string"}}],"inLanguage":"es"}]}},"_links":{"self":[{"href":"https:\/\/ticsalutsocial.atoom.space\/es\/wp-json\/wp\/v2\/event\/26327","targetHints":{"allow":["GET"]}}],"collection":[{"href":"https:\/\/ticsalutsocial.atoom.space\/es\/wp-json\/wp\/v2\/event"}],"about":[{"href":"https:\/\/ticsalutsocial.atoom.space\/es\/wp-json\/wp\/v2\/types\/event"}],"wp:attachment":[{"href":"https:\/\/ticsalutsocial.atoom.space\/es\/wp-json\/wp\/v2\/media?parent=26327"}],"wp:term":[{"taxonomy":"tipus","embeddable":true,"href":"https:\/\/ticsalutsocial.atoom.space\/es\/wp-json\/wp\/v2\/tipus?post=26327"},{"taxonomy":"topic","embeddable":true,"href":"https:\/\/ticsalutsocial.atoom.space\/es\/wp-json\/wp\/v2\/topic?post=26327"}],"curies":[{"name":"wp","href":"https:\/\/api.w.org\/{rel}","templated":true}]}}

<p>El impacto de la inteligencia artificial y las nuevas tecnologías en el ámbito de la salud es enormemente significativo. Estas innovaciones están transformando radicalmente la forma en que se detectan, diagnostican y se atienden las diferentes condiciones de salud, así como la manera en que se despliegan las políticas de atención a la salud en general y los servicios sanitarios públicos, más concretamente.</p>



<p>En <strong><em>&#8216;¿Quién nos cuidará el día de mañana?&#8217;</em></strong> nos acompañan <strong>Joan Guanyabens</strong>, director de la Fundación TIC Salut Social, <strong>Montse Solé</strong>, directora de Atención Intermedia y Dependencia del CHV/FHSC, y <strong>Anna Escalé</strong>, médica de familia. Modera la mesa redonda <strong>Montse Codinachs</strong>, directora adjunta de la Cátedra de Cuidados Paliativos de la UVic-UCC.</p>



<p>La sesión está dirigida tanto a profesionales del ámbito asistencial y de la salud como a la ciudadanía en general porque todo el mundo, en algún momento de su vida, necesitará ser cuidado y tendrá que tomar decisiones sobre cómo quiere ser acompañado y atendido.</p>



<p>El acto complementa la programación de las <a href="http://jornadesrdi.cat/" target="_blank" rel="noreferrer noopener">XIII Jornades RDI TIC Salut Social, ‘Construint inclusió amb IA als serveis socials’</a> el <strong>25 de abril</strong> a las <strong>19:00h</strong> en el<strong> Casino de Vic</strong>.</p>

<!-- This site is optimized with the Yoast SEO plugin v27.1.1 - https://yoast.com/product/yoast-seo-wordpress/ -->
<title>dIAlegs - La Inteligencia Artificial a debate - Fundació TIC Salut i Social</title>
<meta name="description" content="L&#039;acte complementa la programació de les XIII Jornades RDI TIC Salut Social el 25 d&#039;abril a les 19:00h al Casino de Vic." />
<meta name="robots" content="index, follow, max-snippet:-1, max-image-preview:large, max-video-preview:-1" />
<link rel="canonical" href="https://ticsalutsocial.atoom.space/es/event/dialegs-la-intelligencia-artificial-a-debat/" />
<meta property="og:locale" content="es_ES" />
<meta property="og:type" content="article" />
<meta property="og:title" content="dIAlegs - La Inteligencia Artificial a debate - Fundació TIC Salut i Social" />
<meta property="og:description" content="L&#039;acte complementa la programació de les XIII Jornades RDI TIC Salut Social el 25 d&#039;abril a les 19:00h al Casino de Vic." />
<meta property="og:url" content="https://ticsalutsocial.atoom.space/es/event/dialegs-la-intelligencia-artificial-a-debat/" />
<meta property="og:site_name" content="Fundació TIC Salut i Social" />
<meta property="article:modified_time" content="2024-04-09T07:50:55+00:00" />
<meta name="twitter:card" content="summary_large_image" />
<meta name="twitter:label1" content="Tiempo de lectura" />
	<meta name="twitter:data1" content="2 minutos" />
<script type="application/ld+json" class="yoast-schema-graph">{"@context":"https://schema.org","@graph":[{"@type":"WebPage","@id":"https://ticsalutsocial.atoom.space/es/event/dialegs-la-intelligencia-artificial-a-debat/","url":"https://ticsalutsocial.atoom.space/es/event/dialegs-la-intelligencia-artificial-a-debat/","name":"dIAlegs - La Inteligencia Artificial a debate - Fundació TIC Salut i Social","isPartOf":{"@id":"https://ticsalutsocial.atoom.space/es/#website"},"datePublished":"2024-04-08T13:36:51+00:00","dateModified":"2024-04-09T07:50:55+00:00","description":"L'acte complementa la programació de les XIII Jornades RDI TIC Salut Social el 25 d'abril a les 19:00h al Casino de Vic.","breadcrumb":{"@id":"https://ticsalutsocial.atoom.space/es/event/dialegs-la-intelligencia-artificial-a-debat/#breadcrumb"},"inLanguage":"es","potentialAction":[{"@type":"ReadAction","target":["https://ticsalutsocial.atoom.space/es/event/dialegs-la-intelligencia-artificial-a-debat/"]}]},{"@type":"BreadcrumbList","@id":"https://ticsalutsocial.atoom.space/es/event/dialegs-la-intelligencia-artificial-a-debat/#breadcrumb","itemListElement":[{"@type":"ListItem","position":1,"name":"Inici","item":"https://ticsalutsocial.atoom.space/es/"},{"@type":"ListItem","position":2,"name":"dIAlegs &#8211; La Inteligencia Artificial a debate"}]},{"@type":"WebSite","@id":"https://ticsalutsocial.atoom.space/es/#website","url":"https://ticsalutsocial.atoom.space/es/","name":"Fundació TIC Salut i Social","description":"","potentialAction":[{"@type":"SearchAction","target":{"@type":"EntryPoint","urlTemplate":"https://ticsalutsocial.atoom.space/es/?s={search_term_string}"},"query-input":{"@type":"PropertyValueSpecification","valueRequired":true,"valueName":"search_term_string"}}],"inLanguage":"es"}]}</script>
<!-- / Yoast SEO plugin. -->

dIAlegs - La Inteligencia Artificial a debate - Fundació TIC Salut i Social

L'acte complementa la programació de les XIII Jornades RDI TIC Salut Social el 25 d'abril a les 19:00h al Casino de Vic.

Fundació TIC Salut i Social
