
{"id":26673,"date":"2024-04-19T09:41:07","date_gmt":"2024-04-19T07:41:07","guid":{"rendered":"https:\/\/ticsalutsocial.atoom.space\/?post_type=event&#038;p=26673"},"modified":"2024-04-30T11:45:39","modified_gmt":"2024-04-30T09:45:39","slug":"share-connect-telemedicina-i-salut-digital","status":"publish","type":"event","link":"https:\/\/ticsalutsocial.atoom.space\/es\/event\/share-connect-telemedicina-i-salut-digital\/","title":{"rendered":"SHARE &amp; CONNECT \u2013 Telemedicina y Salud Digital"},"content":{"rendered":"\n<p>Xartec Salut&nbsp;SHARE &amp; CONNECT&nbsp;es una serie de encuentros tem\u00e1ticos informales dise\u00f1ados para alcanzar los siguientes objetivos:<\/p>\n\n\n\n<ul class=\"wp-block-list\">\n<li>Facilitar el trabajo en red entre los miembros de la red conectando grupos de investigaci\u00f3n que trabajen en temas similares, fomentando conexiones y sinergias valiosas.<\/li>\n<\/ul>\n\n\n\n<ul class=\"wp-block-list\">\n<li>Promover el intercambio de conocimiento entre grupos de investigaci\u00f3n, hospitales, empresas, etc., conectando a los miembros de la red con otros agentes del ecosistema.<\/li>\n<\/ul>\n\n\n\n<ul class=\"wp-block-list\">\n<li>Mostrar los avances de la b\u00fasqueda de los miembros de la red.<\/li>\n<\/ul>\n\n\n\n<p>Tendr\u00e1 lugar el 7 de mayo en la UOC Campus Poblenou.<\/p>\n\n\n\n<p>Se hablar\u00e1 de las consideraciones que deben tenerse en cuenta para la certificaci\u00f3n y acceso al mercado de aplicaciones m\u00f3viles y herramientas TIC para la alineaci\u00f3n con los usuarios finales, liderados por Carme Pratdep\u00e0dua Bufill, responsable de mHealth.cat de la Fundaci\u00f3n TIC Salud Social.<\/p>\n","protected":false},"featured_media":26671,"menu_order":0,"template":"","meta":{"_acf_changed":false,"inline_featured_image":false},"tipus":[],"topic":[],"class_list":["post-26673","event","type-event","status-publish","has-post-thumbnail","hentry"],"acf":{"imatge":26671,"informacio":{"ubicacio":"UOC Campus Poblenou","data":"07\/05\/2024","hora":"","preu":"","inscripcions":"https:\/\/xartecsalut.com\/ca\/activities\/share-connect-telemedicina-i-salut-digital\/"},"programa":{"titol":"","items":false},"documents":false},"yoast_head":"<!-- This site is optimized with the Yoast SEO plugin v27.1.1 - https:\/\/yoast.com\/product\/yoast-seo-wordpress\/ -->\n<title>SHARE &amp; CONNECT \u2013 Telemedicina y Salud Digital - Fundaci\u00f3 TIC Salut i Social<\/title>\n<meta name=\"robots\" content=\"index, follow, max-snippet:-1, max-image-preview:large, max-video-preview:-1\" \/>\n<link rel=\"canonical\" href=\"https:\/\/ticsalutsocial.atoom.space\/es\/event\/share-connect-telemedicina-i-salut-digital\/\" \/>\n<meta property=\"og:locale\" content=\"es_ES\" \/>\n<meta property=\"og:type\" content=\"article\" \/>\n<meta property=\"og:title\" content=\"SHARE &amp; CONNECT \u2013 Telemedicina y Salud Digital - Fundaci\u00f3 TIC Salut i Social\" \/>\n<meta property=\"og:description\" content=\"Xartec Salut&nbsp;SHARE &amp; CONNECT&nbsp;es una serie de encuentros tem\u00e1ticos informales dise\u00f1ados para alcanzar los siguientes objetivos: Tendr\u00e1 lugar el 7 de mayo en la UOC Campus Poblenou. Se hablar\u00e1 de las consideraciones que deben tenerse en cuenta para la certificaci\u00f3n y acceso al mercado de aplicaciones m\u00f3viles y herramientas TIC para la alineaci\u00f3n con los [&hellip;]\" \/>\n<meta property=\"og:url\" content=\"https:\/\/ticsalutsocial.atoom.space\/es\/event\/share-connect-telemedicina-i-salut-digital\/\" \/>\n<meta property=\"og:site_name\" content=\"Fundaci\u00f3 TIC Salut i Social\" \/>\n<meta property=\"article:modified_time\" content=\"2024-04-30T09:45:39+00:00\" \/>\n<meta property=\"og:image\" content=\"https:\/\/ticsalutsocial.atoom.space\/wp-content\/uploads\/2024\/04\/1713437055615.jpg\" \/>\n\t<meta property=\"og:image:width\" content=\"1300\" \/>\n\t<meta property=\"og:image:height\" content=\"1100\" \/>\n\t<meta property=\"og:image:type\" content=\"image\/jpeg\" \/>\n<meta name=\"twitter:card\" content=\"summary_large_image\" \/>\n<meta name=\"twitter:label1\" content=\"Tiempo de lectura\" \/>\n\t<meta name=\"twitter:data1\" content=\"1 minuto\" \/>\n<script type=\"application\/ld+json\" class=\"yoast-schema-graph\">{\"@context\":\"https:\/\/schema.org\",\"@graph\":[{\"@type\":\"WebPage\",\"@id\":\"https:\/\/ticsalutsocial.atoom.space\/es\/event\/share-connect-telemedicina-i-salut-digital\/\",\"url\":\"https:\/\/ticsalutsocial.atoom.space\/es\/event\/share-connect-telemedicina-i-salut-digital\/\",\"name\":\"SHARE &amp; CONNECT \u2013 Telemedicina y Salud Digital - Fundaci\u00f3 TIC Salut i Social\",\"isPartOf\":{\"@id\":\"https:\/\/ticsalutsocial.atoom.space\/es\/#website\"},\"primaryImageOfPage\":{\"@id\":\"https:\/\/ticsalutsocial.atoom.space\/es\/event\/share-connect-telemedicina-i-salut-digital\/#primaryimage\"},\"image\":{\"@id\":\"https:\/\/ticsalutsocial.atoom.space\/es\/event\/share-connect-telemedicina-i-salut-digital\/#primaryimage\"},\"thumbnailUrl\":\"https:\/\/ticsalutsocial.atoom.space\/wp-content\/uploads\/2024\/04\/1713437055615.jpg\",\"datePublished\":\"2024-04-19T07:41:07+00:00\",\"dateModified\":\"2024-04-30T09:45:39+00:00\",\"breadcrumb\":{\"@id\":\"https:\/\/ticsalutsocial.atoom.space\/es\/event\/share-connect-telemedicina-i-salut-digital\/#breadcrumb\"},\"inLanguage\":\"es\",\"potentialAction\":[{\"@type\":\"ReadAction\",\"target\":[\"https:\/\/ticsalutsocial.atoom.space\/es\/event\/share-connect-telemedicina-i-salut-digital\/\"]}]},{\"@type\":\"ImageObject\",\"inLanguage\":\"es\",\"@id\":\"https:\/\/ticsalutsocial.atoom.space\/es\/event\/share-connect-telemedicina-i-salut-digital\/#primaryimage\",\"url\":\"https:\/\/ticsalutsocial.atoom.space\/wp-content\/uploads\/2024\/04\/1713437055615.jpg\",\"contentUrl\":\"https:\/\/ticsalutsocial.atoom.space\/wp-content\/uploads\/2024\/04\/1713437055615.jpg\",\"width\":1300,\"height\":1100},{\"@type\":\"BreadcrumbList\",\"@id\":\"https:\/\/ticsalutsocial.atoom.space\/es\/event\/share-connect-telemedicina-i-salut-digital\/#breadcrumb\",\"itemListElement\":[{\"@type\":\"ListItem\",\"position\":1,\"name\":\"Inici\",\"item\":\"https:\/\/ticsalutsocial.atoom.space\/es\/\"},{\"@type\":\"ListItem\",\"position\":2,\"name\":\"SHARE &amp; CONNECT \u2013 Telemedicina y Salud Digital\"}]},{\"@type\":\"WebSite\",\"@id\":\"https:\/\/ticsalutsocial.atoom.space\/es\/#website\",\"url\":\"https:\/\/ticsalutsocial.atoom.space\/es\/\",\"name\":\"Fundaci\u00f3 TIC Salut i Social\",\"description\":\"\",\"potentialAction\":[{\"@type\":\"SearchAction\",\"target\":{\"@type\":\"EntryPoint\",\"urlTemplate\":\"https:\/\/ticsalutsocial.atoom.space\/es\/?s={search_term_string}\"},\"query-input\":{\"@type\":\"PropertyValueSpecification\",\"valueRequired\":true,\"valueName\":\"search_term_string\"}}],\"inLanguage\":\"es\"}]}<\/script>\n<!-- \/ Yoast SEO plugin. -->","yoast_head_json":{"title":"SHARE &amp; CONNECT \u2013 Telemedicina y Salud Digital - Fundaci\u00f3 TIC Salut i Social","robots":{"index":"index","follow":"follow","max-snippet":"max-snippet:-1","max-image-preview":"max-image-preview:large","max-video-preview":"max-video-preview:-1"},"canonical":"https:\/\/ticsalutsocial.atoom.space\/es\/event\/share-connect-telemedicina-i-salut-digital\/","og_locale":"es_ES","og_type":"article","og_title":"SHARE &amp; CONNECT \u2013 Telemedicina y Salud Digital - Fundaci\u00f3 TIC Salut i Social","og_description":"Xartec Salut&nbsp;SHARE &amp; CONNECT&nbsp;es una serie de encuentros tem\u00e1ticos informales dise\u00f1ados para alcanzar los siguientes objetivos: Tendr\u00e1 lugar el 7 de mayo en la UOC Campus Poblenou. Se hablar\u00e1 de las consideraciones que deben tenerse en cuenta para la certificaci\u00f3n y acceso al mercado de aplicaciones m\u00f3viles y herramientas TIC para la alineaci\u00f3n con los [&hellip;]","og_url":"https:\/\/ticsalutsocial.atoom.space\/es\/event\/share-connect-telemedicina-i-salut-digital\/","og_site_name":"Fundaci\u00f3 TIC Salut i Social","article_modified_time":"2024-04-30T09:45:39+00:00","og_image":[{"width":1300,"height":1100,"url":"https:\/\/ticsalutsocial.atoom.space\/wp-content\/uploads\/2024\/04\/1713437055615.jpg","type":"image\/jpeg"}],"twitter_card":"summary_large_image","twitter_misc":{"Tiempo de lectura":"1 minuto"},"schema":{"@context":"https:\/\/schema.org","@graph":[{"@type":"WebPage","@id":"https:\/\/ticsalutsocial.atoom.space\/es\/event\/share-connect-telemedicina-i-salut-digital\/","url":"https:\/\/ticsalutsocial.atoom.space\/es\/event\/share-connect-telemedicina-i-salut-digital\/","name":"SHARE &amp; CONNECT \u2013 Telemedicina y Salud Digital - Fundaci\u00f3 TIC Salut i Social","isPartOf":{"@id":"https:\/\/ticsalutsocial.atoom.space\/es\/#website"},"primaryImageOfPage":{"@id":"https:\/\/ticsalutsocial.atoom.space\/es\/event\/share-connect-telemedicina-i-salut-digital\/#primaryimage"},"image":{"@id":"https:\/\/ticsalutsocial.atoom.space\/es\/event\/share-connect-telemedicina-i-salut-digital\/#primaryimage"},"thumbnailUrl":"https:\/\/ticsalutsocial.atoom.space\/wp-content\/uploads\/2024\/04\/1713437055615.jpg","datePublished":"2024-04-19T07:41:07+00:00","dateModified":"2024-04-30T09:45:39+00:00","breadcrumb":{"@id":"https:\/\/ticsalutsocial.atoom.space\/es\/event\/share-connect-telemedicina-i-salut-digital\/#breadcrumb"},"inLanguage":"es","potentialAction":[{"@type":"ReadAction","target":["https:\/\/ticsalutsocial.atoom.space\/es\/event\/share-connect-telemedicina-i-salut-digital\/"]}]},{"@type":"ImageObject","inLanguage":"es","@id":"https:\/\/ticsalutsocial.atoom.space\/es\/event\/share-connect-telemedicina-i-salut-digital\/#primaryimage","url":"https:\/\/ticsalutsocial.atoom.space\/wp-content\/uploads\/2024\/04\/1713437055615.jpg","contentUrl":"https:\/\/ticsalutsocial.atoom.space\/wp-content\/uploads\/2024\/04\/1713437055615.jpg","width":1300,"height":1100},{"@type":"BreadcrumbList","@id":"https:\/\/ticsalutsocial.atoom.space\/es\/event\/share-connect-telemedicina-i-salut-digital\/#breadcrumb","itemListElement":[{"@type":"ListItem","position":1,"name":"Inici","item":"https:\/\/ticsalutsocial.atoom.space\/es\/"},{"@type":"ListItem","position":2,"name":"SHARE &amp; CONNECT \u2013 Telemedicina y Salud Digital"}]},{"@type":"WebSite","@id":"https:\/\/ticsalutsocial.atoom.space\/es\/#website","url":"https:\/\/ticsalutsocial.atoom.space\/es\/","name":"Fundaci\u00f3 TIC Salut i Social","description":"","potentialAction":[{"@type":"SearchAction","target":{"@type":"EntryPoint","urlTemplate":"https:\/\/ticsalutsocial.atoom.space\/es\/?s={search_term_string}"},"query-input":{"@type":"PropertyValueSpecification","valueRequired":true,"valueName":"search_term_string"}}],"inLanguage":"es"}]}},"_links":{"self":[{"href":"https:\/\/ticsalutsocial.atoom.space\/es\/wp-json\/wp\/v2\/event\/26673","targetHints":{"allow":["GET"]}}],"collection":[{"href":"https:\/\/ticsalutsocial.atoom.space\/es\/wp-json\/wp\/v2\/event"}],"about":[{"href":"https:\/\/ticsalutsocial.atoom.space\/es\/wp-json\/wp\/v2\/types\/event"}],"wp:featuredmedia":[{"embeddable":true,"href":"https:\/\/ticsalutsocial.atoom.space\/es\/wp-json\/wp\/v2\/media\/26671"}],"wp:attachment":[{"href":"https:\/\/ticsalutsocial.atoom.space\/es\/wp-json\/wp\/v2\/media?parent=26673"}],"wp:term":[{"taxonomy":"tipus","embeddable":true,"href":"https:\/\/ticsalutsocial.atoom.space\/es\/wp-json\/wp\/v2\/tipus?post=26673"},{"taxonomy":"topic","embeddable":true,"href":"https:\/\/ticsalutsocial.atoom.space\/es\/wp-json\/wp\/v2\/topic?post=26673"}],"curies":[{"name":"wp","href":"https:\/\/api.w.org\/{rel}","templated":true}]}}

<p>Xartec Salut&nbsp;SHARE &amp; CONNECT&nbsp;es una serie de encuentros temáticos informales diseñados para alcanzar los siguientes objetivos:</p>



<ul class="wp-block-list">
<li>Facilitar el trabajo en red entre los miembros de la red conectando grupos de investigación que trabajen en temas similares, fomentando conexiones y sinergias valiosas.</li>
</ul>



<ul class="wp-block-list">
<li>Promover el intercambio de conocimiento entre grupos de investigación, hospitales, empresas, etc., conectando a los miembros de la red con otros agentes del ecosistema.</li>
</ul>



<ul class="wp-block-list">
<li>Mostrar los avances de la búsqueda de los miembros de la red.</li>
</ul>



<p>Tendrá lugar el 7 de mayo en la UOC Campus Poblenou.</p>



<p>Se hablará de las consideraciones que deben tenerse en cuenta para la certificación y acceso al mercado de aplicaciones móviles y herramientas TIC para la alineación con los usuarios finales, liderados por Carme Pratdepàdua Bufill, responsable de mHealth.cat de la Fundación TIC Salud Social.</p>

<!-- This site is optimized with the Yoast SEO plugin v27.1.1 - https://yoast.com/product/yoast-seo-wordpress/ -->
<title>SHARE &amp; CONNECT – Telemedicina y Salud Digital - Fundació TIC Salut i Social</title>
<meta name="robots" content="index, follow, max-snippet:-1, max-image-preview:large, max-video-preview:-1" />
<link rel="canonical" href="https://ticsalutsocial.atoom.space/es/event/share-connect-telemedicina-i-salut-digital/" />
<meta property="og:locale" content="es_ES" />
<meta property="og:type" content="article" />
<meta property="og:title" content="SHARE &amp; CONNECT – Telemedicina y Salud Digital - Fundació TIC Salut i Social" />
<meta property="og:description" content="Xartec Salut&nbsp;SHARE &amp; CONNECT&nbsp;es una serie de encuentros temáticos informales diseñados para alcanzar los siguientes objetivos: Tendrá lugar el 7 de mayo en la UOC Campus Poblenou. Se hablará de las consideraciones que deben tenerse en cuenta para la certificación y acceso al mercado de aplicaciones móviles y herramientas TIC para la alineación con los [&hellip;]" />
<meta property="og:url" content="https://ticsalutsocial.atoom.space/es/event/share-connect-telemedicina-i-salut-digital/" />
<meta property="og:site_name" content="Fundació TIC Salut i Social" />
<meta property="article:modified_time" content="2024-04-30T09:45:39+00:00" />
<meta property="og:image" content="https://ticsalutsocial.atoom.space/wp-content/uploads/2024/04/1713437055615.jpg" />
	<meta property="og:image:width" content="1300" />
	<meta property="og:image:height" content="1100" />
	<meta property="og:image:type" content="image/jpeg" />
<meta name="twitter:card" content="summary_large_image" />
<meta name="twitter:label1" content="Tiempo de lectura" />
	<meta name="twitter:data1" content="1 minuto" />
<script type="application/ld+json" class="yoast-schema-graph">{"@context":"https://schema.org","@graph":[{"@type":"WebPage","@id":"https://ticsalutsocial.atoom.space/es/event/share-connect-telemedicina-i-salut-digital/","url":"https://ticsalutsocial.atoom.space/es/event/share-connect-telemedicina-i-salut-digital/","name":"SHARE &amp; CONNECT – Telemedicina y Salud Digital - Fundació TIC Salut i Social","isPartOf":{"@id":"https://ticsalutsocial.atoom.space/es/#website"},"primaryImageOfPage":{"@id":"https://ticsalutsocial.atoom.space/es/event/share-connect-telemedicina-i-salut-digital/#primaryimage"},"image":{"@id":"https://ticsalutsocial.atoom.space/es/event/share-connect-telemedicina-i-salut-digital/#primaryimage"},"thumbnailUrl":"https://ticsalutsocial.atoom.space/wp-content/uploads/2024/04/1713437055615.jpg","datePublished":"2024-04-19T07:41:07+00:00","dateModified":"2024-04-30T09:45:39+00:00","breadcrumb":{"@id":"https://ticsalutsocial.atoom.space/es/event/share-connect-telemedicina-i-salut-digital/#breadcrumb"},"inLanguage":"es","potentialAction":[{"@type":"ReadAction","target":["https://ticsalutsocial.atoom.space/es/event/share-connect-telemedicina-i-salut-digital/"]}]},{"@type":"ImageObject","inLanguage":"es","@id":"https://ticsalutsocial.atoom.space/es/event/share-connect-telemedicina-i-salut-digital/#primaryimage","url":"https://ticsalutsocial.atoom.space/wp-content/uploads/2024/04/1713437055615.jpg","contentUrl":"https://ticsalutsocial.atoom.space/wp-content/uploads/2024/04/1713437055615.jpg","width":1300,"height":1100},{"@type":"BreadcrumbList","@id":"https://ticsalutsocial.atoom.space/es/event/share-connect-telemedicina-i-salut-digital/#breadcrumb","itemListElement":[{"@type":"ListItem","position":1,"name":"Inici","item":"https://ticsalutsocial.atoom.space/es/"},{"@type":"ListItem","position":2,"name":"SHARE &amp; CONNECT – Telemedicina y Salud Digital"}]},{"@type":"WebSite","@id":"https://ticsalutsocial.atoom.space/es/#website","url":"https://ticsalutsocial.atoom.space/es/","name":"Fundació TIC Salut i Social","description":"","potentialAction":[{"@type":"SearchAction","target":{"@type":"EntryPoint","urlTemplate":"https://ticsalutsocial.atoom.space/es/?s={search_term_string}"},"query-input":{"@type":"PropertyValueSpecification","valueRequired":true,"valueName":"search_term_string"}}],"inLanguage":"es"}]}</script>
<!-- / Yoast SEO plugin. -->

SHARE &amp; CONNECT – Telemedicina y Salud Digital - Fundació TIC Salut i Social

Xartec Salut&nbsp;SHARE &amp; CONNECT&nbsp;es una serie de encuentros temáticos informales diseñados para alcanzar los siguientes objetivos: Tendrá lugar el 7 de mayo en la UOC Campus Poblenou. Se hablará de las consideraciones que deben tenerse en cuenta para la certificación y acceso al mercado de aplicaciones móviles y herramientas TIC para la alineación con los [&hellip;]

Fundació TIC Salut i Social
